W20260709 13:14:37.432732 13048 leader_election.cc:343] T 96335b0274de4853a426f3a6bf0bcbb8 P ee2fb2c371c640fc98e45171980758df [CANDIDATE]: Term 1 pre-election: Tablet error from VoteRequest() call to peer 049d8156fa714c0aac8fc1389d9d1c4d (127.11.176.2:37763): Illegal state: must be running to vote when last-logged opid is not known
I20260709 13:14:37.432960 13487 raft_consensus.cc:493] T 63d06a1825cb435586299d3ff716e7ba P ee2fb2c371c640fc98e45171980758df [term 0 FOLLOWER]: Starting leader election (no leader contacted us within the election timeout)
I20260709 13:14:37.433424 13487 raft_consensus.cc:3060] T 63d06a1825cb435586299d3ff716e7ba P ee2fb2c371c640fc98e45171980758df [term 0 FOLLOWER]: Advancing to term 1
I20260709 13:14:37.439496 13320 raft_consensus.cc:493] T c86f6f94a88b45b4a0e920d0a1878e81 P 049d8156fa714c0aac8fc1389d9d1c4d [term 0 FOLLOWER]: Starting pre-election (no leader contacted us within the election timeout)
I20260709 13:14:37.439962 13320 raft_consensus.cc:515] T c86f6f94a88b45b4a0e920d0a1878e81 P 049d8156fa714c0aac8fc1389d9d1c4d [term 0 FOLLOWER]: Starting pre-election with config: opid_index: -1 OBSOLETE_local: false peers { permanent_uuid: "ee2fb2c371c640fc98e45171980758df" member_type: VOTER last_known_addr { host: "127.11.176.1" port: 32923 } } peers { permanent_uuid: "049d8156fa714c0aac8fc1389d9d1c4d" member_type: VOTER last_known_addr { host: "127.11.176.2" port: 37763 } } peers { permanent_uuid: "27c9d16c7b7f4f19beefc260f27a99a6" member_type: VOTER last_known_addr { host: "127.11.176.3" port: 37331 } }
I20260709 13:14:37.442750 13080 tablet_service.cc:1917] Received RequestConsensusVote() RPC: tablet_id: "c86f6f94a88b45b4a0e920d0a1878e81" candidate_uuid: "049d8156fa714c0aac8fc1389d9d1c4d" candidate_term: 1 candidate_status { last_received { term: 0 index: 0 } } ignore_live_leader: false dest_uuid: "ee2fb2c371c640fc98e45171980758df" is_pre_election: true
I20260709 13:14:37.443014 13229 tablet_service.cc:1917] Received RequestConsensusVote() RPC: tablet_id: "c86f6f94a88b45b4a0e920d0a1878e81" candidate_uuid: "049d8156fa714c0aac8fc1389d9d1c4d" candidate_term: 1 candidate_status { last_received { term: 0 index: 0 } } ignore_live_leader: false dest_uuid: "27c9d16c7b7f4f19beefc260f27a99a6" is_pre_election: true
I20260709 13:14:37.443320 13080 raft_consensus.cc:2468] T c86f6f94a88b45b4a0e920d0a1878e81 P ee2fb2c371c640fc98e45171980758df [term 0 FOLLOWER]: Leader pre-election vote request: Granting yes vote for candidate 049d8156fa714c0aac8fc1389d9d1c4d in term 0.
I20260709 13:14:37.443576 13320 leader_election.cc:290] T c86f6f94a88b45b4a0e920d0a1878e81 P 049d8156fa714c0aac8fc1389d9d1c4d [CANDIDATE]: Term 1 pre-election: Requested pre-vote from peers ee2fb2c371c640fc98e45171980758df (127.11.176.1:32923), 27c9d16c7b7f4f19beefc260f27a99a6 (127.11.176.3:37331)
I20260709 13:14:37.444159 13229 raft_consensus.cc:2468] T c86f6f94a88b45b4a0e920d0a1878e81 P 27c9d16c7b7f4f19beefc260f27a99a6 [term 0 FOLLOWER]: Leader pre-election vote request: Granting yes vote for candidate 049d8156fa714c0aac8fc1389d9d1c4d in term 0.
I20260709 13:14:37.444970 13231 tablet_service.cc:1917] Received RequestConsensusVote() RPC: tablet_id: "63d06a1825cb435586299d3ff716e7ba" candidate_uuid: "ee2fb2c371c640fc98e45171980758df" candidate_term: 1 candidate_status { last_received { term: 0 index: 0 } } ignore_live_leader: false dest_uuid: "27c9d16c7b7f4f19beefc260f27a99a6" is_pre_election: true
I20260709 13:14:37.445442 13122 leader_election.cc:304] T c86f6f94a88b45b4a0e920d0a1878e81 P 049d8156fa714c0aac8fc1389d9d1c4d [CANDIDATE]: Term 1 pre-election: Election decided. Result: candidate won. Election summary: received 2 responses out of 3 voters: 2 yes votes; 0 no votes. yes voters: 049d8156fa714c0aac8fc1389d9d1c4d, 27c9d16c7b7f4f19beefc260f27a99a6; no voters: 
I20260709 13:14:37.445534 13231 raft_consensus.cc:2468] T 63d06a1825cb435586299d3ff716e7ba P 27c9d16c7b7f4f19beefc260f27a99a6 [term 0 FOLLOWER]: Leader pre-election vote request: Granting yes vote for candidate ee2fb2c371c640fc98e45171980758df in term 0.
I20260709 13:14:37.446233 13320 raft_consensus.cc:2804] T c86f6f94a88b45b4a0e920d0a1878e81 P 049d8156fa714c0aac8fc1389d9d1c4d [term 0 FOLLOWER]: Leader pre-election won for term 1
I20260709 13:14:37.447314 13320 raft_consensus.cc:493] T c86f6f94a88b45b4a0e920d0a1878e81 P 049d8156fa714c0aac8fc1389d9d1c4d [term 0 FOLLOWER]: Starting leader election (no leader contacted us within the election timeout)
I20260709 13:14:37.447297 13228 tablet_service.cc:1917] Received RequestConsensusVote() RPC: tablet_id: "96335b0274de4853a426f3a6bf0bcbb8" candidate_uuid: "ee2fb2c371c640fc98e45171980758df" candidate_term: 1 candidate_status { last_received { term: 0 index: 0 } } ignore_live_leader: false dest_uuid: "27c9d16c7b7f4f19beefc260f27a99a6" is_pre_election: true
I20260709 13:14:37.447894 13320 raft_consensus.cc:3060] T c86f6f94a88b45b4a0e920d0a1878e81 P 049d8156fa714c0aac8fc1389d9d1c4d [term 0 FOLLOWER]: Advancing to term 1
I20260709 13:14:37.448475 13081 tablet_service.cc:1917] Received RequestConsensusVote() RPC: tablet_id: "a8e6261d36464f6989ed6219d73ce07d" candidate_uuid: "27c9d16c7b7f4f19beefc260f27a99a6" candidate_term: 1 candidate_status { last_received { term: 0 index: 0 } } ignore_live_leader: false dest_uuid: "ee2fb2c371c640fc98e45171980758df" is_pre_election: true
I20260709 13:14:37.449146 13081 raft_consensus.cc:2468] T a8e6261d36464f6989ed6219d73ce07d P ee2fb2c371c640fc98e45171980758df [term 0 FOLLOWER]: Leader pre-election vote request: Granting yes vote for candidate 27c9d16c7b7f4f19beefc260f27a99a6 in term 0.
I20260709 13:14:37.452114 13437 consensus_queue.cc:1048] T caed6ef23df64808b9c361f567b00931 P 27c9d16c7b7f4f19beefc260f27a99a6 [LEADER]: Connected to new peer: Peer: permanent_uuid: "ee2fb2c371c640fc98e45171980758df" member_type: VOTER last_known_addr { host: "127.11.176.1" port: 32923 }, Status: LMP_MISMATCH, Last received: 0.0, Next index: 1, Last known committed idx: 0, Time since last communication: 0.000s
I20260709 13:14:37.453266 13309 consensus_queue.cc:1048] T bc93c42956c44992990403d9b8158d92 P 049d8156fa714c0aac8fc1389d9d1c4d [LEADER]: Connected to new peer: Peer: permanent_uuid: "27c9d16c7b7f4f19beefc260f27a99a6" member_type: VOTER last_known_addr { host: "127.11.176.3" port: 37331 }, Status: LMP_MISMATCH, Last received: 0.0, Next index: 1, Last known committed idx: 0, Time since last communication: 0.000s
I20260709 13:14:37.445624 13047 leader_election.cc:304] T 60777c9a67634aeb97b745c66e4aa801 P ee2fb2c371c640fc98e45171980758df [CANDIDATE]: Term 1 election: Election decided. Result: candidate won. Election summary: received 3 responses out of 3 voters: 2 yes votes; 1 no votes. yes voters: 27c9d16c7b7f4f19beefc260f27a99a6, ee2fb2c371c640fc98e45171980758df; no voters: 049d8156fa714c0aac8fc1389d9d1c4d
I20260709 13:14:37.455179 13367 raft_consensus.cc:2804] T 60777c9a67634aeb97b745c66e4aa801 P ee2fb2c371c640fc98e45171980758df [term 1 FOLLOWER]: Leader election won for term 1
I20260709 13:14:37.455756 13367 raft_consensus.cc:697] T 60777c9a67634aeb97b745c66e4aa801 P ee2fb2c371c640fc98e45171980758df [term 1 LEADER]: Becoming Leader. State: Replica: ee2fb2c371c640fc98e45171980758df, State: Running, Role: LEADER
I20260709 13:14:37.456594 13367 consensus_queue.cc:237] T 60777c9a67634aeb97b745c66e4aa801 P ee2fb2c371c640fc98e45171980758df [LEADER]: Queue going to LEADER mode. State: All replicated index: 0, Majority replicated index: 0, Committed index: 0, Last appended: 0.0, Last appended by leader: 0, Current term: 1, Majority size: 2, State: 0, Mode: LEADER, active raft config: opid_index: -1 OBSOLETE_local: false peers { permanent_uuid: "ee2fb2c371c640fc98e45171980758df" member_type: VOTER last_known_addr { host: "127.11.176.1" port: 32923 } } peers { permanent_uuid: "049d8156fa714c0aac8fc1389d9d1c4d" member_type: VOTER last_known_addr { host: "127.11.176.2" port: 37763 } } peers { permanent_uuid: "27c9d16c7b7f4f19beefc260f27a99a6" member_type: VOTER last_known_addr { host: "127.11.176.3" port: 37331 } }
I20260709 13:14:37.434408 12976 catalog_manager.cc:5697] T 74e3d842c2d7430b95aa6014487c1a0d P 27c9d16c7b7f4f19beefc260f27a99a6 reported cstate change: term changed from 0 to 1, leader changed from <none> to 27c9d16c7b7f4f19beefc260f27a99a6 (127.11.176.3). New cstate: current_term: 1 leader_uuid: "27c9d16c7b7f4f19beefc260f27a99a6" committed_config { opid_index: -1 OBSOLETE_local: false peers { permanent_uuid: "ee2fb2c371c640fc98e45171980758df" member_type: VOTER last_known_addr { host: "127.11.176.1" port: 32923 } health_report { overall_health: UNKNOWN } } peers { permanent_uuid: "049d8156fa714c0aac8fc1389d9d1c4d" member_type: VOTER last_known_addr { host: "127.11.176.2" port: 37763 } health_report { overall_health: UNKNOWN } } peers { permanent_uuid: "27c9d16c7b7f4f19beefc260f27a99a6" member_type: VOTER last_known_addr { host: "127.11.176.3" port: 37331 } health_report { overall_health: HEALTHY } } }
W20260709 13:14:37.478231 13047 leader_election.cc:343] T 96335b0274de4853a426f3a6bf0bcbb8 P ee2fb2c371c640fc98e45171980758df [CANDIDATE]: Term 1 pre-election: Tablet error from VoteRequest() call to peer 27c9d16c7b7f4f19beefc260f27a99a6 (127.11.176.3:37331): Illegal state: must be running to vote when last-logged opid is not known
I20260709 13:14:37.478703 13047 leader_election.cc:304] T 96335b0274de4853a426f3a6bf0bcbb8 P ee2fb2c371c640fc98e45171980758df [CANDIDATE]: Term 1 pre-election: Election decided. Result: candidate lost. Election summary: received 3 responses out of 3 voters: 1 yes votes; 2 no votes. yes voters: ee2fb2c371c640fc98e45171980758df; no voters: 049d8156fa714c0aac8fc1389d9d1c4d, 27c9d16c7b7f4f19beefc260f27a99a6
I20260709 13:14:37.479776 13280 raft_consensus.cc:2749] T 96335b0274de4853a426f3a6bf0bcbb8 P ee2fb2c371c640fc98e45171980758df [term 0 FOLLOWER]: Leader pre-election lost for term 1. Reason: could not achieve majority
I20260709 13:14:37.482210 13272 tablet_bootstrap.cc:654] T 1eed32b4fbed43fc9e9877ec155a8c3c P ee2fb2c371c640fc98e45171980758df: Neither blocks nor log segments found. Creating new log.
I20260709 13:14:37.468009 13320 raft_consensus.cc:515] T c86f6f94a88b45b4a0e920d0a1878e81 P 049d8156fa714c0aac8fc1389d9d1c4d [term 1 FOLLOWER]: Starting leader election with config: opid_index: -1 OBSOLETE_local: false peers { permanent_uuid: "ee2fb2c371c640fc98e45171980758df" member_type: VOTER last_known_addr { host: "127.11.176.1" port: 32923 } } peers { permanent_uuid: "049d8156fa714c0aac8fc1389d9d1c4d" member_type: VOTER last_known_addr { host: "127.11.176.2" port: 37763 } } peers { permanent_uuid: "27c9d16c7b7f4f19beefc260f27a99a6" member_type: VOTER last_known_addr { host: "127.11.176.3" port: 37331 } }
I20260709 13:14:37.492244 13320 leader_election.cc:290] T c86f6f94a88b45b4a0e920d0a1878e81 P 049d8156fa714c0aac8fc1389d9d1c4d [CANDIDATE]: Term 1 election: Requested vote from peers ee2fb2c371c640fc98e45171980758df (127.11.176.1:32923), 27c9d16c7b7f4f19beefc260f27a99a6 (127.11.176.3:37331)
I20260709 13:14:37.500972 13320 consensus_queue.cc:1048] T f7ab9d3be15340c8bca8744ff2596fd3 P 049d8156fa714c0aac8fc1389d9d1c4d [LEADER]: Connected to new peer: Peer: permanent_uuid: "ee2fb2c371c640fc98e45171980758df" member_type: VOTER last_known_addr { host: "127.11.176.1" port: 32923 }, Status: LMP_MISMATCH, Last received: 0.0, Next index: 1, Last known committed idx: 0, Time since last communication: 0.000s
I20260709 13:14:37.504150 13271 tablet_bootstrap.cc:492] T a643eab93b3e4529ad6515f4dcc4d1b8 P 049d8156fa714c0aac8fc1389d9d1c4d: No bootstrap required, opened a new log
I20260709 13:14:37.504956 13271 ts_tablet_manager.cc:1403] T a643eab93b3e4529ad6515f4dcc4d1b8 P 049d8156fa714c0aac8fc1389d9d1c4d: Time spent bootstrapping tablet: real 0.152s	user 0.019s	sys 0.003s
I20260709 13:14:37.492308 13309 consensus_queue.cc:1048] T bc93c42956c44992990403d9b8158d92 P 049d8156fa714c0aac8fc1389d9d1c4d [LEADER]: Connected to new peer: Peer: permanent_uuid: "ee2fb2c371c640fc98e45171980758df" member_type: VOTER last_known_addr { host: "127.11.176.1" port: 32923 }, Status: LMP_MISMATCH, Last received: 0.0, Next index: 1, Last known committed idx: 0, Time since last communication: 0.011s
I20260709 13:14:37.506197 13273 tablet_bootstrap.cc:492] T 73c7145e5bf74ca8a86bd2cf58bcc2a7 P 27c9d16c7b7f4f19beefc260f27a99a6: No bootstrap required, opened a new log
I20260709 13:14:37.512463 13273 ts_tablet_manager.cc:1403] T 73c7145e5bf74ca8a86bd2cf58bcc2a7 P 27c9d16c7b7f4f19beefc260f27a99a6: Time spent bootstrapping tablet: real 0.172s	user 0.019s	sys 0.014s
I20260709 13:14:37.507164 13230 tablet_service.cc:1917] Received RequestConsensusVote() RPC: tablet_id: "c86f6f94a88b45b4a0e920d0a1878e81" candidate_uuid: "049d8156fa714c0aac8fc1389d9d1c4d" candidate_term: 1 candidate_status { last_received { term: 0 index: 0 } } ignore_live_leader: false dest_uuid: "27c9d16c7b7f4f19beefc260f27a99a6"
I20260709 13:14:37.513718 13230 raft_consensus.cc:3060] T c86f6f94a88b45b4a0e920d0a1878e81 P 27c9d16c7b7f4f19beefc260f27a99a6 [term 0 FOLLOWER]: Advancing to term 1
I20260709 13:14:37.515494 13273 raft_consensus.cc:359] T 73c7145e5bf74ca8a86bd2cf58bcc2a7 P 27c9d16c7b7f4f19beefc260f27a99a6 [term 0 FOLLOWER]: Replica starting. Triggering 0 pending ops. Active config: opid_index: -1 OBSOLETE_local: false peers { permanent_uuid: "ee2fb2c371c640fc98e45171980758df" member_type: VOTER last_known_addr { host: "127.11.176.1" port: 32923 } } peers { permanent_uuid: "049d8156fa714c0aac8fc1389d9d1c4d" member_type: VOTER last_known_addr { host: "127.11.176.2" port: 37763 } } peers { permanent_uuid: "27c9d16c7b7f4f19beefc260f27a99a6" member_type: VOTER last_known_addr { host: "127.11.176.3" port: 37331 } }
I20260709 13:14:37.516160 13273 raft_consensus.cc:385] T 73c7145e5bf74ca8a86bd2cf58bcc2a7 P 27c9d16c7b7f4f19beefc260f27a99a6 [term 0 FOLLOWER]: Consensus starting up: Expiring failure detector timer to make a prompt election more likely
I20260709 13:14:37.516420 13273 raft_consensus.cc:740] T 73c7145e5bf74ca8a86bd2cf58bcc2a7 P 27c9d16c7b7f4f19beefc260f27a99a6 [term 0 FOLLOWER]: Becoming Follower/Learner. State: Replica: 27c9d16c7b7f4f19beefc260f27a99a6, State: Initialized, Role: FOLLOWER
I20260709 13:14:37.513047 13385 raft_consensus.cc:515] T a8e6261d36464f6989ed6219d73ce07d P 27c9d16c7b7f4f19beefc260f27a99a6 [term 1 FOLLOWER]: Starting leader election with config: opid_index: -1 OBSOLETE_local: false peers { permanent_uuid: "ee2fb2c371c640fc98e45171980758df" member_type: VOTER last_known_addr { host: "127.11.176.1" port: 32923 } } peers { permanent_uuid: "049d8156fa714c0aac8fc1389d9d1c4d" member_type: VOTER last_known_addr { host: "127.11.176.2" port: 37763 } } peers { permanent_uuid: "27c9d16c7b7f4f19beefc260f27a99a6" member_type: VOTER last_known_addr { host: "127.11.176.3" port: 37331 } }
I20260709 13:14:37.508111 13487 raft_consensus.cc:515] T 63d06a1825cb435586299d3ff716e7ba P ee2fb2c371c640fc98e45171980758df [term 1 FOLLOWER]: Starting leader election with config: opid_index: -1 OBSOLETE_local: false peers { permanent_uuid: "ee2fb2c371c640fc98e45171980758df" member_type: VOTER last_known_addr { host: "127.11.176.1" port: 32923 } } peers { permanent_uuid: "049d8156fa714c0aac8fc1389d9d1c4d" member_type: VOTER last_known_addr { host: "127.11.176.2" port: 37763 } } peers { permanent_uuid: "27c9d16c7b7f4f19beefc260f27a99a6" member_type: VOTER last_known_addr { host: "127.11.176.3" port: 37331 } }
I20260709 13:14:37.508774 13082 tablet_service.cc:1917] Received RequestConsensusVote() RPC: tablet_id: "c86f6f94a88b45b4a0e920d0a1878e81" candidate_uuid: "049d8156fa714c0aac8fc1389d9d1c4d" candidate_term: 1 candidate_status { last_received { term: 0 index: 0 } } ignore_live_leader: false dest_uuid: "ee2fb2c371c640fc98e45171980758df"
I20260709 13:14:37.521245 13273 consensus_queue.cc:260] T 73c7145e5bf74ca8a86bd2cf58bcc2a7 P 27c9d16c7b7f4f19beefc260f27a99a6 [NON_LEADER]: Queue going to NON_LEADER mode. State: All replicated index: 0, Majority replicated index: 0, Committed index: 0, Last appended: 0.0, Last appended by leader: 0, Current term: 0, Majority size: -1, State: 0, Mode: NON_LEADER, active raft config: opid_index: -1 OBSOLETE_local: false peers { permanent_uuid: "ee2fb2c371c640fc98e45171980758df" member_type: VOTER last_known_addr { host: "127.11.176.1" port: 32923 } } peers { permanent_uuid: "049d8156fa714c0aac8fc1389d9d1c4d" member_type: VOTER last_known_addr { host: "127.11.176.2" port: 37763 } } peers { permanent_uuid: "27c9d16c7b7f4f19beefc260f27a99a6" member_type: VOTER last_known_addr { host: "127.11.176.3" port: 37331 } }
I20260709 13:14:37.525787 13273 ts_tablet_manager.cc:1434] T 73c7145e5bf74ca8a86bd2cf58bcc2a7 P 27c9d16c7b7f4f19beefc260f27a99a6: Time spent starting tablet: real 0.013s	user 0.002s	sys 0.005s
I20260709 13:14:37.525406 13082 raft_consensus.cc:3060] T c86f6f94a88b45b4a0e920d0a1878e81 P ee2fb2c371c640fc98e45171980758df [term 0 FOLLOWER]: Advancing to term 1
I20260709 13:14:37.528053 13487 leader_election.cc:290] T 63d06a1825cb435586299d3ff716e7ba P ee2fb2c371c640fc98e45171980758df [CANDIDATE]: Term 1 election: Requested vote from peers 049d8156fa714c0aac8fc1389d9d1c4d (127.11.176.2:37763), 27c9d16c7b7f4f19beefc260f27a99a6 (127.11.176.3:37331)
I20260709 13:14:37.530699 13273 tablet_bootstrap.cc:492] T 1eed32b4fbed43fc9e9877ec155a8c3c P 27c9d16c7b7f4f19beefc260f27a99a6: Bootstrap starting.
I20260709 13:14:37.534634 13385 leader_election.cc:290] T a8e6261d36464f6989ed6219d73ce07d P 27c9d16c7b7f4f19beefc260f27a99a6 [CANDIDATE]: Term 1 election: Requested vote from peers ee2fb2c371c640fc98e45171980758df (127.11.176.1:32923), 049d8156fa714c0aac8fc1389d9d1c4d (127.11.176.2:37763)
I20260709 13:14:37.536513 13155 tablet_service.cc:1917] Received RequestConsensusVote() RPC: tablet_id: "a8e6261d36464f6989ed6219d73ce07d" candidate_uuid: "27c9d16c7b7f4f19beefc260f27a99a6" candidate_term: 1 candidate_status { last_received { term: 0 index: 0 } } ignore_live_leader: false dest_uuid: "049d8156fa714c0aac8fc1389d9d1c4d"
I20260709 13:14:37.537091 13155 raft_consensus.cc:3060] T a8e6261d36464f6989ed6219d73ce07d P 049d8156fa714c0aac8fc1389d9d1c4d [term 0 FOLLOWER]: Advancing to term 1
I20260709 13:14:37.540416 13080 tablet_service.cc:1917] Received RequestConsensusVote() RPC: tablet_id: "a8e6261d36464f6989ed6219d73ce07d" candidate_uuid: "27c9d16c7b7f4f19beefc260f27a99a6" candidate_term: 1 candidate_status { last_received { term: 0 index: 0 } } ignore_live_leader: false dest_uuid: "ee2fb2c371c640fc98e45171980758df"
I20260709 13:14:37.541410 13080 raft_consensus.cc:3060] T a8e6261d36464f6989ed6219d73ce07d P ee2fb2c371c640fc98e45171980758df [term 0 FOLLOWER]: Advancing to term 1
I20260709 13:14:37.542419 13157 tablet_service.cc:1917] Received RequestConsensusVote() RPC: tablet_id: "63d06a1825cb435586299d3ff716e7ba" candidate_uuid: "ee2fb2c371c640fc98e45171980758df" candidate_term: 1 candidate_status { last_received { term: 0 index: 0 } } ignore_live_leader: false dest_uuid: "049d8156fa714c0aac8fc1389d9d1c4d"
I20260709 13:14:37.542995 13157 raft_consensus.cc:3060] T 63d06a1825cb435586299d3ff716e7ba P 049d8156fa714c0aac8fc1389d9d1c4d [term 0 FOLLOWER]: Advancing to term 1
I20260709 13:14:37.543066 13231 tablet_service.cc:1917] Received RequestConsensusVote() RPC: tablet_id: "63d06a1825cb435586299d3ff716e7ba" candidate_uuid: "ee2fb2c371c640fc98e45171980758df" candidate_term: 1 candidate_status { last_received { term: 0 index: 0 } } ignore_live_leader: false dest_uuid: "27c9d16c7b7f4f19beefc260f27a99a6"
I20260709 13:14:37.543628 13231 raft_consensus.cc:3060] T 63d06a1825cb435586299d3ff716e7ba P 27c9d16c7b7f4f19beefc260f27a99a6 [term 0 FOLLOWER]: Advancing to term 1
I20260709 13:14:37.557405 12978 catalog_manager.cc:5697] T 60777c9a67634aeb97b745c66e4aa801 P ee2fb2c371c640fc98e45171980758df reported cstate change: term changed from 0 to 1, leader changed from <none> to ee2fb2c371c640fc98e45171980758df (127.11.176.1). New cstate: current_term: 1 leader_uuid: "ee2fb2c371c640fc98e45171980758df" committed_config { opid_index: -1 OBSOLETE_local: false peers { permanent_uuid: "ee2fb2c371c640fc98e45171980758df" member_type: VOTER last_known_addr { host: "127.11.176.1" port: 32923 } health_report { overall_health: HEALTHY } } peers { permanent_uuid: "049d8156fa714c0aac8fc1389d9d1c4d" member_type: VOTER last_known_addr { host: "127.11.176.2" port: 37763 } health_report { overall_health: UNKNOWN } } peers { permanent_uuid: "27c9d16c7b7f4f19beefc260f27a99a6" member_type: VOTER last_known_addr { host: "127.11.176.3" port: 37331 } health_report { overall_health: UNKNOWN } } }
I20260709 13:14:37.559521 13271 raft_consensus.cc:359] T a643eab93b3e4529ad6515f4dcc4d1b8 P 049d8156fa714c0aac8fc1389d9d1c4d [term 0 FOLLOWER]: Replica starting. Triggering 0 pending ops. Active config: opid_index: -1 OBSOLETE_local: false peers { permanent_uuid: "ee2fb2c371c640fc98e45171980758df" member_type: VOTER last_known_addr { host: "127.11.176.1" port: 32923 } } peers { permanent_uuid: "049d8156fa714c0aac8fc1389d9d1c4d" member_type: VOTER last_known_addr { host: "127.11.176.2" port: 37763 } } peers { permanent_uuid: "27c9d16c7b7f4f19beefc260f27a99a6" member_type: VOTER last_known_addr { host: "127.11.176.3" port: 37331 } }
I20260709 13:14:37.560249 13271 raft_consensus.cc:385] T a643eab93b3e4529ad6515f4dcc4d1b8 P 049d8156fa714c0aac8fc1389d9d1c4d [term 0 FOLLOWER]: Consensus starting up: Expiring failure detector timer to make a prompt election more likely
I20260709 13:14:37.560509 13271 raft_consensus.cc:740] T a643eab93b3e4529ad6515f4dcc4d1b8 P 049d8156fa714c0aac8fc1389d9d1c4d [term 0 FOLLOWER]: Becoming Follower/Learner. State: Replica: 049d8156fa714c0aac8fc1389d9d1c4d, State: Initialized, Role: FOLLOWER
I20260709 13:14:37.561522 13271 consensus_queue.cc:260] T a643eab93b3e4529ad6515f4dcc4d1b8 P 049d8156fa714c0aac8fc1389d9d1c4d [NON_LEADER]: Queue going to NON_LEADER mode. State: All replicated index: 0, Majority replicated index: 0, Committed index: 0, Last appended: 0.0, Last appended by leader: 0, Current term: 0, Majority size: -1, State: 0, Mode: NON_LEADER, active raft config: opid_index: -1 OBSOLETE_local: false peers { permanent_uuid: "ee2fb2c371c640fc98e45171980758df" member_type: VOTER last_known_addr { host: "127.11.176.1" port: 32923 } } peers { permanent_uuid: "049d8156fa714c0aac8fc1389d9d1c4d" member_type: VOTER last_known_addr { host: "127.11.176.2" port: 37763 } } peers { permanent_uuid: "27c9d16c7b7f4f19beefc260f27a99a6" member_type: VOTER last_known_addr { host: "127.11.176.3" port: 37331 } }
I20260709 13:14:37.563427 13271 ts_tablet_manager.cc:1434] T a643eab93b3e4529ad6515f4dcc4d1b8 P 049d8156fa714c0aac8fc1389d9d1c4d: Time spent starting tablet: real 0.058s	user 0.004s	sys 0.002s
I20260709 13:14:37.567256 13231 raft_consensus.cc:2468] T 63d06a1825cb435586299d3ff716e7ba P 27c9d16c7b7f4f19beefc260f27a99a6 [term 1 FOLLOWER]: Leader election vote request: Granting yes vote for candidate ee2fb2c371c640fc98e45171980758df in term 1.
I20260709 13:14:37.569072 13080 raft_consensus.cc:2468] T a8e6261d36464f6989ed6219d73ce07d P ee2fb2c371c640fc98e45171980758df [term 1 FOLLOWER]: Leader election vote request: Granting yes vote for candidate 27c9d16c7b7f4f19beefc260f27a99a6 in term 1.
I20260709 13:14:37.564839 13230 raft_consensus.cc:2468] T c86f6f94a88b45b4a0e920d0a1878e81 P 27c9d16c7b7f4f19beefc260f27a99a6 [term 1 FOLLOWER]: Leader election vote request: Granting yes vote for candidate 049d8156fa714c0aac8fc1389d9d1c4d in term 1.
I20260709 13:14:37.587246 13047 leader_election.cc:304] T 63d06a1825cb435586299d3ff716e7ba P ee2fb2c371c640fc98e45171980758df [CANDIDATE]: Term 1 election: Election decided. Result: candidate won. Election summary: received 2 responses out of 3 voters: 2 yes votes; 0 no votes. yes voters: 27c9d16c7b7f4f19beefc260f27a99a6, ee2fb2c371c640fc98e45171980758df; no voters: 
I20260709 13:14:37.587828 13082 raft_consensus.cc:2468] T c86f6f94a88b45b4a0e920d0a1878e81 P ee2fb2c371c640fc98e45171980758df [term 1 FOLLOWER]: Leader election vote request: Granting yes vote for candidate 049d8156fa714c0aac8fc1389d9d1c4d in term 1.
I20260709 13:14:37.589339 13487 raft_consensus.cc:2804] T 63d06a1825cb435586299d3ff716e7ba P ee2fb2c371c640fc98e45171980758df [term 1 FOLLOWER]: Leader election won for term 1
I20260709 13:14:37.589818 13487 raft_consensus.cc:697] T 63d06a1825cb435586299d3ff716e7ba P ee2fb2c371c640fc98e45171980758df [term 1 LEADER]: Becoming Leader. State: Replica: ee2fb2c371c640fc98e45171980758df, State: Running, Role: LEADER
I20260709 13:14:37.590613 13487 consensus_queue.cc:237] T 63d06a1825cb435586299d3ff716e7ba P ee2fb2c371c640fc98e45171980758df [LEADER]: Queue going to LEADER mode. State: All replicated index: 0, Majority replicated index: 0, Committed index: 0, Last appended: 0.0, Last appended by leader: 0, Current term: 1, Majority size: 2, State: 0, Mode: LEADER, active raft config: opid_index: -1 OBSOLETE_local: false peers { permanent_uuid: "ee2fb2c371c640fc98e45171980758df" member_type: VOTER last_known_addr { host: "127.11.176.1" port: 32923 } } peers { permanent_uuid: "049d8156fa714c0aac8fc1389d9d1c4d" member_type: VOTER last_known_addr { host: "127.11.176.2" port: 37763 } } peers { permanent_uuid: "27c9d16c7b7f4f19beefc260f27a99a6" member_type: VOTER last_known_addr { host: "127.11.176.3" port: 37331 } }
I20260709 13:14:37.591451 13122 leader_election.cc:304] T c86f6f94a88b45b4a0e920d0a1878e81 P 049d8156fa714c0aac8fc1389d9d1c4d [CANDIDATE]: Term 1 election: Election decided. Result: candidate won. Election summary: received 2 responses out of 3 voters: 2 yes votes; 0 no votes. yes voters: 049d8156fa714c0aac8fc1389d9d1c4d, 27c9d16c7b7f4f19beefc260f27a99a6; no voters: 
I20260709 13:14:37.592200 13312 raft_consensus.cc:2804] T c86f6f94a88b45b4a0e920d0a1878e81 P 049d8156fa714c0aac8fc1389d9d1c4d [term 1 FOLLOWER]: Leader election won for term 1
I20260709 13:14:37.592919 13157 raft_consensus.cc:2468] T 63d06a1825cb435586299d3ff716e7ba P 049d8156fa714c0aac8fc1389d9d1c4d [term 1 FOLLOWER]: Leader election vote request: Granting yes vote for candidate ee2fb2c371c640fc98e45171980758df in term 1.
I20260709 13:14:37.592660 13312 raft_consensus.cc:697] T c86f6f94a88b45b4a0e920d0a1878e81 P 049d8156fa714c0aac8fc1389d9d1c4d [term 1 LEADER]: Becoming Leader. State: Replica: 049d8156fa714c0aac8fc1389d9d1c4d, State: Running, Role: LEADER
I20260709 13:14:37.594384 13194 leader_election.cc:304] T a8e6261d36464f6989ed6219d73ce07d P 27c9d16c7b7f4f19beefc260f27a99a6 [CANDIDATE]: Term 1 election: Election decided. Result: candidate won. Election summary: received 2 responses out of 3 voters: 2 yes votes; 0 no votes. yes voters: 27c9d16c7b7f4f19beefc260f27a99a6, ee2fb2c371c640fc98e45171980758df; no voters: 
I20260709 13:14:37.595628 13396 raft_consensus.cc:2804] T a8e6261d36464f6989ed6219d73ce07d P 27c9d16c7b7f4f19beefc260f27a99a6 [term 1 FOLLOWER]: Leader election won for term 1
I20260709 13:14:37.595260 13312 consensus_queue.cc:237] T c86f6f94a88b45b4a0e920d0a1878e81 P 049d8156fa714c0aac8fc1389d9d1c4d [LEADER]: Queue going to LEADER mode. State: All replicated index: 0, Majority replicated index: 0, Committed index: 0, Last appended: 0.0, Last appended by leader: 0, Current term: 1, Majority size: 2, State: 0, Mode: LEADER, active raft config: opid_index: -1 OBSOLETE_local: false peers { permanent_uuid: "ee2fb2c371c640fc98e45171980758df" member_type: VOTER last_known_addr { host: "127.11.176.1" port: 32923 } } peers { permanent_uuid: "049d8156fa714c0aac8fc1389d9d1c4d" member_type: VOTER last_known_addr { host: "127.11.176.2" port: 37763 } } peers { permanent_uuid: "27c9d16c7b7f4f19beefc260f27a99a6" member_type: VOTER last_known_addr { host: "127.11.176.3" port: 37331 } }
I20260709 13:14:37.596109 13396 raft_consensus.cc:697] T a8e6261d36464f6989ed6219d73ce07d P 27c9d16c7b7f4f19beefc260f27a99a6 [term 1 LEADER]: Becoming Leader. State: Replica: 27c9d16c7b7f4f19beefc260f27a99a6, State: Running, Role: LEADER
I20260709 13:14:37.596915 13396 consensus_queue.cc:237] T a8e6261d36464f6989ed6219d73ce07d P 27c9d16c7b7f4f19beefc260f27a99a6 [LEADER]: Queue going to LEADER mode. State: All replicated index: 0, Majority replicated index: 0, Committed index: 0, Last appended: 0.0, Last appended by leader: 0, Current term: 1, Majority size: 2, State: 0, Mode: LEADER, active raft config: opid_index: -1 OBSOLETE_local: false peers { permanent_uuid: "ee2fb2c371c640fc98e45171980758df" member_type: VOTER last_known_addr { host: "127.11.176.1" port: 32923 } } peers { permanent_uuid: "049d8156fa714c0aac8fc1389d9d1c4d" member_type: VOTER last_known_addr { host: "127.11.176.2" port: 37763 } } peers { permanent_uuid: "27c9d16c7b7f4f19beefc260f27a99a6" member_type: VOTER last_known_addr { host: "127.11.176.3" port: 37331 } }
I20260709 13:14:37.598461 13496 consensus_queue.cc:1048] T 4d6a1807ac5b4906b475b29c80b675d6 P 049d8156fa714c0aac8fc1389d9d1c4d [LEADER]: Connected to new peer: Peer: permanent_uuid: "27c9d16c7b7f4f19beefc260f27a99a6" member_type: VOTER last_known_addr { host: "127.11.176.3" port: 37331 }, Status: LMP_MISMATCH, Last received: 0.0, Next index: 1, Last known committed idx: 0, Time since last communication: 0.000s
I20260709 13:14:37.599912 13309 consensus_queue.cc:1048] T 4d6a1807ac5b4906b475b29c80b675d6 P 049d8156fa714c0aac8fc1389d9d1c4d [LEADER]: Connected to new peer: Peer: permanent_uuid: "ee2fb2c371c640fc98e45171980758df" member_type: VOTER last_known_addr { host: "127.11.176.1" port: 32923 }, Status: LMP_MISMATCH, Last received: 0.0, Next index: 1, Last known committed idx: 0, Time since last communication: 0.000s
I20260709 13:14:37.601809 13496 raft_consensus.cc:493] T a643eab93b3e4529ad6515f4dcc4d1b8 P 049d8156fa714c0aac8fc1389d9d1c4d [term 0 FOLLOWER]: Starting pre-election (no leader contacted us within the election timeout)
I20260709 13:14:37.602322 13496 raft_consensus.cc:515] T a643eab93b3e4529ad6515f4dcc4d1b8 P 049d8156fa714c0aac8fc1389d9d1c4d [term 0 FOLLOWER]: Starting pre-election with config: opid_index: -1 OBSOLETE_local: false peers { permanent_uuid: "ee2fb2c371c640fc98e45171980758df" member_type: VOTER last_known_addr { host: "127.11.176.1" port: 32923 } } peers { permanent_uuid: "049d8156fa714c0aac8fc1389d9d1c4d" member_type: VOTER last_known_addr { host: "127.11.176.2" port: 37763 } } peers { permanent_uuid: "27c9d16c7b7f4f19beefc260f27a99a6" member_type: VOTER last_known_addr { host: "127.11.176.3" port: 37331 } }
I20260709 13:14:37.606592 13271 tablet_bootstrap.cc:492] T 60777c9a67634aeb97b745c66e4aa801 P 049d8156fa714c0aac8fc1389d9d1c4d: Bootstrap starting.
I20260709 13:14:37.619488 13271 tablet_bootstrap.cc:654] T 60777c9a67634aeb97b745c66e4aa801 P 049d8156fa714c0aac8fc1389d9d1c4d: Neither blocks nor log segments found. Creating new log.
I20260709 13:14:37.599517 13155 raft_consensus.cc:2468] T a8e6261d36464f6989ed6219d73ce07d P 049d8156fa714c0aac8fc1389d9d1c4d [term 1 FOLLOWER]: Leader election vote request: Granting yes vote for candidate 27c9d16c7b7f4f19beefc260f27a99a6 in term 1.
I20260709 13:14:37.625537 13396 raft_consensus.cc:493] T 82a28f09fdc2470ca1a8c3196105f212 P 27c9d16c7b7f4f19beefc260f27a99a6 [term 0 FOLLOWER]: Starting pre-election (no leader contacted us within the election timeout)
I20260709 13:14:37.639019 13396 raft_consensus.cc:515] T 82a28f09fdc2470ca1a8c3196105f212 P 27c9d16c7b7f4f19beefc260f27a99a6 [term 0 FOLLOWER]: Starting pre-election with config: opid_index: -1 OBSOLETE_local: false peers { permanent_uuid: "ee2fb2c371c640fc98e45171980758df" member_type: VOTER last_known_addr { host: "127.11.176.1" port: 32923 } } peers { permanent_uuid: "049d8156fa714c0aac8fc1389d9d1c4d" member_type: VOTER last_known_addr { host: "127.11.176.2" port: 37763 } } peers { permanent_uuid: "27c9d16c7b7f4f19beefc260f27a99a6" member_type: VOTER last_known_addr { host: "127.11.176.3" port: 37331 } }
I20260709 13:14:37.641151 13496 leader_election.cc:290] T a643eab93b3e4529ad6515f4dcc4d1b8 P 049d8156fa714c0aac8fc1389d9d1c4d [CANDIDATE]: Term 1 pre-election: Requested pre-vote from peers ee2fb2c371c640fc98e45171980758df (127.11.176.1:32923), 27c9d16c7b7f4f19beefc260f27a99a6 (127.11.176.3:37331)
I20260709 13:14:37.643132 13230 tablet_service.cc:1917] Received RequestConsensusVote() RPC: tablet_id: "a643eab93b3e4529ad6515f4dcc4d1b8" candidate_uuid: "049d8156fa714c0aac8fc1389d9d1c4d" candidate_term: 1 candidate_status { last_received { term: 0 index: 0 } } ignore_live_leader: false dest_uuid: "27c9d16c7b7f4f19beefc260f27a99a6" is_pre_election: true
I20260709 13:14:37.652256 13079 tablet_service.cc:1917] Received RequestConsensusVote() RPC: tablet_id: "a643eab93b3e4529ad6515f4dcc4d1b8" candidate_uuid: "049d8156fa714c0aac8fc1389d9d1c4d" candidate_term: 1 candidate_status { last_received { term: 0 index: 0 } } ignore_live_leader: false dest_uuid: "ee2fb2c371c640fc98e45171980758df" is_pre_election: true
I20260709 13:14:37.655855 13079 raft_consensus.cc:2393] T a643eab93b3e4529ad6515f4dcc4d1b8 P ee2fb2c371c640fc98e45171980758df [term 1 FOLLOWER]: Leader pre-election vote request: Denying vote to candidate 049d8156fa714c0aac8fc1389d9d1c4d in current term 1: Already voted for candidate 27c9d16c7b7f4f19beefc260f27a99a6 in this term.
I20260709 13:14:37.687615 13437 raft_consensus.cc:493] T 73c7145e5bf74ca8a86bd2cf58bcc2a7 P 27c9d16c7b7f4f19beefc260f27a99a6 [term 0 FOLLOWER]: Starting pre-election (no leader contacted us within the election timeout)
I20260709 13:14:37.695045 13437 raft_consensus.cc:515] T 73c7145e5bf74ca8a86bd2cf58bcc2a7 P 27c9d16c7b7f4f19beefc260f27a99a6 [term 0 FOLLOWER]: Starting pre-election with config: opid_index: -1 OBSOLETE_local: false peers { permanent_uuid: "ee2fb2c371c640fc98e45171980758df" member_type: VOTER last_known_addr { host: "127.11.176.1" port: 32923 } } peers { permanent_uuid: "049d8156fa714c0aac8fc1389d9d1c4d" member_type: VOTER last_known_addr { host: "127.11.176.2" port: 37763 } } peers { permanent_uuid: "27c9d16c7b7f4f19beefc260f27a99a6" member_type: VOTER last_known_addr { host: "127.11.176.3" port: 37331 } }
I20260709 13:14:37.712284 13437 leader_election.cc:290] T 73c7145e5bf74ca8a86bd2cf58bcc2a7 P 27c9d16c7b7f4f19beefc260f27a99a6 [CANDIDATE]: Term 1 pre-election: Requested pre-vote from peers ee2fb2c371c640fc98e45171980758df (127.11.176.1:32923), 049d8156fa714c0aac8fc1389d9d1c4d (127.11.176.2:37763)
I20260709 13:14:37.724973 13157 tablet_service.cc:1917] Received RequestConsensusVote() RPC: tablet_id: "73c7145e5bf74ca8a86bd2cf58bcc2a7" candidate_uuid: "27c9d16c7b7f4f19beefc260f27a99a6" candidate_term: 1 candidate_status { last_received { term: 0 index: 0 } } ignore_live_leader: false dest_uuid: "049d8156fa714c0aac8fc1389d9d1c4d" is_pre_election: true
I20260709 13:14:37.701608 13120 leader_election.cc:304] T a643eab93b3e4529ad6515f4dcc4d1b8 P 049d8156fa714c0aac8fc1389d9d1c4d [CANDIDATE]: Term 1 pre-election: Election decided. Result: candidate lost. Election summary: received 3 responses out of 3 voters: 1 yes votes; 2 no votes. yes voters: 049d8156fa714c0aac8fc1389d9d1c4d; no voters: 27c9d16c7b7f4f19beefc260f27a99a6, ee2fb2c371c640fc98e45171980758df
I20260709 13:14:37.742663 13312 raft_consensus.cc:3060] T a643eab93b3e4529ad6515f4dcc4d1b8 P 049d8156fa714c0aac8fc1389d9d1c4d [term 0 FOLLOWER]: Advancing to term 1
W20260709 13:14:37.742683 13120 outbound_call.cc:321] RPC callback for RPC call kudu.consensus.ConsensusService.RequestConsensusVote -> {remote=127.11.176.1:32923, user_credentials={real_user=slave}} blocked reactor thread for 48962.5us
I20260709 13:14:37.772526 13367 raft_consensus.cc:493] T 4459016fac33478c87692e60a6b6c223 P ee2fb2c371c640fc98e45171980758df [term 0 FOLLOWER]: Starting pre-election (no leader contacted us within the election timeout)
I20260709 13:14:37.773123 13367 raft_consensus.cc:515] T 4459016fac33478c87692e60a6b6c223 P ee2fb2c371c640fc98e45171980758df [term 0 FOLLOWER]: Starting pre-election with config: opid_index: -1 OBSOLETE_local: false peers { permanent_uuid: "ee2fb2c371c640fc98e45171980758df" member_type: VOTER last_known_addr { host: "127.11.176.1" port: 32923 } } peers { permanent_uuid: "049d8156fa714c0aac8fc1389d9d1c4d" member_type: VOTER last_known_addr { host: "127.11.176.2" port: 37763 } } peers { permanent_uuid: "27c9d16c7b7f4f19beefc260f27a99a6" member_type: VOTER last_known_addr { host: "127.11.176.3" port: 37331 } }
I20260709 13:14:37.814168 13155 tablet_service.cc:1917] Received RequestConsensusVote() RPC: tablet_id: "4459016fac33478c87692e60a6b6c223" candidate_uuid: "ee2fb2c371c640fc98e45171980758df" candidate_term: 1 candidate_status { last_received { term: 0 index: 0 } } ignore_live_leader: false dest_uuid: "049d8156fa714c0aac8fc1389d9d1c4d" is_pre_election: true
I20260709 13:14:37.805245 13272 tablet_bootstrap.cc:492] T 1eed32b4fbed43fc9e9877ec155a8c3c P ee2fb2c371c640fc98e45171980758df: No bootstrap required, opened a new log
I20260709 13:14:37.817478 13272 ts_tablet_manager.cc:1403] T 1eed32b4fbed43fc9e9877ec155a8c3c P ee2fb2c371c640fc98e45171980758df: Time spent bootstrapping tablet: real 0.460s	user 0.025s	sys 0.034s
I20260709 13:14:37.817575 13273 tablet_bootstrap.cc:654] T 1eed32b4fbed43fc9e9877ec155a8c3c P 27c9d16c7b7f4f19beefc260f27a99a6: Neither blocks nor log segments found. Creating new log.
I20260709 13:14:37.851883 13396 leader_election.cc:290] T 82a28f09fdc2470ca1a8c3196105f212 P 27c9d16c7b7f4f19beefc260f27a99a6 [CANDIDATE]: Term 1 pre-election: Requested pre-vote from peers ee2fb2c371c640fc98e45171980758df (127.11.176.1:32923), 049d8156fa714c0aac8fc1389d9d1c4d (127.11.176.2:37763)
I20260709 13:14:37.852815 13272 raft_consensus.cc:359] T 1eed32b4fbed43fc9e9877ec155a8c3c P ee2fb2c371c640fc98e45171980758df [term 0 FOLLOWER]: Replica starting. Triggering 0 pending ops. Active config: opid_index: -1 OBSOLETE_local: false peers { permanent_uuid: "ee2fb2c371c640fc98e45171980758df" member_type: VOTER last_known_addr { host: "127.11.176.1" port: 32923 } } peers { permanent_uuid: "049d8156fa714c0aac8fc1389d9d1c4d" member_type: VOTER last_known_addr { host: "127.11.176.2" port: 37763 } } peers { permanent_uuid: "27c9d16c7b7f4f19beefc260f27a99a6" member_type: VOTER last_known_addr { host: "127.11.176.3" port: 37331 } }
I20260709 13:14:37.853947 13272 raft_consensus.cc:385] T 1eed32b4fbed43fc9e9877ec155a8c3c P ee2fb2c371c640fc98e45171980758df [term 0 FOLLOWER]: Consensus starting up: Expiring failure detector timer to make a prompt election more likely
I20260709 13:14:37.854321 13272 raft_consensus.cc:740] T 1eed32b4fbed43fc9e9877ec155a8c3c P ee2fb2c371c640fc98e45171980758df [term 0 FOLLOWER]: Becoming Follower/Learner. State: Replica: ee2fb2c371c640fc98e45171980758df, State: Initialized, Role: FOLLOWER
I20260709 13:14:37.855129 13272 consensus_queue.cc:260] T 1eed32b4fbed43fc9e9877ec155a8c3c P ee2fb2c371c640fc98e45171980758df [NON_LEADER]: Queue going to NON_LEADER mode. State: All replicated index: 0, Majority replicated index: 0, Committed index: 0, Last appended: 0.0, Last appended by leader: 0, Current term: 0, Majority size: -1, State: 0, Mode: NON_LEADER, active raft config: opid_index: -1 OBSOLETE_local: false peers { permanent_uuid: "ee2fb2c371c640fc98e45171980758df" member_type: VOTER last_known_addr { host: "127.11.176.1" port: 32923 } } peers { permanent_uuid: "049d8156fa714c0aac8fc1389d9d1c4d" member_type: VOTER last_known_addr { host: "127.11.176.2" port: 37763 } } peers { permanent_uuid: "27c9d16c7b7f4f19beefc260f27a99a6" member_type: VOTER last_known_addr { host: "127.11.176.3" port: 37331 } }
I20260709 13:14:37.859790 13312 raft_consensus.cc:2749] T a643eab93b3e4529ad6515f4dcc4d1b8 P 049d8156fa714c0aac8fc1389d9d1c4d [term 1 FOLLOWER]: Leader pre-election lost for term 1. Reason: could not achieve majority
I20260709 13:14:37.846634 13367 leader_election.cc:290] T 4459016fac33478c87692e60a6b6c223 P ee2fb2c371c640fc98e45171980758df [CANDIDATE]: Term 1 pre-election: Requested pre-vote from peers 049d8156fa714c0aac8fc1389d9d1c4d (127.11.176.2:37763), 27c9d16c7b7f4f19beefc260f27a99a6 (127.11.176.3:37331)
I20260709 13:14:37.863080 13080 tablet_service.cc:1917] Received RequestConsensusVote() RPC: tablet_id: "73c7145e5bf74ca8a86bd2cf58bcc2a7" candidate_uuid: "27c9d16c7b7f4f19beefc260f27a99a6" candidate_term: 1 candidate_status { last_received { term: 0 index: 0 } } ignore_live_leader: false dest_uuid: "ee2fb2c371c640fc98e45171980758df" is_pre_election: true
I20260709 13:14:37.864794 13272 ts_tablet_manager.cc:1434] T 1eed32b4fbed43fc9e9877ec155a8c3c P ee2fb2c371c640fc98e45171980758df: Time spent starting tablet: real 0.047s	user 0.004s	sys 0.004s
I20260709 13:14:37.868422 13081 tablet_service.cc:1917] Received RequestConsensusVote() RPC: tablet_id: "82a28f09fdc2470ca1a8c3196105f212" candidate_uuid: "27c9d16c7b7f4f19beefc260f27a99a6" candidate_term: 1 candidate_status { last_received { term: 0 index: 0 } } ignore_live_leader: false dest_uuid: "ee2fb2c371c640fc98e45171980758df" is_pre_election: true
I20260709 13:14:37.869271 13272 tablet_bootstrap.cc:492] T 5df5645de94a4232b34b0f229ba0202f P ee2fb2c371c640fc98e45171980758df: Bootstrap starting.
I20260709 13:14:37.870450 13496 consensus_queue.cc:1048] T f7ab9d3be15340c8bca8744ff2596fd3 P 049d8156fa714c0aac8fc1389d9d1c4d [LEADER]: Connected to new peer: Peer: permanent_uuid: "27c9d16c7b7f4f19beefc260f27a99a6" member_type: VOTER last_known_addr { host: "127.11.176.3" port: 37331 }, Status: LMP_MISMATCH, Last received: 0.0, Next index: 1, Last known committed idx: 0, Time since last communication: 0.001s
I20260709 13:14:37.871974 12978 catalog_manager.cc:5697] T a8e6261d36464f6989ed6219d73ce07d P 27c9d16c7b7f4f19beefc260f27a99a6 reported cstate change: term changed from 0 to 1, leader changed from <none> to 27c9d16c7b7f4f19beefc260f27a99a6 (127.11.176.3). New cstate: current_term: 1 leader_uuid: "27c9d16c7b7f4f19beefc260f27a99a6" committed_config { opid_index: -1 OBSOLETE_local: false peers { permanent_uuid: "ee2fb2c371c640fc98e45171980758df" member_type: VOTER last_known_addr { host: "127.11.176.1" port: 32923 } health_report { overall_health: UNKNOWN } } peers { permanent_uuid: "049d8156fa714c0aac8fc1389d9d1c4d" member_type: VOTER last_known_addr { host: "127.11.176.2" port: 37763 } health_report { overall_health: UNKNOWN } } peers { permanent_uuid: "27c9d16c7b7f4f19beefc260f27a99a6" member_type: VOTER last_known_addr { host: "127.11.176.3" port: 37331 } health_report { overall_health: HEALTHY } } }
I20260709 13:14:37.873004 13271 tablet_bootstrap.cc:492] T 60777c9a67634aeb97b745c66e4aa801 P 049d8156fa714c0aac8fc1389d9d1c4d: No bootstrap required, opened a new log
I20260709 13:14:37.873406 13271 ts_tablet_manager.cc:1403] T 60777c9a67634aeb97b745c66e4aa801 P 049d8156fa714c0aac8fc1389d9d1c4d: Time spent bootstrapping tablet: real 0.267s	user 0.017s	sys 0.013s
W20260709 13:14:37.870828 13048 leader_election.cc:343] T 4459016fac33478c87692e60a6b6c223 P ee2fb2c371c640fc98e45171980758df [CANDIDATE]: Term 1 pre-election: Tablet error from VoteRequest() call to peer 049d8156fa714c0aac8fc1389d9d1c4d (127.11.176.2:37763): Illegal state: must be running to vote when last-logged opid is not known
I20260709 13:14:37.876243 13228 tablet_service.cc:1917] Received RequestConsensusVote() RPC: tablet_id: "4459016fac33478c87692e60a6b6c223" candidate_uuid: "ee2fb2c371c640fc98e45171980758df" candidate_term: 1 candidate_status { last_received { term: 0 index: 0 } } ignore_live_leader: false dest_uuid: "27c9d16c7b7f4f19beefc260f27a99a6" is_pre_election: true
I20260709 13:14:37.880774 13154 tablet_service.cc:1917] Received RequestConsensusVote() RPC: tablet_id: "82a28f09fdc2470ca1a8c3196105f212" candidate_uuid: "27c9d16c7b7f4f19beefc260f27a99a6" candidate_term: 1 candidate_status { last_received { term: 0 index: 0 } } ignore_live_leader: false dest_uuid: "049d8156fa714c0aac8fc1389d9d1c4d" is_pre_election: true
W20260709 13:14:37.882752 13197 leader_election.cc:343] T 82a28f09fdc2470ca1a8c3196105f212 P 27c9d16c7b7f4f19beefc260f27a99a6 [CANDIDATE]: Term 1 pre-election: Tablet error from VoteRequest() call to peer 049d8156fa714c0aac8fc1389d9d1c4d (127.11.176.2:37763): Illegal state: must be running to vote when last-logged opid is not known
I20260709 13:14:37.883266 13271 raft_consensus.cc:359] T 60777c9a67634aeb97b745c66e4aa801 P 049d8156fa714c0aac8fc1389d9d1c4d [term 0 FOLLOWER]: Replica starting. Triggering 0 pending ops. Active config: opid_index: -1 OBSOLETE_local: false peers { permanent_uuid: "ee2fb2c371c640fc98e45171980758df" member_type: VOTER last_known_addr { host: "127.11.176.1" port: 32923 } } peers { permanent_uuid: "049d8156fa714c0aac8fc1389d9d1c4d" member_type: VOTER last_known_addr { host: "127.11.176.2" port: 37763 } } peers { permanent_uuid: "27c9d16c7b7f4f19beefc260f27a99a6" member_type: VOTER last_known_addr { host: "127.11.176.3" port: 37331 } }
I20260709 13:14:37.883876 13271 raft_consensus.cc:385] T 60777c9a67634aeb97b745c66e4aa801 P 049d8156fa714c0aac8fc1389d9d1c4d [term 0 FOLLOWER]: Consensus starting up: Expiring failure detector timer to make a prompt election more likely
I20260709 13:14:37.884128 13271 raft_consensus.cc:740] T 60777c9a67634aeb97b745c66e4aa801 P 049d8156fa714c0aac8fc1389d9d1c4d [term 0 FOLLOWER]: Becoming Follower/Learner. State: Replica: 049d8156fa714c0aac8fc1389d9d1c4d, State: Initialized, Role: FOLLOWER
I20260709 13:14:37.884773 13271 consensus_queue.cc:260] T 60777c9a67634aeb97b745c66e4aa801 P 049d8156fa714c0aac8fc1389d9d1c4d [NON_LEADER]: Queue going to NON_LEADER mode. State: All replicated index: 0, Majority replicated index: 0, Committed index: 0, Last appended: 0.0, Last appended by leader: 0, Current term: 0, Majority size: -1, State: 0, Mode: NON_LEADER, active raft config: opid_index: -1 OBSOLETE_local: false peers { permanent_uuid: "ee2fb2c371c640fc98e45171980758df" member_type: VOTER last_known_addr { host: "127.11.176.1" port: 32923 } } peers { permanent_uuid: "049d8156fa714c0aac8fc1389d9d1c4d" member_type: VOTER last_known_addr { host: "127.11.176.2" port: 37763 } } peers { permanent_uuid: "27c9d16c7b7f4f19beefc260f27a99a6" member_type: VOTER last_known_addr { host: "127.11.176.3" port: 37331 } }
I20260709 13:14:37.887732 13194 leader_election.cc:304] T 73c7145e5bf74ca8a86bd2cf58bcc2a7 P 27c9d16c7b7f4f19beefc260f27a99a6 [CANDIDATE]: Term 1 pre-election: Election decided. Result: candidate lost. Election summary: received 3 responses out of 3 voters: 1 yes votes; 2 no votes. yes voters: 27c9d16c7b7f4f19beefc260f27a99a6; no voters: 049d8156fa714c0aac8fc1389d9d1c4d, ee2fb2c371c640fc98e45171980758df
I20260709 13:14:37.888561 13271 ts_tablet_manager.cc:1434] T 60777c9a67634aeb97b745c66e4aa801 P 049d8156fa714c0aac8fc1389d9d1c4d: Time spent starting tablet: real 0.015s	user 0.006s	sys 0.000s
I20260709 13:14:37.888725 13385 raft_consensus.cc:2749] T 73c7145e5bf74ca8a86bd2cf58bcc2a7 P 27c9d16c7b7f4f19beefc260f27a99a6 [term 0 FOLLOWER]: Leader pre-election lost for term 1. Reason: could not achieve majority
I20260709 13:14:37.889374 13271 tablet_bootstrap.cc:492] T 74e3d842c2d7430b95aa6014487c1a0d P 049d8156fa714c0aac8fc1389d9d1c4d: Bootstrap starting.
I20260709 13:14:37.890448 13272 tablet_bootstrap.cc:654] T 5df5645de94a4232b34b0f229ba0202f P ee2fb2c371c640fc98e45171980758df: Neither blocks nor log segments found. Creating new log.
I20260709 13:14:37.902074 13273 tablet_bootstrap.cc:492] T 1eed32b4fbed43fc9e9877ec155a8c3c P 27c9d16c7b7f4f19beefc260f27a99a6: No bootstrap required, opened a new log
I20260709 13:14:37.902547 13273 ts_tablet_manager.cc:1403] T 1eed32b4fbed43fc9e9877ec155a8c3c P 27c9d16c7b7f4f19beefc260f27a99a6: Time spent bootstrapping tablet: real 0.372s	user 0.025s	sys 0.019s
W20260709 13:14:37.903779 13194 leader_election.cc:343] T 82a28f09fdc2470ca1a8c3196105f212 P 27c9d16c7b7f4f19beefc260f27a99a6 [CANDIDATE]: Term 1 pre-election: Tablet error from VoteRequest() call to peer ee2fb2c371c640fc98e45171980758df (127.11.176.1:32923): Illegal state: must be running to vote when last-logged opid is not known
I20260709 13:14:37.904996 13273 raft_consensus.cc:359] T 1eed32b4fbed43fc9e9877ec155a8c3c P 27c9d16c7b7f4f19beefc260f27a99a6 [term 0 FOLLOWER]: Replica starting. Triggering 0 pending ops. Active config: opid_index: -1 OBSOLETE_local: false peers { permanent_uuid: "ee2fb2c371c640fc98e45171980758df" member_type: VOTER last_known_addr { host: "127.11.176.1" port: 32923 } } peers { permanent_uuid: "049d8156fa714c0aac8fc1389d9d1c4d" member_type: VOTER last_known_addr { host: "127.11.176.2" port: 37763 } } peers { permanent_uuid: "27c9d16c7b7f4f19beefc260f27a99a6" member_type: VOTER last_known_addr { host: "127.11.176.3" port: 37331 } }
I20260709 13:14:37.905649 13273 raft_consensus.cc:385] T 1eed32b4fbed43fc9e9877ec155a8c3c P 27c9d16c7b7f4f19beefc260f27a99a6 [term 0 FOLLOWER]: Consensus starting up: Expiring failure detector timer to make a prompt election more likely
I20260709 13:14:37.904179 13194 leader_election.cc:304] T 82a28f09fdc2470ca1a8c3196105f212 P 27c9d16c7b7f4f19beefc260f27a99a6 [CANDIDATE]: Term 1 pre-election: Election decided. Result: candidate lost. Election summary: received 3 responses out of 3 voters: 1 yes votes; 2 no votes. yes voters: 27c9d16c7b7f4f19beefc260f27a99a6; no voters: 049d8156fa714c0aac8fc1389d9d1c4d, ee2fb2c371c640fc98e45171980758df
I20260709 13:14:37.905897 13273 raft_consensus.cc:740] T 1eed32b4fbed43fc9e9877ec155a8c3c P 27c9d16c7b7f4f19beefc260f27a99a6 [term 0 FOLLOWER]: Becoming Follower/Learner. State: Replica: 27c9d16c7b7f4f19beefc260f27a99a6, State: Initialized, Role: FOLLOWER
