I20260709 13:14:25.492586 12379 tablet_service.cc:1917] Received RequestConsensusVote() RPC: tablet_id: "a64f4d9dd44140e0aef401f4b3d3bd14" candidate_uuid: "4ba6ebadc6c04b05a94ef6f4fe30deca" candidate_term: 1 candidate_status { last_received { term: 0 index: 0 } } ignore_live_leader: false dest_uuid: "9783bbf0d9104b00a2372bfa7069bbbf"
I20260709 13:14:25.492302 12571 tablet_bootstrap.cc:492] T b049f4a089994af783c74eea63f8e4c2 P 9783bbf0d9104b00a2372bfa7069bbbf: Bootstrap starting.
I20260709 13:14:25.541618 12276 catalog_manager.cc:5697] T ac12ae5205074874a416bc07bfb002c3 P 4ba6ebadc6c04b05a94ef6f4fe30deca reported cstate change: term changed from 0 to 1, leader changed from <none> to 4ba6ebadc6c04b05a94ef6f4fe30deca (127.11.1.194). New cstate: current_term: 1 leader_uuid: "4ba6ebadc6c04b05a94ef6f4fe30deca" committed_config { opid_index: -1 OBSOLETE_local: false peers { permanent_uuid: "9783bbf0d9104b00a2372bfa7069bbbf" member_type: VOTER last_known_addr { host: "127.11.1.193" port: 40349 } health_report { overall_health: UNKNOWN } } peers { permanent_uuid: "4ba6ebadc6c04b05a94ef6f4fe30deca" member_type: VOTER last_known_addr { host: "127.11.1.194" port: 36797 } health_report { overall_health: HEALTHY } } peers { permanent_uuid: "9c94de902cdb442693a41e709c489129" member_type: VOTER last_known_addr { host: "127.11.1.195" port: 40227 } health_report { overall_health: UNKNOWN } } }
I20260709 13:14:25.558528 12571 tablet_bootstrap.cc:654] T b049f4a089994af783c74eea63f8e4c2 P 9783bbf0d9104b00a2372bfa7069bbbf: Neither blocks nor log segments found. Creating new log.
I20260709 13:14:25.541929 12379 raft_consensus.cc:3060] T a64f4d9dd44140e0aef401f4b3d3bd14 P 9783bbf0d9104b00a2372bfa7069bbbf [term 0 FOLLOWER]: Advancing to term 1
I20260709 13:14:25.548760 12644 consensus_queue.cc:1048] T 6671dc2e054a47b3a7fe6eb032aeac4d P 9c94de902cdb442693a41e709c489129 [LEADER]: Connected to new peer: Peer: permanent_uuid: "4ba6ebadc6c04b05a94ef6f4fe30deca" member_type: VOTER last_known_addr { host: "127.11.1.194" port: 36797 }, Status: LMP_MISMATCH, Last received: 0.0, Next index: 1, Last known committed idx: 0, Time since last communication: 0.013s
I20260709 13:14:25.549201 12611 raft_consensus.cc:697] T 753dc700aebe4092bba99a04268583ea P 9c94de902cdb442693a41e709c489129 [term 1 LEADER]: Becoming Leader. State: Replica: 9c94de902cdb442693a41e709c489129, State: Running, Role: LEADER
I20260709 13:14:25.562352 12611 consensus_queue.cc:237] T 753dc700aebe4092bba99a04268583ea P 9c94de902cdb442693a41e709c489129 [LEADER]: Queue going to LEADER mode. State: All replicated index: 0, Majority replicated index: 0, Committed index: 0, Last appended: 0.0, Last appended by leader: 0, Current term: 1, Majority size: 2, State: 0, Mode: LEADER, active raft config: opid_index: -1 OBSOLETE_local: false peers { permanent_uuid: "9783bbf0d9104b00a2372bfa7069bbbf" member_type: VOTER last_known_addr { host: "127.11.1.193" port: 40349 } } peers { permanent_uuid: "4ba6ebadc6c04b05a94ef6f4fe30deca" member_type: VOTER last_known_addr { host: "127.11.1.194" port: 36797 } } peers { permanent_uuid: "9c94de902cdb442693a41e709c489129" member_type: VOTER last_known_addr { host: "127.11.1.195" port: 40227 } }
I20260709 13:14:25.553673 12574 tablet_bootstrap.cc:492] T 6f8a8d2ece4449a99bfcb4c14d3fc28a P 4ba6ebadc6c04b05a94ef6f4fe30deca: No bootstrap required, opened a new log
I20260709 13:14:25.564850 12574 ts_tablet_manager.cc:1403] T 6f8a8d2ece4449a99bfcb4c14d3fc28a P 4ba6ebadc6c04b05a94ef6f4fe30deca: Time spent bootstrapping tablet: real 0.096s	user 0.015s	sys 0.006s
I20260709 13:14:25.544943 12380 raft_consensus.cc:2468] T ac12ae5205074874a416bc07bfb002c3 P 9783bbf0d9104b00a2372bfa7069bbbf [term 1 FOLLOWER]: Leader election vote request: Granting yes vote for candidate 4ba6ebadc6c04b05a94ef6f4fe30deca in term 1.
I20260709 13:14:25.539891 12457 raft_consensus.cc:2468] T 1da9dd16cd014c7f86561aa277defab7 P 4ba6ebadc6c04b05a94ef6f4fe30deca [term 1 FOLLOWER]: Leader election vote request: Granting yes vote for candidate 9c94de902cdb442693a41e709c489129 in term 1.
I20260709 13:14:25.554399 12455 raft_consensus.cc:2468] T 753dc700aebe4092bba99a04268583ea P 4ba6ebadc6c04b05a94ef6f4fe30deca [term 1 FOLLOWER]: Leader election vote request: Granting yes vote for candidate 9c94de902cdb442693a41e709c489129 in term 1.
I20260709 13:14:25.581929 12379 raft_consensus.cc:2468] T a64f4d9dd44140e0aef401f4b3d3bd14 P 9783bbf0d9104b00a2372bfa7069bbbf [term 1 FOLLOWER]: Leader election vote request: Granting yes vote for candidate 4ba6ebadc6c04b05a94ef6f4fe30deca in term 1.
I20260709 13:14:25.584203 12423 leader_election.cc:304] T a64f4d9dd44140e0aef401f4b3d3bd14 P 4ba6ebadc6c04b05a94ef6f4fe30deca [CANDIDATE]: Term 1 election: Election decided. Result: candidate won. Election summary: received 3 responses out of 3 voters: 2 yes votes; 1 no votes. yes voters: 4ba6ebadc6c04b05a94ef6f4fe30deca, 9783bbf0d9104b00a2372bfa7069bbbf; no voters: 9c94de902cdb442693a41e709c489129
I20260709 13:14:25.585681 12580 raft_consensus.cc:2804] T a64f4d9dd44140e0aef401f4b3d3bd14 P 4ba6ebadc6c04b05a94ef6f4fe30deca [term 1 FOLLOWER]: Leader election won for term 1
I20260709 13:14:25.586247 12580 raft_consensus.cc:697] T a64f4d9dd44140e0aef401f4b3d3bd14 P 4ba6ebadc6c04b05a94ef6f4fe30deca [term 1 LEADER]: Becoming Leader. State: Replica: 4ba6ebadc6c04b05a94ef6f4fe30deca, State: Running, Role: LEADER
I20260709 13:14:25.586872 12580 consensus_queue.cc:237] T a64f4d9dd44140e0aef401f4b3d3bd14 P 4ba6ebadc6c04b05a94ef6f4fe30deca [LEADER]: Queue going to LEADER mode. State: All replicated index: 0, Majority replicated index: 0, Committed index: 0, Last appended: 0.0, Last appended by leader: 0, Current term: 1, Majority size: 2, State: 0, Mode: LEADER, active raft config: opid_index: -1 OBSOLETE_local: false peers { permanent_uuid: "9783bbf0d9104b00a2372bfa7069bbbf" member_type: VOTER last_known_addr { host: "127.11.1.193" port: 40349 } } peers { permanent_uuid: "4ba6ebadc6c04b05a94ef6f4fe30deca" member_type: VOTER last_known_addr { host: "127.11.1.194" port: 36797 } } peers { permanent_uuid: "9c94de902cdb442693a41e709c489129" member_type: VOTER last_known_addr { host: "127.11.1.195" port: 40227 } }
I20260709 13:14:25.589902 12574 raft_consensus.cc:359] T 6f8a8d2ece4449a99bfcb4c14d3fc28a P 4ba6ebadc6c04b05a94ef6f4fe30deca [term 0 FOLLOWER]: Replica starting. Triggering 0 pending ops. Active config: opid_index: -1 OBSOLETE_local: false peers { permanent_uuid: "9783bbf0d9104b00a2372bfa7069bbbf" member_type: VOTER last_known_addr { host: "127.11.1.193" port: 40349 } } peers { permanent_uuid: "4ba6ebadc6c04b05a94ef6f4fe30deca" member_type: VOTER last_known_addr { host: "127.11.1.194" port: 36797 } } peers { permanent_uuid: "9c94de902cdb442693a41e709c489129" member_type: VOTER last_known_addr { host: "127.11.1.195" port: 40227 } }
I20260709 13:14:25.590622 12574 raft_consensus.cc:385] T 6f8a8d2ece4449a99bfcb4c14d3fc28a P 4ba6ebadc6c04b05a94ef6f4fe30deca [term 0 FOLLOWER]: Consensus starting up: Expiring failure detector timer to make a prompt election more likely
I20260709 13:14:25.590942 12574 raft_consensus.cc:740] T 6f8a8d2ece4449a99bfcb4c14d3fc28a P 4ba6ebadc6c04b05a94ef6f4fe30deca [term 0 FOLLOWER]: Becoming Follower/Learner. State: Replica: 4ba6ebadc6c04b05a94ef6f4fe30deca, State: Initialized, Role: FOLLOWER
I20260709 13:14:25.591792 12574 consensus_queue.cc:260] T 6f8a8d2ece4449a99bfcb4c14d3fc28a P 4ba6ebadc6c04b05a94ef6f4fe30deca [NON_LEADER]: Queue going to NON_LEADER mode. State: All replicated index: 0, Majority replicated index: 0, Committed index: 0, Last appended: 0.0, Last appended by leader: 0, Current term: 0, Majority size: -1, State: 0, Mode: NON_LEADER, active raft config: opid_index: -1 OBSOLETE_local: false peers { permanent_uuid: "9783bbf0d9104b00a2372bfa7069bbbf" member_type: VOTER last_known_addr { host: "127.11.1.193" port: 40349 } } peers { permanent_uuid: "4ba6ebadc6c04b05a94ef6f4fe30deca" member_type: VOTER last_known_addr { host: "127.11.1.194" port: 36797 } } peers { permanent_uuid: "9c94de902cdb442693a41e709c489129" member_type: VOTER last_known_addr { host: "127.11.1.195" port: 40227 } }
I20260709 13:14:25.594020 12574 ts_tablet_manager.cc:1434] T 6f8a8d2ece4449a99bfcb4c14d3fc28a P 4ba6ebadc6c04b05a94ef6f4fe30deca: Time spent starting tablet: real 0.029s	user 0.001s	sys 0.005s
I20260709 13:14:25.591780 12578 tablet_bootstrap.cc:492] T e3b95de4ed314ec391ffed48d9b5d661 P 9c94de902cdb442693a41e709c489129: No bootstrap required, opened a new log
I20260709 13:14:25.594864 12578 ts_tablet_manager.cc:1403] T e3b95de4ed314ec391ffed48d9b5d661 P 9c94de902cdb442693a41e709c489129: Time spent bootstrapping tablet: real 0.157s	user 0.020s	sys 0.012s
I20260709 13:14:25.596467 12592 raft_consensus.cc:493] T b93dbc48af244812bc312116c4227143 P 9783bbf0d9104b00a2372bfa7069bbbf [term 0 FOLLOWER]: Starting pre-election (no leader contacted us within the election timeout)
I20260709 13:14:25.596954 12592 raft_consensus.cc:515] T b93dbc48af244812bc312116c4227143 P 9783bbf0d9104b00a2372bfa7069bbbf [term 0 FOLLOWER]: Starting pre-election with config: opid_index: -1 OBSOLETE_local: false peers { permanent_uuid: "9783bbf0d9104b00a2372bfa7069bbbf" member_type: VOTER last_known_addr { host: "127.11.1.193" port: 40349 } } peers { permanent_uuid: "4ba6ebadc6c04b05a94ef6f4fe30deca" member_type: VOTER last_known_addr { host: "127.11.1.194" port: 36797 } } peers { permanent_uuid: "9c94de902cdb442693a41e709c489129" member_type: VOTER last_known_addr { host: "127.11.1.195" port: 40227 } }
I20260709 13:14:25.597886 12578 raft_consensus.cc:359] T e3b95de4ed314ec391ffed48d9b5d661 P 9c94de902cdb442693a41e709c489129 [term 0 FOLLOWER]: Replica starting. Triggering 0 pending ops. Active config: opid_index: -1 OBSOLETE_local: false peers { permanent_uuid: "9783bbf0d9104b00a2372bfa7069bbbf" member_type: VOTER last_known_addr { host: "127.11.1.193" port: 40349 } } peers { permanent_uuid: "4ba6ebadc6c04b05a94ef6f4fe30deca" member_type: VOTER last_known_addr { host: "127.11.1.194" port: 36797 } } peers { permanent_uuid: "9c94de902cdb442693a41e709c489129" member_type: VOTER last_known_addr { host: "127.11.1.195" port: 40227 } }
I20260709 13:14:25.600880 12574 tablet_bootstrap.cc:492] T 86ee0d7fd377421c9f22ec95ddc0829e P 4ba6ebadc6c04b05a94ef6f4fe30deca: Bootstrap starting.
I20260709 13:14:25.601143 12578 raft_consensus.cc:385] T e3b95de4ed314ec391ffed48d9b5d661 P 9c94de902cdb442693a41e709c489129 [term 0 FOLLOWER]: Consensus starting up: Expiring failure detector timer to make a prompt election more likely
I20260709 13:14:25.601378 12592 leader_election.cc:290] T b93dbc48af244812bc312116c4227143 P 9783bbf0d9104b00a2372bfa7069bbbf [CANDIDATE]: Term 1 pre-election: Requested pre-vote from peers 4ba6ebadc6c04b05a94ef6f4fe30deca (127.11.1.194:36797), 9c94de902cdb442693a41e709c489129 (127.11.1.195:40227)
I20260709 13:14:25.601506 12578 raft_consensus.cc:740] T e3b95de4ed314ec391ffed48d9b5d661 P 9c94de902cdb442693a41e709c489129 [term 0 FOLLOWER]: Becoming Follower/Learner. State: Replica: 9c94de902cdb442693a41e709c489129, State: Initialized, Role: FOLLOWER
I20260709 13:14:25.602432 12578 consensus_queue.cc:260] T e3b95de4ed314ec391ffed48d9b5d661 P 9c94de902cdb442693a41e709c489129 [NON_LEADER]: Queue going to NON_LEADER mode. State: All replicated index: 0, Majority replicated index: 0, Committed index: 0, Last appended: 0.0, Last appended by leader: 0, Current term: 0, Majority size: -1, State: 0, Mode: NON_LEADER, active raft config: opid_index: -1 OBSOLETE_local: false peers { permanent_uuid: "9783bbf0d9104b00a2372bfa7069bbbf" member_type: VOTER last_known_addr { host: "127.11.1.193" port: 40349 } } peers { permanent_uuid: "4ba6ebadc6c04b05a94ef6f4fe30deca" member_type: VOTER last_known_addr { host: "127.11.1.194" port: 36797 } } peers { permanent_uuid: "9c94de902cdb442693a41e709c489129" member_type: VOTER last_known_addr { host: "127.11.1.195" port: 40227 } }
I20260709 13:14:25.603107 12457 tablet_service.cc:1917] Received RequestConsensusVote() RPC: tablet_id: "b93dbc48af244812bc312116c4227143" candidate_uuid: "9783bbf0d9104b00a2372bfa7069bbbf" candidate_term: 1 candidate_status { last_received { term: 0 index: 0 } } ignore_live_leader: false dest_uuid: "4ba6ebadc6c04b05a94ef6f4fe30deca" is_pre_election: true
I20260709 13:14:25.604274 12529 tablet_service.cc:1917] Received RequestConsensusVote() RPC: tablet_id: "b93dbc48af244812bc312116c4227143" candidate_uuid: "9783bbf0d9104b00a2372bfa7069bbbf" candidate_term: 1 candidate_status { last_received { term: 0 index: 0 } } ignore_live_leader: false dest_uuid: "9c94de902cdb442693a41e709c489129" is_pre_election: true
I20260709 13:14:25.605324 12578 ts_tablet_manager.cc:1434] T e3b95de4ed314ec391ffed48d9b5d661 P 9c94de902cdb442693a41e709c489129: Time spent starting tablet: real 0.010s	user 0.006s	sys 0.003s
I20260709 13:14:25.606377 12571 tablet_bootstrap.cc:492] T b049f4a089994af783c74eea63f8e4c2 P 9783bbf0d9104b00a2372bfa7069bbbf: No bootstrap required, opened a new log
I20260709 13:14:25.606860 12571 ts_tablet_manager.cc:1403] T b049f4a089994af783c74eea63f8e4c2 P 9783bbf0d9104b00a2372bfa7069bbbf: Time spent bootstrapping tablet: real 0.115s	user 0.013s	sys 0.011s
I20260709 13:14:25.607685 12578 tablet_bootstrap.cc:492] T bbfab9deb42b4eb6865d8e7a54c97ca9 P 9c94de902cdb442693a41e709c489129: Bootstrap starting.
W20260709 13:14:25.608807 12347 leader_election.cc:343] T b93dbc48af244812bc312116c4227143 P 9783bbf0d9104b00a2372bfa7069bbbf [CANDIDATE]: Term 1 pre-election: Tablet error from VoteRequest() call to peer 9c94de902cdb442693a41e709c489129 (127.11.1.195:40227): Illegal state: must be running to vote when last-logged opid is not known
W20260709 13:14:25.609488 12347 leader_election.cc:343] T b93dbc48af244812bc312116c4227143 P 9783bbf0d9104b00a2372bfa7069bbbf [CANDIDATE]: Term 1 pre-election: Tablet error from VoteRequest() call to peer 4ba6ebadc6c04b05a94ef6f4fe30deca (127.11.1.194:36797): Illegal state: must be running to vote when last-logged opid is not known
I20260709 13:14:25.609869 12347 leader_election.cc:304] T b93dbc48af244812bc312116c4227143 P 9783bbf0d9104b00a2372bfa7069bbbf [CANDIDATE]: Term 1 pre-election: Election decided. Result: candidate lost. Election summary: received 3 responses out of 3 voters: 1 yes votes; 2 no votes. yes voters: 9783bbf0d9104b00a2372bfa7069bbbf; no voters: 4ba6ebadc6c04b05a94ef6f4fe30deca, 9c94de902cdb442693a41e709c489129
I20260709 13:14:25.610826 12592 raft_consensus.cc:2749] T b93dbc48af244812bc312116c4227143 P 9783bbf0d9104b00a2372bfa7069bbbf [term 0 FOLLOWER]: Leader pre-election lost for term 1. Reason: could not achieve majority
I20260709 13:14:25.621037 12422 leader_election.cc:304] T 753dc700aebe4092bba99a04268583ea P 4ba6ebadc6c04b05a94ef6f4fe30deca [CANDIDATE]: Term 1 pre-election: Election decided. Result: candidate lost. Election summary: received 3 responses out of 3 voters: 1 yes votes; 2 no votes. yes voters: 4ba6ebadc6c04b05a94ef6f4fe30deca; no voters: 9783bbf0d9104b00a2372bfa7069bbbf, 9c94de902cdb442693a41e709c489129
I20260709 13:14:25.621394 12574 tablet_bootstrap.cc:654] T 86ee0d7fd377421c9f22ec95ddc0829e P 4ba6ebadc6c04b05a94ef6f4fe30deca: Neither blocks nor log segments found. Creating new log.
I20260709 13:14:25.623847 12580 raft_consensus.cc:2749] T 753dc700aebe4092bba99a04268583ea P 4ba6ebadc6c04b05a94ef6f4fe30deca [term 1 FOLLOWER]: Leader pre-election lost for term 1. Reason: could not achieve majority
I20260709 13:14:25.624987 12571 raft_consensus.cc:359] T b049f4a089994af783c74eea63f8e4c2 P 9783bbf0d9104b00a2372bfa7069bbbf [term 0 FOLLOWER]: Replica starting. Triggering 0 pending ops. Active config: opid_index: -1 OBSOLETE_local: false peers { permanent_uuid: "9783bbf0d9104b00a2372bfa7069bbbf" member_type: VOTER last_known_addr { host: "127.11.1.193" port: 40349 } } peers { permanent_uuid: "4ba6ebadc6c04b05a94ef6f4fe30deca" member_type: VOTER last_known_addr { host: "127.11.1.194" port: 36797 } } peers { permanent_uuid: "9c94de902cdb442693a41e709c489129" member_type: VOTER last_known_addr { host: "127.11.1.195" port: 40227 } }
I20260709 13:14:25.625687 12571 raft_consensus.cc:385] T b049f4a089994af783c74eea63f8e4c2 P 9783bbf0d9104b00a2372bfa7069bbbf [term 0 FOLLOWER]: Consensus starting up: Expiring failure detector timer to make a prompt election more likely
I20260709 13:14:25.625932 12571 raft_consensus.cc:740] T b049f4a089994af783c74eea63f8e4c2 P 9783bbf0d9104b00a2372bfa7069bbbf [term 0 FOLLOWER]: Becoming Follower/Learner. State: Replica: 9783bbf0d9104b00a2372bfa7069bbbf, State: Initialized, Role: FOLLOWER
I20260709 13:14:25.626518 12571 consensus_queue.cc:260] T b049f4a089994af783c74eea63f8e4c2 P 9783bbf0d9104b00a2372bfa7069bbbf [NON_LEADER]: Queue going to NON_LEADER mode. State: All replicated index: 0, Majority replicated index: 0, Committed index: 0, Last appended: 0.0, Last appended by leader: 0, Current term: 0, Majority size: -1, State: 0, Mode: NON_LEADER, active raft config: opid_index: -1 OBSOLETE_local: false peers { permanent_uuid: "9783bbf0d9104b00a2372bfa7069bbbf" member_type: VOTER last_known_addr { host: "127.11.1.193" port: 40349 } } peers { permanent_uuid: "4ba6ebadc6c04b05a94ef6f4fe30deca" member_type: VOTER last_known_addr { host: "127.11.1.194" port: 36797 } } peers { permanent_uuid: "9c94de902cdb442693a41e709c489129" member_type: VOTER last_known_addr { host: "127.11.1.195" port: 40227 } }
I20260709 13:14:25.626943 12276 catalog_manager.cc:5697] T 753dc700aebe4092bba99a04268583ea P 9c94de902cdb442693a41e709c489129 reported cstate change: term changed from 0 to 1, leader changed from <none> to 9c94de902cdb442693a41e709c489129 (127.11.1.195). New cstate: current_term: 1 leader_uuid: "9c94de902cdb442693a41e709c489129" committed_config { opid_index: -1 OBSOLETE_local: false peers { permanent_uuid: "9783bbf0d9104b00a2372bfa7069bbbf" member_type: VOTER last_known_addr { host: "127.11.1.193" port: 40349 } health_report { overall_health: UNKNOWN } } peers { permanent_uuid: "4ba6ebadc6c04b05a94ef6f4fe30deca" member_type: VOTER last_known_addr { host: "127.11.1.194" port: 36797 } health_report { overall_health: UNKNOWN } } peers { permanent_uuid: "9c94de902cdb442693a41e709c489129" member_type: VOTER last_known_addr { host: "127.11.1.195" port: 40227 } health_report { overall_health: HEALTHY } } }
I20260709 13:14:25.628180 12571 ts_tablet_manager.cc:1434] T b049f4a089994af783c74eea63f8e4c2 P 9783bbf0d9104b00a2372bfa7069bbbf: Time spent starting tablet: real 0.021s	user 0.006s	sys 0.001s
I20260709 13:14:25.629189 12571 tablet_bootstrap.cc:492] T 92b38572834c4f778d25c2b68e9f937c P 9783bbf0d9104b00a2372bfa7069bbbf: Bootstrap starting.
I20260709 13:14:25.629467 12578 tablet_bootstrap.cc:654] T bbfab9deb42b4eb6865d8e7a54c97ca9 P 9c94de902cdb442693a41e709c489129: Neither blocks nor log segments found. Creating new log.
I20260709 13:14:25.629931 12279 catalog_manager.cc:5697] T a64f4d9dd44140e0aef401f4b3d3bd14 P 4ba6ebadc6c04b05a94ef6f4fe30deca reported cstate change: term changed from 0 to 1, leader changed from <none> to 4ba6ebadc6c04b05a94ef6f4fe30deca (127.11.1.194). New cstate: current_term: 1 leader_uuid: "4ba6ebadc6c04b05a94ef6f4fe30deca" committed_config { opid_index: -1 OBSOLETE_local: false peers { permanent_uuid: "9783bbf0d9104b00a2372bfa7069bbbf" member_type: VOTER last_known_addr { host: "127.11.1.193" port: 40349 } health_report { overall_health: UNKNOWN } } peers { permanent_uuid: "4ba6ebadc6c04b05a94ef6f4fe30deca" member_type: VOTER last_known_addr { host: "127.11.1.194" port: 36797 } health_report { overall_health: HEALTHY } } peers { permanent_uuid: "9c94de902cdb442693a41e709c489129" member_type: VOTER last_known_addr { host: "127.11.1.195" port: 40227 } health_report { overall_health: UNKNOWN } } }
I20260709 13:14:25.636998 12592 raft_consensus.cc:493] T 87a16d5fc9504fda81f2a7751711fc6f P 9783bbf0d9104b00a2372bfa7069bbbf [term 0 FOLLOWER]: Starting pre-election (no leader contacted us within the election timeout)
I20260709 13:14:25.637461 12592 raft_consensus.cc:515] T 87a16d5fc9504fda81f2a7751711fc6f P 9783bbf0d9104b00a2372bfa7069bbbf [term 0 FOLLOWER]: Starting pre-election with config: opid_index: -1 OBSOLETE_local: false peers { permanent_uuid: "9783bbf0d9104b00a2372bfa7069bbbf" member_type: VOTER last_known_addr { host: "127.11.1.193" port: 40349 } } peers { permanent_uuid: "4ba6ebadc6c04b05a94ef6f4fe30deca" member_type: VOTER last_known_addr { host: "127.11.1.194" port: 36797 } } peers { permanent_uuid: "9c94de902cdb442693a41e709c489129" member_type: VOTER last_known_addr { host: "127.11.1.195" port: 40227 } }
I20260709 13:14:25.638170 12578 tablet_bootstrap.cc:492] T bbfab9deb42b4eb6865d8e7a54c97ca9 P 9c94de902cdb442693a41e709c489129: No bootstrap required, opened a new log
I20260709 13:14:25.638581 12578 ts_tablet_manager.cc:1403] T bbfab9deb42b4eb6865d8e7a54c97ca9 P 9c94de902cdb442693a41e709c489129: Time spent bootstrapping tablet: real 0.032s	user 0.011s	sys 0.000s
I20260709 13:14:25.639359 12592 leader_election.cc:290] T 87a16d5fc9504fda81f2a7751711fc6f P 9783bbf0d9104b00a2372bfa7069bbbf [CANDIDATE]: Term 1 pre-election: Requested pre-vote from peers 4ba6ebadc6c04b05a94ef6f4fe30deca (127.11.1.194:36797), 9c94de902cdb442693a41e709c489129 (127.11.1.195:40227)
I20260709 13:14:25.639894 12454 tablet_service.cc:1917] Received RequestConsensusVote() RPC: tablet_id: "87a16d5fc9504fda81f2a7751711fc6f" candidate_uuid: "9783bbf0d9104b00a2372bfa7069bbbf" candidate_term: 1 candidate_status { last_received { term: 0 index: 0 } } ignore_live_leader: false dest_uuid: "4ba6ebadc6c04b05a94ef6f4fe30deca" is_pre_election: true
I20260709 13:14:25.640322 12531 tablet_service.cc:1917] Received RequestConsensusVote() RPC: tablet_id: "87a16d5fc9504fda81f2a7751711fc6f" candidate_uuid: "9783bbf0d9104b00a2372bfa7069bbbf" candidate_term: 1 candidate_status { last_received { term: 0 index: 0 } } ignore_live_leader: false dest_uuid: "9c94de902cdb442693a41e709c489129" is_pre_election: true
W20260709 13:14:25.641119 12347 leader_election.cc:343] T 87a16d5fc9504fda81f2a7751711fc6f P 9783bbf0d9104b00a2372bfa7069bbbf [CANDIDATE]: Term 1 pre-election: Tablet error from VoteRequest() call to peer 4ba6ebadc6c04b05a94ef6f4fe30deca (127.11.1.194:36797): Illegal state: must be running to vote when last-logged opid is not known
I20260709 13:14:25.641635 12571 tablet_bootstrap.cc:654] T 92b38572834c4f778d25c2b68e9f937c P 9783bbf0d9104b00a2372bfa7069bbbf: Neither blocks nor log segments found. Creating new log.
W20260709 13:14:25.641776 12347 leader_election.cc:343] T 87a16d5fc9504fda81f2a7751711fc6f P 9783bbf0d9104b00a2372bfa7069bbbf [CANDIDATE]: Term 1 pre-election: Tablet error from VoteRequest() call to peer 9c94de902cdb442693a41e709c489129 (127.11.1.195:40227): Illegal state: must be running to vote when last-logged opid is not known
I20260709 13:14:25.642172 12347 leader_election.cc:304] T 87a16d5fc9504fda81f2a7751711fc6f P 9783bbf0d9104b00a2372bfa7069bbbf [CANDIDATE]: Term 1 pre-election: Election decided. Result: candidate lost. Election summary: received 3 responses out of 3 voters: 1 yes votes; 2 no votes. yes voters: 9783bbf0d9104b00a2372bfa7069bbbf; no voters: 4ba6ebadc6c04b05a94ef6f4fe30deca, 9c94de902cdb442693a41e709c489129
I20260709 13:14:25.643153 12592 raft_consensus.cc:2749] T 87a16d5fc9504fda81f2a7751711fc6f P 9783bbf0d9104b00a2372bfa7069bbbf [term 0 FOLLOWER]: Leader pre-election lost for term 1. Reason: could not achieve majority
I20260709 13:14:25.644954 12578 raft_consensus.cc:359] T bbfab9deb42b4eb6865d8e7a54c97ca9 P 9c94de902cdb442693a41e709c489129 [term 0 FOLLOWER]: Replica starting. Triggering 0 pending ops. Active config: opid_index: -1 OBSOLETE_local: false peers { permanent_uuid: "9783bbf0d9104b00a2372bfa7069bbbf" member_type: VOTER last_known_addr { host: "127.11.1.193" port: 40349 } } peers { permanent_uuid: "4ba6ebadc6c04b05a94ef6f4fe30deca" member_type: VOTER last_known_addr { host: "127.11.1.194" port: 36797 } } peers { permanent_uuid: "9c94de902cdb442693a41e709c489129" member_type: VOTER last_known_addr { host: "127.11.1.195" port: 40227 } }
I20260709 13:14:25.645577 12578 raft_consensus.cc:385] T bbfab9deb42b4eb6865d8e7a54c97ca9 P 9c94de902cdb442693a41e709c489129 [term 0 FOLLOWER]: Consensus starting up: Expiring failure detector timer to make a prompt election more likely
I20260709 13:14:25.645814 12578 raft_consensus.cc:740] T bbfab9deb42b4eb6865d8e7a54c97ca9 P 9c94de902cdb442693a41e709c489129 [term 0 FOLLOWER]: Becoming Follower/Learner. State: Replica: 9c94de902cdb442693a41e709c489129, State: Initialized, Role: FOLLOWER
I20260709 13:14:25.647985 12574 tablet_bootstrap.cc:492] T 86ee0d7fd377421c9f22ec95ddc0829e P 4ba6ebadc6c04b05a94ef6f4fe30deca: No bootstrap required, opened a new log
I20260709 13:14:25.648394 12574 ts_tablet_manager.cc:1403] T 86ee0d7fd377421c9f22ec95ddc0829e P 4ba6ebadc6c04b05a94ef6f4fe30deca: Time spent bootstrapping tablet: real 0.048s	user 0.007s	sys 0.008s
I20260709 13:14:25.650707 12574 raft_consensus.cc:359] T 86ee0d7fd377421c9f22ec95ddc0829e P 4ba6ebadc6c04b05a94ef6f4fe30deca [term 0 FOLLOWER]: Replica starting. Triggering 0 pending ops. Active config: opid_index: -1 OBSOLETE_local: false peers { permanent_uuid: "9783bbf0d9104b00a2372bfa7069bbbf" member_type: VOTER last_known_addr { host: "127.11.1.193" port: 40349 } } peers { permanent_uuid: "4ba6ebadc6c04b05a94ef6f4fe30deca" member_type: VOTER last_known_addr { host: "127.11.1.194" port: 36797 } } peers { permanent_uuid: "9c94de902cdb442693a41e709c489129" member_type: VOTER last_known_addr { host: "127.11.1.195" port: 40227 } }
I20260709 13:14:25.651286 12574 raft_consensus.cc:385] T 86ee0d7fd377421c9f22ec95ddc0829e P 4ba6ebadc6c04b05a94ef6f4fe30deca [term 0 FOLLOWER]: Consensus starting up: Expiring failure detector timer to make a prompt election more likely
I20260709 13:14:25.651552 12574 raft_consensus.cc:740] T 86ee0d7fd377421c9f22ec95ddc0829e P 4ba6ebadc6c04b05a94ef6f4fe30deca [term 0 FOLLOWER]: Becoming Follower/Learner. State: Replica: 4ba6ebadc6c04b05a94ef6f4fe30deca, State: Initialized, Role: FOLLOWER
I20260709 13:14:25.652148 12574 consensus_queue.cc:260] T 86ee0d7fd377421c9f22ec95ddc0829e P 4ba6ebadc6c04b05a94ef6f4fe30deca [NON_LEADER]: Queue going to NON_LEADER mode. State: All replicated index: 0, Majority replicated index: 0, Committed index: 0, Last appended: 0.0, Last appended by leader: 0, Current term: 0, Majority size: -1, State: 0, Mode: NON_LEADER, active raft config: opid_index: -1 OBSOLETE_local: false peers { permanent_uuid: "9783bbf0d9104b00a2372bfa7069bbbf" member_type: VOTER last_known_addr { host: "127.11.1.193" port: 40349 } } peers { permanent_uuid: "4ba6ebadc6c04b05a94ef6f4fe30deca" member_type: VOTER last_known_addr { host: "127.11.1.194" port: 36797 } } peers { permanent_uuid: "9c94de902cdb442693a41e709c489129" member_type: VOTER last_known_addr { host: "127.11.1.195" port: 40227 } }
I20260709 13:14:25.653801 12574 ts_tablet_manager.cc:1434] T 86ee0d7fd377421c9f22ec95ddc0829e P 4ba6ebadc6c04b05a94ef6f4fe30deca: Time spent starting tablet: real 0.005s	user 0.005s	sys 0.000s
I20260709 13:14:25.654457 12574 tablet_bootstrap.cc:492] T b93dbc48af244812bc312116c4227143 P 4ba6ebadc6c04b05a94ef6f4fe30deca: Bootstrap starting.
I20260709 13:14:25.656169 12578 consensus_queue.cc:260] T bbfab9deb42b4eb6865d8e7a54c97ca9 P 9c94de902cdb442693a41e709c489129 [NON_LEADER]: Queue going to NON_LEADER mode. State: All replicated index: 0, Majority replicated index: 0, Committed index: 0, Last appended: 0.0, Last appended by leader: 0, Current term: 0, Majority size: -1, State: 0, Mode: NON_LEADER, active raft config: opid_index: -1 OBSOLETE_local: false peers { permanent_uuid: "9783bbf0d9104b00a2372bfa7069bbbf" member_type: VOTER last_known_addr { host: "127.11.1.193" port: 40349 } } peers { permanent_uuid: "4ba6ebadc6c04b05a94ef6f4fe30deca" member_type: VOTER last_known_addr { host: "127.11.1.194" port: 36797 } } peers { permanent_uuid: "9c94de902cdb442693a41e709c489129" member_type: VOTER last_known_addr { host: "127.11.1.195" port: 40227 } }
I20260709 13:14:25.656761 12278 catalog_manager.cc:5697] T f8bb6e4367c84de38571dd7859b96abb P 9c94de902cdb442693a41e709c489129 reported cstate change: term changed from 0 to 1, leader changed from <none> to 9c94de902cdb442693a41e709c489129 (127.11.1.195). New cstate: current_term: 1 leader_uuid: "9c94de902cdb442693a41e709c489129" committed_config { opid_index: -1 OBSOLETE_local: false peers { permanent_uuid: "9783bbf0d9104b00a2372bfa7069bbbf" member_type: VOTER last_known_addr { host: "127.11.1.193" port: 40349 } health_report { overall_health: UNKNOWN } } peers { permanent_uuid: "4ba6ebadc6c04b05a94ef6f4fe30deca" member_type: VOTER last_known_addr { host: "127.11.1.194" port: 36797 } health_report { overall_health: UNKNOWN } } peers { permanent_uuid: "9c94de902cdb442693a41e709c489129" member_type: VOTER last_known_addr { host: "127.11.1.195" port: 40227 } health_report { overall_health: HEALTHY } } }
I20260709 13:14:25.658324 12578 ts_tablet_manager.cc:1434] T bbfab9deb42b4eb6865d8e7a54c97ca9 P 9c94de902cdb442693a41e709c489129: Time spent starting tablet: real 0.020s	user 0.007s	sys 0.000s
I20260709 13:14:25.659183 12578 tablet_bootstrap.cc:492] T 92b38572834c4f778d25c2b68e9f937c P 9c94de902cdb442693a41e709c489129: Bootstrap starting.
I20260709 13:14:25.659533 12574 tablet_bootstrap.cc:654] T b93dbc48af244812bc312116c4227143 P 4ba6ebadc6c04b05a94ef6f4fe30deca: Neither blocks nor log segments found. Creating new log.
I20260709 13:14:25.659411 12278 catalog_manager.cc:5697] T 1da9dd16cd014c7f86561aa277defab7 P 9c94de902cdb442693a41e709c489129 reported cstate change: term changed from 0 to 1, leader changed from <none> to 9c94de902cdb442693a41e709c489129 (127.11.1.195). New cstate: current_term: 1 leader_uuid: "9c94de902cdb442693a41e709c489129" committed_config { opid_index: -1 OBSOLETE_local: false peers { permanent_uuid: "9783bbf0d9104b00a2372bfa7069bbbf" member_type: VOTER last_known_addr { host: "127.11.1.193" port: 40349 } health_report { overall_health: UNKNOWN } } peers { permanent_uuid: "4ba6ebadc6c04b05a94ef6f4fe30deca" member_type: VOTER last_known_addr { host: "127.11.1.194" port: 36797 } health_report { overall_health: UNKNOWN } } peers { permanent_uuid: "9c94de902cdb442693a41e709c489129" member_type: VOTER last_known_addr { host: "127.11.1.195" port: 40227 } health_report { overall_health: HEALTHY } } }
I20260709 13:14:25.662559 12571 tablet_bootstrap.cc:492] T 92b38572834c4f778d25c2b68e9f937c P 9783bbf0d9104b00a2372bfa7069bbbf: No bootstrap required, opened a new log
I20260709 13:14:25.662953 12571 ts_tablet_manager.cc:1403] T 92b38572834c4f778d25c2b68e9f937c P 9783bbf0d9104b00a2372bfa7069bbbf: Time spent bootstrapping tablet: real 0.034s	user 0.009s	sys 0.006s
I20260709 13:14:25.666222 12578 tablet_bootstrap.cc:654] T 92b38572834c4f778d25c2b68e9f937c P 9c94de902cdb442693a41e709c489129: Neither blocks nor log segments found. Creating new log.
I20260709 13:14:25.666541 12571 raft_consensus.cc:359] T 92b38572834c4f778d25c2b68e9f937c P 9783bbf0d9104b00a2372bfa7069bbbf [term 0 FOLLOWER]: Replica starting. Triggering 0 pending ops. Active config: opid_index: -1 OBSOLETE_local: false peers { permanent_uuid: "9783bbf0d9104b00a2372bfa7069bbbf" member_type: VOTER last_known_addr { host: "127.11.1.193" port: 40349 } } peers { permanent_uuid: "4ba6ebadc6c04b05a94ef6f4fe30deca" member_type: VOTER last_known_addr { host: "127.11.1.194" port: 36797 } } peers { permanent_uuid: "9c94de902cdb442693a41e709c489129" member_type: VOTER last_known_addr { host: "127.11.1.195" port: 40227 } }
I20260709 13:14:25.667290 12571 raft_consensus.cc:385] T 92b38572834c4f778d25c2b68e9f937c P 9783bbf0d9104b00a2372bfa7069bbbf [term 0 FOLLOWER]: Consensus starting up: Expiring failure detector timer to make a prompt election more likely
I20260709 13:14:25.667609 12571 raft_consensus.cc:740] T 92b38572834c4f778d25c2b68e9f937c P 9783bbf0d9104b00a2372bfa7069bbbf [term 0 FOLLOWER]: Becoming Follower/Learner. State: Replica: 9783bbf0d9104b00a2372bfa7069bbbf, State: Initialized, Role: FOLLOWER
I20260709 13:14:25.668782 12571 consensus_queue.cc:260] T 92b38572834c4f778d25c2b68e9f937c P 9783bbf0d9104b00a2372bfa7069bbbf [NON_LEADER]: Queue going to NON_LEADER mode. State: All replicated index: 0, Majority replicated index: 0, Committed index: 0, Last appended: 0.0, Last appended by leader: 0, Current term: 0, Majority size: -1, State: 0, Mode: NON_LEADER, active raft config: opid_index: -1 OBSOLETE_local: false peers { permanent_uuid: "9783bbf0d9104b00a2372bfa7069bbbf" member_type: VOTER last_known_addr { host: "127.11.1.193" port: 40349 } } peers { permanent_uuid: "4ba6ebadc6c04b05a94ef6f4fe30deca" member_type: VOTER last_known_addr { host: "127.11.1.194" port: 36797 } } peers { permanent_uuid: "9c94de902cdb442693a41e709c489129" member_type: VOTER last_known_addr { host: "127.11.1.195" port: 40227 } }
I20260709 13:14:25.673434 12571 ts_tablet_manager.cc:1434] T 92b38572834c4f778d25c2b68e9f937c P 9783bbf0d9104b00a2372bfa7069bbbf: Time spent starting tablet: real 0.010s	user 0.006s	sys 0.000s
I20260709 13:14:25.675264 12571 tablet_bootstrap.cc:492] T debf0f57c8a14470b3d2f8149c2ee901 P 9783bbf0d9104b00a2372bfa7069bbbf: Bootstrap starting.
I20260709 13:14:25.675889 12574 tablet_bootstrap.cc:492] T b93dbc48af244812bc312116c4227143 P 4ba6ebadc6c04b05a94ef6f4fe30deca: No bootstrap required, opened a new log
I20260709 13:14:25.676333 12574 ts_tablet_manager.cc:1403] T b93dbc48af244812bc312116c4227143 P 4ba6ebadc6c04b05a94ef6f4fe30deca: Time spent bootstrapping tablet: real 0.022s	user 0.013s	sys 0.008s
I20260709 13:14:25.678735 12574 raft_consensus.cc:359] T b93dbc48af244812bc312116c4227143 P 4ba6ebadc6c04b05a94ef6f4fe30deca [term 0 FOLLOWER]: Replica starting. Triggering 0 pending ops. Active config: opid_index: -1 OBSOLETE_local: false peers { permanent_uuid: "9783bbf0d9104b00a2372bfa7069bbbf" member_type: VOTER last_known_addr { host: "127.11.1.193" port: 40349 } } peers { permanent_uuid: "4ba6ebadc6c04b05a94ef6f4fe30deca" member_type: VOTER last_known_addr { host: "127.11.1.194" port: 36797 } } peers { permanent_uuid: "9c94de902cdb442693a41e709c489129" member_type: VOTER last_known_addr { host: "127.11.1.195" port: 40227 } }
I20260709 13:14:25.679358 12574 raft_consensus.cc:385] T b93dbc48af244812bc312116c4227143 P 4ba6ebadc6c04b05a94ef6f4fe30deca [term 0 FOLLOWER]: Consensus starting up: Expiring failure detector timer to make a prompt election more likely
I20260709 13:14:25.679598 12574 raft_consensus.cc:740] T b93dbc48af244812bc312116c4227143 P 4ba6ebadc6c04b05a94ef6f4fe30deca [term 0 FOLLOWER]: Becoming Follower/Learner. State: Replica: 4ba6ebadc6c04b05a94ef6f4fe30deca, State: Initialized, Role: FOLLOWER
I20260709 13:14:25.680588 12571 tablet_bootstrap.cc:654] T debf0f57c8a14470b3d2f8149c2ee901 P 9783bbf0d9104b00a2372bfa7069bbbf: Neither blocks nor log segments found. Creating new log.
I20260709 13:14:25.680176 12574 consensus_queue.cc:260] T b93dbc48af244812bc312116c4227143 P 4ba6ebadc6c04b05a94ef6f4fe30deca [NON_LEADER]: Queue going to NON_LEADER mode. State: All replicated index: 0, Majority replicated index: 0, Committed index: 0, Last appended: 0.0, Last appended by leader: 0, Current term: 0, Majority size: -1, State: 0, Mode: NON_LEADER, active raft config: opid_index: -1 OBSOLETE_local: false peers { permanent_uuid: "9783bbf0d9104b00a2372bfa7069bbbf" member_type: VOTER last_known_addr { host: "127.11.1.193" port: 40349 } } peers { permanent_uuid: "4ba6ebadc6c04b05a94ef6f4fe30deca" member_type: VOTER last_known_addr { host: "127.11.1.194" port: 36797 } } peers { permanent_uuid: "9c94de902cdb442693a41e709c489129" member_type: VOTER last_known_addr { host: "127.11.1.195" port: 40227 } }
I20260709 13:14:25.681974 12578 tablet_bootstrap.cc:492] T 92b38572834c4f778d25c2b68e9f937c P 9c94de902cdb442693a41e709c489129: No bootstrap required, opened a new log
I20260709 13:14:25.682094 12574 ts_tablet_manager.cc:1434] T b93dbc48af244812bc312116c4227143 P 4ba6ebadc6c04b05a94ef6f4fe30deca: Time spent starting tablet: real 0.006s	user 0.005s	sys 0.000s
I20260709 13:14:25.682411 12578 ts_tablet_manager.cc:1403] T 92b38572834c4f778d25c2b68e9f937c P 9c94de902cdb442693a41e709c489129: Time spent bootstrapping tablet: real 0.023s	user 0.010s	sys 0.000s
I20260709 13:14:25.683044 12574 tablet_bootstrap.cc:492] T 93f4b74ace5a4f729f4ac2444bb7d411 P 4ba6ebadc6c04b05a94ef6f4fe30deca: Bootstrap starting.
I20260709 13:14:25.684947 12578 raft_consensus.cc:359] T 92b38572834c4f778d25c2b68e9f937c P 9c94de902cdb442693a41e709c489129 [term 0 FOLLOWER]: Replica starting. Triggering 0 pending ops. Active config: opid_index: -1 OBSOLETE_local: false peers { permanent_uuid: "9783bbf0d9104b00a2372bfa7069bbbf" member_type: VOTER last_known_addr { host: "127.11.1.193" port: 40349 } } peers { permanent_uuid: "4ba6ebadc6c04b05a94ef6f4fe30deca" member_type: VOTER last_known_addr { host: "127.11.1.194" port: 36797 } } peers { permanent_uuid: "9c94de902cdb442693a41e709c489129" member_type: VOTER last_known_addr { host: "127.11.1.195" port: 40227 } }
I20260709 13:14:25.685559 12578 raft_consensus.cc:385] T 92b38572834c4f778d25c2b68e9f937c P 9c94de902cdb442693a41e709c489129 [term 0 FOLLOWER]: Consensus starting up: Expiring failure detector timer to make a prompt election more likely
I20260709 13:14:25.685817 12578 raft_consensus.cc:740] T 92b38572834c4f778d25c2b68e9f937c P 9c94de902cdb442693a41e709c489129 [term 0 FOLLOWER]: Becoming Follower/Learner. State: Replica: 9c94de902cdb442693a41e709c489129, State: Initialized, Role: FOLLOWER
I20260709 13:14:25.686492 12578 consensus_queue.cc:260] T 92b38572834c4f778d25c2b68e9f937c P 9c94de902cdb442693a41e709c489129 [NON_LEADER]: Queue going to NON_LEADER mode. State: All replicated index: 0, Majority replicated index: 0, Committed index: 0, Last appended: 0.0, Last appended by leader: 0, Current term: 0, Majority size: -1, State: 0, Mode: NON_LEADER, active raft config: opid_index: -1 OBSOLETE_local: false peers { permanent_uuid: "9783bbf0d9104b00a2372bfa7069bbbf" member_type: VOTER last_known_addr { host: "127.11.1.193" port: 40349 } } peers { permanent_uuid: "4ba6ebadc6c04b05a94ef6f4fe30deca" member_type: VOTER last_known_addr { host: "127.11.1.194" port: 36797 } } peers { permanent_uuid: "9c94de902cdb442693a41e709c489129" member_type: VOTER last_known_addr { host: "127.11.1.195" port: 40227 } }
I20260709 13:14:25.688664 12578 ts_tablet_manager.cc:1434] T 92b38572834c4f778d25c2b68e9f937c P 9c94de902cdb442693a41e709c489129: Time spent starting tablet: real 0.006s	user 0.005s	sys 0.000s
I20260709 13:14:25.689083 12574 tablet_bootstrap.cc:654] T 93f4b74ace5a4f729f4ac2444bb7d411 P 4ba6ebadc6c04b05a94ef6f4fe30deca: Neither blocks nor log segments found. Creating new log.
I20260709 13:14:25.689478 12578 tablet_bootstrap.cc:492] T a64f4d9dd44140e0aef401f4b3d3bd14 P 9c94de902cdb442693a41e709c489129: Bootstrap starting.
I20260709 13:14:25.695298 12578 tablet_bootstrap.cc:654] T a64f4d9dd44140e0aef401f4b3d3bd14 P 9c94de902cdb442693a41e709c489129: Neither blocks nor log segments found. Creating new log.
I20260709 13:14:25.704077 12574 tablet_bootstrap.cc:492] T 93f4b74ace5a4f729f4ac2444bb7d411 P 4ba6ebadc6c04b05a94ef6f4fe30deca: No bootstrap required, opened a new log
I20260709 13:14:25.704488 12574 ts_tablet_manager.cc:1403] T 93f4b74ace5a4f729f4ac2444bb7d411 P 4ba6ebadc6c04b05a94ef6f4fe30deca: Time spent bootstrapping tablet: real 0.022s	user 0.011s	sys 0.001s
I20260709 13:14:25.704864 12571 tablet_bootstrap.cc:492] T debf0f57c8a14470b3d2f8149c2ee901 P 9783bbf0d9104b00a2372bfa7069bbbf: No bootstrap required, opened a new log
I20260709 13:14:25.705279 12571 ts_tablet_manager.cc:1403] T debf0f57c8a14470b3d2f8149c2ee901 P 9783bbf0d9104b00a2372bfa7069bbbf: Time spent bootstrapping tablet: real 0.030s	user 0.011s	sys 0.000s
I20260709 13:14:25.705404 12578 tablet_bootstrap.cc:492] T a64f4d9dd44140e0aef401f4b3d3bd14 P 9c94de902cdb442693a41e709c489129: No bootstrap required, opened a new log
I20260709 13:14:25.705852 12578 ts_tablet_manager.cc:1403] T a64f4d9dd44140e0aef401f4b3d3bd14 P 9c94de902cdb442693a41e709c489129: Time spent bootstrapping tablet: real 0.017s	user 0.006s	sys 0.004s
I20260709 13:14:25.706867 12574 raft_consensus.cc:359] T 93f4b74ace5a4f729f4ac2444bb7d411 P 4ba6ebadc6c04b05a94ef6f4fe30deca [term 0 FOLLOWER]: Replica starting. Triggering 0 pending ops. Active config: opid_index: -1 OBSOLETE_local: false peers { permanent_uuid: "9783bbf0d9104b00a2372bfa7069bbbf" member_type: VOTER last_known_addr { host: "127.11.1.193" port: 40349 } } peers { permanent_uuid: "4ba6ebadc6c04b05a94ef6f4fe30deca" member_type: VOTER last_known_addr { host: "127.11.1.194" port: 36797 } } peers { permanent_uuid: "9c94de902cdb442693a41e709c489129" member_type: VOTER last_known_addr { host: "127.11.1.195" port: 40227 } }
I20260709 13:14:25.707485 12574 raft_consensus.cc:385] T 93f4b74ace5a4f729f4ac2444bb7d411 P 4ba6ebadc6c04b05a94ef6f4fe30deca [term 0 FOLLOWER]: Consensus starting up: Expiring failure detector timer to make a prompt election more likely
I20260709 13:14:25.707759 12574 raft_consensus.cc:740] T 93f4b74ace5a4f729f4ac2444bb7d411 P 4ba6ebadc6c04b05a94ef6f4fe30deca [term 0 FOLLOWER]: Becoming Follower/Learner. State: Replica: 4ba6ebadc6c04b05a94ef6f4fe30deca, State: Initialized, Role: FOLLOWER
I20260709 13:14:25.707623 12571 raft_consensus.cc:359] T debf0f57c8a14470b3d2f8149c2ee901 P 9783bbf0d9104b00a2372bfa7069bbbf [term 0 FOLLOWER]: Replica starting. Triggering 0 pending ops. Active config: opid_index: -1 OBSOLETE_local: false peers { permanent_uuid: "9783bbf0d9104b00a2372bfa7069bbbf" member_type: VOTER last_known_addr { host: "127.11.1.193" port: 40349 } } peers { permanent_uuid: "4ba6ebadc6c04b05a94ef6f4fe30deca" member_type: VOTER last_known_addr { host: "127.11.1.194" port: 36797 } } peers { permanent_uuid: "9c94de902cdb442693a41e709c489129" member_type: VOTER last_known_addr { host: "127.11.1.195" port: 40227 } }
I20260709 13:14:25.708252 12571 raft_consensus.cc:385] T debf0f57c8a14470b3d2f8149c2ee901 P 9783bbf0d9104b00a2372bfa7069bbbf [term 0 FOLLOWER]: Consensus starting up: Expiring failure detector timer to make a prompt election more likely
I20260709 13:14:25.708530 12571 raft_consensus.cc:740] T debf0f57c8a14470b3d2f8149c2ee901 P 9783bbf0d9104b00a2372bfa7069bbbf [term 0 FOLLOWER]: Becoming Follower/Learner. State: Replica: 9783bbf0d9104b00a2372bfa7069bbbf, State: Initialized, Role: FOLLOWER
I20260709 13:14:25.708438 12578 raft_consensus.cc:359] T a64f4d9dd44140e0aef401f4b3d3bd14 P 9c94de902cdb442693a41e709c489129 [term 0 FOLLOWER]: Replica starting. Triggering 0 pending ops. Active config: opid_index: -1 OBSOLETE_local: false peers { permanent_uuid: "9783bbf0d9104b00a2372bfa7069bbbf" member_type: VOTER last_known_addr { host: "127.11.1.193" port: 40349 } } peers { permanent_uuid: "4ba6ebadc6c04b05a94ef6f4fe30deca" member_type: VOTER last_known_addr { host: "127.11.1.194" port: 36797 } } peers { permanent_uuid: "9c94de902cdb442693a41e709c489129" member_type: VOTER last_known_addr { host: "127.11.1.195" port: 40227 } }
I20260709 13:14:25.708549 12574 consensus_queue.cc:260] T 93f4b74ace5a4f729f4ac2444bb7d411 P 4ba6ebadc6c04b05a94ef6f4fe30deca [NON_LEADER]: Queue going to NON_LEADER mode. State: All replicated index: 0, Majority replicated index: 0, Committed index: 0, Last appended: 0.0, Last appended by leader: 0, Current term: 0, Majority size: -1, State: 0, Mode: NON_LEADER, active raft config: opid_index: -1 OBSOLETE_local: false peers { permanent_uuid: "9783bbf0d9104b00a2372bfa7069bbbf" member_type: VOTER last_known_addr { host: "127.11.1.193" port: 40349 } } peers { permanent_uuid: "4ba6ebadc6c04b05a94ef6f4fe30deca" member_type: VOTER last_known_addr { host: "127.11.1.194" port: 36797 } } peers { permanent_uuid: "9c94de902cdb442693a41e709c489129" member_type: VOTER last_known_addr { host: "127.11.1.195" port: 40227 } }
I20260709 13:14:25.709089 12578 raft_consensus.cc:385] T a64f4d9dd44140e0aef401f4b3d3bd14 P 9c94de902cdb442693a41e709c489129 [term 0 FOLLOWER]: Consensus starting up: Expiring failure detector timer to make a prompt election more likely
I20260709 13:14:25.709467 12578 raft_consensus.cc:740] T a64f4d9dd44140e0aef401f4b3d3bd14 P 9c94de902cdb442693a41e709c489129 [term 0 FOLLOWER]: Becoming Follower/Learner. State: Replica: 9c94de902cdb442693a41e709c489129, State: Initialized, Role: FOLLOWER
I20260709 13:14:25.709422 12571 consensus_queue.cc:260] T debf0f57c8a14470b3d2f8149c2ee901 P 9783bbf0d9104b00a2372bfa7069bbbf [NON_LEADER]: Queue going to NON_LEADER mode. State: All replicated index: 0, Majority replicated index: 0, Committed index: 0, Last appended: 0.0, Last appended by leader: 0, Current term: 0, Majority size: -1, State: 0, Mode: NON_LEADER, active raft config: opid_index: -1 OBSOLETE_local: false peers { permanent_uuid: "9783bbf0d9104b00a2372bfa7069bbbf" member_type: VOTER last_known_addr { host: "127.11.1.193" port: 40349 } } peers { permanent_uuid: "4ba6ebadc6c04b05a94ef6f4fe30deca" member_type: VOTER last_known_addr { host: "127.11.1.194" port: 36797 } } peers { permanent_uuid: "9c94de902cdb442693a41e709c489129" member_type: VOTER last_known_addr { host: "127.11.1.195" port: 40227 } }
I20260709 13:14:25.710597 12574 ts_tablet_manager.cc:1434] T 93f4b74ace5a4f729f4ac2444bb7d411 P 4ba6ebadc6c04b05a94ef6f4fe30deca: Time spent starting tablet: real 0.006s	user 0.005s	sys 0.000s
I20260709 13:14:25.710245 12578 consensus_queue.cc:260] T a64f4d9dd44140e0aef401f4b3d3bd14 P 9c94de902cdb442693a41e709c489129 [NON_LEADER]: Queue going to NON_LEADER mode. State: All replicated index: 0, Majority replicated index: 0, Committed index: 0, Last appended: 0.0, Last appended by leader: 0, Current term: 0, Majority size: -1, State: 0, Mode: NON_LEADER, active raft config: opid_index: -1 OBSOLETE_local: false peers { permanent_uuid: "9783bbf0d9104b00a2372bfa7069bbbf" member_type: VOTER last_known_addr { host: "127.11.1.193" port: 40349 } } peers { permanent_uuid: "4ba6ebadc6c04b05a94ef6f4fe30deca" member_type: VOTER last_known_addr { host: "127.11.1.194" port: 36797 } } peers { permanent_uuid: "9c94de902cdb442693a41e709c489129" member_type: VOTER last_known_addr { host: "127.11.1.195" port: 40227 } }
I20260709 13:14:25.711576 12574 tablet_bootstrap.cc:492] T e3b95de4ed314ec391ffed48d9b5d661 P 4ba6ebadc6c04b05a94ef6f4fe30deca: Bootstrap starting.
I20260709 13:14:25.714330 12571 ts_tablet_manager.cc:1434] T debf0f57c8a14470b3d2f8149c2ee901 P 9783bbf0d9104b00a2372bfa7069bbbf: Time spent starting tablet: real 0.009s	user 0.005s	sys 0.000s
I20260709 13:14:25.715181 12571 tablet_bootstrap.cc:492] T 19a0104b7ee445aab10e7975a97dc9f7 P 9783bbf0d9104b00a2372bfa7069bbbf: Bootstrap starting.
I20260709 13:14:25.716027 12578 ts_tablet_manager.cc:1434] T a64f4d9dd44140e0aef401f4b3d3bd14 P 9c94de902cdb442693a41e709c489129: Time spent starting tablet: real 0.010s	user 0.007s	sys 0.001s
I20260709 13:14:25.716856 12578 tablet_bootstrap.cc:492] T 87a16d5fc9504fda81f2a7751711fc6f P 9c94de902cdb442693a41e709c489129: Bootstrap starting.
I20260709 13:14:25.720743 12571 tablet_bootstrap.cc:654] T 19a0104b7ee445aab10e7975a97dc9f7 P 9783bbf0d9104b00a2372bfa7069bbbf: Neither blocks nor log segments found. Creating new log.
I20260709 13:14:25.721994 12578 tablet_bootstrap.cc:654] T 87a16d5fc9504fda81f2a7751711fc6f P 9c94de902cdb442693a41e709c489129: Neither blocks nor log segments found. Creating new log.
I20260709 13:14:25.731134 12574 tablet_bootstrap.cc:654] T e3b95de4ed314ec391ffed48d9b5d661 P 4ba6ebadc6c04b05a94ef6f4fe30deca: Neither blocks nor log segments found. Creating new log.
I20260709 13:14:25.731298 12571 tablet_bootstrap.cc:492] T 19a0104b7ee445aab10e7975a97dc9f7 P 9783bbf0d9104b00a2372bfa7069bbbf: No bootstrap required, opened a new log
I20260709 13:14:25.731719 12571 ts_tablet_manager.cc:1403] T 19a0104b7ee445aab10e7975a97dc9f7 P 9783bbf0d9104b00a2372bfa7069bbbf: Time spent bootstrapping tablet: real 0.017s	user 0.012s	sys 0.003s
I20260709 13:14:25.733248 12578 tablet_bootstrap.cc:492] T 87a16d5fc9504fda81f2a7751711fc6f P 9c94de902cdb442693a41e709c489129: No bootstrap required, opened a new log
I20260709 13:14:25.733600 12578 ts_tablet_manager.cc:1403] T 87a16d5fc9504fda81f2a7751711fc6f P 9c94de902cdb442693a41e709c489129: Time spent bootstrapping tablet: real 0.017s	user 0.010s	sys 0.004s
I20260709 13:14:25.734365 12571 raft_consensus.cc:359] T 19a0104b7ee445aab10e7975a97dc9f7 P 9783bbf0d9104b00a2372bfa7069bbbf [term 0 FOLLOWER]: Replica starting. Triggering 0 pending ops. Active config: opid_index: -1 OBSOLETE_local: false peers { permanent_uuid: "9783bbf0d9104b00a2372bfa7069bbbf" member_type: VOTER last_known_addr { host: "127.11.1.193" port: 40349 } } peers { permanent_uuid: "4ba6ebadc6c04b05a94ef6f4fe30deca" member_type: VOTER last_known_addr { host: "127.11.1.194" port: 36797 } } peers { permanent_uuid: "9c94de902cdb442693a41e709c489129" member_type: VOTER last_known_addr { host: "127.11.1.195" port: 40227 } }
I20260709 13:14:25.735044 12571 raft_consensus.cc:385] T 19a0104b7ee445aab10e7975a97dc9f7 P 9783bbf0d9104b00a2372bfa7069bbbf [term 0 FOLLOWER]: Consensus starting up: Expiring failure detector timer to make a prompt election more likely
I20260709 13:14:25.735313 12571 raft_consensus.cc:740] T 19a0104b7ee445aab10e7975a97dc9f7 P 9783bbf0d9104b00a2372bfa7069bbbf [term 0 FOLLOWER]: Becoming Follower/Learner. State: Replica: 9783bbf0d9104b00a2372bfa7069bbbf, State: Initialized, Role: FOLLOWER
