I20260709 12:56:48.837499  1643 tablet_service.cc:1917] Received RequestConsensusVote() RPC: tablet_id: "bda377bd4d1f4ed4b7b97fddfb545201" candidate_uuid: "36b7f85318114b28a3b0709987edfafa" candidate_term: 1 candidate_status { last_received { term: 0 index: 0 } } ignore_live_leader: false dest_uuid: "9b110815cb7243f59ac613f25fb5e4ae" is_pre_election: true
I20260709 12:56:48.838320  1532 leader_election.cc:304] T c3e8cd886d854e1480eaaf2795d19ef9 P 36b7f85318114b28a3b0709987edfafa [CANDIDATE]: Term 1 election: Election decided. Result: candidate won. Election summary: received 2 responses out of 3 voters: 2 yes votes; 0 no votes. yes voters: 36b7f85318114b28a3b0709987edfafa, c63318c3e88a4011860d15a59ac9d216; no voters: 
I20260709 12:56:48.839573  1763 raft_consensus.cc:493] T fc70347ddd564341a8d91c4c61f51bf8 P 36b7f85318114b28a3b0709987edfafa [term 0 FOLLOWER]: Starting pre-election (no leader contacted us within the election timeout)
I20260709 12:56:48.841929  1758 raft_consensus.cc:359] T 99bc8610067240e6bcf5114bc397f41d P c63318c3e88a4011860d15a59ac9d216 [term 0 FOLLOWER]: Replica starting. Triggering 0 pending ops. Active config: opid_index: -1 OBSOLETE_local: false peers { permanent_uuid: "36b7f85318114b28a3b0709987edfafa" member_type: VOTER last_known_addr { host: "127.0.107.193" port: 33921 } } peers { permanent_uuid: "9b110815cb7243f59ac613f25fb5e4ae" member_type: VOTER last_known_addr { host: "127.0.107.194" port: 35579 } } peers { permanent_uuid: "c63318c3e88a4011860d15a59ac9d216" member_type: VOTER last_known_addr { host: "127.0.107.195" port: 35697 } }
I20260709 12:56:48.843726  1758 raft_consensus.cc:385] T 99bc8610067240e6bcf5114bc397f41d P c63318c3e88a4011860d15a59ac9d216 [term 0 FOLLOWER]: Consensus starting up: Expiring failure detector timer to make a prompt election more likely
I20260709 12:56:48.844007  1758 raft_consensus.cc:740] T 99bc8610067240e6bcf5114bc397f41d P c63318c3e88a4011860d15a59ac9d216 [term 0 FOLLOWER]: Becoming Follower/Learner. State: Replica: c63318c3e88a4011860d15a59ac9d216, State: Initialized, Role: FOLLOWER
I20260709 12:56:48.844731  1758 consensus_queue.cc:260] T 99bc8610067240e6bcf5114bc397f41d P c63318c3e88a4011860d15a59ac9d216 [NON_LEADER]: Queue going to NON_LEADER mode. State: All replicated index: 0, Majority replicated index: 0, Committed index: 0, Last appended: 0.0, Last appended by leader: 0, Current term: 0, Majority size: -1, State: 0, Mode: NON_LEADER, active raft config: opid_index: -1 OBSOLETE_local: false peers { permanent_uuid: "36b7f85318114b28a3b0709987edfafa" member_type: VOTER last_known_addr { host: "127.0.107.193" port: 33921 } } peers { permanent_uuid: "9b110815cb7243f59ac613f25fb5e4ae" member_type: VOTER last_known_addr { host: "127.0.107.194" port: 35579 } } peers { permanent_uuid: "c63318c3e88a4011860d15a59ac9d216" member_type: VOTER last_known_addr { host: "127.0.107.195" port: 35697 } }
I20260709 12:56:48.842880  1717 tablet_service.cc:1917] Received RequestConsensusVote() RPC: tablet_id: "bda377bd4d1f4ed4b7b97fddfb545201" candidate_uuid: "36b7f85318114b28a3b0709987edfafa" candidate_term: 1 candidate_status { last_received { term: 0 index: 0 } } ignore_live_leader: false dest_uuid: "c63318c3e88a4011860d15a59ac9d216" is_pre_election: true
I20260709 12:56:48.840077  1763 raft_consensus.cc:515] T fc70347ddd564341a8d91c4c61f51bf8 P 36b7f85318114b28a3b0709987edfafa [term 0 FOLLOWER]: Starting pre-election with config: opid_index: -1 OBSOLETE_local: false peers { permanent_uuid: "36b7f85318114b28a3b0709987edfafa" member_type: VOTER last_known_addr { host: "127.0.107.193" port: 33921 } } peers { permanent_uuid: "9b110815cb7243f59ac613f25fb5e4ae" member_type: VOTER last_known_addr { host: "127.0.107.194" port: 35579 } } peers { permanent_uuid: "c63318c3e88a4011860d15a59ac9d216" member_type: VOTER last_known_addr { host: "127.0.107.195" port: 35697 } }
W20260709 12:56:48.847874  1533 leader_election.cc:343] T bda377bd4d1f4ed4b7b97fddfb545201 P 36b7f85318114b28a3b0709987edfafa [CANDIDATE]: Term 1 pre-election: Tablet error from VoteRequest() call to peer 9b110815cb7243f59ac613f25fb5e4ae (127.0.107.194:35579): Illegal state: must be running to vote when last-logged opid is not known
I20260709 12:56:48.846943  1783 raft_consensus.cc:2804] T c3e8cd886d854e1480eaaf2795d19ef9 P 36b7f85318114b28a3b0709987edfafa [term 1 FOLLOWER]: Leader election won for term 1
I20260709 12:56:48.849304  1763 leader_election.cc:290] T fc70347ddd564341a8d91c4c61f51bf8 P 36b7f85318114b28a3b0709987edfafa [CANDIDATE]: Term 1 pre-election: Requested pre-vote from peers 9b110815cb7243f59ac613f25fb5e4ae (127.0.107.194:35579), c63318c3e88a4011860d15a59ac9d216 (127.0.107.195:35697)
I20260709 12:56:48.852093  1783 raft_consensus.cc:697] T c3e8cd886d854e1480eaaf2795d19ef9 P 36b7f85318114b28a3b0709987edfafa [term 1 LEADER]: Becoming Leader. State: Replica: 36b7f85318114b28a3b0709987edfafa, State: Running, Role: LEADER
I20260709 12:56:48.853410  1757 raft_consensus.cc:359] T a94c049257654228bf73a147bd35aaef P 36b7f85318114b28a3b0709987edfafa [term 0 FOLLOWER]: Replica starting. Triggering 0 pending ops. Active config: opid_index: -1 OBSOLETE_local: false peers { permanent_uuid: "36b7f85318114b28a3b0709987edfafa" member_type: VOTER last_known_addr { host: "127.0.107.193" port: 33921 } } peers { permanent_uuid: "9b110815cb7243f59ac613f25fb5e4ae" member_type: VOTER last_known_addr { host: "127.0.107.194" port: 35579 } } peers { permanent_uuid: "c63318c3e88a4011860d15a59ac9d216" member_type: VOTER last_known_addr { host: "127.0.107.195" port: 35697 } }
I20260709 12:56:48.854477  1757 raft_consensus.cc:385] T a94c049257654228bf73a147bd35aaef P 36b7f85318114b28a3b0709987edfafa [term 0 FOLLOWER]: Consensus starting up: Expiring failure detector timer to make a prompt election more likely
I20260709 12:56:48.854874  1757 raft_consensus.cc:740] T a94c049257654228bf73a147bd35aaef P 36b7f85318114b28a3b0709987edfafa [term 0 FOLLOWER]: Becoming Follower/Learner. State: Replica: 36b7f85318114b28a3b0709987edfafa, State: Initialized, Role: FOLLOWER
I20260709 12:56:48.855921  1757 consensus_queue.cc:260] T a94c049257654228bf73a147bd35aaef P 36b7f85318114b28a3b0709987edfafa [NON_LEADER]: Queue going to NON_LEADER mode. State: All replicated index: 0, Majority replicated index: 0, Committed index: 0, Last appended: 0.0, Last appended by leader: 0, Current term: 0, Majority size: -1, State: 0, Mode: NON_LEADER, active raft config: opid_index: -1 OBSOLETE_local: false peers { permanent_uuid: "36b7f85318114b28a3b0709987edfafa" member_type: VOTER last_known_addr { host: "127.0.107.193" port: 33921 } } peers { permanent_uuid: "9b110815cb7243f59ac613f25fb5e4ae" member_type: VOTER last_known_addr { host: "127.0.107.194" port: 35579 } } peers { permanent_uuid: "c63318c3e88a4011860d15a59ac9d216" member_type: VOTER last_known_addr { host: "127.0.107.195" port: 35697 } }
I20260709 12:56:48.850695  1758 ts_tablet_manager.cc:1434] T 99bc8610067240e6bcf5114bc397f41d P c63318c3e88a4011860d15a59ac9d216: Time spent starting tablet: real 0.051s	user 0.008s	sys 0.000s
I20260709 12:56:48.860560  1758 tablet_bootstrap.cc:492] T 6e52cef4b194489d815c53297968714f P c63318c3e88a4011860d15a59ac9d216: Bootstrap starting.
I20260709 12:56:48.863577  1757 ts_tablet_manager.cc:1434] T a94c049257654228bf73a147bd35aaef P 36b7f85318114b28a3b0709987edfafa: Time spent starting tablet: real 0.079s	user 0.007s	sys 0.002s
I20260709 12:56:48.864545  1757 tablet_bootstrap.cc:492] T 8cbc73b49fb144f7b88dcf56e36b9572 P 36b7f85318114b28a3b0709987edfafa: Bootstrap starting.
I20260709 12:56:48.872933  1759 tablet_bootstrap.cc:654] T 0d80bf8149aa45379249f72d27f3f94c P 9b110815cb7243f59ac613f25fb5e4ae: Neither blocks nor log segments found. Creating new log.
I20260709 12:56:48.873668  1643 tablet_service.cc:1917] Received RequestConsensusVote() RPC: tablet_id: "fc70347ddd564341a8d91c4c61f51bf8" candidate_uuid: "36b7f85318114b28a3b0709987edfafa" candidate_term: 1 candidate_status { last_received { term: 0 index: 0 } } ignore_live_leader: false dest_uuid: "9b110815cb7243f59ac613f25fb5e4ae" is_pre_election: true
W20260709 12:56:48.875944  1533 leader_election.cc:343] T fc70347ddd564341a8d91c4c61f51bf8 P 36b7f85318114b28a3b0709987edfafa [CANDIDATE]: Term 1 pre-election: Tablet error from VoteRequest() call to peer 9b110815cb7243f59ac613f25fb5e4ae (127.0.107.194:35579): Illegal state: must be running to vote when last-logged opid is not known
I20260709 12:56:48.877636  1763 consensus_queue.cc:1048] T f42ed9a0ca384ce79d3c3953cab4a74c P 36b7f85318114b28a3b0709987edfafa [LEADER]: Connected to new peer: Peer: permanent_uuid: "9b110815cb7243f59ac613f25fb5e4ae" member_type: VOTER last_known_addr { host: "127.0.107.194" port: 35579 }, Status: LMP_MISMATCH, Last received: 0.0, Next index: 1, Last known committed idx: 0, Time since last communication: 0.000s
I20260709 12:56:48.882328  1783 consensus_queue.cc:237] T c3e8cd886d854e1480eaaf2795d19ef9 P 36b7f85318114b28a3b0709987edfafa [LEADER]: Queue going to LEADER mode. State: All replicated index: 0, Majority replicated index: 0, Committed index: 0, Last appended: 0.0, Last appended by leader: 0, Current term: 1, Majority size: 2, State: 0, Mode: LEADER, active raft config: opid_index: -1 OBSOLETE_local: false peers { permanent_uuid: "36b7f85318114b28a3b0709987edfafa" member_type: VOTER last_known_addr { host: "127.0.107.193" port: 33921 } } peers { permanent_uuid: "9b110815cb7243f59ac613f25fb5e4ae" member_type: VOTER last_known_addr { host: "127.0.107.194" port: 35579 } } peers { permanent_uuid: "c63318c3e88a4011860d15a59ac9d216" member_type: VOTER last_known_addr { host: "127.0.107.195" port: 35697 } }
I20260709 12:56:48.885337  1713 tablet_service.cc:1917] Received RequestConsensusVote() RPC: tablet_id: "fc70347ddd564341a8d91c4c61f51bf8" candidate_uuid: "36b7f85318114b28a3b0709987edfafa" candidate_term: 1 candidate_status { last_received { term: 0 index: 0 } } ignore_live_leader: false dest_uuid: "c63318c3e88a4011860d15a59ac9d216" is_pre_election: true
I20260709 12:56:48.892613  1639 raft_consensus.cc:2468] T b0772cd86a174b74b7d893a41f7237de P 9b110815cb7243f59ac613f25fb5e4ae [term 2 FOLLOWER]: Leader election vote request: Granting yes vote for candidate 36b7f85318114b28a3b0709987edfafa in term 2.
I20260709 12:56:48.894070  1533 leader_election.cc:304] T b0772cd86a174b74b7d893a41f7237de P 36b7f85318114b28a3b0709987edfafa [CANDIDATE]: Term 2 election: Election decided. Result: candidate won. Election summary: received 2 responses out of 3 voters: 2 yes votes; 0 no votes. yes voters: 36b7f85318114b28a3b0709987edfafa, 9b110815cb7243f59ac613f25fb5e4ae; no voters: 
I20260709 12:56:48.894651  1716 tablet_service.cc:1917] Received RequestConsensusVote() RPC: tablet_id: "b0772cd86a174b74b7d893a41f7237de" candidate_uuid: "36b7f85318114b28a3b0709987edfafa" candidate_term: 2 candidate_status { last_received { term: 0 index: 0 } } ignore_live_leader: false dest_uuid: "c63318c3e88a4011860d15a59ac9d216"
I20260709 12:56:48.895262  1716 raft_consensus.cc:3060] T b0772cd86a174b74b7d893a41f7237de P c63318c3e88a4011860d15a59ac9d216 [term 1 FOLLOWER]: Advancing to term 2
I20260709 12:56:48.898008  1763 raft_consensus.cc:2804] T b0772cd86a174b74b7d893a41f7237de P 36b7f85318114b28a3b0709987edfafa [term 2 FOLLOWER]: Leader election won for term 2
I20260709 12:56:48.900776  1757 tablet_bootstrap.cc:654] T 8cbc73b49fb144f7b88dcf56e36b9572 P 36b7f85318114b28a3b0709987edfafa: Neither blocks nor log segments found. Creating new log.
I20260709 12:56:48.889477  1844 leader_election.cc:290] T b0772cd86a174b74b7d893a41f7237de P 36b7f85318114b28a3b0709987edfafa [CANDIDATE]: Term 2 election: Requested vote from peers 9b110815cb7243f59ac613f25fb5e4ae (127.0.107.194:35579), c63318c3e88a4011860d15a59ac9d216 (127.0.107.195:35697)
I20260709 12:56:48.909148  1759 tablet_bootstrap.cc:492] T 0d80bf8149aa45379249f72d27f3f94c P 9b110815cb7243f59ac613f25fb5e4ae: No bootstrap required, opened a new log
I20260709 12:56:48.898511  1763 raft_consensus.cc:697] T b0772cd86a174b74b7d893a41f7237de P 36b7f85318114b28a3b0709987edfafa [term 2 LEADER]: Becoming Leader. State: Replica: 36b7f85318114b28a3b0709987edfafa, State: Running, Role: LEADER
I20260709 12:56:48.909670  1759 ts_tablet_manager.cc:1403] T 0d80bf8149aa45379249f72d27f3f94c P 9b110815cb7243f59ac613f25fb5e4ae: Time spent bootstrapping tablet: real 0.163s	user 0.011s	sys 0.003s
W20260709 12:56:48.903442  1532 leader_election.cc:343] T bda377bd4d1f4ed4b7b97fddfb545201 P 36b7f85318114b28a3b0709987edfafa [CANDIDATE]: Term 1 pre-election: Tablet error from VoteRequest() call to peer c63318c3e88a4011860d15a59ac9d216 (127.0.107.195:35697): Illegal state: must be running to vote when last-logged opid is not known
I20260709 12:56:48.910414  1763 consensus_queue.cc:237] T b0772cd86a174b74b7d893a41f7237de P 36b7f85318114b28a3b0709987edfafa [LEADER]: Queue going to LEADER mode. State: All replicated index: 0, Majority replicated index: 0, Committed index: 0, Last appended: 0.0, Last appended by leader: 0, Current term: 2, Majority size: 2, State: 0, Mode: LEADER, active raft config: opid_index: -1 OBSOLETE_local: false peers { permanent_uuid: "36b7f85318114b28a3b0709987edfafa" member_type: VOTER last_known_addr { host: "127.0.107.193" port: 33921 } } peers { permanent_uuid: "9b110815cb7243f59ac613f25fb5e4ae" member_type: VOTER last_known_addr { host: "127.0.107.194" port: 35579 } } peers { permanent_uuid: "c63318c3e88a4011860d15a59ac9d216" member_type: VOTER last_known_addr { host: "127.0.107.195" port: 35697 } }
I20260709 12:56:48.910542  1532 leader_election.cc:304] T bda377bd4d1f4ed4b7b97fddfb545201 P 36b7f85318114b28a3b0709987edfafa [CANDIDATE]: Term 1 pre-election: Election decided. Result: candidate lost. Election summary: received 3 responses out of 3 voters: 1 yes votes; 2 no votes. yes voters: 36b7f85318114b28a3b0709987edfafa; no voters: 9b110815cb7243f59ac613f25fb5e4ae, c63318c3e88a4011860d15a59ac9d216
I20260709 12:56:48.911600  1873 raft_consensus.cc:2749] T bda377bd4d1f4ed4b7b97fddfb545201 P 36b7f85318114b28a3b0709987edfafa [term 0 FOLLOWER]: Leader pre-election lost for term 1. Reason: could not achieve majority
I20260709 12:56:48.932497  1759 raft_consensus.cc:359] T 0d80bf8149aa45379249f72d27f3f94c P 9b110815cb7243f59ac613f25fb5e4ae [term 0 FOLLOWER]: Replica starting. Triggering 0 pending ops. Active config: opid_index: -1 OBSOLETE_local: false peers { permanent_uuid: "36b7f85318114b28a3b0709987edfafa" member_type: VOTER last_known_addr { host: "127.0.107.193" port: 33921 } } peers { permanent_uuid: "9b110815cb7243f59ac613f25fb5e4ae" member_type: VOTER last_known_addr { host: "127.0.107.194" port: 35579 } } peers { permanent_uuid: "c63318c3e88a4011860d15a59ac9d216" member_type: VOTER last_known_addr { host: "127.0.107.195" port: 35697 } }
I20260709 12:56:48.933261  1759 raft_consensus.cc:385] T 0d80bf8149aa45379249f72d27f3f94c P 9b110815cb7243f59ac613f25fb5e4ae [term 0 FOLLOWER]: Consensus starting up: Expiring failure detector timer to make a prompt election more likely
I20260709 12:56:48.933530  1759 raft_consensus.cc:740] T 0d80bf8149aa45379249f72d27f3f94c P 9b110815cb7243f59ac613f25fb5e4ae [term 0 FOLLOWER]: Becoming Follower/Learner. State: Replica: 9b110815cb7243f59ac613f25fb5e4ae, State: Initialized, Role: FOLLOWER
I20260709 12:56:48.934182  1759 consensus_queue.cc:260] T 0d80bf8149aa45379249f72d27f3f94c P 9b110815cb7243f59ac613f25fb5e4ae [NON_LEADER]: Queue going to NON_LEADER mode. State: All replicated index: 0, Majority replicated index: 0, Committed index: 0, Last appended: 0.0, Last appended by leader: 0, Current term: 0, Majority size: -1, State: 0, Mode: NON_LEADER, active raft config: opid_index: -1 OBSOLETE_local: false peers { permanent_uuid: "36b7f85318114b28a3b0709987edfafa" member_type: VOTER last_known_addr { host: "127.0.107.193" port: 33921 } } peers { permanent_uuid: "9b110815cb7243f59ac613f25fb5e4ae" member_type: VOTER last_known_addr { host: "127.0.107.194" port: 35579 } } peers { permanent_uuid: "c63318c3e88a4011860d15a59ac9d216" member_type: VOTER last_known_addr { host: "127.0.107.195" port: 35697 } }
I20260709 12:56:48.948565  1759 ts_tablet_manager.cc:1434] T 0d80bf8149aa45379249f72d27f3f94c P 9b110815cb7243f59ac613f25fb5e4ae: Time spent starting tablet: real 0.039s	user 0.002s	sys 0.005s
I20260709 12:56:48.952617  1758 tablet_bootstrap.cc:654] T 6e52cef4b194489d815c53297968714f P c63318c3e88a4011860d15a59ac9d216: Neither blocks nor log segments found. Creating new log.
I20260709 12:56:48.955626  1759 tablet_bootstrap.cc:492] T 8cbc73b49fb144f7b88dcf56e36b9572 P 9b110815cb7243f59ac613f25fb5e4ae: Bootstrap starting.
I20260709 12:56:48.935026  1716 raft_consensus.cc:2468] T b0772cd86a174b74b7d893a41f7237de P c63318c3e88a4011860d15a59ac9d216 [term 2 FOLLOWER]: Leader election vote request: Granting yes vote for candidate 36b7f85318114b28a3b0709987edfafa in term 2.
I20260709 12:56:48.975143  1909 raft_consensus.cc:493] T 99bc8610067240e6bcf5114bc397f41d P c63318c3e88a4011860d15a59ac9d216 [term 0 FOLLOWER]: Starting pre-election (no leader contacted us within the election timeout)
I20260709 12:56:48.975756  1909 raft_consensus.cc:515] T 99bc8610067240e6bcf5114bc397f41d P c63318c3e88a4011860d15a59ac9d216 [term 0 FOLLOWER]: Starting pre-election with config: opid_index: -1 OBSOLETE_local: false peers { permanent_uuid: "36b7f85318114b28a3b0709987edfafa" member_type: VOTER last_known_addr { host: "127.0.107.193" port: 33921 } } peers { permanent_uuid: "9b110815cb7243f59ac613f25fb5e4ae" member_type: VOTER last_known_addr { host: "127.0.107.194" port: 35579 } } peers { permanent_uuid: "c63318c3e88a4011860d15a59ac9d216" member_type: VOTER last_known_addr { host: "127.0.107.195" port: 35697 } }
W20260709 12:56:48.978730  1533 outbound_call.cc:321] RPC callback for RPC call kudu.consensus.ConsensusService.UpdateConsensus -> {remote=127.0.107.194:35579, user_credentials={real_user=slave}} blocked reactor thread for 58246.3us
I20260709 12:56:48.983354  1466 catalog_manager.cc:5697] T c3e8cd886d854e1480eaaf2795d19ef9 P 36b7f85318114b28a3b0709987edfafa reported cstate change: term changed from 0 to 1, leader changed from <none> to 36b7f85318114b28a3b0709987edfafa (127.0.107.193). New cstate: current_term: 1 leader_uuid: "36b7f85318114b28a3b0709987edfafa" committed_config { opid_index: -1 OBSOLETE_local: false peers { permanent_uuid: "36b7f85318114b28a3b0709987edfafa" member_type: VOTER last_known_addr { host: "127.0.107.193" port: 33921 } health_report { overall_health: HEALTHY } } peers { permanent_uuid: "9b110815cb7243f59ac613f25fb5e4ae" member_type: VOTER last_known_addr { host: "127.0.107.194" port: 35579 } health_report { overall_health: UNKNOWN } } peers { permanent_uuid: "c63318c3e88a4011860d15a59ac9d216" member_type: VOTER last_known_addr { host: "127.0.107.195" port: 35697 } health_report { overall_health: UNKNOWN } } }
I20260709 12:56:48.988317  1757 tablet_bootstrap.cc:492] T 8cbc73b49fb144f7b88dcf56e36b9572 P 36b7f85318114b28a3b0709987edfafa: No bootstrap required, opened a new log
I20260709 12:56:48.990339  1564 tablet_service.cc:1917] Received RequestConsensusVote() RPC: tablet_id: "99bc8610067240e6bcf5114bc397f41d" candidate_uuid: "c63318c3e88a4011860d15a59ac9d216" candidate_term: 1 candidate_status { last_received { term: 0 index: 0 } } ignore_live_leader: false dest_uuid: "36b7f85318114b28a3b0709987edfafa" is_pre_election: true
W20260709 12:56:48.986784  1532 outbound_call.cc:321] RPC callback for RPC call kudu.consensus.ConsensusService.UpdateConsensus -> {remote=127.0.107.195:35697, user_credentials={real_user=slave}} blocked reactor thread for 74774.5us
I20260709 12:56:48.996083  1909 leader_election.cc:290] T 99bc8610067240e6bcf5114bc397f41d P c63318c3e88a4011860d15a59ac9d216 [CANDIDATE]: Term 1 pre-election: Requested pre-vote from peers 36b7f85318114b28a3b0709987edfafa (127.0.107.193:33921), 9b110815cb7243f59ac613f25fb5e4ae (127.0.107.194:35579)
I20260709 12:56:48.998688  1757 ts_tablet_manager.cc:1403] T 8cbc73b49fb144f7b88dcf56e36b9572 P 36b7f85318114b28a3b0709987edfafa: Time spent bootstrapping tablet: real 0.134s	user 0.019s	sys 0.009s
I20260709 12:56:48.999361  1638 tablet_service.cc:1917] Received RequestConsensusVote() RPC: tablet_id: "99bc8610067240e6bcf5114bc397f41d" candidate_uuid: "c63318c3e88a4011860d15a59ac9d216" candidate_term: 1 candidate_status { last_received { term: 0 index: 0 } } ignore_live_leader: false dest_uuid: "9b110815cb7243f59ac613f25fb5e4ae" is_pre_election: true
W20260709 12:56:49.004338  1532 leader_election.cc:343] T fc70347ddd564341a8d91c4c61f51bf8 P 36b7f85318114b28a3b0709987edfafa [CANDIDATE]: Term 1 pre-election: Tablet error from VoteRequest() call to peer c63318c3e88a4011860d15a59ac9d216 (127.0.107.195:35697): Illegal state: must be running to vote when last-logged opid is not known
I20260709 12:56:49.004890  1532 leader_election.cc:304] T fc70347ddd564341a8d91c4c61f51bf8 P 36b7f85318114b28a3b0709987edfafa [CANDIDATE]: Term 1 pre-election: Election decided. Result: candidate lost. Election summary: received 3 responses out of 3 voters: 1 yes votes; 2 no votes. yes voters: 36b7f85318114b28a3b0709987edfafa; no voters: 9b110815cb7243f59ac613f25fb5e4ae, c63318c3e88a4011860d15a59ac9d216
I20260709 12:56:49.005805  1783 raft_consensus.cc:2749] T fc70347ddd564341a8d91c4c61f51bf8 P 36b7f85318114b28a3b0709987edfafa [term 0 FOLLOWER]: Leader pre-election lost for term 1. Reason: could not achieve majority
I20260709 12:56:49.008935  1680 leader_election.cc:304] T 99bc8610067240e6bcf5114bc397f41d P c63318c3e88a4011860d15a59ac9d216 [CANDIDATE]: Term 1 pre-election: Election decided. Result: candidate lost. Election summary: received 3 responses out of 3 voters: 1 yes votes; 2 no votes. yes voters: c63318c3e88a4011860d15a59ac9d216; no voters: 36b7f85318114b28a3b0709987edfafa, 9b110815cb7243f59ac613f25fb5e4ae
I20260709 12:56:49.012607  1758 tablet_bootstrap.cc:492] T 6e52cef4b194489d815c53297968714f P c63318c3e88a4011860d15a59ac9d216: No bootstrap required, opened a new log
I20260709 12:56:49.009459  1977 consensus_queue.cc:1048] T 367ce7f5424d4fc7867a4fd75a285666 P 36b7f85318114b28a3b0709987edfafa [LEADER]: Connected to new peer: Peer: permanent_uuid: "9b110815cb7243f59ac613f25fb5e4ae" member_type: VOTER last_known_addr { host: "127.0.107.194" port: 35579 }, Status: LMP_MISMATCH, Last received: 0.0, Next index: 1, Last known committed idx: 0, Time since last communication: 0.001s
I20260709 12:56:49.013177  1758 ts_tablet_manager.cc:1403] T 6e52cef4b194489d815c53297968714f P c63318c3e88a4011860d15a59ac9d216: Time spent bootstrapping tablet: real 0.153s	user 0.016s	sys 0.008s
I20260709 12:56:49.013626  1790 raft_consensus.cc:2749] T 99bc8610067240e6bcf5114bc397f41d P c63318c3e88a4011860d15a59ac9d216 [term 0 FOLLOWER]: Leader pre-election lost for term 1. Reason: could not achieve majority
I20260709 12:56:49.015363  1757 raft_consensus.cc:359] T 8cbc73b49fb144f7b88dcf56e36b9572 P 36b7f85318114b28a3b0709987edfafa [term 0 FOLLOWER]: Replica starting. Triggering 0 pending ops. Active config: opid_index: -1 OBSOLETE_local: false peers { permanent_uuid: "36b7f85318114b28a3b0709987edfafa" member_type: VOTER last_known_addr { host: "127.0.107.193" port: 33921 } } peers { permanent_uuid: "9b110815cb7243f59ac613f25fb5e4ae" member_type: VOTER last_known_addr { host: "127.0.107.194" port: 35579 } } peers { permanent_uuid: "c63318c3e88a4011860d15a59ac9d216" member_type: VOTER last_known_addr { host: "127.0.107.195" port: 35697 } }
I20260709 12:56:49.016113  1757 raft_consensus.cc:385] T 8cbc73b49fb144f7b88dcf56e36b9572 P 36b7f85318114b28a3b0709987edfafa [term 0 FOLLOWER]: Consensus starting up: Expiring failure detector timer to make a prompt election more likely
I20260709 12:56:49.016386  1757 raft_consensus.cc:740] T 8cbc73b49fb144f7b88dcf56e36b9572 P 36b7f85318114b28a3b0709987edfafa [term 0 FOLLOWER]: Becoming Follower/Learner. State: Replica: 36b7f85318114b28a3b0709987edfafa, State: Initialized, Role: FOLLOWER
I20260709 12:56:49.016621  1758 raft_consensus.cc:359] T 6e52cef4b194489d815c53297968714f P c63318c3e88a4011860d15a59ac9d216 [term 0 FOLLOWER]: Replica starting. Triggering 0 pending ops. Active config: opid_index: -1 OBSOLETE_local: false peers { permanent_uuid: "36b7f85318114b28a3b0709987edfafa" member_type: VOTER last_known_addr { host: "127.0.107.193" port: 33921 } } peers { permanent_uuid: "9b110815cb7243f59ac613f25fb5e4ae" member_type: VOTER last_known_addr { host: "127.0.107.194" port: 35579 } } peers { permanent_uuid: "c63318c3e88a4011860d15a59ac9d216" member_type: VOTER last_known_addr { host: "127.0.107.195" port: 35697 } }
I20260709 12:56:49.018054  1758 raft_consensus.cc:385] T 6e52cef4b194489d815c53297968714f P c63318c3e88a4011860d15a59ac9d216 [term 0 FOLLOWER]: Consensus starting up: Expiring failure detector timer to make a prompt election more likely
I20260709 12:56:49.018383  1758 raft_consensus.cc:740] T 6e52cef4b194489d815c53297968714f P c63318c3e88a4011860d15a59ac9d216 [term 0 FOLLOWER]: Becoming Follower/Learner. State: Replica: c63318c3e88a4011860d15a59ac9d216, State: Initialized, Role: FOLLOWER
I20260709 12:56:49.019207  1758 consensus_queue.cc:260] T 6e52cef4b194489d815c53297968714f P c63318c3e88a4011860d15a59ac9d216 [NON_LEADER]: Queue going to NON_LEADER mode. State: All replicated index: 0, Majority replicated index: 0, Committed index: 0, Last appended: 0.0, Last appended by leader: 0, Current term: 0, Majority size: -1, State: 0, Mode: NON_LEADER, active raft config: opid_index: -1 OBSOLETE_local: false peers { permanent_uuid: "36b7f85318114b28a3b0709987edfafa" member_type: VOTER last_known_addr { host: "127.0.107.193" port: 33921 } } peers { permanent_uuid: "9b110815cb7243f59ac613f25fb5e4ae" member_type: VOTER last_known_addr { host: "127.0.107.194" port: 35579 } } peers { permanent_uuid: "c63318c3e88a4011860d15a59ac9d216" member_type: VOTER last_known_addr { host: "127.0.107.195" port: 35697 } }
I20260709 12:56:49.019663  1873 raft_consensus.cc:493] T a94c049257654228bf73a147bd35aaef P 36b7f85318114b28a3b0709987edfafa [term 0 FOLLOWER]: Starting pre-election (no leader contacted us within the election timeout)
I20260709 12:56:49.017107  1757 consensus_queue.cc:260] T 8cbc73b49fb144f7b88dcf56e36b9572 P 36b7f85318114b28a3b0709987edfafa [NON_LEADER]: Queue going to NON_LEADER mode. State: All replicated index: 0, Majority replicated index: 0, Committed index: 0, Last appended: 0.0, Last appended by leader: 0, Current term: 0, Majority size: -1, State: 0, Mode: NON_LEADER, active raft config: opid_index: -1 OBSOLETE_local: false peers { permanent_uuid: "36b7f85318114b28a3b0709987edfafa" member_type: VOTER last_known_addr { host: "127.0.107.193" port: 33921 } } peers { permanent_uuid: "9b110815cb7243f59ac613f25fb5e4ae" member_type: VOTER last_known_addr { host: "127.0.107.194" port: 35579 } } peers { permanent_uuid: "c63318c3e88a4011860d15a59ac9d216" member_type: VOTER last_known_addr { host: "127.0.107.195" port: 35697 } }
I20260709 12:56:49.020138  1873 raft_consensus.cc:515] T a94c049257654228bf73a147bd35aaef P 36b7f85318114b28a3b0709987edfafa [term 0 FOLLOWER]: Starting pre-election with config: opid_index: -1 OBSOLETE_local: false peers { permanent_uuid: "36b7f85318114b28a3b0709987edfafa" member_type: VOTER last_known_addr { host: "127.0.107.193" port: 33921 } } peers { permanent_uuid: "9b110815cb7243f59ac613f25fb5e4ae" member_type: VOTER last_known_addr { host: "127.0.107.194" port: 35579 } } peers { permanent_uuid: "c63318c3e88a4011860d15a59ac9d216" member_type: VOTER last_known_addr { host: "127.0.107.195" port: 35697 } }
I20260709 12:56:49.021783  1758 ts_tablet_manager.cc:1434] T 6e52cef4b194489d815c53297968714f P c63318c3e88a4011860d15a59ac9d216: Time spent starting tablet: real 0.008s	user 0.006s	sys 0.001s
I20260709 12:56:49.022644  1757 ts_tablet_manager.cc:1434] T 8cbc73b49fb144f7b88dcf56e36b9572 P 36b7f85318114b28a3b0709987edfafa: Time spent starting tablet: real 0.024s	user 0.008s	sys 0.000s
I20260709 12:56:49.022773  1758 tablet_bootstrap.cc:492] T c2b5a782038f4e06b7bd4889a29da500 P c63318c3e88a4011860d15a59ac9d216: Bootstrap starting.
I20260709 12:56:49.024134  1873 leader_election.cc:290] T a94c049257654228bf73a147bd35aaef P 36b7f85318114b28a3b0709987edfafa [CANDIDATE]: Term 1 pre-election: Requested pre-vote from peers 9b110815cb7243f59ac613f25fb5e4ae (127.0.107.194:35579), c63318c3e88a4011860d15a59ac9d216 (127.0.107.195:35697)
I20260709 12:56:49.025637  1716 tablet_service.cc:1917] Received RequestConsensusVote() RPC: tablet_id: "a94c049257654228bf73a147bd35aaef" candidate_uuid: "36b7f85318114b28a3b0709987edfafa" candidate_term: 1 candidate_status { last_received { term: 0 index: 0 } } ignore_live_leader: false dest_uuid: "c63318c3e88a4011860d15a59ac9d216" is_pre_election: true
I20260709 12:56:49.027712  1640 tablet_service.cc:1917] Received RequestConsensusVote() RPC: tablet_id: "a94c049257654228bf73a147bd35aaef" candidate_uuid: "36b7f85318114b28a3b0709987edfafa" candidate_term: 1 candidate_status { last_received { term: 0 index: 0 } } ignore_live_leader: false dest_uuid: "9b110815cb7243f59ac613f25fb5e4ae" is_pre_election: true
W20260709 12:56:49.029960  1533 leader_election.cc:343] T a94c049257654228bf73a147bd35aaef P 36b7f85318114b28a3b0709987edfafa [CANDIDATE]: Term 1 pre-election: Tablet error from VoteRequest() call to peer 9b110815cb7243f59ac613f25fb5e4ae (127.0.107.194:35579): Illegal state: must be running to vote when last-logged opid is not known
I20260709 12:56:49.032495  1759 tablet_bootstrap.cc:654] T 8cbc73b49fb144f7b88dcf56e36b9572 P 9b110815cb7243f59ac613f25fb5e4ae: Neither blocks nor log segments found. Creating new log.
I20260709 12:56:49.033175  1758 tablet_bootstrap.cc:654] T c2b5a782038f4e06b7bd4889a29da500 P c63318c3e88a4011860d15a59ac9d216: Neither blocks nor log segments found. Creating new log.
W20260709 12:56:49.036938  1532 leader_election.cc:343] T a94c049257654228bf73a147bd35aaef P 36b7f85318114b28a3b0709987edfafa [CANDIDATE]: Term 1 pre-election: Tablet error from VoteRequest() call to peer c63318c3e88a4011860d15a59ac9d216 (127.0.107.195:35697): Illegal state: must be running to vote when last-logged opid is not known
I20260709 12:56:49.037463  1532 leader_election.cc:304] T a94c049257654228bf73a147bd35aaef P 36b7f85318114b28a3b0709987edfafa [CANDIDATE]: Term 1 pre-election: Election decided. Result: candidate lost. Election summary: received 3 responses out of 3 voters: 1 yes votes; 2 no votes. yes voters: 36b7f85318114b28a3b0709987edfafa; no voters: 9b110815cb7243f59ac613f25fb5e4ae, c63318c3e88a4011860d15a59ac9d216
I20260709 12:56:49.038343  1977 raft_consensus.cc:2749] T a94c049257654228bf73a147bd35aaef P 36b7f85318114b28a3b0709987edfafa [term 0 FOLLOWER]: Leader pre-election lost for term 1. Reason: could not achieve majority
I20260709 12:56:49.023743  1757 tablet_bootstrap.cc:492] T 66765c1f704a4520a18159ca3057fd91 P 36b7f85318114b28a3b0709987edfafa: Bootstrap starting.
I20260709 12:56:49.046398  1757 tablet_bootstrap.cc:654] T 66765c1f704a4520a18159ca3057fd91 P 36b7f85318114b28a3b0709987edfafa: Neither blocks nor log segments found. Creating new log.
I20260709 12:56:49.055452  1758 tablet_bootstrap.cc:492] T c2b5a782038f4e06b7bd4889a29da500 P c63318c3e88a4011860d15a59ac9d216: No bootstrap required, opened a new log
I20260709 12:56:49.055632  1759 tablet_bootstrap.cc:492] T 8cbc73b49fb144f7b88dcf56e36b9572 P 9b110815cb7243f59ac613f25fb5e4ae: No bootstrap required, opened a new log
I20260709 12:56:49.055974  1758 ts_tablet_manager.cc:1403] T c2b5a782038f4e06b7bd4889a29da500 P c63318c3e88a4011860d15a59ac9d216: Time spent bootstrapping tablet: real 0.033s	user 0.013s	sys 0.013s
I20260709 12:56:49.056032  1759 ts_tablet_manager.cc:1403] T 8cbc73b49fb144f7b88dcf56e36b9572 P 9b110815cb7243f59ac613f25fb5e4ae: Time spent bootstrapping tablet: real 0.101s	user 0.012s	sys 0.018s
I20260709 12:56:49.058274  1757 tablet_bootstrap.cc:492] T 66765c1f704a4520a18159ca3057fd91 P 36b7f85318114b28a3b0709987edfafa: No bootstrap required, opened a new log
I20260709 12:56:49.058810  1757 ts_tablet_manager.cc:1403] T 66765c1f704a4520a18159ca3057fd91 P 36b7f85318114b28a3b0709987edfafa: Time spent bootstrapping tablet: real 0.035s	user 0.009s	sys 0.004s
I20260709 12:56:49.059042  1758 raft_consensus.cc:359] T c2b5a782038f4e06b7bd4889a29da500 P c63318c3e88a4011860d15a59ac9d216 [term 0 FOLLOWER]: Replica starting. Triggering 0 pending ops. Active config: opid_index: -1 OBSOLETE_local: false peers { permanent_uuid: "36b7f85318114b28a3b0709987edfafa" member_type: VOTER last_known_addr { host: "127.0.107.193" port: 33921 } } peers { permanent_uuid: "9b110815cb7243f59ac613f25fb5e4ae" member_type: VOTER last_known_addr { host: "127.0.107.194" port: 35579 } } peers { permanent_uuid: "c63318c3e88a4011860d15a59ac9d216" member_type: VOTER last_known_addr { host: "127.0.107.195" port: 35697 } }
I20260709 12:56:49.060088  1758 raft_consensus.cc:385] T c2b5a782038f4e06b7bd4889a29da500 P c63318c3e88a4011860d15a59ac9d216 [term 0 FOLLOWER]: Consensus starting up: Expiring failure detector timer to make a prompt election more likely
I20260709 12:56:49.060489  1758 raft_consensus.cc:740] T c2b5a782038f4e06b7bd4889a29da500 P c63318c3e88a4011860d15a59ac9d216 [term 0 FOLLOWER]: Becoming Follower/Learner. State: Replica: c63318c3e88a4011860d15a59ac9d216, State: Initialized, Role: FOLLOWER
I20260709 12:56:49.062690  1757 raft_consensus.cc:359] T 66765c1f704a4520a18159ca3057fd91 P 36b7f85318114b28a3b0709987edfafa [term 0 FOLLOWER]: Replica starting. Triggering 0 pending ops. Active config: opid_index: -1 OBSOLETE_local: false peers { permanent_uuid: "36b7f85318114b28a3b0709987edfafa" member_type: VOTER last_known_addr { host: "127.0.107.193" port: 33921 } } peers { permanent_uuid: "9b110815cb7243f59ac613f25fb5e4ae" member_type: VOTER last_known_addr { host: "127.0.107.194" port: 35579 } } peers { permanent_uuid: "c63318c3e88a4011860d15a59ac9d216" member_type: VOTER last_known_addr { host: "127.0.107.195" port: 35697 } }
I20260709 12:56:49.062551  1758 consensus_queue.cc:260] T c2b5a782038f4e06b7bd4889a29da500 P c63318c3e88a4011860d15a59ac9d216 [NON_LEADER]: Queue going to NON_LEADER mode. State: All replicated index: 0, Majority replicated index: 0, Committed index: 0, Last appended: 0.0, Last appended by leader: 0, Current term: 0, Majority size: -1, State: 0, Mode: NON_LEADER, active raft config: opid_index: -1 OBSOLETE_local: false peers { permanent_uuid: "36b7f85318114b28a3b0709987edfafa" member_type: VOTER last_known_addr { host: "127.0.107.193" port: 33921 } } peers { permanent_uuid: "9b110815cb7243f59ac613f25fb5e4ae" member_type: VOTER last_known_addr { host: "127.0.107.194" port: 35579 } } peers { permanent_uuid: "c63318c3e88a4011860d15a59ac9d216" member_type: VOTER last_known_addr { host: "127.0.107.195" port: 35697 } }
I20260709 12:56:49.063455  1757 raft_consensus.cc:385] T 66765c1f704a4520a18159ca3057fd91 P 36b7f85318114b28a3b0709987edfafa [term 0 FOLLOWER]: Consensus starting up: Expiring failure detector timer to make a prompt election more likely
I20260709 12:56:49.063781  1757 raft_consensus.cc:740] T 66765c1f704a4520a18159ca3057fd91 P 36b7f85318114b28a3b0709987edfafa [term 0 FOLLOWER]: Becoming Follower/Learner. State: Replica: 36b7f85318114b28a3b0709987edfafa, State: Initialized, Role: FOLLOWER
I20260709 12:56:49.066087  1759 raft_consensus.cc:359] T 8cbc73b49fb144f7b88dcf56e36b9572 P 9b110815cb7243f59ac613f25fb5e4ae [term 0 FOLLOWER]: Replica starting. Triggering 0 pending ops. Active config: opid_index: -1 OBSOLETE_local: false peers { permanent_uuid: "36b7f85318114b28a3b0709987edfafa" member_type: VOTER last_known_addr { host: "127.0.107.193" port: 33921 } } peers { permanent_uuid: "9b110815cb7243f59ac613f25fb5e4ae" member_type: VOTER last_known_addr { host: "127.0.107.194" port: 35579 } } peers { permanent_uuid: "c63318c3e88a4011860d15a59ac9d216" member_type: VOTER last_known_addr { host: "127.0.107.195" port: 35697 } }
I20260709 12:56:49.064478  1757 consensus_queue.cc:260] T 66765c1f704a4520a18159ca3057fd91 P 36b7f85318114b28a3b0709987edfafa [NON_LEADER]: Queue going to NON_LEADER mode. State: All replicated index: 0, Majority replicated index: 0, Committed index: 0, Last appended: 0.0, Last appended by leader: 0, Current term: 0, Majority size: -1, State: 0, Mode: NON_LEADER, active raft config: opid_index: -1 OBSOLETE_local: false peers { permanent_uuid: "36b7f85318114b28a3b0709987edfafa" member_type: VOTER last_known_addr { host: "127.0.107.193" port: 33921 } } peers { permanent_uuid: "9b110815cb7243f59ac613f25fb5e4ae" member_type: VOTER last_known_addr { host: "127.0.107.194" port: 35579 } } peers { permanent_uuid: "c63318c3e88a4011860d15a59ac9d216" member_type: VOTER last_known_addr { host: "127.0.107.195" port: 35697 } }
I20260709 12:56:49.066941  1759 raft_consensus.cc:385] T 8cbc73b49fb144f7b88dcf56e36b9572 P 9b110815cb7243f59ac613f25fb5e4ae [term 0 FOLLOWER]: Consensus starting up: Expiring failure detector timer to make a prompt election more likely
I20260709 12:56:49.067279  1759 raft_consensus.cc:740] T 8cbc73b49fb144f7b88dcf56e36b9572 P 9b110815cb7243f59ac613f25fb5e4ae [term 0 FOLLOWER]: Becoming Follower/Learner. State: Replica: 9b110815cb7243f59ac613f25fb5e4ae, State: Initialized, Role: FOLLOWER
I20260709 12:56:49.067991  1759 consensus_queue.cc:260] T 8cbc73b49fb144f7b88dcf56e36b9572 P 9b110815cb7243f59ac613f25fb5e4ae [NON_LEADER]: Queue going to NON_LEADER mode. State: All replicated index: 0, Majority replicated index: 0, Committed index: 0, Last appended: 0.0, Last appended by leader: 0, Current term: 0, Majority size: -1, State: 0, Mode: NON_LEADER, active raft config: opid_index: -1 OBSOLETE_local: false peers { permanent_uuid: "36b7f85318114b28a3b0709987edfafa" member_type: VOTER last_known_addr { host: "127.0.107.193" port: 33921 } } peers { permanent_uuid: "9b110815cb7243f59ac613f25fb5e4ae" member_type: VOTER last_known_addr { host: "127.0.107.194" port: 35579 } } peers { permanent_uuid: "c63318c3e88a4011860d15a59ac9d216" member_type: VOTER last_known_addr { host: "127.0.107.195" port: 35697 } }
I20260709 12:56:49.069231  1757 ts_tablet_manager.cc:1434] T 66765c1f704a4520a18159ca3057fd91 P 36b7f85318114b28a3b0709987edfafa: Time spent starting tablet: real 0.010s	user 0.006s	sys 0.000s
I20260709 12:56:49.069633  1758 ts_tablet_manager.cc:1434] T c2b5a782038f4e06b7bd4889a29da500 P c63318c3e88a4011860d15a59ac9d216: Time spent starting tablet: real 0.013s	user 0.009s	sys 0.001s
I20260709 12:56:49.070122  1759 ts_tablet_manager.cc:1434] T 8cbc73b49fb144f7b88dcf56e36b9572 P 9b110815cb7243f59ac613f25fb5e4ae: Time spent starting tablet: real 0.014s	user 0.006s	sys 0.001s
I20260709 12:56:49.070333  1757 tablet_bootstrap.cc:492] T 0d80bf8149aa45379249f72d27f3f94c P 36b7f85318114b28a3b0709987edfafa: Bootstrap starting.
I20260709 12:56:49.070613  1758 tablet_bootstrap.cc:492] T 0718401869b54c62a119aee915dd19ec P c63318c3e88a4011860d15a59ac9d216: Bootstrap starting.
I20260709 12:56:49.070998  1759 tablet_bootstrap.cc:492] T 6e52cef4b194489d815c53297968714f P 9b110815cb7243f59ac613f25fb5e4ae: Bootstrap starting.
I20260709 12:56:49.072682  1716 raft_consensus.cc:3060] T c2b5a782038f4e06b7bd4889a29da500 P c63318c3e88a4011860d15a59ac9d216 [term 0 FOLLOWER]: Advancing to term 1
I20260709 12:56:49.079125  1759 tablet_bootstrap.cc:654] T 6e52cef4b194489d815c53297968714f P 9b110815cb7243f59ac613f25fb5e4ae: Neither blocks nor log segments found. Creating new log.
I20260709 12:56:49.079591  1976 raft_consensus.cc:493] T 8cbc73b49fb144f7b88dcf56e36b9572 P 36b7f85318114b28a3b0709987edfafa [term 0 FOLLOWER]: Starting pre-election (no leader contacted us within the election timeout)
I20260709 12:56:49.079236  1758 tablet_bootstrap.cc:654] T 0718401869b54c62a119aee915dd19ec P c63318c3e88a4011860d15a59ac9d216: Neither blocks nor log segments found. Creating new log.
I20260709 12:56:49.080152  1976 raft_consensus.cc:515] T 8cbc73b49fb144f7b88dcf56e36b9572 P 36b7f85318114b28a3b0709987edfafa [term 0 FOLLOWER]: Starting pre-election with config: opid_index: -1 OBSOLETE_local: false peers { permanent_uuid: "36b7f85318114b28a3b0709987edfafa" member_type: VOTER last_known_addr { host: "127.0.107.193" port: 33921 } } peers { permanent_uuid: "9b110815cb7243f59ac613f25fb5e4ae" member_type: VOTER last_known_addr { host: "127.0.107.194" port: 35579 } } peers { permanent_uuid: "c63318c3e88a4011860d15a59ac9d216" member_type: VOTER last_known_addr { host: "127.0.107.195" port: 35697 } }
I20260709 12:56:49.086551  1638 tablet_service.cc:1917] Received RequestConsensusVote() RPC: tablet_id: "8cbc73b49fb144f7b88dcf56e36b9572" candidate_uuid: "36b7f85318114b28a3b0709987edfafa" candidate_term: 1 candidate_status { last_received { term: 0 index: 0 } } ignore_live_leader: false dest_uuid: "9b110815cb7243f59ac613f25fb5e4ae" is_pre_election: true
I20260709 12:56:49.087533  1638 raft_consensus.cc:2468] T 8cbc73b49fb144f7b88dcf56e36b9572 P 9b110815cb7243f59ac613f25fb5e4ae [term 0 FOLLOWER]: Leader pre-election vote request: Granting yes vote for candidate 36b7f85318114b28a3b0709987edfafa in term 0.
I20260709 12:56:49.089402  1533 leader_election.cc:304] T 8cbc73b49fb144f7b88dcf56e36b9572 P 36b7f85318114b28a3b0709987edfafa [CANDIDATE]: Term 1 pre-election: Election decided. Result: candidate won. Election summary: received 2 responses out of 3 voters: 2 yes votes; 0 no votes. yes voters: 36b7f85318114b28a3b0709987edfafa, 9b110815cb7243f59ac613f25fb5e4ae; no voters: 
I20260709 12:56:49.082458  1464 catalog_manager.cc:5697] T b0772cd86a174b74b7d893a41f7237de P 36b7f85318114b28a3b0709987edfafa reported cstate change: term changed from 0 to 2, leader changed from <none> to 36b7f85318114b28a3b0709987edfafa (127.0.107.193). New cstate: current_term: 2 leader_uuid: "36b7f85318114b28a3b0709987edfafa" committed_config { opid_index: -1 OBSOLETE_local: false peers { permanent_uuid: "36b7f85318114b28a3b0709987edfafa" member_type: VOTER last_known_addr { host: "127.0.107.193" port: 33921 } health_report { overall_health: HEALTHY } } peers { permanent_uuid: "9b110815cb7243f59ac613f25fb5e4ae" member_type: VOTER last_known_addr { host: "127.0.107.194" port: 35579 } health_report { overall_health: UNKNOWN } } peers { permanent_uuid: "c63318c3e88a4011860d15a59ac9d216" member_type: VOTER last_known_addr { host: "127.0.107.195" port: 35697 } health_report { overall_health: UNKNOWN } } }
I20260709 12:56:49.093494  1873 raft_consensus.cc:2804] T 8cbc73b49fb144f7b88dcf56e36b9572 P 36b7f85318114b28a3b0709987edfafa [term 0 FOLLOWER]: Leader pre-election won for term 1
I20260709 12:56:49.094045  1873 raft_consensus.cc:493] T 8cbc73b49fb144f7b88dcf56e36b9572 P 36b7f85318114b28a3b0709987edfafa [term 0 FOLLOWER]: Starting leader election (no leader contacted us within the election timeout)
I20260709 12:56:49.094528  1873 raft_consensus.cc:3060] T 8cbc73b49fb144f7b88dcf56e36b9572 P 36b7f85318114b28a3b0709987edfafa [term 0 FOLLOWER]: Advancing to term 1
I20260709 12:56:49.110522  1864 raft_consensus.cc:493] T 66765c1f704a4520a18159ca3057fd91 P 9b110815cb7243f59ac613f25fb5e4ae [term 0 FOLLOWER]: Starting pre-election (no leader contacted us within the election timeout)
I20260709 12:56:49.110636  1819 consensus_queue.cc:1048] T 784b4ed32390414ebaa141dce1087082 P c63318c3e88a4011860d15a59ac9d216 [LEADER]: Connected to new peer: Peer: permanent_uuid: "36b7f85318114b28a3b0709987edfafa" member_type: VOTER last_known_addr { host: "127.0.107.193" port: 33921 }, Status: LMP_MISMATCH, Last received: 0.0, Next index: 1, Last known committed idx: 0, Time since last communication: 0.001s
I20260709 12:56:49.114645  1864 raft_consensus.cc:515] T 66765c1f704a4520a18159ca3057fd91 P 9b110815cb7243f59ac613f25fb5e4ae [term 0 FOLLOWER]: Starting pre-election with config: opid_index: -1 OBSOLETE_local: false peers { permanent_uuid: "36b7f85318114b28a3b0709987edfafa" member_type: VOTER last_known_addr { host: "127.0.107.193" port: 33921 } } peers { permanent_uuid: "9b110815cb7243f59ac613f25fb5e4ae" member_type: VOTER last_known_addr { host: "127.0.107.194" port: 35579 } } peers { permanent_uuid: "c63318c3e88a4011860d15a59ac9d216" member_type: VOTER last_known_addr { host: "127.0.107.195" port: 35697 } }
I20260709 12:56:49.123605  1864 leader_election.cc:290] T 66765c1f704a4520a18159ca3057fd91 P 9b110815cb7243f59ac613f25fb5e4ae [CANDIDATE]: Term 1 pre-election: Requested pre-vote from peers 36b7f85318114b28a3b0709987edfafa (127.0.107.193:33921), c63318c3e88a4011860d15a59ac9d216 (127.0.107.195:35697)
I20260709 12:56:49.109987  1951 raft_consensus.cc:493] T 0d80bf8149aa45379249f72d27f3f94c P 9b110815cb7243f59ac613f25fb5e4ae [term 0 FOLLOWER]: Starting pre-election (no leader contacted us within the election timeout)
I20260709 12:56:49.128777  1951 raft_consensus.cc:515] T 0d80bf8149aa45379249f72d27f3f94c P 9b110815cb7243f59ac613f25fb5e4ae [term 0 FOLLOWER]: Starting pre-election with config: opid_index: -1 OBSOLETE_local: false peers { permanent_uuid: "36b7f85318114b28a3b0709987edfafa" member_type: VOTER last_known_addr { host: "127.0.107.193" port: 33921 } } peers { permanent_uuid: "9b110815cb7243f59ac613f25fb5e4ae" member_type: VOTER last_known_addr { host: "127.0.107.194" port: 35579 } } peers { permanent_uuid: "c63318c3e88a4011860d15a59ac9d216" member_type: VOTER last_known_addr { host: "127.0.107.195" port: 35697 } }
I20260709 12:56:49.165460  1909 consensus_queue.cc:1048] T 784b4ed32390414ebaa141dce1087082 P c63318c3e88a4011860d15a59ac9d216 [LEADER]: Connected to new peer: Peer: permanent_uuid: "9b110815cb7243f59ac613f25fb5e4ae" member_type: VOTER last_known_addr { host: "127.0.107.194" port: 35579 }, Status: LMP_MISMATCH, Last received: 0.0, Next index: 1, Last known committed idx: 0, Time since last communication: 0.001s
I20260709 12:56:49.168404  1976 leader_election.cc:290] T 8cbc73b49fb144f7b88dcf56e36b9572 P 36b7f85318114b28a3b0709987edfafa [CANDIDATE]: Term 1 pre-election: Requested pre-vote from peers 9b110815cb7243f59ac613f25fb5e4ae (127.0.107.194:35579), c63318c3e88a4011860d15a59ac9d216 (127.0.107.195:35697)
I20260709 12:56:49.168622  1713 tablet_service.cc:1917] Received RequestConsensusVote() RPC: tablet_id: "8cbc73b49fb144f7b88dcf56e36b9572" candidate_uuid: "36b7f85318114b28a3b0709987edfafa" candidate_term: 1 candidate_status { last_received { term: 0 index: 0 } } ignore_live_leader: false dest_uuid: "c63318c3e88a4011860d15a59ac9d216" is_pre_election: true
W20260709 12:56:49.170284  1532 leader_election.cc:343] T 8cbc73b49fb144f7b88dcf56e36b9572 P 36b7f85318114b28a3b0709987edfafa [CANDIDATE]: Term 1 pre-election: Tablet error from VoteRequest() call to peer c63318c3e88a4011860d15a59ac9d216 (127.0.107.195:35697): Illegal state: must be running to vote when last-logged opid is not known
I20260709 12:56:49.174579  1805 consensus_queue.cc:1048] T c2b5a782038f4e06b7bd4889a29da500 P 9b110815cb7243f59ac613f25fb5e4ae [LEADER]: Connected to new peer: Peer: permanent_uuid: "c63318c3e88a4011860d15a59ac9d216" member_type: VOTER last_known_addr { host: "127.0.107.195" port: 35697 }, Status: LMP_MISMATCH, Last received: 0.0, Next index: 1, Last known committed idx: 0, Time since last communication: 0.001s
I20260709 12:56:49.175231  1873 raft_consensus.cc:515] T 8cbc73b49fb144f7b88dcf56e36b9572 P 36b7f85318114b28a3b0709987edfafa [term 1 FOLLOWER]: Starting leader election with config: opid_index: -1 OBSOLETE_local: false peers { permanent_uuid: "36b7f85318114b28a3b0709987edfafa" member_type: VOTER last_known_addr { host: "127.0.107.193" port: 33921 } } peers { permanent_uuid: "9b110815cb7243f59ac613f25fb5e4ae" member_type: VOTER last_known_addr { host: "127.0.107.194" port: 35579 } } peers { permanent_uuid: "c63318c3e88a4011860d15a59ac9d216" member_type: VOTER last_known_addr { host: "127.0.107.195" port: 35697 } }
W20260709 12:56:49.177268  1607 consensus_peers.cc:597] T 4e3ccc4445284a86aef6a621291e5955 P 9b110815cb7243f59ac613f25fb5e4ae -> Peer c63318c3e88a4011860d15a59ac9d216 (127.0.107.195:35697): Couldn't send request to peer c63318c3e88a4011860d15a59ac9d216. Error code: TABLET_NOT_RUNNING (12). Status: Illegal state: Tablet not RUNNING: INITIALIZED. This is attempt 1: this message will repeat every 5th retry.
I20260709 12:56:49.181150  1715 tablet_service.cc:1917] Received RequestConsensusVote() RPC: tablet_id: "66765c1f704a4520a18159ca3057fd91" candidate_uuid: "9b110815cb7243f59ac613f25fb5e4ae" candidate_term: 1 candidate_status { last_received { term: 0 index: 0 } } ignore_live_leader: false dest_uuid: "c63318c3e88a4011860d15a59ac9d216" is_pre_election: true
I20260709 12:56:49.182899  1757 tablet_bootstrap.cc:654] T 0d80bf8149aa45379249f72d27f3f94c P 36b7f85318114b28a3b0709987edfafa: Neither blocks nor log segments found. Creating new log.
I20260709 12:56:49.186398  1759 tablet_bootstrap.cc:492] T 6e52cef4b194489d815c53297968714f P 9b110815cb7243f59ac613f25fb5e4ae: No bootstrap required, opened a new log
I20260709 12:56:49.186968  1759 ts_tablet_manager.cc:1403] T 6e52cef4b194489d815c53297968714f P 9b110815cb7243f59ac613f25fb5e4ae: Time spent bootstrapping tablet: real 0.116s	user 0.032s	sys 0.068s
I20260709 12:56:49.193181  1564 tablet_service.cc:1917] Received RequestConsensusVote() RPC: tablet_id: "66765c1f704a4520a18159ca3057fd91" candidate_uuid: "9b110815cb7243f59ac613f25fb5e4ae" candidate_term: 1 candidate_status { last_received { term: 0 index: 0 } } ignore_live_leader: false dest_uuid: "36b7f85318114b28a3b0709987edfafa" is_pre_election: true
I20260709 12:56:49.193928  1564 raft_consensus.cc:2468] T 66765c1f704a4520a18159ca3057fd91 P 36b7f85318114b28a3b0709987edfafa [term 0 FOLLOWER]: Leader pre-election vote request: Granting yes vote for candidate 9b110815cb7243f59ac613f25fb5e4ae in term 0.
