I20260709 13:14:24.237964  7108 leader_election.cc:290] T 23b79c1b83774323a4508fba6bb67dc2 P aa865c369fed4f7bbaeb2ab2701e9cce [CANDIDATE]: Term 1 election: Requested vote from peers e104702b45d543edbf0d6692397e5961 (127.5.167.129:44781), 6df9a99d4a66442b92fa63fcfcba8ac3 (127.5.167.130:43239)
I20260709 13:14:24.240545  6915 tablet_service.cc:1917] Received RequestConsensusVote() RPC: tablet_id: "23b79c1b83774323a4508fba6bb67dc2" candidate_uuid: "aa865c369fed4f7bbaeb2ab2701e9cce" candidate_term: 1 candidate_status { last_received { term: 0 index: 0 } } ignore_live_leader: false dest_uuid: "e104702b45d543edbf0d6692397e5961"
I20260709 13:14:24.240968  7104 tablet_bootstrap.cc:492] T 194c8c25b5e14d37b7d1424dbfad435e P aa865c369fed4f7bbaeb2ab2701e9cce: No bootstrap required, opened a new log
I20260709 13:14:24.241159  6915 raft_consensus.cc:3060] T 23b79c1b83774323a4508fba6bb67dc2 P e104702b45d543edbf0d6692397e5961 [term 0 FOLLOWER]: Advancing to term 1
I20260709 13:14:24.241412  7104 ts_tablet_manager.cc:1403] T 194c8c25b5e14d37b7d1424dbfad435e P aa865c369fed4f7bbaeb2ab2701e9cce: Time spent bootstrapping tablet: real 0.117s	user 0.018s	sys 0.000s
I20260709 13:14:24.242617  6990 tablet_service.cc:1917] Received RequestConsensusVote() RPC: tablet_id: "23b79c1b83774323a4508fba6bb67dc2" candidate_uuid: "aa865c369fed4f7bbaeb2ab2701e9cce" candidate_term: 1 candidate_status { last_received { term: 0 index: 0 } } ignore_live_leader: false dest_uuid: "6df9a99d4a66442b92fa63fcfcba8ac3"
I20260709 13:14:24.243280  6990 raft_consensus.cc:3060] T 23b79c1b83774323a4508fba6bb67dc2 P 6df9a99d4a66442b92fa63fcfcba8ac3 [term 0 FOLLOWER]: Advancing to term 1
I20260709 13:14:24.244266  7104 raft_consensus.cc:359] T 194c8c25b5e14d37b7d1424dbfad435e P aa865c369fed4f7bbaeb2ab2701e9cce [term 0 FOLLOWER]: Replica starting. Triggering 0 pending ops. Active config: opid_index: -1 OBSOLETE_local: false peers { permanent_uuid: "e104702b45d543edbf0d6692397e5961" member_type: VOTER last_known_addr { host: "127.5.167.129" port: 44781 } } peers { permanent_uuid: "6df9a99d4a66442b92fa63fcfcba8ac3" member_type: VOTER last_known_addr { host: "127.5.167.130" port: 43239 } } peers { permanent_uuid: "aa865c369fed4f7bbaeb2ab2701e9cce" member_type: VOTER last_known_addr { host: "127.5.167.131" port: 32891 } }
I20260709 13:14:24.222754  6989 tablet_service.cc:1917] Received RequestConsensusVote() RPC: tablet_id: "68cf5ee589bb4564901911e3750f9c28" candidate_uuid: "aa865c369fed4f7bbaeb2ab2701e9cce" candidate_term: 1 candidate_status { last_received { term: 0 index: 0 } } ignore_live_leader: false dest_uuid: "6df9a99d4a66442b92fa63fcfcba8ac3"
I20260709 13:14:24.245416  7104 raft_consensus.cc:385] T 194c8c25b5e14d37b7d1424dbfad435e P aa865c369fed4f7bbaeb2ab2701e9cce [term 0 FOLLOWER]: Consensus starting up: Expiring failure detector timer to make a prompt election more likely
I20260709 13:14:24.239017  7105 tablet_bootstrap.cc:492] T 1ad937ce112f4bb4869fedbd0053d19f P 6df9a99d4a66442b92fa63fcfcba8ac3: Bootstrap starting.
I20260709 13:14:24.245671  6989 raft_consensus.cc:3060] T 68cf5ee589bb4564901911e3750f9c28 P 6df9a99d4a66442b92fa63fcfcba8ac3 [term 0 FOLLOWER]: Advancing to term 1
I20260709 13:14:24.245770  7104 raft_consensus.cc:740] T 194c8c25b5e14d37b7d1424dbfad435e P aa865c369fed4f7bbaeb2ab2701e9cce [term 0 FOLLOWER]: Becoming Follower/Learner. State: Replica: aa865c369fed4f7bbaeb2ab2701e9cce, State: Initialized, Role: FOLLOWER
I20260709 13:14:24.250555  7104 consensus_queue.cc:260] T 194c8c25b5e14d37b7d1424dbfad435e P aa865c369fed4f7bbaeb2ab2701e9cce [NON_LEADER]: Queue going to NON_LEADER mode. State: All replicated index: 0, Majority replicated index: 0, Committed index: 0, Last appended: 0.0, Last appended by leader: 0, Current term: 0, Majority size: -1, State: 0, Mode: NON_LEADER, active raft config: opid_index: -1 OBSOLETE_local: false peers { permanent_uuid: "e104702b45d543edbf0d6692397e5961" member_type: VOTER last_known_addr { host: "127.5.167.129" port: 44781 } } peers { permanent_uuid: "6df9a99d4a66442b92fa63fcfcba8ac3" member_type: VOTER last_known_addr { host: "127.5.167.130" port: 43239 } } peers { permanent_uuid: "aa865c369fed4f7bbaeb2ab2701e9cce" member_type: VOTER last_known_addr { host: "127.5.167.131" port: 32891 } }
I20260709 13:14:24.253357  7104 ts_tablet_manager.cc:1434] T 194c8c25b5e14d37b7d1424dbfad435e P aa865c369fed4f7bbaeb2ab2701e9cce: Time spent starting tablet: real 0.012s	user 0.007s	sys 0.000s
I20260709 13:14:24.254258  7104 tablet_bootstrap.cc:492] T 280358b58c584f4daf2f283aa7db6996 P aa865c369fed4f7bbaeb2ab2701e9cce: Bootstrap starting.
I20260709 13:14:24.248713  6915 raft_consensus.cc:2468] T 23b79c1b83774323a4508fba6bb67dc2 P e104702b45d543edbf0d6692397e5961 [term 1 FOLLOWER]: Leader election vote request: Granting yes vote for candidate aa865c369fed4f7bbaeb2ab2701e9cce in term 1.
W20260709 13:14:24.249519  7028 leader_election.cc:343] T 68cf5ee589bb4564901911e3750f9c28 P aa865c369fed4f7bbaeb2ab2701e9cce [CANDIDATE]: Term 1 election: Tablet error from VoteRequest() call to peer e104702b45d543edbf0d6692397e5961 (127.5.167.129:44781): Illegal state: must be running to vote when last-logged opid is not known
I20260709 13:14:24.258210  7028 leader_election.cc:304] T 23b79c1b83774323a4508fba6bb67dc2 P aa865c369fed4f7bbaeb2ab2701e9cce [CANDIDATE]: Term 1 election: Election decided. Result: candidate won. Election summary: received 2 responses out of 3 voters: 2 yes votes; 0 no votes. yes voters: aa865c369fed4f7bbaeb2ab2701e9cce, e104702b45d543edbf0d6692397e5961; no voters: 
I20260709 13:14:24.259184  7108 raft_consensus.cc:2804] T 23b79c1b83774323a4508fba6bb67dc2 P aa865c369fed4f7bbaeb2ab2701e9cce [term 1 FOLLOWER]: Leader election won for term 1
I20260709 13:14:24.259720  7108 raft_consensus.cc:697] T 23b79c1b83774323a4508fba6bb67dc2 P aa865c369fed4f7bbaeb2ab2701e9cce [term 1 LEADER]: Becoming Leader. State: Replica: aa865c369fed4f7bbaeb2ab2701e9cce, State: Running, Role: LEADER
I20260709 13:14:24.260438  7105 tablet_bootstrap.cc:654] T 1ad937ce112f4bb4869fedbd0053d19f P 6df9a99d4a66442b92fa63fcfcba8ac3: Neither blocks nor log segments found. Creating new log.
I20260709 13:14:24.260715  7108 consensus_queue.cc:237] T 23b79c1b83774323a4508fba6bb67dc2 P aa865c369fed4f7bbaeb2ab2701e9cce [LEADER]: Queue going to LEADER mode. State: All replicated index: 0, Majority replicated index: 0, Committed index: 0, Last appended: 0.0, Last appended by leader: 0, Current term: 1, Majority size: 2, State: 0, Mode: LEADER, active raft config: opid_index: -1 OBSOLETE_local: false peers { permanent_uuid: "e104702b45d543edbf0d6692397e5961" member_type: VOTER last_known_addr { host: "127.5.167.129" port: 44781 } } peers { permanent_uuid: "6df9a99d4a66442b92fa63fcfcba8ac3" member_type: VOTER last_known_addr { host: "127.5.167.130" port: 43239 } } peers { permanent_uuid: "aa865c369fed4f7bbaeb2ab2701e9cce" member_type: VOTER last_known_addr { host: "127.5.167.131" port: 32891 } }
I20260709 13:14:24.261474  7063 raft_consensus.cc:2468] T 1ad937ce112f4bb4869fedbd0053d19f P aa865c369fed4f7bbaeb2ab2701e9cce [term 1 FOLLOWER]: Leader election vote request: Granting yes vote for candidate e104702b45d543edbf0d6692397e5961 in term 1.
I20260709 13:14:24.262970  6879 leader_election.cc:304] T 1ad937ce112f4bb4869fedbd0053d19f P e104702b45d543edbf0d6692397e5961 [CANDIDATE]: Term 1 election: Election decided. Result: candidate won. Election summary: received 3 responses out of 3 voters: 2 yes votes; 1 no votes. yes voters: aa865c369fed4f7bbaeb2ab2701e9cce, e104702b45d543edbf0d6692397e5961; no voters: 6df9a99d4a66442b92fa63fcfcba8ac3
I20260709 13:14:24.264186  7160 raft_consensus.cc:2804] T 1ad937ce112f4bb4869fedbd0053d19f P e104702b45d543edbf0d6692397e5961 [term 1 FOLLOWER]: Leader election won for term 1
I20260709 13:14:24.264685  7160 raft_consensus.cc:697] T 1ad937ce112f4bb4869fedbd0053d19f P e104702b45d543edbf0d6692397e5961 [term 1 LEADER]: Becoming Leader. State: Replica: e104702b45d543edbf0d6692397e5961, State: Running, Role: LEADER
I20260709 13:14:24.265633  7104 tablet_bootstrap.cc:654] T 280358b58c584f4daf2f283aa7db6996 P aa865c369fed4f7bbaeb2ab2701e9cce: Neither blocks nor log segments found. Creating new log.
I20260709 13:14:24.265517  7160 consensus_queue.cc:237] T 1ad937ce112f4bb4869fedbd0053d19f P e104702b45d543edbf0d6692397e5961 [LEADER]: Queue going to LEADER mode. State: All replicated index: 0, Majority replicated index: 0, Committed index: 0, Last appended: 0.0, Last appended by leader: 0, Current term: 1, Majority size: 2, State: 0, Mode: LEADER, active raft config: opid_index: -1 OBSOLETE_local: false peers { permanent_uuid: "e104702b45d543edbf0d6692397e5961" member_type: VOTER last_known_addr { host: "127.5.167.129" port: 44781 } } peers { permanent_uuid: "6df9a99d4a66442b92fa63fcfcba8ac3" member_type: VOTER last_known_addr { host: "127.5.167.130" port: 43239 } } peers { permanent_uuid: "aa865c369fed4f7bbaeb2ab2701e9cce" member_type: VOTER last_known_addr { host: "127.5.167.131" port: 32891 } }
I20260709 13:14:24.278002  6813 catalog_manager.cc:5697] T 1ad937ce112f4bb4869fedbd0053d19f P e104702b45d543edbf0d6692397e5961 reported cstate change: term changed from 0 to 1, leader changed from <none> to e104702b45d543edbf0d6692397e5961 (127.5.167.129). New cstate: current_term: 1 leader_uuid: "e104702b45d543edbf0d6692397e5961" committed_config { opid_index: -1 OBSOLETE_local: false peers { permanent_uuid: "e104702b45d543edbf0d6692397e5961" member_type: VOTER last_known_addr { host: "127.5.167.129" port: 44781 } health_report { overall_health: HEALTHY } } peers { permanent_uuid: "6df9a99d4a66442b92fa63fcfcba8ac3" member_type: VOTER last_known_addr { host: "127.5.167.130" port: 43239 } health_report { overall_health: UNKNOWN } } peers { permanent_uuid: "aa865c369fed4f7bbaeb2ab2701e9cce" member_type: VOTER last_known_addr { host: "127.5.167.131" port: 32891 } health_report { overall_health: UNKNOWN } } }
I20260709 13:14:24.280071  6990 raft_consensus.cc:2468] T 23b79c1b83774323a4508fba6bb67dc2 P 6df9a99d4a66442b92fa63fcfcba8ac3 [term 1 FOLLOWER]: Leader election vote request: Granting yes vote for candidate aa865c369fed4f7bbaeb2ab2701e9cce in term 1.
I20260709 13:14:24.286149  7110 raft_consensus.cc:493] T 194c8c25b5e14d37b7d1424dbfad435e P aa865c369fed4f7bbaeb2ab2701e9cce [term 0 FOLLOWER]: Starting pre-election (no leader contacted us within the election timeout)
I20260709 13:14:24.278712  6989 raft_consensus.cc:2468] T 68cf5ee589bb4564901911e3750f9c28 P 6df9a99d4a66442b92fa63fcfcba8ac3 [term 1 FOLLOWER]: Leader election vote request: Granting yes vote for candidate aa865c369fed4f7bbaeb2ab2701e9cce in term 1.
I20260709 13:14:24.289247  7029 leader_election.cc:304] T 68cf5ee589bb4564901911e3750f9c28 P aa865c369fed4f7bbaeb2ab2701e9cce [CANDIDATE]: Term 1 election: Election decided. Result: candidate won. Election summary: received 3 responses out of 3 voters: 2 yes votes; 1 no votes. yes voters: 6df9a99d4a66442b92fa63fcfcba8ac3, aa865c369fed4f7bbaeb2ab2701e9cce; no voters: e104702b45d543edbf0d6692397e5961
I20260709 13:14:24.290313  7163 raft_consensus.cc:2804] T 68cf5ee589bb4564901911e3750f9c28 P aa865c369fed4f7bbaeb2ab2701e9cce [term 1 FOLLOWER]: Leader election won for term 1
I20260709 13:14:24.286741  7110 raft_consensus.cc:515] T 194c8c25b5e14d37b7d1424dbfad435e P aa865c369fed4f7bbaeb2ab2701e9cce [term 0 FOLLOWER]: Starting pre-election with config: opid_index: -1 OBSOLETE_local: false peers { permanent_uuid: "e104702b45d543edbf0d6692397e5961" member_type: VOTER last_known_addr { host: "127.5.167.129" port: 44781 } } peers { permanent_uuid: "6df9a99d4a66442b92fa63fcfcba8ac3" member_type: VOTER last_known_addr { host: "127.5.167.130" port: 43239 } } peers { permanent_uuid: "aa865c369fed4f7bbaeb2ab2701e9cce" member_type: VOTER last_known_addr { host: "127.5.167.131" port: 32891 } }
I20260709 13:14:24.300820  7160 raft_consensus.cc:493] T 6067d213d3ab470e83097825b1008e7c P e104702b45d543edbf0d6692397e5961 [term 0 FOLLOWER]: Starting pre-election (no leader contacted us within the election timeout)
I20260709 13:14:24.300741  6915 tablet_service.cc:1917] Received RequestConsensusVote() RPC: tablet_id: "194c8c25b5e14d37b7d1424dbfad435e" candidate_uuid: "aa865c369fed4f7bbaeb2ab2701e9cce" candidate_term: 1 candidate_status { last_received { term: 0 index: 0 } } ignore_live_leader: false dest_uuid: "e104702b45d543edbf0d6692397e5961" is_pre_election: true
I20260709 13:14:24.301501  7160 raft_consensus.cc:515] T 6067d213d3ab470e83097825b1008e7c P e104702b45d543edbf0d6692397e5961 [term 0 FOLLOWER]: Starting pre-election with config: opid_index: -1 OBSOLETE_local: false peers { permanent_uuid: "e104702b45d543edbf0d6692397e5961" member_type: VOTER last_known_addr { host: "127.5.167.129" port: 44781 } } peers { permanent_uuid: "6df9a99d4a66442b92fa63fcfcba8ac3" member_type: VOTER last_known_addr { host: "127.5.167.130" port: 43239 } } peers { permanent_uuid: "aa865c369fed4f7bbaeb2ab2701e9cce" member_type: VOTER last_known_addr { host: "127.5.167.131" port: 32891 } }
I20260709 13:14:24.301982  7110 leader_election.cc:290] T 194c8c25b5e14d37b7d1424dbfad435e P aa865c369fed4f7bbaeb2ab2701e9cce [CANDIDATE]: Term 1 pre-election: Requested pre-vote from peers e104702b45d543edbf0d6692397e5961 (127.5.167.129:44781), 6df9a99d4a66442b92fa63fcfcba8ac3 (127.5.167.130:43239)
I20260709 13:14:24.302953  6989 tablet_service.cc:1917] Received RequestConsensusVote() RPC: tablet_id: "194c8c25b5e14d37b7d1424dbfad435e" candidate_uuid: "aa865c369fed4f7bbaeb2ab2701e9cce" candidate_term: 1 candidate_status { last_received { term: 0 index: 0 } } ignore_live_leader: false dest_uuid: "6df9a99d4a66442b92fa63fcfcba8ac3" is_pre_election: true
I20260709 13:14:24.303656  6989 raft_consensus.cc:2468] T 194c8c25b5e14d37b7d1424dbfad435e P 6df9a99d4a66442b92fa63fcfcba8ac3 [term 0 FOLLOWER]: Leader pre-election vote request: Granting yes vote for candidate aa865c369fed4f7bbaeb2ab2701e9cce in term 0.
W20260709 13:14:24.303745  7028 leader_election.cc:343] T 194c8c25b5e14d37b7d1424dbfad435e P aa865c369fed4f7bbaeb2ab2701e9cce [CANDIDATE]: Term 1 pre-election: Tablet error from VoteRequest() call to peer e104702b45d543edbf0d6692397e5961 (127.5.167.129:44781): Illegal state: must be running to vote when last-logged opid is not known
I20260709 13:14:24.304296  7160 leader_election.cc:290] T 6067d213d3ab470e83097825b1008e7c P e104702b45d543edbf0d6692397e5961 [CANDIDATE]: Term 1 pre-election: Requested pre-vote from peers 6df9a99d4a66442b92fa63fcfcba8ac3 (127.5.167.130:43239), aa865c369fed4f7bbaeb2ab2701e9cce (127.5.167.131:32891)
I20260709 13:14:24.304445  6990 tablet_service.cc:1917] Received RequestConsensusVote() RPC: tablet_id: "6067d213d3ab470e83097825b1008e7c" candidate_uuid: "e104702b45d543edbf0d6692397e5961" candidate_term: 1 candidate_status { last_received { term: 0 index: 0 } } ignore_live_leader: false dest_uuid: "6df9a99d4a66442b92fa63fcfcba8ac3" is_pre_election: true
I20260709 13:14:24.304950  7029 leader_election.cc:304] T 194c8c25b5e14d37b7d1424dbfad435e P aa865c369fed4f7bbaeb2ab2701e9cce [CANDIDATE]: Term 1 pre-election: Election decided. Result: candidate won. Election summary: received 3 responses out of 3 voters: 2 yes votes; 1 no votes. yes voters: 6df9a99d4a66442b92fa63fcfcba8ac3, aa865c369fed4f7bbaeb2ab2701e9cce; no voters: e104702b45d543edbf0d6692397e5961
I20260709 13:14:24.305687  7163 raft_consensus.cc:697] T 68cf5ee589bb4564901911e3750f9c28 P aa865c369fed4f7bbaeb2ab2701e9cce [term 1 LEADER]: Becoming Leader. State: Replica: aa865c369fed4f7bbaeb2ab2701e9cce, State: Running, Role: LEADER
I20260709 13:14:24.306874  7110 raft_consensus.cc:2804] T 194c8c25b5e14d37b7d1424dbfad435e P aa865c369fed4f7bbaeb2ab2701e9cce [term 0 FOLLOWER]: Leader pre-election won for term 1
I20260709 13:14:24.306764  7163 consensus_queue.cc:237] T 68cf5ee589bb4564901911e3750f9c28 P aa865c369fed4f7bbaeb2ab2701e9cce [LEADER]: Queue going to LEADER mode. State: All replicated index: 0, Majority replicated index: 0, Committed index: 0, Last appended: 0.0, Last appended by leader: 0, Current term: 1, Majority size: 2, State: 0, Mode: LEADER, active raft config: opid_index: -1 OBSOLETE_local: false peers { permanent_uuid: "e104702b45d543edbf0d6692397e5961" member_type: VOTER last_known_addr { host: "127.5.167.129" port: 44781 } } peers { permanent_uuid: "6df9a99d4a66442b92fa63fcfcba8ac3" member_type: VOTER last_known_addr { host: "127.5.167.130" port: 43239 } } peers { permanent_uuid: "aa865c369fed4f7bbaeb2ab2701e9cce" member_type: VOTER last_known_addr { host: "127.5.167.131" port: 32891 } }
I20260709 13:14:24.307372  7110 raft_consensus.cc:493] T 194c8c25b5e14d37b7d1424dbfad435e P aa865c369fed4f7bbaeb2ab2701e9cce [term 0 FOLLOWER]: Starting leader election (no leader contacted us within the election timeout)
I20260709 13:14:24.307173  7063 tablet_service.cc:1917] Received RequestConsensusVote() RPC: tablet_id: "6067d213d3ab470e83097825b1008e7c" candidate_uuid: "e104702b45d543edbf0d6692397e5961" candidate_term: 1 candidate_status { last_received { term: 0 index: 0 } } ignore_live_leader: false dest_uuid: "aa865c369fed4f7bbaeb2ab2701e9cce" is_pre_election: true
I20260709 13:14:24.307888  7110 raft_consensus.cc:3060] T 194c8c25b5e14d37b7d1424dbfad435e P aa865c369fed4f7bbaeb2ab2701e9cce [term 0 FOLLOWER]: Advancing to term 1
I20260709 13:14:24.309024  6879 leader_election.cc:304] T 6067d213d3ab470e83097825b1008e7c P e104702b45d543edbf0d6692397e5961 [CANDIDATE]: Term 1 pre-election: Election decided. Result: candidate lost. Election summary: received 3 responses out of 3 voters: 1 yes votes; 2 no votes. yes voters: e104702b45d543edbf0d6692397e5961; no voters: 6df9a99d4a66442b92fa63fcfcba8ac3, aa865c369fed4f7bbaeb2ab2701e9cce
I20260709 13:14:24.309911  7160 raft_consensus.cc:2749] T 6067d213d3ab470e83097825b1008e7c P e104702b45d543edbf0d6692397e5961 [term 0 FOLLOWER]: Leader pre-election lost for term 1. Reason: could not achieve majority
I20260709 13:14:24.318624  7104 tablet_bootstrap.cc:492] T 280358b58c584f4daf2f283aa7db6996 P aa865c369fed4f7bbaeb2ab2701e9cce: No bootstrap required, opened a new log
I20260709 13:14:24.318652  7107 tablet_bootstrap.cc:492] T a1e1108c289d4704baf8714a34f4b4d0 P e104702b45d543edbf0d6692397e5961: No bootstrap required, opened a new log
I20260709 13:14:24.319190  7104 ts_tablet_manager.cc:1403] T 280358b58c584f4daf2f283aa7db6996 P aa865c369fed4f7bbaeb2ab2701e9cce: Time spent bootstrapping tablet: real 0.065s	user 0.017s	sys 0.000s
I20260709 13:14:24.319550  7107 ts_tablet_manager.cc:1403] T a1e1108c289d4704baf8714a34f4b4d0 P e104702b45d543edbf0d6692397e5961: Time spent bootstrapping tablet: real 0.112s	user 0.018s	sys 0.002s
I20260709 13:14:24.322247  7104 raft_consensus.cc:359] T 280358b58c584f4daf2f283aa7db6996 P aa865c369fed4f7bbaeb2ab2701e9cce [term 0 FOLLOWER]: Replica starting. Triggering 0 pending ops. Active config: opid_index: -1 OBSOLETE_local: false peers { permanent_uuid: "e104702b45d543edbf0d6692397e5961" member_type: VOTER last_known_addr { host: "127.5.167.129" port: 44781 } } peers { permanent_uuid: "6df9a99d4a66442b92fa63fcfcba8ac3" member_type: VOTER last_known_addr { host: "127.5.167.130" port: 43239 } } peers { permanent_uuid: "aa865c369fed4f7bbaeb2ab2701e9cce" member_type: VOTER last_known_addr { host: "127.5.167.131" port: 32891 } }
I20260709 13:14:24.323073  7104 raft_consensus.cc:385] T 280358b58c584f4daf2f283aa7db6996 P aa865c369fed4f7bbaeb2ab2701e9cce [term 0 FOLLOWER]: Consensus starting up: Expiring failure detector timer to make a prompt election more likely
I20260709 13:14:24.322738  7107 raft_consensus.cc:359] T a1e1108c289d4704baf8714a34f4b4d0 P e104702b45d543edbf0d6692397e5961 [term 0 FOLLOWER]: Replica starting. Triggering 0 pending ops. Active config: opid_index: -1 OBSOLETE_local: false peers { permanent_uuid: "e104702b45d543edbf0d6692397e5961" member_type: VOTER last_known_addr { host: "127.5.167.129" port: 44781 } } peers { permanent_uuid: "6df9a99d4a66442b92fa63fcfcba8ac3" member_type: VOTER last_known_addr { host: "127.5.167.130" port: 43239 } } peers { permanent_uuid: "aa865c369fed4f7bbaeb2ab2701e9cce" member_type: VOTER last_known_addr { host: "127.5.167.131" port: 32891 } }
I20260709 13:14:24.323411  7104 raft_consensus.cc:740] T 280358b58c584f4daf2f283aa7db6996 P aa865c369fed4f7bbaeb2ab2701e9cce [term 0 FOLLOWER]: Becoming Follower/Learner. State: Replica: aa865c369fed4f7bbaeb2ab2701e9cce, State: Initialized, Role: FOLLOWER
I20260709 13:14:24.323701  7107 raft_consensus.cc:385] T a1e1108c289d4704baf8714a34f4b4d0 P e104702b45d543edbf0d6692397e5961 [term 0 FOLLOWER]: Consensus starting up: Expiring failure detector timer to make a prompt election more likely
I20260709 13:14:24.323917  7110 raft_consensus.cc:515] T 194c8c25b5e14d37b7d1424dbfad435e P aa865c369fed4f7bbaeb2ab2701e9cce [term 1 FOLLOWER]: Starting leader election with config: opid_index: -1 OBSOLETE_local: false peers { permanent_uuid: "e104702b45d543edbf0d6692397e5961" member_type: VOTER last_known_addr { host: "127.5.167.129" port: 44781 } } peers { permanent_uuid: "6df9a99d4a66442b92fa63fcfcba8ac3" member_type: VOTER last_known_addr { host: "127.5.167.130" port: 43239 } } peers { permanent_uuid: "aa865c369fed4f7bbaeb2ab2701e9cce" member_type: VOTER last_known_addr { host: "127.5.167.131" port: 32891 } }
I20260709 13:14:24.324179  7107 raft_consensus.cc:740] T a1e1108c289d4704baf8714a34f4b4d0 P e104702b45d543edbf0d6692397e5961 [term 0 FOLLOWER]: Becoming Follower/Learner. State: Replica: e104702b45d543edbf0d6692397e5961, State: Initialized, Role: FOLLOWER
I20260709 13:14:24.324391  7104 consensus_queue.cc:260] T 280358b58c584f4daf2f283aa7db6996 P aa865c369fed4f7bbaeb2ab2701e9cce [NON_LEADER]: Queue going to NON_LEADER mode. State: All replicated index: 0, Majority replicated index: 0, Committed index: 0, Last appended: 0.0, Last appended by leader: 0, Current term: 0, Majority size: -1, State: 0, Mode: NON_LEADER, active raft config: opid_index: -1 OBSOLETE_local: false peers { permanent_uuid: "e104702b45d543edbf0d6692397e5961" member_type: VOTER last_known_addr { host: "127.5.167.129" port: 44781 } } peers { permanent_uuid: "6df9a99d4a66442b92fa63fcfcba8ac3" member_type: VOTER last_known_addr { host: "127.5.167.130" port: 43239 } } peers { permanent_uuid: "aa865c369fed4f7bbaeb2ab2701e9cce" member_type: VOTER last_known_addr { host: "127.5.167.131" port: 32891 } }
I20260709 13:14:24.326274  7110 leader_election.cc:290] T 194c8c25b5e14d37b7d1424dbfad435e P aa865c369fed4f7bbaeb2ab2701e9cce [CANDIDATE]: Term 1 election: Requested vote from peers e104702b45d543edbf0d6692397e5961 (127.5.167.129:44781), 6df9a99d4a66442b92fa63fcfcba8ac3 (127.5.167.130:43239)
I20260709 13:14:24.327186  6915 tablet_service.cc:1917] Received RequestConsensusVote() RPC: tablet_id: "194c8c25b5e14d37b7d1424dbfad435e" candidate_uuid: "aa865c369fed4f7bbaeb2ab2701e9cce" candidate_term: 1 candidate_status { last_received { term: 0 index: 0 } } ignore_live_leader: false dest_uuid: "e104702b45d543edbf0d6692397e5961"
I20260709 13:14:24.327922  6989 tablet_service.cc:1917] Received RequestConsensusVote() RPC: tablet_id: "194c8c25b5e14d37b7d1424dbfad435e" candidate_uuid: "aa865c369fed4f7bbaeb2ab2701e9cce" candidate_term: 1 candidate_status { last_received { term: 0 index: 0 } } ignore_live_leader: false dest_uuid: "6df9a99d4a66442b92fa63fcfcba8ac3"
W20260709 13:14:24.328962  7028 leader_election.cc:343] T 194c8c25b5e14d37b7d1424dbfad435e P aa865c369fed4f7bbaeb2ab2701e9cce [CANDIDATE]: Term 1 election: Tablet error from VoteRequest() call to peer e104702b45d543edbf0d6692397e5961 (127.5.167.129:44781): Illegal state: must be running to vote when last-logged opid is not known
I20260709 13:14:24.328559  6989 raft_consensus.cc:3060] T 194c8c25b5e14d37b7d1424dbfad435e P 6df9a99d4a66442b92fa63fcfcba8ac3 [term 0 FOLLOWER]: Advancing to term 1
I20260709 13:14:24.329841  7104 ts_tablet_manager.cc:1434] T 280358b58c584f4daf2f283aa7db6996 P aa865c369fed4f7bbaeb2ab2701e9cce: Time spent starting tablet: real 0.010s	user 0.009s	sys 0.000s
I20260709 13:14:24.330819  7104 tablet_bootstrap.cc:492] T 77c7878f8e6c4285b7ca04d4557c440f P aa865c369fed4f7bbaeb2ab2701e9cce: Bootstrap starting.
I20260709 13:14:24.327677  7107 consensus_queue.cc:260] T a1e1108c289d4704baf8714a34f4b4d0 P e104702b45d543edbf0d6692397e5961 [NON_LEADER]: Queue going to NON_LEADER mode. State: All replicated index: 0, Majority replicated index: 0, Committed index: 0, Last appended: 0.0, Last appended by leader: 0, Current term: 0, Majority size: -1, State: 0, Mode: NON_LEADER, active raft config: opid_index: -1 OBSOLETE_local: false peers { permanent_uuid: "e104702b45d543edbf0d6692397e5961" member_type: VOTER last_known_addr { host: "127.5.167.129" port: 44781 } } peers { permanent_uuid: "6df9a99d4a66442b92fa63fcfcba8ac3" member_type: VOTER last_known_addr { host: "127.5.167.130" port: 43239 } } peers { permanent_uuid: "aa865c369fed4f7bbaeb2ab2701e9cce" member_type: VOTER last_known_addr { host: "127.5.167.131" port: 32891 } }
I20260709 13:14:24.335695  7107 ts_tablet_manager.cc:1434] T a1e1108c289d4704baf8714a34f4b4d0 P e104702b45d543edbf0d6692397e5961: Time spent starting tablet: real 0.016s	user 0.005s	sys 0.001s
I20260709 13:14:24.336804  7104 tablet_bootstrap.cc:654] T 77c7878f8e6c4285b7ca04d4557c440f P aa865c369fed4f7bbaeb2ab2701e9cce: Neither blocks nor log segments found. Creating new log.
I20260709 13:14:24.332933  6811 catalog_manager.cc:5697] T 23b79c1b83774323a4508fba6bb67dc2 P aa865c369fed4f7bbaeb2ab2701e9cce reported cstate change: term changed from 0 to 1, leader changed from <none> to aa865c369fed4f7bbaeb2ab2701e9cce (127.5.167.131). New cstate: current_term: 1 leader_uuid: "aa865c369fed4f7bbaeb2ab2701e9cce" committed_config { opid_index: -1 OBSOLETE_local: false peers { permanent_uuid: "e104702b45d543edbf0d6692397e5961" member_type: VOTER last_known_addr { host: "127.5.167.129" port: 44781 } health_report { overall_health: UNKNOWN } } peers { permanent_uuid: "6df9a99d4a66442b92fa63fcfcba8ac3" member_type: VOTER last_known_addr { host: "127.5.167.130" port: 43239 } health_report { overall_health: UNKNOWN } } peers { permanent_uuid: "aa865c369fed4f7bbaeb2ab2701e9cce" member_type: VOTER last_known_addr { host: "127.5.167.131" port: 32891 } health_report { overall_health: HEALTHY } } }
I20260709 13:14:24.339814  6989 raft_consensus.cc:2468] T 194c8c25b5e14d37b7d1424dbfad435e P 6df9a99d4a66442b92fa63fcfcba8ac3 [term 1 FOLLOWER]: Leader election vote request: Granting yes vote for candidate aa865c369fed4f7bbaeb2ab2701e9cce in term 1.
I20260709 13:14:24.341662  7029 leader_election.cc:304] T 194c8c25b5e14d37b7d1424dbfad435e P aa865c369fed4f7bbaeb2ab2701e9cce [CANDIDATE]: Term 1 election: Election decided. Result: candidate won. Election summary: received 3 responses out of 3 voters: 2 yes votes; 1 no votes. yes voters: 6df9a99d4a66442b92fa63fcfcba8ac3, aa865c369fed4f7bbaeb2ab2701e9cce; no voters: e104702b45d543edbf0d6692397e5961
I20260709 13:14:24.343371  7163 raft_consensus.cc:2804] T 194c8c25b5e14d37b7d1424dbfad435e P aa865c369fed4f7bbaeb2ab2701e9cce [term 1 FOLLOWER]: Leader election won for term 1
I20260709 13:14:24.344022  7163 raft_consensus.cc:697] T 194c8c25b5e14d37b7d1424dbfad435e P aa865c369fed4f7bbaeb2ab2701e9cce [term 1 LEADER]: Becoming Leader. State: Replica: aa865c369fed4f7bbaeb2ab2701e9cce, State: Running, Role: LEADER
I20260709 13:14:24.344476  7105 tablet_bootstrap.cc:492] T 1ad937ce112f4bb4869fedbd0053d19f P 6df9a99d4a66442b92fa63fcfcba8ac3: No bootstrap required, opened a new log
I20260709 13:14:24.344982  7105 ts_tablet_manager.cc:1403] T 1ad937ce112f4bb4869fedbd0053d19f P 6df9a99d4a66442b92fa63fcfcba8ac3: Time spent bootstrapping tablet: real 0.106s	user 0.011s	sys 0.009s
I20260709 13:14:24.345305  7163 consensus_queue.cc:237] T 194c8c25b5e14d37b7d1424dbfad435e P aa865c369fed4f7bbaeb2ab2701e9cce [LEADER]: Queue going to LEADER mode. State: All replicated index: 0, Majority replicated index: 0, Committed index: 0, Last appended: 0.0, Last appended by leader: 0, Current term: 1, Majority size: 2, State: 0, Mode: LEADER, active raft config: opid_index: -1 OBSOLETE_local: false peers { permanent_uuid: "e104702b45d543edbf0d6692397e5961" member_type: VOTER last_known_addr { host: "127.5.167.129" port: 44781 } } peers { permanent_uuid: "6df9a99d4a66442b92fa63fcfcba8ac3" member_type: VOTER last_known_addr { host: "127.5.167.130" port: 43239 } } peers { permanent_uuid: "aa865c369fed4f7bbaeb2ab2701e9cce" member_type: VOTER last_known_addr { host: "127.5.167.131" port: 32891 } }
I20260709 13:14:24.347854  7105 raft_consensus.cc:359] T 1ad937ce112f4bb4869fedbd0053d19f P 6df9a99d4a66442b92fa63fcfcba8ac3 [term 0 FOLLOWER]: Replica starting. Triggering 0 pending ops. Active config: opid_index: -1 OBSOLETE_local: false peers { permanent_uuid: "e104702b45d543edbf0d6692397e5961" member_type: VOTER last_known_addr { host: "127.5.167.129" port: 44781 } } peers { permanent_uuid: "6df9a99d4a66442b92fa63fcfcba8ac3" member_type: VOTER last_known_addr { host: "127.5.167.130" port: 43239 } } peers { permanent_uuid: "aa865c369fed4f7bbaeb2ab2701e9cce" member_type: VOTER last_known_addr { host: "127.5.167.131" port: 32891 } }
I20260709 13:14:24.349985  6915 raft_consensus.cc:3060] T 6067d213d3ab470e83097825b1008e7c P e104702b45d543edbf0d6692397e5961 [term 0 FOLLOWER]: Advancing to term 1
I20260709 13:14:24.352084  7105 raft_consensus.cc:385] T 1ad937ce112f4bb4869fedbd0053d19f P 6df9a99d4a66442b92fa63fcfcba8ac3 [term 0 FOLLOWER]: Consensus starting up: Expiring failure detector timer to make a prompt election more likely
I20260709 13:14:24.352403  7105 raft_consensus.cc:740] T 1ad937ce112f4bb4869fedbd0053d19f P 6df9a99d4a66442b92fa63fcfcba8ac3 [term 0 FOLLOWER]: Becoming Follower/Learner. State: Replica: 6df9a99d4a66442b92fa63fcfcba8ac3, State: Initialized, Role: FOLLOWER
I20260709 13:14:24.355134  7105 consensus_queue.cc:260] T 1ad937ce112f4bb4869fedbd0053d19f P 6df9a99d4a66442b92fa63fcfcba8ac3 [NON_LEADER]: Queue going to NON_LEADER mode. State: All replicated index: 0, Majority replicated index: 0, Committed index: 0, Last appended: 0.0, Last appended by leader: 0, Current term: 0, Majority size: -1, State: 0, Mode: NON_LEADER, active raft config: opid_index: -1 OBSOLETE_local: false peers { permanent_uuid: "e104702b45d543edbf0d6692397e5961" member_type: VOTER last_known_addr { host: "127.5.167.129" port: 44781 } } peers { permanent_uuid: "6df9a99d4a66442b92fa63fcfcba8ac3" member_type: VOTER last_known_addr { host: "127.5.167.130" port: 43239 } } peers { permanent_uuid: "aa865c369fed4f7bbaeb2ab2701e9cce" member_type: VOTER last_known_addr { host: "127.5.167.131" port: 32891 } }
I20260709 13:14:24.351086  7107 tablet_bootstrap.cc:492] T 68cf5ee589bb4564901911e3750f9c28 P e104702b45d543edbf0d6692397e5961: Bootstrap starting.
I20260709 13:14:24.367164  7105 ts_tablet_manager.cc:1434] T 1ad937ce112f4bb4869fedbd0053d19f P 6df9a99d4a66442b92fa63fcfcba8ac3: Time spent starting tablet: real 0.022s	user 0.006s	sys 0.001s
I20260709 13:14:24.379240  7105 tablet_bootstrap.cc:492] T b0930d753002407d9f07000a34d10a53 P 6df9a99d4a66442b92fa63fcfcba8ac3: Bootstrap starting.
I20260709 13:14:24.379940  7107 tablet_bootstrap.cc:654] T 68cf5ee589bb4564901911e3750f9c28 P e104702b45d543edbf0d6692397e5961: Neither blocks nor log segments found. Creating new log.
I20260709 13:14:24.389417  6989 raft_consensus.cc:3060] T 0477a624f59d4437bfcad293db151500 P 6df9a99d4a66442b92fa63fcfcba8ac3 [term 0 FOLLOWER]: Advancing to term 1
I20260709 13:14:24.394754  7105 tablet_bootstrap.cc:654] T b0930d753002407d9f07000a34d10a53 P 6df9a99d4a66442b92fa63fcfcba8ac3: Neither blocks nor log segments found. Creating new log.
I20260709 13:14:24.405570  7104 tablet_bootstrap.cc:492] T 77c7878f8e6c4285b7ca04d4557c440f P aa865c369fed4f7bbaeb2ab2701e9cce: No bootstrap required, opened a new log
I20260709 13:14:24.406078  7104 ts_tablet_manager.cc:1403] T 77c7878f8e6c4285b7ca04d4557c440f P aa865c369fed4f7bbaeb2ab2701e9cce: Time spent bootstrapping tablet: real 0.075s	user 0.038s	sys 0.035s
I20260709 13:14:24.406117  7147 raft_consensus.cc:493] T a1e1108c289d4704baf8714a34f4b4d0 P 6df9a99d4a66442b92fa63fcfcba8ac3 [term 0 FOLLOWER]: Starting pre-election (no leader contacted us within the election timeout)
I20260709 13:14:24.406878  7147 raft_consensus.cc:515] T a1e1108c289d4704baf8714a34f4b4d0 P 6df9a99d4a66442b92fa63fcfcba8ac3 [term 0 FOLLOWER]: Starting pre-election with config: opid_index: -1 OBSOLETE_local: false peers { permanent_uuid: "e104702b45d543edbf0d6692397e5961" member_type: VOTER last_known_addr { host: "127.5.167.129" port: 44781 } } peers { permanent_uuid: "6df9a99d4a66442b92fa63fcfcba8ac3" member_type: VOTER last_known_addr { host: "127.5.167.130" port: 43239 } } peers { permanent_uuid: "aa865c369fed4f7bbaeb2ab2701e9cce" member_type: VOTER last_known_addr { host: "127.5.167.131" port: 32891 } }
I20260709 13:14:24.409034  7104 raft_consensus.cc:359] T 77c7878f8e6c4285b7ca04d4557c440f P aa865c369fed4f7bbaeb2ab2701e9cce [term 0 FOLLOWER]: Replica starting. Triggering 0 pending ops. Active config: opid_index: -1 OBSOLETE_local: false peers { permanent_uuid: "e104702b45d543edbf0d6692397e5961" member_type: VOTER last_known_addr { host: "127.5.167.129" port: 44781 } } peers { permanent_uuid: "6df9a99d4a66442b92fa63fcfcba8ac3" member_type: VOTER last_known_addr { host: "127.5.167.130" port: 43239 } } peers { permanent_uuid: "aa865c369fed4f7bbaeb2ab2701e9cce" member_type: VOTER last_known_addr { host: "127.5.167.131" port: 32891 } }
I20260709 13:14:24.409709  7104 raft_consensus.cc:385] T 77c7878f8e6c4285b7ca04d4557c440f P aa865c369fed4f7bbaeb2ab2701e9cce [term 0 FOLLOWER]: Consensus starting up: Expiring failure detector timer to make a prompt election more likely
I20260709 13:14:24.410003  7104 raft_consensus.cc:740] T 77c7878f8e6c4285b7ca04d4557c440f P aa865c369fed4f7bbaeb2ab2701e9cce [term 0 FOLLOWER]: Becoming Follower/Learner. State: Replica: aa865c369fed4f7bbaeb2ab2701e9cce, State: Initialized, Role: FOLLOWER
I20260709 13:14:24.410969  6915 tablet_service.cc:1917] Received RequestConsensusVote() RPC: tablet_id: "a1e1108c289d4704baf8714a34f4b4d0" candidate_uuid: "6df9a99d4a66442b92fa63fcfcba8ac3" candidate_term: 1 candidate_status { last_received { term: 0 index: 0 } } ignore_live_leader: false dest_uuid: "e104702b45d543edbf0d6692397e5961" is_pre_election: true
I20260709 13:14:24.410815  7104 consensus_queue.cc:260] T 77c7878f8e6c4285b7ca04d4557c440f P aa865c369fed4f7bbaeb2ab2701e9cce [NON_LEADER]: Queue going to NON_LEADER mode. State: All replicated index: 0, Majority replicated index: 0, Committed index: 0, Last appended: 0.0, Last appended by leader: 0, Current term: 0, Majority size: -1, State: 0, Mode: NON_LEADER, active raft config: opid_index: -1 OBSOLETE_local: false peers { permanent_uuid: "e104702b45d543edbf0d6692397e5961" member_type: VOTER last_known_addr { host: "127.5.167.129" port: 44781 } } peers { permanent_uuid: "6df9a99d4a66442b92fa63fcfcba8ac3" member_type: VOTER last_known_addr { host: "127.5.167.130" port: 43239 } } peers { permanent_uuid: "aa865c369fed4f7bbaeb2ab2701e9cce" member_type: VOTER last_known_addr { host: "127.5.167.131" port: 32891 } }
I20260709 13:14:24.411669  6915 raft_consensus.cc:2468] T a1e1108c289d4704baf8714a34f4b4d0 P e104702b45d543edbf0d6692397e5961 [term 0 FOLLOWER]: Leader pre-election vote request: Granting yes vote for candidate 6df9a99d4a66442b92fa63fcfcba8ac3 in term 0.
I20260709 13:14:24.411991  7147 leader_election.cc:290] T a1e1108c289d4704baf8714a34f4b4d0 P 6df9a99d4a66442b92fa63fcfcba8ac3 [CANDIDATE]: Term 1 pre-election: Requested pre-vote from peers e104702b45d543edbf0d6692397e5961 (127.5.167.129:44781), aa865c369fed4f7bbaeb2ab2701e9cce (127.5.167.131:32891)
I20260709 13:14:24.412232  7063 tablet_service.cc:1917] Received RequestConsensusVote() RPC: tablet_id: "a1e1108c289d4704baf8714a34f4b4d0" candidate_uuid: "6df9a99d4a66442b92fa63fcfcba8ac3" candidate_term: 1 candidate_status { last_received { term: 0 index: 0 } } ignore_live_leader: false dest_uuid: "aa865c369fed4f7bbaeb2ab2701e9cce" is_pre_election: true
I20260709 13:14:24.412742  6954 leader_election.cc:304] T a1e1108c289d4704baf8714a34f4b4d0 P 6df9a99d4a66442b92fa63fcfcba8ac3 [CANDIDATE]: Term 1 pre-election: Election decided. Result: candidate won. Election summary: received 2 responses out of 3 voters: 2 yes votes; 0 no votes. yes voters: 6df9a99d4a66442b92fa63fcfcba8ac3, e104702b45d543edbf0d6692397e5961; no voters: 
I20260709 13:14:24.412912  7063 raft_consensus.cc:2468] T a1e1108c289d4704baf8714a34f4b4d0 P aa865c369fed4f7bbaeb2ab2701e9cce [term 0 FOLLOWER]: Leader pre-election vote request: Granting yes vote for candidate 6df9a99d4a66442b92fa63fcfcba8ac3 in term 0.
I20260709 13:14:24.413436  7147 raft_consensus.cc:2804] T a1e1108c289d4704baf8714a34f4b4d0 P 6df9a99d4a66442b92fa63fcfcba8ac3 [term 0 FOLLOWER]: Leader pre-election won for term 1
I20260709 13:14:24.413851  7147 raft_consensus.cc:493] T a1e1108c289d4704baf8714a34f4b4d0 P 6df9a99d4a66442b92fa63fcfcba8ac3 [term 0 FOLLOWER]: Starting leader election (no leader contacted us within the election timeout)
I20260709 13:14:24.414213  7147 raft_consensus.cc:3060] T a1e1108c289d4704baf8714a34f4b4d0 P 6df9a99d4a66442b92fa63fcfcba8ac3 [term 0 FOLLOWER]: Advancing to term 1
I20260709 13:14:24.415501  7104 ts_tablet_manager.cc:1434] T 77c7878f8e6c4285b7ca04d4557c440f P aa865c369fed4f7bbaeb2ab2701e9cce: Time spent starting tablet: real 0.009s	user 0.004s	sys 0.003s
I20260709 13:14:24.415293  6813 catalog_manager.cc:5697] T 194c8c25b5e14d37b7d1424dbfad435e P aa865c369fed4f7bbaeb2ab2701e9cce reported cstate change: term changed from 0 to 1, leader changed from <none> to aa865c369fed4f7bbaeb2ab2701e9cce (127.5.167.131). New cstate: current_term: 1 leader_uuid: "aa865c369fed4f7bbaeb2ab2701e9cce" committed_config { opid_index: -1 OBSOLETE_local: false peers { permanent_uuid: "e104702b45d543edbf0d6692397e5961" member_type: VOTER last_known_addr { host: "127.5.167.129" port: 44781 } health_report { overall_health: UNKNOWN } } peers { permanent_uuid: "6df9a99d4a66442b92fa63fcfcba8ac3" member_type: VOTER last_known_addr { host: "127.5.167.130" port: 43239 } health_report { overall_health: UNKNOWN } } peers { permanent_uuid: "aa865c369fed4f7bbaeb2ab2701e9cce" member_type: VOTER last_known_addr { host: "127.5.167.131" port: 32891 } health_report { overall_health: HEALTHY } } }
I20260709 13:14:24.416499  7104 tablet_bootstrap.cc:492] T c88bf1d9c27e465c8d12489a57c0c7c4 P aa865c369fed4f7bbaeb2ab2701e9cce: Bootstrap starting.
I20260709 13:14:24.417098  6813 catalog_manager.cc:5697] T 68cf5ee589bb4564901911e3750f9c28 P aa865c369fed4f7bbaeb2ab2701e9cce reported cstate change: term changed from 0 to 1, leader changed from <none> to aa865c369fed4f7bbaeb2ab2701e9cce (127.5.167.131). New cstate: current_term: 1 leader_uuid: "aa865c369fed4f7bbaeb2ab2701e9cce" committed_config { opid_index: -1 OBSOLETE_local: false peers { permanent_uuid: "e104702b45d543edbf0d6692397e5961" member_type: VOTER last_known_addr { host: "127.5.167.129" port: 44781 } health_report { overall_health: UNKNOWN } } peers { permanent_uuid: "6df9a99d4a66442b92fa63fcfcba8ac3" member_type: VOTER last_known_addr { host: "127.5.167.130" port: 43239 } health_report { overall_health: UNKNOWN } } peers { permanent_uuid: "aa865c369fed4f7bbaeb2ab2701e9cce" member_type: VOTER last_known_addr { host: "127.5.167.131" port: 32891 } health_report { overall_health: HEALTHY } } }
I20260709 13:14:24.423007  7104 tablet_bootstrap.cc:654] T c88bf1d9c27e465c8d12489a57c0c7c4 P aa865c369fed4f7bbaeb2ab2701e9cce: Neither blocks nor log segments found. Creating new log.
I20260709 13:14:24.425498  7145 raft_consensus.cc:493] T 1ad937ce112f4bb4869fedbd0053d19f P 6df9a99d4a66442b92fa63fcfcba8ac3 [term 0 FOLLOWER]: Starting pre-election (no leader contacted us within the election timeout)
I20260709 13:14:24.425968  7145 raft_consensus.cc:515] T 1ad937ce112f4bb4869fedbd0053d19f P 6df9a99d4a66442b92fa63fcfcba8ac3 [term 0 FOLLOWER]: Starting pre-election with config: opid_index: -1 OBSOLETE_local: false peers { permanent_uuid: "e104702b45d543edbf0d6692397e5961" member_type: VOTER last_known_addr { host: "127.5.167.129" port: 44781 } } peers { permanent_uuid: "6df9a99d4a66442b92fa63fcfcba8ac3" member_type: VOTER last_known_addr { host: "127.5.167.130" port: 43239 } } peers { permanent_uuid: "aa865c369fed4f7bbaeb2ab2701e9cce" member_type: VOTER last_known_addr { host: "127.5.167.131" port: 32891 } }
I20260709 13:14:24.428071  7145 leader_election.cc:290] T 1ad937ce112f4bb4869fedbd0053d19f P 6df9a99d4a66442b92fa63fcfcba8ac3 [CANDIDATE]: Term 1 pre-election: Requested pre-vote from peers e104702b45d543edbf0d6692397e5961 (127.5.167.129:44781), aa865c369fed4f7bbaeb2ab2701e9cce (127.5.167.131:32891)
I20260709 13:14:24.429327  7107 tablet_bootstrap.cc:492] T 68cf5ee589bb4564901911e3750f9c28 P e104702b45d543edbf0d6692397e5961: No bootstrap required, opened a new log
I20260709 13:14:24.429839  7107 ts_tablet_manager.cc:1403] T 68cf5ee589bb4564901911e3750f9c28 P e104702b45d543edbf0d6692397e5961: Time spent bootstrapping tablet: real 0.079s	user 0.026s	sys 0.014s
I20260709 13:14:24.430365  6915 tablet_service.cc:1917] Received RequestConsensusVote() RPC: tablet_id: "1ad937ce112f4bb4869fedbd0053d19f" candidate_uuid: "6df9a99d4a66442b92fa63fcfcba8ac3" candidate_term: 1 candidate_status { last_received { term: 0 index: 0 } } ignore_live_leader: false dest_uuid: "e104702b45d543edbf0d6692397e5961" is_pre_election: true
I20260709 13:14:24.431648  7063 tablet_service.cc:1917] Received RequestConsensusVote() RPC: tablet_id: "1ad937ce112f4bb4869fedbd0053d19f" candidate_uuid: "6df9a99d4a66442b92fa63fcfcba8ac3" candidate_term: 1 candidate_status { last_received { term: 0 index: 0 } } ignore_live_leader: false dest_uuid: "aa865c369fed4f7bbaeb2ab2701e9cce" is_pre_election: true
I20260709 13:14:24.432991  7063 raft_consensus.cc:2393] T 1ad937ce112f4bb4869fedbd0053d19f P aa865c369fed4f7bbaeb2ab2701e9cce [term 1 FOLLOWER]: Leader pre-election vote request: Denying vote to candidate 6df9a99d4a66442b92fa63fcfcba8ac3 in current term 1: Already voted for candidate e104702b45d543edbf0d6692397e5961 in this term.
I20260709 13:14:24.435482  6954 leader_election.cc:304] T 1ad937ce112f4bb4869fedbd0053d19f P 6df9a99d4a66442b92fa63fcfcba8ac3 [CANDIDATE]: Term 1 pre-election: Election decided. Result: candidate lost. Election summary: received 3 responses out of 3 voters: 1 yes votes; 2 no votes. yes voters: 6df9a99d4a66442b92fa63fcfcba8ac3; no voters: aa865c369fed4f7bbaeb2ab2701e9cce, e104702b45d543edbf0d6692397e5961
I20260709 13:14:24.436795  7145 raft_consensus.cc:3060] T 1ad937ce112f4bb4869fedbd0053d19f P 6df9a99d4a66442b92fa63fcfcba8ac3 [term 0 FOLLOWER]: Advancing to term 1
I20260709 13:14:24.429329  7147 raft_consensus.cc:515] T a1e1108c289d4704baf8714a34f4b4d0 P 6df9a99d4a66442b92fa63fcfcba8ac3 [term 1 FOLLOWER]: Starting leader election with config: opid_index: -1 OBSOLETE_local: false peers { permanent_uuid: "e104702b45d543edbf0d6692397e5961" member_type: VOTER last_known_addr { host: "127.5.167.129" port: 44781 } } peers { permanent_uuid: "6df9a99d4a66442b92fa63fcfcba8ac3" member_type: VOTER last_known_addr { host: "127.5.167.130" port: 43239 } } peers { permanent_uuid: "aa865c369fed4f7bbaeb2ab2701e9cce" member_type: VOTER last_known_addr { host: "127.5.167.131" port: 32891 } }
I20260709 13:14:24.443778  7163 raft_consensus.cc:493] T b0930d753002407d9f07000a34d10a53 P aa865c369fed4f7bbaeb2ab2701e9cce [term 0 FOLLOWER]: Starting pre-election (no leader contacted us within the election timeout)
I20260709 13:14:24.444319  7163 raft_consensus.cc:515] T b0930d753002407d9f07000a34d10a53 P aa865c369fed4f7bbaeb2ab2701e9cce [term 0 FOLLOWER]: Starting pre-election with config: opid_index: -1 OBSOLETE_local: false peers { permanent_uuid: "e104702b45d543edbf0d6692397e5961" member_type: VOTER last_known_addr { host: "127.5.167.129" port: 44781 } } peers { permanent_uuid: "6df9a99d4a66442b92fa63fcfcba8ac3" member_type: VOTER last_known_addr { host: "127.5.167.130" port: 43239 } } peers { permanent_uuid: "aa865c369fed4f7bbaeb2ab2701e9cce" member_type: VOTER last_known_addr { host: "127.5.167.131" port: 32891 } }
I20260709 13:14:24.446609  7163 leader_election.cc:290] T b0930d753002407d9f07000a34d10a53 P aa865c369fed4f7bbaeb2ab2701e9cce [CANDIDATE]: Term 1 pre-election: Requested pre-vote from peers e104702b45d543edbf0d6692397e5961 (127.5.167.129:44781), 6df9a99d4a66442b92fa63fcfcba8ac3 (127.5.167.130:43239)
I20260709 13:14:24.446700  7107 raft_consensus.cc:359] T 68cf5ee589bb4564901911e3750f9c28 P e104702b45d543edbf0d6692397e5961 [term 0 FOLLOWER]: Replica starting. Triggering 0 pending ops. Active config: opid_index: -1 OBSOLETE_local: false peers { permanent_uuid: "e104702b45d543edbf0d6692397e5961" member_type: VOTER last_known_addr { host: "127.5.167.129" port: 44781 } } peers { permanent_uuid: "6df9a99d4a66442b92fa63fcfcba8ac3" member_type: VOTER last_known_addr { host: "127.5.167.130" port: 43239 } } peers { permanent_uuid: "aa865c369fed4f7bbaeb2ab2701e9cce" member_type: VOTER last_known_addr { host: "127.5.167.131" port: 32891 } }
I20260709 13:14:24.447546  7107 raft_consensus.cc:385] T 68cf5ee589bb4564901911e3750f9c28 P e104702b45d543edbf0d6692397e5961 [term 0 FOLLOWER]: Consensus starting up: Expiring failure detector timer to make a prompt election more likely
I20260709 13:14:24.447906  7107 raft_consensus.cc:740] T 68cf5ee589bb4564901911e3750f9c28 P e104702b45d543edbf0d6692397e5961 [term 0 FOLLOWER]: Becoming Follower/Learner. State: Replica: e104702b45d543edbf0d6692397e5961, State: Initialized, Role: FOLLOWER
I20260709 13:14:24.448352  6990 tablet_service.cc:1917] Received RequestConsensusVote() RPC: tablet_id: "b0930d753002407d9f07000a34d10a53" candidate_uuid: "aa865c369fed4f7bbaeb2ab2701e9cce" candidate_term: 1 candidate_status { last_received { term: 0 index: 0 } } ignore_live_leader: false dest_uuid: "6df9a99d4a66442b92fa63fcfcba8ac3" is_pre_election: true
I20260709 13:14:24.448653  7107 consensus_queue.cc:260] T 68cf5ee589bb4564901911e3750f9c28 P e104702b45d543edbf0d6692397e5961 [NON_LEADER]: Queue going to NON_LEADER mode. State: All replicated index: 0, Majority replicated index: 0, Committed index: 0, Last appended: 0.0, Last appended by leader: 0, Current term: 0, Majority size: -1, State: 0, Mode: NON_LEADER, active raft config: opid_index: -1 OBSOLETE_local: false peers { permanent_uuid: "e104702b45d543edbf0d6692397e5961" member_type: VOTER last_known_addr { host: "127.5.167.129" port: 44781 } } peers { permanent_uuid: "6df9a99d4a66442b92fa63fcfcba8ac3" member_type: VOTER last_known_addr { host: "127.5.167.130" port: 43239 } } peers { permanent_uuid: "aa865c369fed4f7bbaeb2ab2701e9cce" member_type: VOTER last_known_addr { host: "127.5.167.131" port: 32891 } }
I20260709 13:14:24.449550  6915 tablet_service.cc:1917] Received RequestConsensusVote() RPC: tablet_id: "a1e1108c289d4704baf8714a34f4b4d0" candidate_uuid: "6df9a99d4a66442b92fa63fcfcba8ac3" candidate_term: 1 candidate_status { last_received { term: 0 index: 0 } } ignore_live_leader: false dest_uuid: "e104702b45d543edbf0d6692397e5961"
W20260709 13:14:24.449802  7029 leader_election.cc:343] T b0930d753002407d9f07000a34d10a53 P aa865c369fed4f7bbaeb2ab2701e9cce [CANDIDATE]: Term 1 pre-election: Tablet error from VoteRequest() call to peer 6df9a99d4a66442b92fa63fcfcba8ac3 (127.5.167.130:43239): Illegal state: must be running to vote when last-logged opid is not known
I20260709 13:14:24.449581  6914 tablet_service.cc:1917] Received RequestConsensusVote() RPC: tablet_id: "b0930d753002407d9f07000a34d10a53" candidate_uuid: "aa865c369fed4f7bbaeb2ab2701e9cce" candidate_term: 1 candidate_status { last_received { term: 0 index: 0 } } ignore_live_leader: false dest_uuid: "e104702b45d543edbf0d6692397e5961" is_pre_election: true
I20260709 13:14:24.450279  6915 raft_consensus.cc:3060] T a1e1108c289d4704baf8714a34f4b4d0 P e104702b45d543edbf0d6692397e5961 [term 0 FOLLOWER]: Advancing to term 1
I20260709 13:14:24.450984  7063 tablet_service.cc:1917] Received RequestConsensusVote() RPC: tablet_id: "a1e1108c289d4704baf8714a34f4b4d0" candidate_uuid: "6df9a99d4a66442b92fa63fcfcba8ac3" candidate_term: 1 candidate_status { last_received { term: 0 index: 0 } } ignore_live_leader: false dest_uuid: "aa865c369fed4f7bbaeb2ab2701e9cce"
I20260709 13:14:24.451506  7063 raft_consensus.cc:3060] T a1e1108c289d4704baf8714a34f4b4d0 P aa865c369fed4f7bbaeb2ab2701e9cce [term 0 FOLLOWER]: Advancing to term 1
I20260709 13:14:24.451809  7104 tablet_bootstrap.cc:492] T c88bf1d9c27e465c8d12489a57c0c7c4 P aa865c369fed4f7bbaeb2ab2701e9cce: No bootstrap required, opened a new log
W20260709 13:14:24.451653  7028 leader_election.cc:343] T b0930d753002407d9f07000a34d10a53 P aa865c369fed4f7bbaeb2ab2701e9cce [CANDIDATE]: Term 1 pre-election: Tablet error from VoteRequest() call to peer e104702b45d543edbf0d6692397e5961 (127.5.167.129:44781): Illegal state: must be running to vote when last-logged opid is not known
I20260709 13:14:24.452268  7104 ts_tablet_manager.cc:1403] T c88bf1d9c27e465c8d12489a57c0c7c4 P aa865c369fed4f7bbaeb2ab2701e9cce: Time spent bootstrapping tablet: real 0.036s	user 0.010s	sys 0.015s
I20260709 13:14:24.452224  7028 leader_election.cc:304] T b0930d753002407d9f07000a34d10a53 P aa865c369fed4f7bbaeb2ab2701e9cce [CANDIDATE]: Term 1 pre-election: Election decided. Result: candidate lost. Election summary: received 3 responses out of 3 voters: 1 yes votes; 2 no votes. yes voters: aa865c369fed4f7bbaeb2ab2701e9cce; no voters: 6df9a99d4a66442b92fa63fcfcba8ac3, e104702b45d543edbf0d6692397e5961
