I20260709 13:14:07.716943 28456 raft_consensus.cc:3060] T b0ef5155c18244bea32e72606b939f76 P 6f8b0834a6d64ee1b463e8bdd2456bca [term 3 FOLLOWER]: Advancing to term 4
I20260709 13:14:07.724231 28600 raft_consensus.cc:993] T 359bf3ced96e493dbf424e9a86e85e49 P 1c43303de8fb453b9feee9376291edb0: : Instructing follower 6f8b0834a6d64ee1b463e8bdd2456bca to start an election
I20260709 13:14:07.723626 28456 raft_consensus.cc:515] T b0ef5155c18244bea32e72606b939f76 P 6f8b0834a6d64ee1b463e8bdd2456bca [term 4 FOLLOWER]: Starting forced leader election with config: opid_index: -1 OBSOLETE_local: false peers { permanent_uuid: "2df806ea7b884d819dca9643bface484" member_type: VOTER last_known_addr { host: "127.27.131.65" port: 43567 } } peers { permanent_uuid: "1c43303de8fb453b9feee9376291edb0" member_type: VOTER last_known_addr { host: "127.27.131.66" port: 46609 } } peers { permanent_uuid: "6f8b0834a6d64ee1b463e8bdd2456bca" member_type: VOTER last_known_addr { host: "127.27.131.67" port: 45431 } }
I20260709 13:14:07.724889 28642 raft_consensus.cc:1081] T 359bf3ced96e493dbf424e9a86e85e49 P 1c43303de8fb453b9feee9376291edb0 [term 4 LEADER]: Signalling peer 6f8b0834a6d64ee1b463e8bdd2456bca to start an election
I20260709 13:14:07.726262 28456 leader_election.cc:290] T b0ef5155c18244bea32e72606b939f76 P 6f8b0834a6d64ee1b463e8bdd2456bca [CANDIDATE]: Term 4 election: Requested vote from peers 2df806ea7b884d819dca9643bface484 (127.27.131.65:43567), 1c43303de8fb453b9feee9376291edb0 (127.27.131.66:46609)
I20260709 13:14:07.726769 28457 tablet_service.cc:2044] Received Run Leader Election RPC: tablet_id: "359bf3ced96e493dbf424e9a86e85e49"
dest_uuid: "6f8b0834a6d64ee1b463e8bdd2456bca"
 from {username='slave'} at 127.0.0.1:52224
I20260709 13:14:07.727399 28457 raft_consensus.cc:493] T 359bf3ced96e493dbf424e9a86e85e49 P 6f8b0834a6d64ee1b463e8bdd2456bca [term 4 FOLLOWER]: Starting forced leader election (received explicit request)
I20260709 13:14:07.727766 28457 raft_consensus.cc:3060] T 359bf3ced96e493dbf424e9a86e85e49 P 6f8b0834a6d64ee1b463e8bdd2456bca [term 4 FOLLOWER]: Advancing to term 5
I20260709 13:14:07.727502 28307 tablet_service.cc:1917] Received RequestConsensusVote() RPC: tablet_id: "b0ef5155c18244bea32e72606b939f76" candidate_uuid: "6f8b0834a6d64ee1b463e8bdd2456bca" candidate_term: 4 candidate_status { last_received { term: 3 index: 3 } } ignore_live_leader: true dest_uuid: "2df806ea7b884d819dca9643bface484"
I20260709 13:14:07.727592 28382 tablet_service.cc:1917] Received RequestConsensusVote() RPC: tablet_id: "b0ef5155c18244bea32e72606b939f76" candidate_uuid: "6f8b0834a6d64ee1b463e8bdd2456bca" candidate_term: 4 candidate_status { last_received { term: 3 index: 3 } } ignore_live_leader: true dest_uuid: "1c43303de8fb453b9feee9376291edb0"
I20260709 13:14:07.728605 28382 raft_consensus.cc:3055] T b0ef5155c18244bea32e72606b939f76 P 1c43303de8fb453b9feee9376291edb0 [term 3 LEADER]: Stepping down as leader of term 3
I20260709 13:14:07.728624 28307 raft_consensus.cc:3060] T b0ef5155c18244bea32e72606b939f76 P 2df806ea7b884d819dca9643bface484 [term 3 FOLLOWER]: Advancing to term 4
I20260709 13:14:07.729068 28382 raft_consensus.cc:740] T b0ef5155c18244bea32e72606b939f76 P 1c43303de8fb453b9feee9376291edb0 [term 3 LEADER]: Becoming Follower/Learner. State: Replica: 1c43303de8fb453b9feee9376291edb0, State: Running, Role: LEADER
I20260709 13:14:07.730008 28382 consensus_queue.cc:260] T b0ef5155c18244bea32e72606b939f76 P 1c43303de8fb453b9feee9376291edb0 [NON_LEADER]: Queue going to NON_LEADER mode. State: All replicated index: 0, Majority replicated index: 3, Committed index: 3, Last appended: 3.3, Last appended by leader: 3, Current term: 3, Majority size: -1, State: 0, Mode: NON_LEADER, active raft config: opid_index: -1 OBSOLETE_local: false peers { permanent_uuid: "2df806ea7b884d819dca9643bface484" member_type: VOTER last_known_addr { host: "127.27.131.65" port: 43567 } } peers { permanent_uuid: "1c43303de8fb453b9feee9376291edb0" member_type: VOTER last_known_addr { host: "127.27.131.66" port: 46609 } } peers { permanent_uuid: "6f8b0834a6d64ee1b463e8bdd2456bca" member_type: VOTER last_known_addr { host: "127.27.131.67" port: 45431 } }
I20260709 13:14:07.731251 28382 raft_consensus.cc:3060] T b0ef5155c18244bea32e72606b939f76 P 1c43303de8fb453b9feee9376291edb0 [term 3 FOLLOWER]: Advancing to term 4
I20260709 13:14:07.734701 28457 raft_consensus.cc:515] T 359bf3ced96e493dbf424e9a86e85e49 P 6f8b0834a6d64ee1b463e8bdd2456bca [term 5 FOLLOWER]: Starting forced leader election with config: opid_index: -1 OBSOLETE_local: false peers { permanent_uuid: "2df806ea7b884d819dca9643bface484" member_type: VOTER last_known_addr { host: "127.27.131.65" port: 43567 } } peers { permanent_uuid: "6f8b0834a6d64ee1b463e8bdd2456bca" member_type: VOTER last_known_addr { host: "127.27.131.67" port: 45431 } } peers { permanent_uuid: "1c43303de8fb453b9feee9376291edb0" member_type: VOTER last_known_addr { host: "127.27.131.66" port: 46609 } }
I20260709 13:14:07.735036 28307 raft_consensus.cc:2468] T b0ef5155c18244bea32e72606b939f76 P 2df806ea7b884d819dca9643bface484 [term 4 FOLLOWER]: Leader election vote request: Granting yes vote for candidate 6f8b0834a6d64ee1b463e8bdd2456bca in term 4.
I20260709 13:14:07.737797 28457 leader_election.cc:290] T 359bf3ced96e493dbf424e9a86e85e49 P 6f8b0834a6d64ee1b463e8bdd2456bca [CANDIDATE]: Term 5 election: Requested vote from peers 2df806ea7b884d819dca9643bface484 (127.27.131.65:43567), 1c43303de8fb453b9feee9376291edb0 (127.27.131.66:46609)
I20260709 13:14:07.737700 28382 raft_consensus.cc:2468] T b0ef5155c18244bea32e72606b939f76 P 1c43303de8fb453b9feee9376291edb0 [term 4 FOLLOWER]: Leader election vote request: Granting yes vote for candidate 6f8b0834a6d64ee1b463e8bdd2456bca in term 4.
I20260709 13:14:07.738951 28423 leader_election.cc:304] T b0ef5155c18244bea32e72606b939f76 P 6f8b0834a6d64ee1b463e8bdd2456bca [CANDIDATE]: Term 4 election: Election decided. Result: candidate won. Election summary: received 2 responses out of 3 voters: 2 yes votes; 0 no votes. yes voters: 2df806ea7b884d819dca9643bface484, 6f8b0834a6d64ee1b463e8bdd2456bca; no voters: 
I20260709 13:14:07.738977 28308 tablet_service.cc:1917] Received RequestConsensusVote() RPC: tablet_id: "359bf3ced96e493dbf424e9a86e85e49" candidate_uuid: "6f8b0834a6d64ee1b463e8bdd2456bca" candidate_term: 5 candidate_status { last_received { term: 4 index: 4 } } ignore_live_leader: true dest_uuid: "2df806ea7b884d819dca9643bface484"
I20260709 13:14:07.739868 28308 raft_consensus.cc:3060] T 359bf3ced96e493dbf424e9a86e85e49 P 2df806ea7b884d819dca9643bface484 [term 4 FOLLOWER]: Advancing to term 5
I20260709 13:14:07.740366 28640 raft_consensus.cc:2804] T b0ef5155c18244bea32e72606b939f76 P 6f8b0834a6d64ee1b463e8bdd2456bca [term 4 FOLLOWER]: Leader election won for term 4
I20260709 13:14:07.740280 28382 tablet_service.cc:1917] Received RequestConsensusVote() RPC: tablet_id: "359bf3ced96e493dbf424e9a86e85e49" candidate_uuid: "6f8b0834a6d64ee1b463e8bdd2456bca" candidate_term: 5 candidate_status { last_received { term: 4 index: 4 } } ignore_live_leader: true dest_uuid: "1c43303de8fb453b9feee9376291edb0"
I20260709 13:14:07.741191 28382 raft_consensus.cc:3055] T 359bf3ced96e493dbf424e9a86e85e49 P 1c43303de8fb453b9feee9376291edb0 [term 4 LEADER]: Stepping down as leader of term 4
I20260709 13:14:07.741456 28382 raft_consensus.cc:740] T 359bf3ced96e493dbf424e9a86e85e49 P 1c43303de8fb453b9feee9376291edb0 [term 4 LEADER]: Becoming Follower/Learner. State: Replica: 1c43303de8fb453b9feee9376291edb0, State: Running, Role: LEADER
I20260709 13:14:07.741936 28640 raft_consensus.cc:697] T b0ef5155c18244bea32e72606b939f76 P 6f8b0834a6d64ee1b463e8bdd2456bca [term 4 LEADER]: Becoming Leader. State: Replica: 6f8b0834a6d64ee1b463e8bdd2456bca, State: Running, Role: LEADER
I20260709 13:14:07.742341 28382 consensus_queue.cc:260] T 359bf3ced96e493dbf424e9a86e85e49 P 1c43303de8fb453b9feee9376291edb0 [NON_LEADER]: Queue going to NON_LEADER mode. State: All replicated index: 0, Majority replicated index: 4, Committed index: 4, Last appended: 4.4, Last appended by leader: 4, Current term: 4, Majority size: -1, State: 0, Mode: NON_LEADER, active raft config: opid_index: -1 OBSOLETE_local: false peers { permanent_uuid: "2df806ea7b884d819dca9643bface484" member_type: VOTER last_known_addr { host: "127.27.131.65" port: 43567 } } peers { permanent_uuid: "6f8b0834a6d64ee1b463e8bdd2456bca" member_type: VOTER last_known_addr { host: "127.27.131.67" port: 45431 } } peers { permanent_uuid: "1c43303de8fb453b9feee9376291edb0" member_type: VOTER last_known_addr { host: "127.27.131.66" port: 46609 } }
I20260709 13:14:07.743731 28382 raft_consensus.cc:3060] T 359bf3ced96e493dbf424e9a86e85e49 P 1c43303de8fb453b9feee9376291edb0 [term 4 FOLLOWER]: Advancing to term 5
I20260709 13:14:07.743551 28640 consensus_queue.cc:237] T b0ef5155c18244bea32e72606b939f76 P 6f8b0834a6d64ee1b463e8bdd2456bca [LEADER]: Queue going to LEADER mode. State: All replicated index: 0, Majority replicated index: 3, Committed index: 3, Last appended: 3.3, Last appended by leader: 3, Current term: 4, Majority size: 2, State: 0, Mode: LEADER, active raft config: opid_index: -1 OBSOLETE_local: false peers { permanent_uuid: "2df806ea7b884d819dca9643bface484" member_type: VOTER last_known_addr { host: "127.27.131.65" port: 43567 } } peers { permanent_uuid: "1c43303de8fb453b9feee9376291edb0" member_type: VOTER last_known_addr { host: "127.27.131.66" port: 46609 } } peers { permanent_uuid: "6f8b0834a6d64ee1b463e8bdd2456bca" member_type: VOTER last_known_addr { host: "127.27.131.67" port: 45431 } }
I20260709 13:14:07.749752 28308 raft_consensus.cc:2468] T 359bf3ced96e493dbf424e9a86e85e49 P 2df806ea7b884d819dca9643bface484 [term 5 FOLLOWER]: Leader election vote request: Granting yes vote for candidate 6f8b0834a6d64ee1b463e8bdd2456bca in term 5.
I20260709 13:14:07.751102 28382 raft_consensus.cc:2468] T 359bf3ced96e493dbf424e9a86e85e49 P 1c43303de8fb453b9feee9376291edb0 [term 5 FOLLOWER]: Leader election vote request: Granting yes vote for candidate 6f8b0834a6d64ee1b463e8bdd2456bca in term 5.
I20260709 13:14:07.751708 28423 leader_election.cc:304] T 359bf3ced96e493dbf424e9a86e85e49 P 6f8b0834a6d64ee1b463e8bdd2456bca [CANDIDATE]: Term 5 election: Election decided. Result: candidate won. Election summary: received 2 responses out of 3 voters: 2 yes votes; 0 no votes. yes voters: 2df806ea7b884d819dca9643bface484, 6f8b0834a6d64ee1b463e8bdd2456bca; no voters: 
I20260709 13:14:07.753126 28640 raft_consensus.cc:2804] T 359bf3ced96e493dbf424e9a86e85e49 P 6f8b0834a6d64ee1b463e8bdd2456bca [term 5 FOLLOWER]: Leader election won for term 5
I20260709 13:14:07.754009 28640 raft_consensus.cc:697] T 359bf3ced96e493dbf424e9a86e85e49 P 6f8b0834a6d64ee1b463e8bdd2456bca [term 5 LEADER]: Becoming Leader. State: Replica: 6f8b0834a6d64ee1b463e8bdd2456bca, State: Running, Role: LEADER
I20260709 13:14:07.753813 28205 catalog_manager.cc:5697] T b0ef5155c18244bea32e72606b939f76 P 6f8b0834a6d64ee1b463e8bdd2456bca reported cstate change: term changed from 3 to 4, leader changed from 1c43303de8fb453b9feee9376291edb0 (127.27.131.66) to 6f8b0834a6d64ee1b463e8bdd2456bca (127.27.131.67). New cstate: current_term: 4 leader_uuid: "6f8b0834a6d64ee1b463e8bdd2456bca" committed_config { opid_index: -1 OBSOLETE_local: false peers { permanent_uuid: "2df806ea7b884d819dca9643bface484" member_type: VOTER last_known_addr { host: "127.27.131.65" port: 43567 } health_report { overall_health: UNKNOWN } } peers { permanent_uuid: "1c43303de8fb453b9feee9376291edb0" member_type: VOTER last_known_addr { host: "127.27.131.66" port: 46609 } health_report { overall_health: UNKNOWN } } peers { permanent_uuid: "6f8b0834a6d64ee1b463e8bdd2456bca" member_type: VOTER last_known_addr { host: "127.27.131.67" port: 45431 } health_report { overall_health: HEALTHY } } }
I20260709 13:14:07.755112 28640 consensus_queue.cc:237] T 359bf3ced96e493dbf424e9a86e85e49 P 6f8b0834a6d64ee1b463e8bdd2456bca [LEADER]: Queue going to LEADER mode. State: All replicated index: 0, Majority replicated index: 4, Committed index: 4, Last appended: 4.4, Last appended by leader: 4, Current term: 5, Majority size: 2, State: 0, Mode: LEADER, active raft config: opid_index: -1 OBSOLETE_local: false peers { permanent_uuid: "2df806ea7b884d819dca9643bface484" member_type: VOTER last_known_addr { host: "127.27.131.65" port: 43567 } } peers { permanent_uuid: "6f8b0834a6d64ee1b463e8bdd2456bca" member_type: VOTER last_known_addr { host: "127.27.131.67" port: 45431 } } peers { permanent_uuid: "1c43303de8fb453b9feee9376291edb0" member_type: VOTER last_known_addr { host: "127.27.131.66" port: 46609 } }
I20260709 13:14:07.760627 28600 raft_consensus.cc:993] T aae670bb0d50493aa133047bc7bfd1d6 P 1c43303de8fb453b9feee9376291edb0: : Instructing follower 2df806ea7b884d819dca9643bface484 to start an election
I20260709 13:14:07.761677 28645 raft_consensus.cc:1081] T aae670bb0d50493aa133047bc7bfd1d6 P 1c43303de8fb453b9feee9376291edb0 [term 2 LEADER]: Signalling peer 2df806ea7b884d819dca9643bface484 to start an election
I20260709 13:14:07.764096 28306 tablet_service.cc:2044] Received Run Leader Election RPC: tablet_id: "aae670bb0d50493aa133047bc7bfd1d6"
dest_uuid: "2df806ea7b884d819dca9643bface484"
 from {username='slave'} at 127.0.0.1:58200
I20260709 13:14:07.764747 28306 raft_consensus.cc:493] T aae670bb0d50493aa133047bc7bfd1d6 P 2df806ea7b884d819dca9643bface484 [term 2 FOLLOWER]: Starting forced leader election (received explicit request)
I20260709 13:14:07.765141 28306 raft_consensus.cc:3060] T aae670bb0d50493aa133047bc7bfd1d6 P 2df806ea7b884d819dca9643bface484 [term 2 FOLLOWER]: Advancing to term 3
I20260709 13:14:07.771049 28306 raft_consensus.cc:515] T aae670bb0d50493aa133047bc7bfd1d6 P 2df806ea7b884d819dca9643bface484 [term 3 FOLLOWER]: Starting forced leader election with config: opid_index: -1 OBSOLETE_local: false peers { permanent_uuid: "2df806ea7b884d819dca9643bface484" member_type: VOTER last_known_addr { host: "127.27.131.65" port: 43567 } } peers { permanent_uuid: "1c43303de8fb453b9feee9376291edb0" member_type: VOTER last_known_addr { host: "127.27.131.66" port: 46609 } } peers { permanent_uuid: "6f8b0834a6d64ee1b463e8bdd2456bca" member_type: VOTER last_known_addr { host: "127.27.131.67" port: 45431 } }
I20260709 13:14:07.773576 28306 leader_election.cc:290] T aae670bb0d50493aa133047bc7bfd1d6 P 2df806ea7b884d819dca9643bface484 [CANDIDATE]: Term 3 election: Requested vote from peers 1c43303de8fb453b9feee9376291edb0 (127.27.131.66:46609), 6f8b0834a6d64ee1b463e8bdd2456bca (127.27.131.67:45431)
I20260709 13:14:07.774834 28382 tablet_service.cc:1917] Received RequestConsensusVote() RPC: tablet_id: "aae670bb0d50493aa133047bc7bfd1d6" candidate_uuid: "2df806ea7b884d819dca9643bface484" candidate_term: 3 candidate_status { last_received { term: 2 index: 2 } } ignore_live_leader: true dest_uuid: "1c43303de8fb453b9feee9376291edb0"
I20260709 13:14:07.775045 28457 tablet_service.cc:1917] Received RequestConsensusVote() RPC: tablet_id: "aae670bb0d50493aa133047bc7bfd1d6" candidate_uuid: "2df806ea7b884d819dca9643bface484" candidate_term: 3 candidate_status { last_received { term: 2 index: 2 } } ignore_live_leader: true dest_uuid: "6f8b0834a6d64ee1b463e8bdd2456bca"
I20260709 13:14:07.775520 28382 raft_consensus.cc:3055] T aae670bb0d50493aa133047bc7bfd1d6 P 1c43303de8fb453b9feee9376291edb0 [term 2 LEADER]: Stepping down as leader of term 2
I20260709 13:14:07.775662 28457 raft_consensus.cc:3060] T aae670bb0d50493aa133047bc7bfd1d6 P 6f8b0834a6d64ee1b463e8bdd2456bca [term 2 FOLLOWER]: Advancing to term 3
I20260709 13:14:07.775931 28382 raft_consensus.cc:740] T aae670bb0d50493aa133047bc7bfd1d6 P 1c43303de8fb453b9feee9376291edb0 [term 2 LEADER]: Becoming Follower/Learner. State: Replica: 1c43303de8fb453b9feee9376291edb0, State: Running, Role: LEADER
I20260709 13:14:07.776777 28382 consensus_queue.cc:260] T aae670bb0d50493aa133047bc7bfd1d6 P 1c43303de8fb453b9feee9376291edb0 [NON_LEADER]: Queue going to NON_LEADER mode. State: All replicated index: 0, Majority replicated index: 2, Committed index: 2, Last appended: 2.2, Last appended by leader: 2, Current term: 2, Majority size: -1, State: 0, Mode: NON_LEADER, active raft config: opid_index: -1 OBSOLETE_local: false peers { permanent_uuid: "2df806ea7b884d819dca9643bface484" member_type: VOTER last_known_addr { host: "127.27.131.65" port: 43567 } } peers { permanent_uuid: "1c43303de8fb453b9feee9376291edb0" member_type: VOTER last_known_addr { host: "127.27.131.66" port: 46609 } } peers { permanent_uuid: "6f8b0834a6d64ee1b463e8bdd2456bca" member_type: VOTER last_known_addr { host: "127.27.131.67" port: 45431 } }
I20260709 13:14:07.777870 28382 raft_consensus.cc:3060] T aae670bb0d50493aa133047bc7bfd1d6 P 1c43303de8fb453b9feee9376291edb0 [term 2 FOLLOWER]: Advancing to term 3
I20260709 13:14:07.780433 28457 raft_consensus.cc:2468] T aae670bb0d50493aa133047bc7bfd1d6 P 6f8b0834a6d64ee1b463e8bdd2456bca [term 3 FOLLOWER]: Leader election vote request: Granting yes vote for candidate 2df806ea7b884d819dca9643bface484 in term 3.
I20260709 13:14:07.780421 28205 catalog_manager.cc:5697] T 359bf3ced96e493dbf424e9a86e85e49 P 6f8b0834a6d64ee1b463e8bdd2456bca reported cstate change: term changed from 4 to 5, leader changed from 1c43303de8fb453b9feee9376291edb0 (127.27.131.66) to 6f8b0834a6d64ee1b463e8bdd2456bca (127.27.131.67). New cstate: current_term: 5 leader_uuid: "6f8b0834a6d64ee1b463e8bdd2456bca" committed_config { opid_index: -1 OBSOLETE_local: false peers { permanent_uuid: "2df806ea7b884d819dca9643bface484" member_type: VOTER last_known_addr { host: "127.27.131.65" port: 43567 } health_report { overall_health: UNKNOWN } } peers { permanent_uuid: "6f8b0834a6d64ee1b463e8bdd2456bca" member_type: VOTER last_known_addr { host: "127.27.131.67" port: 45431 } health_report { overall_health: HEALTHY } } peers { permanent_uuid: "1c43303de8fb453b9feee9376291edb0" member_type: VOTER last_known_addr { host: "127.27.131.66" port: 46609 } health_report { overall_health: UNKNOWN } } }
I20260709 13:14:07.782121 28271 leader_election.cc:304] T aae670bb0d50493aa133047bc7bfd1d6 P 2df806ea7b884d819dca9643bface484 [CANDIDATE]: Term 3 election: Election decided. Result: candidate won. Election summary: received 2 responses out of 3 voters: 2 yes votes; 0 no votes. yes voters: 2df806ea7b884d819dca9643bface484, 6f8b0834a6d64ee1b463e8bdd2456bca; no voters: 
I20260709 13:14:07.783969 28651 raft_consensus.cc:2804] T aae670bb0d50493aa133047bc7bfd1d6 P 2df806ea7b884d819dca9643bface484 [term 3 FOLLOWER]: Leader election won for term 3
I20260709 13:14:07.785826 28382 raft_consensus.cc:2468] T aae670bb0d50493aa133047bc7bfd1d6 P 1c43303de8fb453b9feee9376291edb0 [term 3 FOLLOWER]: Leader election vote request: Granting yes vote for candidate 2df806ea7b884d819dca9643bface484 in term 3.
I20260709 13:14:07.788164 28651 raft_consensus.cc:697] T aae670bb0d50493aa133047bc7bfd1d6 P 2df806ea7b884d819dca9643bface484 [term 3 LEADER]: Becoming Leader. State: Replica: 2df806ea7b884d819dca9643bface484, State: Running, Role: LEADER
I20260709 13:14:07.789353 28651 consensus_queue.cc:237] T aae670bb0d50493aa133047bc7bfd1d6 P 2df806ea7b884d819dca9643bface484 [LEADER]: Queue going to LEADER mode. State: All replicated index: 0, Majority replicated index: 2, Committed index: 2, Last appended: 2.2, Last appended by leader: 2, Current term: 3, Majority size: 2, State: 0, Mode: LEADER, active raft config: opid_index: -1 OBSOLETE_local: false peers { permanent_uuid: "2df806ea7b884d819dca9643bface484" member_type: VOTER last_known_addr { host: "127.27.131.65" port: 43567 } } peers { permanent_uuid: "1c43303de8fb453b9feee9376291edb0" member_type: VOTER last_known_addr { host: "127.27.131.66" port: 46609 } } peers { permanent_uuid: "6f8b0834a6d64ee1b463e8bdd2456bca" member_type: VOTER last_known_addr { host: "127.27.131.67" port: 45431 } }
I20260709 13:14:07.797781 28205 catalog_manager.cc:5697] T aae670bb0d50493aa133047bc7bfd1d6 P 2df806ea7b884d819dca9643bface484 reported cstate change: term changed from 2 to 3, leader changed from 1c43303de8fb453b9feee9376291edb0 (127.27.131.66) to 2df806ea7b884d819dca9643bface484 (127.27.131.65). New cstate: current_term: 3 leader_uuid: "2df806ea7b884d819dca9643bface484" committed_config { opid_index: -1 OBSOLETE_local: false peers { permanent_uuid: "2df806ea7b884d819dca9643bface484" member_type: VOTER last_known_addr { host: "127.27.131.65" port: 43567 } health_report { overall_health: HEALTHY } } peers { permanent_uuid: "1c43303de8fb453b9feee9376291edb0" member_type: VOTER last_known_addr { host: "127.27.131.66" port: 46609 } health_report { overall_health: UNKNOWN } } peers { permanent_uuid: "6f8b0834a6d64ee1b463e8bdd2456bca" member_type: VOTER last_known_addr { host: "127.27.131.67" port: 45431 } health_report { overall_health: UNKNOWN } } }
I20260709 13:14:07.861342 28600 raft_consensus.cc:993] T e8042d549ac64ca7a43bc580bb58a720 P 1c43303de8fb453b9feee9376291edb0: : Instructing follower 2df806ea7b884d819dca9643bface484 to start an election
I20260709 13:14:07.861872 28645 raft_consensus.cc:1081] T e8042d549ac64ca7a43bc580bb58a720 P 1c43303de8fb453b9feee9376291edb0 [term 3 LEADER]: Signalling peer 2df806ea7b884d819dca9643bface484 to start an election
I20260709 13:14:07.863643 28306 tablet_service.cc:2044] Received Run Leader Election RPC: tablet_id: "e8042d549ac64ca7a43bc580bb58a720"
dest_uuid: "2df806ea7b884d819dca9643bface484"
 from {username='slave'} at 127.0.0.1:58200
I20260709 13:14:07.864277 28306 raft_consensus.cc:493] T e8042d549ac64ca7a43bc580bb58a720 P 2df806ea7b884d819dca9643bface484 [term 3 FOLLOWER]: Starting forced leader election (received explicit request)
I20260709 13:14:07.864565 28306 raft_consensus.cc:3060] T e8042d549ac64ca7a43bc580bb58a720 P 2df806ea7b884d819dca9643bface484 [term 3 FOLLOWER]: Advancing to term 4
I20260709 13:14:07.870231 28306 raft_consensus.cc:515] T e8042d549ac64ca7a43bc580bb58a720 P 2df806ea7b884d819dca9643bface484 [term 4 FOLLOWER]: Starting forced leader election with config: opid_index: -1 OBSOLETE_local: false peers { permanent_uuid: "2df806ea7b884d819dca9643bface484" member_type: VOTER last_known_addr { host: "127.27.131.65" port: 43567 } } peers { permanent_uuid: "1c43303de8fb453b9feee9376291edb0" member_type: VOTER last_known_addr { host: "127.27.131.66" port: 46609 } } peers { permanent_uuid: "6f8b0834a6d64ee1b463e8bdd2456bca" member_type: VOTER last_known_addr { host: "127.27.131.67" port: 45431 } }
I20260709 13:14:07.871941 28306 leader_election.cc:290] T e8042d549ac64ca7a43bc580bb58a720 P 2df806ea7b884d819dca9643bface484 [CANDIDATE]: Term 4 election: Requested vote from peers 1c43303de8fb453b9feee9376291edb0 (127.27.131.66:46609), 6f8b0834a6d64ee1b463e8bdd2456bca (127.27.131.67:45431)
I20260709 13:14:07.873059 28382 tablet_service.cc:1917] Received RequestConsensusVote() RPC: tablet_id: "e8042d549ac64ca7a43bc580bb58a720" candidate_uuid: "2df806ea7b884d819dca9643bface484" candidate_term: 4 candidate_status { last_received { term: 3 index: 3 } } ignore_live_leader: true dest_uuid: "1c43303de8fb453b9feee9376291edb0"
I20260709 13:14:07.873128 28456 tablet_service.cc:1917] Received RequestConsensusVote() RPC: tablet_id: "e8042d549ac64ca7a43bc580bb58a720" candidate_uuid: "2df806ea7b884d819dca9643bface484" candidate_term: 4 candidate_status { last_received { term: 3 index: 3 } } ignore_live_leader: true dest_uuid: "6f8b0834a6d64ee1b463e8bdd2456bca"
I20260709 13:14:07.873733 28382 raft_consensus.cc:3055] T e8042d549ac64ca7a43bc580bb58a720 P 1c43303de8fb453b9feee9376291edb0 [term 3 LEADER]: Stepping down as leader of term 3
I20260709 13:14:07.873873 28456 raft_consensus.cc:3060] T e8042d549ac64ca7a43bc580bb58a720 P 6f8b0834a6d64ee1b463e8bdd2456bca [term 3 FOLLOWER]: Advancing to term 4
I20260709 13:14:07.874030 28382 raft_consensus.cc:740] T e8042d549ac64ca7a43bc580bb58a720 P 1c43303de8fb453b9feee9376291edb0 [term 3 LEADER]: Becoming Follower/Learner. State: Replica: 1c43303de8fb453b9feee9376291edb0, State: Running, Role: LEADER
I20260709 13:14:07.874821 28382 consensus_queue.cc:260] T e8042d549ac64ca7a43bc580bb58a720 P 1c43303de8fb453b9feee9376291edb0 [NON_LEADER]: Queue going to NON_LEADER mode. State: All replicated index: 0, Majority replicated index: 3, Committed index: 3, Last appended: 3.3, Last appended by leader: 3, Current term: 3, Majority size: -1, State: 0, Mode: NON_LEADER, active raft config: opid_index: -1 OBSOLETE_local: false peers { permanent_uuid: "2df806ea7b884d819dca9643bface484" member_type: VOTER last_known_addr { host: "127.27.131.65" port: 43567 } } peers { permanent_uuid: "1c43303de8fb453b9feee9376291edb0" member_type: VOTER last_known_addr { host: "127.27.131.66" port: 46609 } } peers { permanent_uuid: "6f8b0834a6d64ee1b463e8bdd2456bca" member_type: VOTER last_known_addr { host: "127.27.131.67" port: 45431 } }
I20260709 13:14:07.875662 28382 raft_consensus.cc:3060] T e8042d549ac64ca7a43bc580bb58a720 P 1c43303de8fb453b9feee9376291edb0 [term 3 FOLLOWER]: Advancing to term 4
I20260709 13:14:07.879988 28456 raft_consensus.cc:2468] T e8042d549ac64ca7a43bc580bb58a720 P 6f8b0834a6d64ee1b463e8bdd2456bca [term 4 FOLLOWER]: Leader election vote request: Granting yes vote for candidate 2df806ea7b884d819dca9643bface484 in term 4.
I20260709 13:14:07.881382 28382 raft_consensus.cc:2468] T e8042d549ac64ca7a43bc580bb58a720 P 1c43303de8fb453b9feee9376291edb0 [term 4 FOLLOWER]: Leader election vote request: Granting yes vote for candidate 2df806ea7b884d819dca9643bface484 in term 4.
I20260709 13:14:07.881280 28271 leader_election.cc:304] T e8042d549ac64ca7a43bc580bb58a720 P 2df806ea7b884d819dca9643bface484 [CANDIDATE]: Term 4 election: Election decided. Result: candidate won. Election summary: received 2 responses out of 3 voters: 2 yes votes; 0 no votes. yes voters: 2df806ea7b884d819dca9643bface484, 6f8b0834a6d64ee1b463e8bdd2456bca; no voters: 
I20260709 13:14:07.882340 28651 raft_consensus.cc:2804] T e8042d549ac64ca7a43bc580bb58a720 P 2df806ea7b884d819dca9643bface484 [term 4 FOLLOWER]: Leader election won for term 4
I20260709 13:14:07.882794 28651 raft_consensus.cc:697] T e8042d549ac64ca7a43bc580bb58a720 P 2df806ea7b884d819dca9643bface484 [term 4 LEADER]: Becoming Leader. State: Replica: 2df806ea7b884d819dca9643bface484, State: Running, Role: LEADER
I20260709 13:14:07.883531 28651 consensus_queue.cc:237] T e8042d549ac64ca7a43bc580bb58a720 P 2df806ea7b884d819dca9643bface484 [LEADER]: Queue going to LEADER mode. State: All replicated index: 0, Majority replicated index: 3, Committed index: 3, Last appended: 3.3, Last appended by leader: 3, Current term: 4, Majority size: 2, State: 0, Mode: LEADER, active raft config: opid_index: -1 OBSOLETE_local: false peers { permanent_uuid: "2df806ea7b884d819dca9643bface484" member_type: VOTER last_known_addr { host: "127.27.131.65" port: 43567 } } peers { permanent_uuid: "1c43303de8fb453b9feee9376291edb0" member_type: VOTER last_known_addr { host: "127.27.131.66" port: 46609 } } peers { permanent_uuid: "6f8b0834a6d64ee1b463e8bdd2456bca" member_type: VOTER last_known_addr { host: "127.27.131.67" port: 45431 } }
I20260709 13:14:07.891476 28205 catalog_manager.cc:5697] T e8042d549ac64ca7a43bc580bb58a720 P 2df806ea7b884d819dca9643bface484 reported cstate change: term changed from 3 to 4, leader changed from 1c43303de8fb453b9feee9376291edb0 (127.27.131.66) to 2df806ea7b884d819dca9643bface484 (127.27.131.65). New cstate: current_term: 4 leader_uuid: "2df806ea7b884d819dca9643bface484" committed_config { opid_index: -1 OBSOLETE_local: false peers { permanent_uuid: "2df806ea7b884d819dca9643bface484" member_type: VOTER last_known_addr { host: "127.27.131.65" port: 43567 } health_report { overall_health: HEALTHY } } peers { permanent_uuid: "1c43303de8fb453b9feee9376291edb0" member_type: VOTER last_known_addr { host: "127.27.131.66" port: 46609 } health_report { overall_health: UNKNOWN } } peers { permanent_uuid: "6f8b0834a6d64ee1b463e8bdd2456bca" member_type: VOTER last_known_addr { host: "127.27.131.67" port: 45431 } health_report { overall_health: UNKNOWN } } }
I20260709 13:14:08.127611 28600 raft_consensus.cc:993] T 99cd38a8462a452a92ba0af9f7b8292d P 1c43303de8fb453b9feee9376291edb0: : Instructing follower 2df806ea7b884d819dca9643bface484 to start an election
I20260709 13:14:08.128197 28600 raft_consensus.cc:1081] T 99cd38a8462a452a92ba0af9f7b8292d P 1c43303de8fb453b9feee9376291edb0 [term 3 LEADER]: Signalling peer 2df806ea7b884d819dca9643bface484 to start an election
I20260709 13:14:08.129819 28306 tablet_service.cc:2044] Received Run Leader Election RPC: tablet_id: "99cd38a8462a452a92ba0af9f7b8292d"
dest_uuid: "2df806ea7b884d819dca9643bface484"
 from {username='slave'} at 127.0.0.1:58200
I20260709 13:14:08.130244 28306 raft_consensus.cc:493] T 99cd38a8462a452a92ba0af9f7b8292d P 2df806ea7b884d819dca9643bface484 [term 3 FOLLOWER]: Starting forced leader election (received explicit request)
I20260709 13:14:08.130510 28306 raft_consensus.cc:3060] T 99cd38a8462a452a92ba0af9f7b8292d P 2df806ea7b884d819dca9643bface484 [term 3 FOLLOWER]: Advancing to term 4
I20260709 13:14:08.135512 28306 raft_consensus.cc:515] T 99cd38a8462a452a92ba0af9f7b8292d P 2df806ea7b884d819dca9643bface484 [term 4 FOLLOWER]: Starting forced leader election with config: opid_index: -1 OBSOLETE_local: false peers { permanent_uuid: "2df806ea7b884d819dca9643bface484" member_type: VOTER last_known_addr { host: "127.27.131.65" port: 43567 } } peers { permanent_uuid: "1c43303de8fb453b9feee9376291edb0" member_type: VOTER last_known_addr { host: "127.27.131.66" port: 46609 } } peers { permanent_uuid: "6f8b0834a6d64ee1b463e8bdd2456bca" member_type: VOTER last_known_addr { host: "127.27.131.67" port: 45431 } }
I20260709 13:14:08.137041 28306 leader_election.cc:290] T 99cd38a8462a452a92ba0af9f7b8292d P 2df806ea7b884d819dca9643bface484 [CANDIDATE]: Term 4 election: Requested vote from peers 1c43303de8fb453b9feee9376291edb0 (127.27.131.66:46609), 6f8b0834a6d64ee1b463e8bdd2456bca (127.27.131.67:45431)
I20260709 13:14:08.138119 28456 tablet_service.cc:1917] Received RequestConsensusVote() RPC: tablet_id: "99cd38a8462a452a92ba0af9f7b8292d" candidate_uuid: "2df806ea7b884d819dca9643bface484" candidate_term: 4 candidate_status { last_received { term: 3 index: 3 } } ignore_live_leader: true dest_uuid: "6f8b0834a6d64ee1b463e8bdd2456bca"
I20260709 13:14:08.138096 28382 tablet_service.cc:1917] Received RequestConsensusVote() RPC: tablet_id: "99cd38a8462a452a92ba0af9f7b8292d" candidate_uuid: "2df806ea7b884d819dca9643bface484" candidate_term: 4 candidate_status { last_received { term: 3 index: 3 } } ignore_live_leader: true dest_uuid: "1c43303de8fb453b9feee9376291edb0"
I20260709 13:14:08.138866 28382 raft_consensus.cc:3055] T 99cd38a8462a452a92ba0af9f7b8292d P 1c43303de8fb453b9feee9376291edb0 [term 3 LEADER]: Stepping down as leader of term 3
I20260709 13:14:08.138863 28456 raft_consensus.cc:3060] T 99cd38a8462a452a92ba0af9f7b8292d P 6f8b0834a6d64ee1b463e8bdd2456bca [term 3 FOLLOWER]: Advancing to term 4
I20260709 13:14:08.139351 28382 raft_consensus.cc:740] T 99cd38a8462a452a92ba0af9f7b8292d P 1c43303de8fb453b9feee9376291edb0 [term 3 LEADER]: Becoming Follower/Learner. State: Replica: 1c43303de8fb453b9feee9376291edb0, State: Running, Role: LEADER
I20260709 13:14:08.140189 28382 consensus_queue.cc:260] T 99cd38a8462a452a92ba0af9f7b8292d P 1c43303de8fb453b9feee9376291edb0 [NON_LEADER]: Queue going to NON_LEADER mode. State: All replicated index: 0, Majority replicated index: 3, Committed index: 3, Last appended: 3.3, Last appended by leader: 3, Current term: 3, Majority size: -1, State: 0, Mode: NON_LEADER, active raft config: opid_index: -1 OBSOLETE_local: false peers { permanent_uuid: "2df806ea7b884d819dca9643bface484" member_type: VOTER last_known_addr { host: "127.27.131.65" port: 43567 } } peers { permanent_uuid: "1c43303de8fb453b9feee9376291edb0" member_type: VOTER last_known_addr { host: "127.27.131.66" port: 46609 } } peers { permanent_uuid: "6f8b0834a6d64ee1b463e8bdd2456bca" member_type: VOTER last_known_addr { host: "127.27.131.67" port: 45431 } }
I20260709 13:14:08.141428 28382 raft_consensus.cc:3060] T 99cd38a8462a452a92ba0af9f7b8292d P 1c43303de8fb453b9feee9376291edb0 [term 3 FOLLOWER]: Advancing to term 4
I20260709 13:14:08.146780 28456 raft_consensus.cc:2468] T 99cd38a8462a452a92ba0af9f7b8292d P 6f8b0834a6d64ee1b463e8bdd2456bca [term 4 FOLLOWER]: Leader election vote request: Granting yes vote for candidate 2df806ea7b884d819dca9643bface484 in term 4.
I20260709 13:14:08.148046 28271 leader_election.cc:304] T 99cd38a8462a452a92ba0af9f7b8292d P 2df806ea7b884d819dca9643bface484 [CANDIDATE]: Term 4 election: Election decided. Result: candidate won. Election summary: received 2 responses out of 3 voters: 2 yes votes; 0 no votes. yes voters: 2df806ea7b884d819dca9643bface484, 6f8b0834a6d64ee1b463e8bdd2456bca; no voters: 
I20260709 13:14:08.148864 28651 raft_consensus.cc:2804] T 99cd38a8462a452a92ba0af9f7b8292d P 2df806ea7b884d819dca9643bface484 [term 4 FOLLOWER]: Leader election won for term 4
I20260709 13:14:08.148823 28382 raft_consensus.cc:2468] T 99cd38a8462a452a92ba0af9f7b8292d P 1c43303de8fb453b9feee9376291edb0 [term 4 FOLLOWER]: Leader election vote request: Granting yes vote for candidate 2df806ea7b884d819dca9643bface484 in term 4.
I20260709 13:14:08.149466 28651 raft_consensus.cc:697] T 99cd38a8462a452a92ba0af9f7b8292d P 2df806ea7b884d819dca9643bface484 [term 4 LEADER]: Becoming Leader. State: Replica: 2df806ea7b884d819dca9643bface484, State: Running, Role: LEADER
I20260709 13:14:08.150475 28651 consensus_queue.cc:237] T 99cd38a8462a452a92ba0af9f7b8292d P 2df806ea7b884d819dca9643bface484 [LEADER]: Queue going to LEADER mode. State: All replicated index: 0, Majority replicated index: 3, Committed index: 3, Last appended: 3.3, Last appended by leader: 3, Current term: 4, Majority size: 2, State: 0, Mode: LEADER, active raft config: opid_index: -1 OBSOLETE_local: false peers { permanent_uuid: "2df806ea7b884d819dca9643bface484" member_type: VOTER last_known_addr { host: "127.27.131.65" port: 43567 } } peers { permanent_uuid: "1c43303de8fb453b9feee9376291edb0" member_type: VOTER last_known_addr { host: "127.27.131.66" port: 46609 } } peers { permanent_uuid: "6f8b0834a6d64ee1b463e8bdd2456bca" member_type: VOTER last_known_addr { host: "127.27.131.67" port: 45431 } }
I20260709 13:14:08.157521 28205 catalog_manager.cc:5697] T 99cd38a8462a452a92ba0af9f7b8292d P 2df806ea7b884d819dca9643bface484 reported cstate change: term changed from 3 to 4, leader changed from 1c43303de8fb453b9feee9376291edb0 (127.27.131.66) to 2df806ea7b884d819dca9643bface484 (127.27.131.65). New cstate: current_term: 4 leader_uuid: "2df806ea7b884d819dca9643bface484" committed_config { opid_index: -1 OBSOLETE_local: false peers { permanent_uuid: "2df806ea7b884d819dca9643bface484" member_type: VOTER last_known_addr { host: "127.27.131.65" port: 43567 } health_report { overall_health: HEALTHY } } peers { permanent_uuid: "1c43303de8fb453b9feee9376291edb0" member_type: VOTER last_known_addr { host: "127.27.131.66" port: 46609 } health_report { overall_health: UNKNOWN } } peers { permanent_uuid: "6f8b0834a6d64ee1b463e8bdd2456bca" member_type: VOTER last_known_addr { host: "127.27.131.67" port: 45431 } health_report { overall_health: UNKNOWN } } }
I20260709 13:14:08.196695 28456 raft_consensus.cc:1275] T aae670bb0d50493aa133047bc7bfd1d6 P 6f8b0834a6d64ee1b463e8bdd2456bca [term 3 FOLLOWER]: Refusing update from remote peer 2df806ea7b884d819dca9643bface484: Log matching property violated. Preceding OpId in replica: term: 2 index: 2. Preceding OpId from leader: term: 3 index: 3. (index mismatch)
I20260709 13:14:08.198120 28651 consensus_queue.cc:1048] T aae670bb0d50493aa133047bc7bfd1d6 P 2df806ea7b884d819dca9643bface484 [LEADER]: Connected to new peer: Peer: permanent_uuid: "6f8b0834a6d64ee1b463e8bdd2456bca" member_type: VOTER last_known_addr { host: "127.27.131.67" port: 45431 }, Status: LMP_MISMATCH, Last received: 0.0, Next index: 3, Last known committed idx: 2, Time since last communication: 0.000s
I20260709 13:14:08.211342 28382 raft_consensus.cc:1275] T aae670bb0d50493aa133047bc7bfd1d6 P 1c43303de8fb453b9feee9376291edb0 [term 3 FOLLOWER]: Refusing update from remote peer 2df806ea7b884d819dca9643bface484: Log matching property violated. Preceding OpId in replica: term: 2 index: 2. Preceding OpId from leader: term: 3 index: 3. (index mismatch)
I20260709 13:14:08.213030 28651 consensus_queue.cc:1048] T aae670bb0d50493aa133047bc7bfd1d6 P 2df806ea7b884d819dca9643bface484 [LEADER]: Connected to new peer: Peer: permanent_uuid: "1c43303de8fb453b9feee9376291edb0" member_type: VOTER last_known_addr { host: "127.27.131.66" port: 46609 }, Status: LMP_MISMATCH, Last received: 0.0, Next index: 3, Last known committed idx: 2, Time since last communication: 0.000s
I20260709 13:14:08.239288 28382 raft_consensus.cc:1275] T 359bf3ced96e493dbf424e9a86e85e49 P 1c43303de8fb453b9feee9376291edb0 [term 5 FOLLOWER]: Refusing update from remote peer 6f8b0834a6d64ee1b463e8bdd2456bca: Log matching property violated. Preceding OpId in replica: term: 4 index: 4. Preceding OpId from leader: term: 5 index: 5. (index mismatch)
I20260709 13:14:08.240438 28640 consensus_queue.cc:1048] T 359bf3ced96e493dbf424e9a86e85e49 P 6f8b0834a6d64ee1b463e8bdd2456bca [LEADER]: Connected to new peer: Peer: permanent_uuid: "1c43303de8fb453b9feee9376291edb0" member_type: VOTER last_known_addr { host: "127.27.131.66" port: 46609 }, Status: LMP_MISMATCH, Last received: 0.0, Next index: 5, Last known committed idx: 4, Time since last communication: 0.000s
I20260709 13:14:08.250345 28306 raft_consensus.cc:1275] T 359bf3ced96e493dbf424e9a86e85e49 P 2df806ea7b884d819dca9643bface484 [term 5 FOLLOWER]: Refusing update from remote peer 6f8b0834a6d64ee1b463e8bdd2456bca: Log matching property violated. Preceding OpId in replica: term: 4 index: 4. Preceding OpId from leader: term: 5 index: 5. (index mismatch)
I20260709 13:14:08.251940 28640 consensus_queue.cc:1048] T 359bf3ced96e493dbf424e9a86e85e49 P 6f8b0834a6d64ee1b463e8bdd2456bca [LEADER]: Connected to new peer: Peer: permanent_uuid: "2df806ea7b884d819dca9643bface484" member_type: VOTER last_known_addr { host: "127.27.131.65" port: 43567 }, Status: LMP_MISMATCH, Last received: 0.0, Next index: 5, Last known committed idx: 4, Time since last communication: 0.001s
I20260709 13:14:08.334388 28306 raft_consensus.cc:1275] T b0ef5155c18244bea32e72606b939f76 P 2df806ea7b884d819dca9643bface484 [term 4 FOLLOWER]: Refusing update from remote peer 6f8b0834a6d64ee1b463e8bdd2456bca: Log matching property violated. Preceding OpId in replica: term: 3 index: 3. Preceding OpId from leader: term: 4 index: 4. (index mismatch)
I20260709 13:14:08.335774 28640 consensus_queue.cc:1048] T b0ef5155c18244bea32e72606b939f76 P 6f8b0834a6d64ee1b463e8bdd2456bca [LEADER]: Connected to new peer: Peer: permanent_uuid: "2df806ea7b884d819dca9643bface484" member_type: VOTER last_known_addr { host: "127.27.131.65" port: 43567 }, Status: LMP_MISMATCH, Last received: 0.0, Next index: 4, Last known committed idx: 3, Time since last communication: 0.000s
I20260709 13:14:08.345781 28382 raft_consensus.cc:1275] T b0ef5155c18244bea32e72606b939f76 P 1c43303de8fb453b9feee9376291edb0 [term 4 FOLLOWER]: Refusing update from remote peer 6f8b0834a6d64ee1b463e8bdd2456bca: Log matching property violated. Preceding OpId in replica: term: 3 index: 3. Preceding OpId from leader: term: 4 index: 4. (index mismatch)
I20260709 13:14:08.347862 28643 consensus_queue.cc:1048] T b0ef5155c18244bea32e72606b939f76 P 6f8b0834a6d64ee1b463e8bdd2456bca [LEADER]: Connected to new peer: Peer: permanent_uuid: "1c43303de8fb453b9feee9376291edb0" member_type: VOTER last_known_addr { host: "127.27.131.66" port: 46609 }, Status: LMP_MISMATCH, Last received: 0.0, Next index: 4, Last known committed idx: 3, Time since last communication: 0.000s
I20260709 13:14:08.376410 28382 raft_consensus.cc:1275] T e8042d549ac64ca7a43bc580bb58a720 P 1c43303de8fb453b9feee9376291edb0 [term 4 FOLLOWER]: Refusing update from remote peer 2df806ea7b884d819dca9643bface484: Log matching property violated. Preceding OpId in replica: term: 3 index: 3. Preceding OpId from leader: term: 4 index: 4. (index mismatch)
I20260709 13:14:08.377908 28651 consensus_queue.cc:1048] T e8042d549ac64ca7a43bc580bb58a720 P 2df806ea7b884d819dca9643bface484 [LEADER]: Connected to new peer: Peer: permanent_uuid: "1c43303de8fb453b9feee9376291edb0" member_type: VOTER last_known_addr { host: "127.27.131.66" port: 46609 }, Status: LMP_MISMATCH, Last received: 0.0, Next index: 4, Last known committed idx: 3, Time since last communication: 0.000s
I20260709 13:14:08.388080 28456 raft_consensus.cc:1275] T e8042d549ac64ca7a43bc580bb58a720 P 6f8b0834a6d64ee1b463e8bdd2456bca [term 4 FOLLOWER]: Refusing update from remote peer 2df806ea7b884d819dca9643bface484: Log matching property violated. Preceding OpId in replica: term: 3 index: 3. Preceding OpId from leader: term: 4 index: 4. (index mismatch)
I20260709 13:14:08.390084 28651 consensus_queue.cc:1048] T e8042d549ac64ca7a43bc580bb58a720 P 2df806ea7b884d819dca9643bface484 [LEADER]: Connected to new peer: Peer: permanent_uuid: "6f8b0834a6d64ee1b463e8bdd2456bca" member_type: VOTER last_known_addr { host: "127.27.131.67" port: 45431 }, Status: LMP_MISMATCH, Last received: 0.0, Next index: 4, Last known committed idx: 3, Time since last communication: 0.001s
I20260709 13:14:08.542887 28456 raft_consensus.cc:1275] T 99cd38a8462a452a92ba0af9f7b8292d P 6f8b0834a6d64ee1b463e8bdd2456bca [term 4 FOLLOWER]: Refusing update from remote peer 2df806ea7b884d819dca9643bface484: Log matching property violated. Preceding OpId in replica: term: 3 index: 3. Preceding OpId from leader: term: 4 index: 4. (index mismatch)
I20260709 13:14:08.544257 28668 consensus_queue.cc:1048] T 99cd38a8462a452a92ba0af9f7b8292d P 2df806ea7b884d819dca9643bface484 [LEADER]: Connected to new peer: Peer: permanent_uuid: "6f8b0834a6d64ee1b463e8bdd2456bca" member_type: VOTER last_known_addr { host: "127.27.131.67" port: 45431 }, Status: LMP_MISMATCH, Last received: 0.0, Next index: 4, Last known committed idx: 3, Time since last communication: 0.000s
I20260709 13:14:08.554419 28382 raft_consensus.cc:1275] T 99cd38a8462a452a92ba0af9f7b8292d P 1c43303de8fb453b9feee9376291edb0 [term 4 FOLLOWER]: Refusing update from remote peer 2df806ea7b884d819dca9643bface484: Log matching property violated. Preceding OpId in replica: term: 3 index: 3. Preceding OpId from leader: term: 4 index: 4. (index mismatch)
I20260709 13:14:08.556116 28652 consensus_queue.cc:1048] T 99cd38a8462a452a92ba0af9f7b8292d P 2df806ea7b884d819dca9643bface484 [LEADER]: Connected to new peer: Peer: permanent_uuid: "1c43303de8fb453b9feee9376291edb0" member_type: VOTER last_known_addr { host: "127.27.131.66" port: 46609 }, Status: LMP_MISMATCH, Last received: 0.0, Next index: 4, Last known committed idx: 3, Time since last communication: 0.001s
I20260709 13:14:08.672035 28173 auto_leader_rebalancer.cc:141] leader rebalance for table test-workload
I20260709 13:14:08.678063 28173 tablet_server.cc:179] TabletServer@127.27.131.65:0 shutting down...
W20260709 13:14:08.683825 28423 proxy.cc:239] Call had error, refreshing address and retrying: Remote error: Service unavailable: service kudu.consensus.ConsensusService not registered on TabletServer
W20260709 13:14:08.690503 28423 consensus_peers.cc:597] T dbe81100b7c24a539ac33c7d52f1b816 P 6f8b0834a6d64ee1b463e8bdd2456bca -> Peer 2df806ea7b884d819dca9643bface484 (127.27.131.65:43567): Couldn't send request to peer 2df806ea7b884d819dca9643bface484. Status: Remote error: Service unavailable: service kudu.consensus.ConsensusService not registered on TabletServer. This is attempt 1: this message will repeat every 5th retry.
I20260709 13:14:08.715644 28173 ts_tablet_manager.cc:1507] Shutting down tablet manager...
I20260709 13:14:08.716676 28173 tablet_replica.cc:333] T aae670bb0d50493aa133047bc7bfd1d6 P 2df806ea7b884d819dca9643bface484: stopping tablet replica
I20260709 13:14:08.718024 28173 raft_consensus.cc:2243] T aae670bb0d50493aa133047bc7bfd1d6 P 2df806ea7b884d819dca9643bface484 [term 3 LEADER]: Raft consensus shutting down.
I20260709 13:14:08.719043 28173 raft_consensus.cc:2272] T aae670bb0d50493aa133047bc7bfd1d6 P 2df806ea7b884d819dca9643bface484 [term 3 FOLLOWER]: Raft consensus is shut down!
I20260709 13:14:08.723310 28173 tablet_replica.cc:333] T 359bf3ced96e493dbf424e9a86e85e49 P 2df806ea7b884d819dca9643bface484: stopping tablet replica
I20260709 13:14:08.723969 28173 raft_consensus.cc:2243] T 359bf3ced96e493dbf424e9a86e85e49 P 2df806ea7b884d819dca9643bface484 [term 5 FOLLOWER]: Raft consensus shutting down.
I20260709 13:14:08.724411 28173 raft_consensus.cc:2272] T 359bf3ced96e493dbf424e9a86e85e49 P 2df806ea7b884d819dca9643bface484 [term 5 FOLLOWER]: Raft consensus is shut down!
I20260709 13:14:08.726723 28173 tablet_replica.cc:333] T 3f416ec1df0745ffa05f87472892ea03 P 2df806ea7b884d819dca9643bface484: stopping tablet replica
I20260709 13:14:08.727246 28173 raft_consensus.cc:2243] T 3f416ec1df0745ffa05f87472892ea03 P 2df806ea7b884d819dca9643bface484 [term 1 FOLLOWER]: Raft consensus shutting down.
I20260709 13:14:08.727617 28173 raft_consensus.cc:2272] T 3f416ec1df0745ffa05f87472892ea03 P 2df806ea7b884d819dca9643bface484 [term 1 FOLLOWER]: Raft consensus is shut down!
I20260709 13:14:08.730129 28173 tablet_replica.cc:333] T e8042d549ac64ca7a43bc580bb58a720 P 2df806ea7b884d819dca9643bface484: stopping tablet replica
I20260709 13:14:08.730603 28173 raft_consensus.cc:2243] T e8042d549ac64ca7a43bc580bb58a720 P 2df806ea7b884d819dca9643bface484 [term 4 LEADER]: Raft consensus shutting down.
I20260709 13:14:08.731345 28173 raft_consensus.cc:2272] T e8042d549ac64ca7a43bc580bb58a720 P 2df806ea7b884d819dca9643bface484 [term 4 FOLLOWER]: Raft consensus is shut down!
I20260709 13:14:08.733814 28173 tablet_replica.cc:333] T b0ef5155c18244bea32e72606b939f76 P 2df806ea7b884d819dca9643bface484: stopping tablet replica
I20260709 13:14:08.734359 28173 raft_consensus.cc:2243] T b0ef5155c18244bea32e72606b939f76 P 2df806ea7b884d819dca9643bface484 [term 4 FOLLOWER]: Raft consensus shutting down.
I20260709 13:14:08.734823 28173 raft_consensus.cc:2272] T b0ef5155c18244bea32e72606b939f76 P 2df806ea7b884d819dca9643bface484 [term 4 FOLLOWER]: Raft consensus is shut down!
I20260709 13:14:08.737324 28173 tablet_replica.cc:333] T c69b474c963c4e29ae6c031440dc59ef P 2df806ea7b884d819dca9643bface484: stopping tablet replica
I20260709 13:14:08.737996 28173 raft_consensus.cc:2243] T c69b474c963c4e29ae6c031440dc59ef P 2df806ea7b884d819dca9643bface484 [term 1 FOLLOWER]: Raft consensus shutting down.
I20260709 13:14:08.738648 28173 raft_consensus.cc:2272] T c69b474c963c4e29ae6c031440dc59ef P 2df806ea7b884d819dca9643bface484 [term 1 FOLLOWER]: Raft consensus is shut down!
I20260709 13:14:08.740738 28173 tablet_replica.cc:333] T dbe81100b7c24a539ac33c7d52f1b816 P 2df806ea7b884d819dca9643bface484: stopping tablet replica
I20260709 13:14:08.741326 28173 raft_consensus.cc:2243] T dbe81100b7c24a539ac33c7d52f1b816 P 2df806ea7b884d819dca9643bface484 [term 1 FOLLOWER]: Raft consensus shutting down.
I20260709 13:14:08.741863 28173 raft_consensus.cc:2272] T dbe81100b7c24a539ac33c7d52f1b816 P 2df806ea7b884d819dca9643bface484 [term 1 FOLLOWER]: Raft consensus is shut down!
I20260709 13:14:08.743669 28173 tablet_replica.cc:333] T 99cd38a8462a452a92ba0af9f7b8292d P 2df806ea7b884d819dca9643bface484: stopping tablet replica
I20260709 13:14:08.744195 28173 raft_consensus.cc:2243] T 99cd38a8462a452a92ba0af9f7b8292d P 2df806ea7b884d819dca9643bface484 [term 4 LEADER]: Raft consensus shutting down.
I20260709 13:14:08.744992 28173 raft_consensus.cc:2272] T 99cd38a8462a452a92ba0af9f7b8292d P 2df806ea7b884d819dca9643bface484 [term 4 FOLLOWER]: Raft consensus is shut down!
I20260709 13:14:08.747385 28173 tablet_replica.cc:333] T 27cda4dc0b8e46a38d0b7ab3ed659e63 P 2df806ea7b884d819dca9643bface484: stopping tablet replica
I20260709 13:14:08.748062 28173 raft_consensus.cc:2243] T 27cda4dc0b8e46a38d0b7ab3ed659e63 P 2df806ea7b884d819dca9643bface484 [term 3 FOLLOWER]: Raft consensus shutting down.
I20260709 13:14:08.748677 28173 raft_consensus.cc:2272] T 27cda4dc0b8e46a38d0b7ab3ed659e63 P 2df806ea7b884d819dca9643bface484 [term 3 FOLLOWER]: Raft consensus is shut down!
I20260709 13:14:08.861676 28173 tablet_server.cc:196] TabletServer@127.27.131.65:0 shutdown complete.
W20260709 13:14:08.864789 28423 consensus_peers.cc:597] T 359bf3ced96e493dbf424e9a86e85e49 P 6f8b0834a6d64ee1b463e8bdd2456bca -> Peer 2df806ea7b884d819dca9643bface484 (127.27.131.65:43567): Couldn't send request to peer 2df806ea7b884d819dca9643bface484. Status: Network error: Client connection negotiation failed: client connection to 127.27.131.65:43567: connect: Connection refused (error 111). This is attempt 1: this message will repeat every 5th retry.
I20260709 13:14:08.884438 28173 tablet_server.cc:179] TabletServer@127.27.131.66:0 shutting down...
I20260709 13:14:08.917846 28173 ts_tablet_manager.cc:1507] Shutting down tablet manager...
I20260709 13:14:08.918821 28173 tablet_replica.cc:333] T 359bf3ced96e493dbf424e9a86e85e49 P 1c43303de8fb453b9feee9376291edb0: stopping tablet replica
I20260709 13:14:08.919554 28173 raft_consensus.cc:2243] T 359bf3ced96e493dbf424e9a86e85e49 P 1c43303de8fb453b9feee9376291edb0 [term 5 FOLLOWER]: Raft consensus shutting down.
I20260709 13:14:08.920156 28173 raft_consensus.cc:2272] T 359bf3ced96e493dbf424e9a86e85e49 P 1c43303de8fb453b9feee9376291edb0 [term 5 FOLLOWER]: Raft consensus is shut down!
I20260709 13:14:08.922967 28173 tablet_replica.cc:333] T e8042d549ac64ca7a43bc580bb58a720 P 1c43303de8fb453b9feee9376291edb0: stopping tablet replica
