I20260709 13:13:59.941306 28502 raft_consensus.cc:385] T 99cd38a8462a452a92ba0af9f7b8292d P 1c43303de8fb453b9feee9376291edb0 [term 0 FOLLOWER]: Consensus starting up: Expiring failure detector timer to make a prompt election more likely
I20260709 13:13:59.947711 28502 raft_consensus.cc:740] T 99cd38a8462a452a92ba0af9f7b8292d P 1c43303de8fb453b9feee9376291edb0 [term 0 FOLLOWER]: Becoming Follower/Learner. State: Replica: 1c43303de8fb453b9feee9376291edb0, State: Initialized, Role: FOLLOWER
I20260709 13:13:59.948729 28502 consensus_queue.cc:260] T 99cd38a8462a452a92ba0af9f7b8292d P 1c43303de8fb453b9feee9376291edb0 [NON_LEADER]: Queue going to NON_LEADER mode. State: All replicated index: 0, Majority replicated index: 0, Committed index: 0, Last appended: 0.0, Last appended by leader: 0, Current term: 0, Majority size: -1, State: 0, Mode: NON_LEADER, active raft config: opid_index: -1 OBSOLETE_local: false peers { permanent_uuid: "2df806ea7b884d819dca9643bface484" member_type: VOTER last_known_addr { host: "127.27.131.65" port: 43567 } } peers { permanent_uuid: "1c43303de8fb453b9feee9376291edb0" member_type: VOTER last_known_addr { host: "127.27.131.66" port: 46609 } } peers { permanent_uuid: "6f8b0834a6d64ee1b463e8bdd2456bca" member_type: VOTER last_known_addr { host: "127.27.131.67" port: 45431 } }
I20260709 13:13:59.954036 28502 ts_tablet_manager.cc:1434] T 99cd38a8462a452a92ba0af9f7b8292d P 1c43303de8fb453b9feee9376291edb0: Time spent starting tablet: real 0.016s	user 0.007s	sys 0.000s
I20260709 13:13:59.954679 28501 tablet_bootstrap.cc:492] T 27cda4dc0b8e46a38d0b7ab3ed659e63 P 6f8b0834a6d64ee1b463e8bdd2456bca: No bootstrap required, opened a new log
I20260709 13:13:59.955031 28502 tablet_bootstrap.cc:492] T e8042d549ac64ca7a43bc580bb58a720 P 1c43303de8fb453b9feee9376291edb0: Bootstrap starting.
I20260709 13:13:59.955152 28501 ts_tablet_manager.cc:1403] T 27cda4dc0b8e46a38d0b7ab3ed659e63 P 6f8b0834a6d64ee1b463e8bdd2456bca: Time spent bootstrapping tablet: real 0.061s	user 0.012s	sys 0.003s
I20260709 13:13:59.958230 28501 raft_consensus.cc:359] T 27cda4dc0b8e46a38d0b7ab3ed659e63 P 6f8b0834a6d64ee1b463e8bdd2456bca [term 0 FOLLOWER]: Replica starting. Triggering 0 pending ops. Active config: opid_index: -1 OBSOLETE_local: false peers { permanent_uuid: "2df806ea7b884d819dca9643bface484" member_type: VOTER last_known_addr { host: "127.27.131.65" port: 43567 } } peers { permanent_uuid: "1c43303de8fb453b9feee9376291edb0" member_type: VOTER last_known_addr { host: "127.27.131.66" port: 46609 } } peers { permanent_uuid: "6f8b0834a6d64ee1b463e8bdd2456bca" member_type: VOTER last_known_addr { host: "127.27.131.67" port: 45431 } }
I20260709 13:13:59.959175 28501 raft_consensus.cc:385] T 27cda4dc0b8e46a38d0b7ab3ed659e63 P 6f8b0834a6d64ee1b463e8bdd2456bca [term 0 FOLLOWER]: Consensus starting up: Expiring failure detector timer to make a prompt election more likely
I20260709 13:13:59.959563 28501 raft_consensus.cc:740] T 27cda4dc0b8e46a38d0b7ab3ed659e63 P 6f8b0834a6d64ee1b463e8bdd2456bca [term 0 FOLLOWER]: Becoming Follower/Learner. State: Replica: 6f8b0834a6d64ee1b463e8bdd2456bca, State: Initialized, Role: FOLLOWER
I20260709 13:13:59.960662 28501 consensus_queue.cc:260] T 27cda4dc0b8e46a38d0b7ab3ed659e63 P 6f8b0834a6d64ee1b463e8bdd2456bca [NON_LEADER]: Queue going to NON_LEADER mode. State: All replicated index: 0, Majority replicated index: 0, Committed index: 0, Last appended: 0.0, Last appended by leader: 0, Current term: 0, Majority size: -1, State: 0, Mode: NON_LEADER, active raft config: opid_index: -1 OBSOLETE_local: false peers { permanent_uuid: "2df806ea7b884d819dca9643bface484" member_type: VOTER last_known_addr { host: "127.27.131.65" port: 43567 } } peers { permanent_uuid: "1c43303de8fb453b9feee9376291edb0" member_type: VOTER last_known_addr { host: "127.27.131.66" port: 46609 } } peers { permanent_uuid: "6f8b0834a6d64ee1b463e8bdd2456bca" member_type: VOTER last_known_addr { host: "127.27.131.67" port: 45431 } }
I20260709 13:13:59.963011 28501 ts_tablet_manager.cc:1434] T 27cda4dc0b8e46a38d0b7ab3ed659e63 P 6f8b0834a6d64ee1b463e8bdd2456bca: Time spent starting tablet: real 0.008s	user 0.008s	sys 0.000s
I20260709 13:13:59.963073 28502 tablet_bootstrap.cc:654] T e8042d549ac64ca7a43bc580bb58a720 P 1c43303de8fb453b9feee9376291edb0: Neither blocks nor log segments found. Creating new log.
I20260709 13:13:59.965004 28500 tablet_bootstrap.cc:492] T aae670bb0d50493aa133047bc7bfd1d6 P 2df806ea7b884d819dca9643bface484: No bootstrap required, opened a new log
I20260709 13:13:59.965581 28500 ts_tablet_manager.cc:1403] T aae670bb0d50493aa133047bc7bfd1d6 P 2df806ea7b884d819dca9643bface484: Time spent bootstrapping tablet: real 0.066s	user 0.006s	sys 0.009s
I20260709 13:13:59.969106 28500 raft_consensus.cc:359] T aae670bb0d50493aa133047bc7bfd1d6 P 2df806ea7b884d819dca9643bface484 [term 0 FOLLOWER]: Replica starting. Triggering 0 pending ops. Active config: opid_index: -1 OBSOLETE_local: false peers { permanent_uuid: "2df806ea7b884d819dca9643bface484" member_type: VOTER last_known_addr { host: "127.27.131.65" port: 43567 } } peers { permanent_uuid: "1c43303de8fb453b9feee9376291edb0" member_type: VOTER last_known_addr { host: "127.27.131.66" port: 46609 } } peers { permanent_uuid: "6f8b0834a6d64ee1b463e8bdd2456bca" member_type: VOTER last_known_addr { host: "127.27.131.67" port: 45431 } }
I20260709 13:13:59.970333 28500 raft_consensus.cc:385] T aae670bb0d50493aa133047bc7bfd1d6 P 2df806ea7b884d819dca9643bface484 [term 0 FOLLOWER]: Consensus starting up: Expiring failure detector timer to make a prompt election more likely
I20260709 13:13:59.970729 28500 raft_consensus.cc:740] T aae670bb0d50493aa133047bc7bfd1d6 P 2df806ea7b884d819dca9643bface484 [term 0 FOLLOWER]: Becoming Follower/Learner. State: Replica: 2df806ea7b884d819dca9643bface484, State: Initialized, Role: FOLLOWER
I20260709 13:13:59.973191 28204 catalog_manager.cc:5697] T 3f416ec1df0745ffa05f87472892ea03 P 1c43303de8fb453b9feee9376291edb0 reported cstate change: term changed from 0 to 1, leader changed from <none> to 1c43303de8fb453b9feee9376291edb0 (127.27.131.66). New cstate: current_term: 1 leader_uuid: "1c43303de8fb453b9feee9376291edb0" committed_config { opid_index: -1 OBSOLETE_local: false peers { permanent_uuid: "2df806ea7b884d819dca9643bface484" member_type: VOTER last_known_addr { host: "127.27.131.65" port: 43567 } health_report { overall_health: UNKNOWN } } peers { permanent_uuid: "1c43303de8fb453b9feee9376291edb0" member_type: VOTER last_known_addr { host: "127.27.131.66" port: 46609 } health_report { overall_health: HEALTHY } } peers { permanent_uuid: "6f8b0834a6d64ee1b463e8bdd2456bca" member_type: VOTER last_known_addr { host: "127.27.131.67" port: 45431 } health_report { overall_health: UNKNOWN } } }
I20260709 13:13:59.978894 28500 consensus_queue.cc:260] T aae670bb0d50493aa133047bc7bfd1d6 P 2df806ea7b884d819dca9643bface484 [NON_LEADER]: Queue going to NON_LEADER mode. State: All replicated index: 0, Majority replicated index: 0, Committed index: 0, Last appended: 0.0, Last appended by leader: 0, Current term: 0, Majority size: -1, State: 0, Mode: NON_LEADER, active raft config: opid_index: -1 OBSOLETE_local: false peers { permanent_uuid: "2df806ea7b884d819dca9643bface484" member_type: VOTER last_known_addr { host: "127.27.131.65" port: 43567 } } peers { permanent_uuid: "1c43303de8fb453b9feee9376291edb0" member_type: VOTER last_known_addr { host: "127.27.131.66" port: 46609 } } peers { permanent_uuid: "6f8b0834a6d64ee1b463e8bdd2456bca" member_type: VOTER last_known_addr { host: "127.27.131.67" port: 45431 } }
I20260709 13:13:59.981899 28500 ts_tablet_manager.cc:1434] T aae670bb0d50493aa133047bc7bfd1d6 P 2df806ea7b884d819dca9643bface484: Time spent starting tablet: real 0.016s	user 0.007s	sys 0.002s
I20260709 13:13:59.984144 28500 tablet_bootstrap.cc:492] T 99cd38a8462a452a92ba0af9f7b8292d P 2df806ea7b884d819dca9643bface484: Bootstrap starting.
I20260709 13:13:59.982981 28501 tablet_bootstrap.cc:492] T dbe81100b7c24a539ac33c7d52f1b816 P 6f8b0834a6d64ee1b463e8bdd2456bca: Bootstrap starting.
I20260709 13:13:59.998274 28521 consensus_queue.cc:1048] T c69b474c963c4e29ae6c031440dc59ef P 1c43303de8fb453b9feee9376291edb0 [LEADER]: Connected to new peer: Peer: permanent_uuid: "2df806ea7b884d819dca9643bface484" member_type: VOTER last_known_addr { host: "127.27.131.65" port: 43567 }, Status: LMP_MISMATCH, Last received: 0.0, Next index: 1, Last known committed idx: 0, Time since last communication: 0.000s
I20260709 13:13:59.999609 28501 tablet_bootstrap.cc:654] T dbe81100b7c24a539ac33c7d52f1b816 P 6f8b0834a6d64ee1b463e8bdd2456bca: Neither blocks nor log segments found. Creating new log.
I20260709 13:14:00.003782 28500 tablet_bootstrap.cc:654] T 99cd38a8462a452a92ba0af9f7b8292d P 2df806ea7b884d819dca9643bface484: Neither blocks nor log segments found. Creating new log.
I20260709 13:14:00.004930 28502 tablet_bootstrap.cc:492] T e8042d549ac64ca7a43bc580bb58a720 P 1c43303de8fb453b9feee9376291edb0: No bootstrap required, opened a new log
I20260709 13:14:00.005399 28502 ts_tablet_manager.cc:1403] T e8042d549ac64ca7a43bc580bb58a720 P 1c43303de8fb453b9feee9376291edb0: Time spent bootstrapping tablet: real 0.051s	user 0.028s	sys 0.008s
I20260709 13:14:00.012187 28502 raft_consensus.cc:359] T e8042d549ac64ca7a43bc580bb58a720 P 1c43303de8fb453b9feee9376291edb0 [term 0 FOLLOWER]: Replica starting. Triggering 0 pending ops. Active config: opid_index: -1 OBSOLETE_local: false peers { permanent_uuid: "2df806ea7b884d819dca9643bface484" member_type: VOTER last_known_addr { host: "127.27.131.65" port: 43567 } } peers { permanent_uuid: "1c43303de8fb453b9feee9376291edb0" member_type: VOTER last_known_addr { host: "127.27.131.66" port: 46609 } } peers { permanent_uuid: "6f8b0834a6d64ee1b463e8bdd2456bca" member_type: VOTER last_known_addr { host: "127.27.131.67" port: 45431 } }
I20260709 13:14:00.012889 28502 raft_consensus.cc:385] T e8042d549ac64ca7a43bc580bb58a720 P 1c43303de8fb453b9feee9376291edb0 [term 0 FOLLOWER]: Consensus starting up: Expiring failure detector timer to make a prompt election more likely
I20260709 13:14:00.013262 28502 raft_consensus.cc:740] T e8042d549ac64ca7a43bc580bb58a720 P 1c43303de8fb453b9feee9376291edb0 [term 0 FOLLOWER]: Becoming Follower/Learner. State: Replica: 1c43303de8fb453b9feee9376291edb0, State: Initialized, Role: FOLLOWER
I20260709 13:14:00.013521 28539 raft_consensus.cc:493] T 359bf3ced96e493dbf424e9a86e85e49 P 6f8b0834a6d64ee1b463e8bdd2456bca [term 0 FOLLOWER]: Starting pre-election (no leader contacted us within the election timeout)
I20260709 13:14:00.014075 28502 consensus_queue.cc:260] T e8042d549ac64ca7a43bc580bb58a720 P 1c43303de8fb453b9feee9376291edb0 [NON_LEADER]: Queue going to NON_LEADER mode. State: All replicated index: 0, Majority replicated index: 0, Committed index: 0, Last appended: 0.0, Last appended by leader: 0, Current term: 0, Majority size: -1, State: 0, Mode: NON_LEADER, active raft config: opid_index: -1 OBSOLETE_local: false peers { permanent_uuid: "2df806ea7b884d819dca9643bface484" member_type: VOTER last_known_addr { host: "127.27.131.65" port: 43567 } } peers { permanent_uuid: "1c43303de8fb453b9feee9376291edb0" member_type: VOTER last_known_addr { host: "127.27.131.66" port: 46609 } } peers { permanent_uuid: "6f8b0834a6d64ee1b463e8bdd2456bca" member_type: VOTER last_known_addr { host: "127.27.131.67" port: 45431 } }
I20260709 13:14:00.014101 28539 raft_consensus.cc:515] T 359bf3ced96e493dbf424e9a86e85e49 P 6f8b0834a6d64ee1b463e8bdd2456bca [term 0 FOLLOWER]: Starting pre-election with config: opid_index: -1 OBSOLETE_local: false peers { permanent_uuid: "2df806ea7b884d819dca9643bface484" member_type: VOTER last_known_addr { host: "127.27.131.65" port: 43567 } } peers { permanent_uuid: "6f8b0834a6d64ee1b463e8bdd2456bca" member_type: VOTER last_known_addr { host: "127.27.131.67" port: 45431 } } peers { permanent_uuid: "1c43303de8fb453b9feee9376291edb0" member_type: VOTER last_known_addr { host: "127.27.131.66" port: 46609 } }
I20260709 13:14:00.019588 28541 raft_consensus.cc:493] T 359bf3ced96e493dbf424e9a86e85e49 P 2df806ea7b884d819dca9643bface484 [term 0 FOLLOWER]: Starting pre-election (no leader contacted us within the election timeout)
I20260709 13:14:00.020475 28502 ts_tablet_manager.cc:1434] T e8042d549ac64ca7a43bc580bb58a720 P 1c43303de8fb453b9feee9376291edb0: Time spent starting tablet: real 0.015s	user 0.007s	sys 0.000s
I20260709 13:14:00.022119 28502 tablet_bootstrap.cc:492] T dbe81100b7c24a539ac33c7d52f1b816 P 1c43303de8fb453b9feee9376291edb0: Bootstrap starting.
I20260709 13:14:00.020129 28541 raft_consensus.cc:515] T 359bf3ced96e493dbf424e9a86e85e49 P 2df806ea7b884d819dca9643bface484 [term 0 FOLLOWER]: Starting pre-election with config: opid_index: -1 OBSOLETE_local: false peers { permanent_uuid: "2df806ea7b884d819dca9643bface484" member_type: VOTER last_known_addr { host: "127.27.131.65" port: 43567 } } peers { permanent_uuid: "6f8b0834a6d64ee1b463e8bdd2456bca" member_type: VOTER last_known_addr { host: "127.27.131.67" port: 45431 } } peers { permanent_uuid: "1c43303de8fb453b9feee9376291edb0" member_type: VOTER last_known_addr { host: "127.27.131.66" port: 46609 } }
I20260709 13:14:00.023043 28539 leader_election.cc:290] T 359bf3ced96e493dbf424e9a86e85e49 P 6f8b0834a6d64ee1b463e8bdd2456bca [CANDIDATE]: Term 1 pre-election: Requested pre-vote from peers 2df806ea7b884d819dca9643bface484 (127.27.131.65:43567), 1c43303de8fb453b9feee9376291edb0 (127.27.131.66:46609)
I20260709 13:14:00.028950 28382 tablet_service.cc:1917] Received RequestConsensusVote() RPC: tablet_id: "359bf3ced96e493dbf424e9a86e85e49" candidate_uuid: "6f8b0834a6d64ee1b463e8bdd2456bca" candidate_term: 1 candidate_status { last_received { term: 0 index: 0 } } ignore_live_leader: false dest_uuid: "1c43303de8fb453b9feee9376291edb0" is_pre_election: true
I20260709 13:14:00.028998 28457 tablet_service.cc:1917] Received RequestConsensusVote() RPC: tablet_id: "359bf3ced96e493dbf424e9a86e85e49" candidate_uuid: "2df806ea7b884d819dca9643bface484" candidate_term: 1 candidate_status { last_received { term: 0 index: 0 } } ignore_live_leader: false dest_uuid: "6f8b0834a6d64ee1b463e8bdd2456bca" is_pre_election: true
I20260709 13:14:00.029163 28508 consensus_queue.cc:1048] T c69b474c963c4e29ae6c031440dc59ef P 1c43303de8fb453b9feee9376291edb0 [LEADER]: Connected to new peer: Peer: permanent_uuid: "6f8b0834a6d64ee1b463e8bdd2456bca" member_type: VOTER last_known_addr { host: "127.27.131.67" port: 45431 }, Status: LMP_MISMATCH, Last received: 0.0, Next index: 1, Last known committed idx: 0, Time since last communication: 0.000s
I20260709 13:14:00.029780 28457 raft_consensus.cc:2468] T 359bf3ced96e493dbf424e9a86e85e49 P 6f8b0834a6d64ee1b463e8bdd2456bca [term 0 FOLLOWER]: Leader pre-election vote request: Granting yes vote for candidate 2df806ea7b884d819dca9643bface484 in term 0.
I20260709 13:14:00.029739 28382 raft_consensus.cc:2468] T 359bf3ced96e493dbf424e9a86e85e49 P 1c43303de8fb453b9feee9376291edb0 [term 0 FOLLOWER]: Leader pre-election vote request: Granting yes vote for candidate 6f8b0834a6d64ee1b463e8bdd2456bca in term 0.
I20260709 13:14:00.031227 28308 tablet_service.cc:1917] Received RequestConsensusVote() RPC: tablet_id: "359bf3ced96e493dbf424e9a86e85e49" candidate_uuid: "6f8b0834a6d64ee1b463e8bdd2456bca" candidate_term: 1 candidate_status { last_received { term: 0 index: 0 } } ignore_live_leader: false dest_uuid: "2df806ea7b884d819dca9643bface484" is_pre_election: true
I20260709 13:14:00.031544 28421 leader_election.cc:304] T 359bf3ced96e493dbf424e9a86e85e49 P 6f8b0834a6d64ee1b463e8bdd2456bca [CANDIDATE]: Term 1 pre-election: Election decided. Result: candidate won. Election summary: received 2 responses out of 3 voters: 2 yes votes; 0 no votes. yes voters: 1c43303de8fb453b9feee9376291edb0, 6f8b0834a6d64ee1b463e8bdd2456bca; no voters: 
I20260709 13:14:00.031800 28308 raft_consensus.cc:2468] T 359bf3ced96e493dbf424e9a86e85e49 P 2df806ea7b884d819dca9643bface484 [term 0 FOLLOWER]: Leader pre-election vote request: Granting yes vote for candidate 6f8b0834a6d64ee1b463e8bdd2456bca in term 0.
I20260709 13:14:00.034588 28505 raft_consensus.cc:493] T aae670bb0d50493aa133047bc7bfd1d6 P 2df806ea7b884d819dca9643bface484 [term 0 FOLLOWER]: Starting pre-election (no leader contacted us within the election timeout)
I20260709 13:14:00.035035 28505 raft_consensus.cc:515] T aae670bb0d50493aa133047bc7bfd1d6 P 2df806ea7b884d819dca9643bface484 [term 0 FOLLOWER]: Starting pre-election with config: opid_index: -1 OBSOLETE_local: false peers { permanent_uuid: "2df806ea7b884d819dca9643bface484" member_type: VOTER last_known_addr { host: "127.27.131.65" port: 43567 } } peers { permanent_uuid: "1c43303de8fb453b9feee9376291edb0" member_type: VOTER last_known_addr { host: "127.27.131.66" port: 46609 } } peers { permanent_uuid: "6f8b0834a6d64ee1b463e8bdd2456bca" member_type: VOTER last_known_addr { host: "127.27.131.67" port: 45431 } }
I20260709 13:14:00.035846 28271 leader_election.cc:304] T 359bf3ced96e493dbf424e9a86e85e49 P 2df806ea7b884d819dca9643bface484 [CANDIDATE]: Term 1 pre-election: Election decided. Result: candidate won. Election summary: received 2 responses out of 3 voters: 2 yes votes; 0 no votes. yes voters: 2df806ea7b884d819dca9643bface484, 6f8b0834a6d64ee1b463e8bdd2456bca; no voters: 
I20260709 13:14:00.034111 28539 raft_consensus.cc:2804] T 359bf3ced96e493dbf424e9a86e85e49 P 6f8b0834a6d64ee1b463e8bdd2456bca [term 0 FOLLOWER]: Leader pre-election won for term 1
I20260709 13:14:00.037807 28541 leader_election.cc:290] T 359bf3ced96e493dbf424e9a86e85e49 P 2df806ea7b884d819dca9643bface484 [CANDIDATE]: Term 1 pre-election: Requested pre-vote from peers 6f8b0834a6d64ee1b463e8bdd2456bca (127.27.131.67:45431), 1c43303de8fb453b9feee9376291edb0 (127.27.131.66:46609)
I20260709 13:14:00.038053 28505 leader_election.cc:290] T aae670bb0d50493aa133047bc7bfd1d6 P 2df806ea7b884d819dca9643bface484 [CANDIDATE]: Term 1 pre-election: Requested pre-vote from peers 1c43303de8fb453b9feee9376291edb0 (127.27.131.66:46609), 6f8b0834a6d64ee1b463e8bdd2456bca (127.27.131.67:45431)
I20260709 13:14:00.038480 28509 raft_consensus.cc:493] T aae670bb0d50493aa133047bc7bfd1d6 P 6f8b0834a6d64ee1b463e8bdd2456bca [term 0 FOLLOWER]: Starting pre-election (no leader contacted us within the election timeout)
I20260709 13:14:00.039784 28509 raft_consensus.cc:515] T aae670bb0d50493aa133047bc7bfd1d6 P 6f8b0834a6d64ee1b463e8bdd2456bca [term 0 FOLLOWER]: Starting pre-election with config: opid_index: -1 OBSOLETE_local: false peers { permanent_uuid: "2df806ea7b884d819dca9643bface484" member_type: VOTER last_known_addr { host: "127.27.131.65" port: 43567 } } peers { permanent_uuid: "1c43303de8fb453b9feee9376291edb0" member_type: VOTER last_known_addr { host: "127.27.131.66" port: 46609 } } peers { permanent_uuid: "6f8b0834a6d64ee1b463e8bdd2456bca" member_type: VOTER last_known_addr { host: "127.27.131.67" port: 45431 } }
I20260709 13:14:00.041883 28509 leader_election.cc:290] T aae670bb0d50493aa133047bc7bfd1d6 P 6f8b0834a6d64ee1b463e8bdd2456bca [CANDIDATE]: Term 1 pre-election: Requested pre-vote from peers 2df806ea7b884d819dca9643bface484 (127.27.131.65:43567), 1c43303de8fb453b9feee9376291edb0 (127.27.131.66:46609)
I20260709 13:14:00.042372 28502 tablet_bootstrap.cc:654] T dbe81100b7c24a539ac33c7d52f1b816 P 1c43303de8fb453b9feee9376291edb0: Neither blocks nor log segments found. Creating new log.
I20260709 13:14:00.043673 28382 tablet_service.cc:1917] Received RequestConsensusVote() RPC: tablet_id: "aae670bb0d50493aa133047bc7bfd1d6" candidate_uuid: "2df806ea7b884d819dca9643bface484" candidate_term: 1 candidate_status { last_received { term: 0 index: 0 } } ignore_live_leader: false dest_uuid: "1c43303de8fb453b9feee9376291edb0" is_pre_election: true
I20260709 13:14:00.038879 28539 raft_consensus.cc:493] T 359bf3ced96e493dbf424e9a86e85e49 P 6f8b0834a6d64ee1b463e8bdd2456bca [term 0 FOLLOWER]: Starting leader election (no leader contacted us within the election timeout)
I20260709 13:14:00.044863 28539 raft_consensus.cc:3060] T 359bf3ced96e493dbf424e9a86e85e49 P 6f8b0834a6d64ee1b463e8bdd2456bca [term 0 FOLLOWER]: Advancing to term 1
I20260709 13:14:00.045715 28541 raft_consensus.cc:2804] T 359bf3ced96e493dbf424e9a86e85e49 P 2df806ea7b884d819dca9643bface484 [term 0 FOLLOWER]: Leader pre-election won for term 1
I20260709 13:14:00.046182 28541 raft_consensus.cc:493] T 359bf3ced96e493dbf424e9a86e85e49 P 2df806ea7b884d819dca9643bface484 [term 0 FOLLOWER]: Starting leader election (no leader contacted us within the election timeout)
I20260709 13:14:00.044301 28382 raft_consensus.cc:2468] T aae670bb0d50493aa133047bc7bfd1d6 P 1c43303de8fb453b9feee9376291edb0 [term 0 FOLLOWER]: Leader pre-election vote request: Granting yes vote for candidate 2df806ea7b884d819dca9643bface484 in term 0.
I20260709 13:14:00.046536 28541 raft_consensus.cc:3060] T 359bf3ced96e493dbf424e9a86e85e49 P 2df806ea7b884d819dca9643bface484 [term 0 FOLLOWER]: Advancing to term 1
I20260709 13:14:00.046794 28307 tablet_service.cc:1917] Received RequestConsensusVote() RPC: tablet_id: "aae670bb0d50493aa133047bc7bfd1d6" candidate_uuid: "6f8b0834a6d64ee1b463e8bdd2456bca" candidate_term: 1 candidate_status { last_received { term: 0 index: 0 } } ignore_live_leader: false dest_uuid: "2df806ea7b884d819dca9643bface484" is_pre_election: true
I20260709 13:14:00.047454 28307 raft_consensus.cc:2468] T aae670bb0d50493aa133047bc7bfd1d6 P 2df806ea7b884d819dca9643bface484 [term 0 FOLLOWER]: Leader pre-election vote request: Granting yes vote for candidate 6f8b0834a6d64ee1b463e8bdd2456bca in term 0.
I20260709 13:14:00.051081 28382 tablet_service.cc:1917] Received RequestConsensusVote() RPC: tablet_id: "359bf3ced96e493dbf424e9a86e85e49" candidate_uuid: "2df806ea7b884d819dca9643bface484" candidate_term: 1 candidate_status { last_received { term: 0 index: 0 } } ignore_live_leader: false dest_uuid: "1c43303de8fb453b9feee9376291edb0" is_pre_election: true
I20260709 13:14:00.051587 28383 tablet_service.cc:1917] Received RequestConsensusVote() RPC: tablet_id: "aae670bb0d50493aa133047bc7bfd1d6" candidate_uuid: "6f8b0834a6d64ee1b463e8bdd2456bca" candidate_term: 1 candidate_status { last_received { term: 0 index: 0 } } ignore_live_leader: false dest_uuid: "1c43303de8fb453b9feee9376291edb0" is_pre_election: true
I20260709 13:14:00.052201 28383 raft_consensus.cc:2468] T aae670bb0d50493aa133047bc7bfd1d6 P 1c43303de8fb453b9feee9376291edb0 [term 0 FOLLOWER]: Leader pre-election vote request: Granting yes vote for candidate 6f8b0834a6d64ee1b463e8bdd2456bca in term 0.
I20260709 13:14:00.051702 28382 raft_consensus.cc:2468] T 359bf3ced96e493dbf424e9a86e85e49 P 1c43303de8fb453b9feee9376291edb0 [term 0 FOLLOWER]: Leader pre-election vote request: Granting yes vote for candidate 2df806ea7b884d819dca9643bface484 in term 0.
I20260709 13:14:00.053459 28421 leader_election.cc:304] T aae670bb0d50493aa133047bc7bfd1d6 P 6f8b0834a6d64ee1b463e8bdd2456bca [CANDIDATE]: Term 1 pre-election: Election decided. Result: candidate won. Election summary: received 2 responses out of 3 voters: 2 yes votes; 0 no votes. yes voters: 1c43303de8fb453b9feee9376291edb0, 6f8b0834a6d64ee1b463e8bdd2456bca; no voters: 
I20260709 13:14:00.054314 28509 raft_consensus.cc:2804] T aae670bb0d50493aa133047bc7bfd1d6 P 6f8b0834a6d64ee1b463e8bdd2456bca [term 0 FOLLOWER]: Leader pre-election won for term 1
I20260709 13:14:00.054672 28509 raft_consensus.cc:493] T aae670bb0d50493aa133047bc7bfd1d6 P 6f8b0834a6d64ee1b463e8bdd2456bca [term 0 FOLLOWER]: Starting leader election (no leader contacted us within the election timeout)
I20260709 13:14:00.055037 28509 raft_consensus.cc:3060] T aae670bb0d50493aa133047bc7bfd1d6 P 6f8b0834a6d64ee1b463e8bdd2456bca [term 0 FOLLOWER]: Advancing to term 1
I20260709 13:14:00.057879 28272 leader_election.cc:304] T aae670bb0d50493aa133047bc7bfd1d6 P 2df806ea7b884d819dca9643bface484 [CANDIDATE]: Term 1 pre-election: Election decided. Result: candidate won. Election summary: received 2 responses out of 3 voters: 2 yes votes; 0 no votes. yes voters: 1c43303de8fb453b9feee9376291edb0, 2df806ea7b884d819dca9643bface484; no voters: 
I20260709 13:14:00.059196 28505 raft_consensus.cc:2804] T aae670bb0d50493aa133047bc7bfd1d6 P 2df806ea7b884d819dca9643bface484 [term 0 FOLLOWER]: Leader pre-election won for term 1
I20260709 13:14:00.059541 28505 raft_consensus.cc:493] T aae670bb0d50493aa133047bc7bfd1d6 P 2df806ea7b884d819dca9643bface484 [term 0 FOLLOWER]: Starting leader election (no leader contacted us within the election timeout)
I20260709 13:14:00.059886 28505 raft_consensus.cc:3060] T aae670bb0d50493aa133047bc7bfd1d6 P 2df806ea7b884d819dca9643bface484 [term 0 FOLLOWER]: Advancing to term 1
I20260709 13:14:00.060101 28500 tablet_bootstrap.cc:492] T 99cd38a8462a452a92ba0af9f7b8292d P 2df806ea7b884d819dca9643bface484: No bootstrap required, opened a new log
I20260709 13:14:00.062748 28500 ts_tablet_manager.cc:1403] T 99cd38a8462a452a92ba0af9f7b8292d P 2df806ea7b884d819dca9643bface484: Time spent bootstrapping tablet: real 0.079s	user 0.018s	sys 0.006s
I20260709 13:14:00.066223 28500 raft_consensus.cc:359] T 99cd38a8462a452a92ba0af9f7b8292d P 2df806ea7b884d819dca9643bface484 [term 0 FOLLOWER]: Replica starting. Triggering 0 pending ops. Active config: opid_index: -1 OBSOLETE_local: false peers { permanent_uuid: "2df806ea7b884d819dca9643bface484" member_type: VOTER last_known_addr { host: "127.27.131.65" port: 43567 } } peers { permanent_uuid: "1c43303de8fb453b9feee9376291edb0" member_type: VOTER last_known_addr { host: "127.27.131.66" port: 46609 } } peers { permanent_uuid: "6f8b0834a6d64ee1b463e8bdd2456bca" member_type: VOTER last_known_addr { host: "127.27.131.67" port: 45431 } }
I20260709 13:14:00.067163 28500 raft_consensus.cc:385] T 99cd38a8462a452a92ba0af9f7b8292d P 2df806ea7b884d819dca9643bface484 [term 0 FOLLOWER]: Consensus starting up: Expiring failure detector timer to make a prompt election more likely
I20260709 13:14:00.066921 28509 raft_consensus.cc:515] T aae670bb0d50493aa133047bc7bfd1d6 P 6f8b0834a6d64ee1b463e8bdd2456bca [term 1 FOLLOWER]: Starting leader election with config: opid_index: -1 OBSOLETE_local: false peers { permanent_uuid: "2df806ea7b884d819dca9643bface484" member_type: VOTER last_known_addr { host: "127.27.131.65" port: 43567 } } peers { permanent_uuid: "1c43303de8fb453b9feee9376291edb0" member_type: VOTER last_known_addr { host: "127.27.131.66" port: 46609 } } peers { permanent_uuid: "6f8b0834a6d64ee1b463e8bdd2456bca" member_type: VOTER last_known_addr { host: "127.27.131.67" port: 45431 } }
I20260709 13:14:00.067554 28500 raft_consensus.cc:740] T 99cd38a8462a452a92ba0af9f7b8292d P 2df806ea7b884d819dca9643bface484 [term 0 FOLLOWER]: Becoming Follower/Learner. State: Replica: 2df806ea7b884d819dca9643bface484, State: Initialized, Role: FOLLOWER
I20260709 13:14:00.059681 28501 tablet_bootstrap.cc:492] T dbe81100b7c24a539ac33c7d52f1b816 P 6f8b0834a6d64ee1b463e8bdd2456bca: No bootstrap required, opened a new log
I20260709 13:14:00.069739 28501 ts_tablet_manager.cc:1403] T dbe81100b7c24a539ac33c7d52f1b816 P 6f8b0834a6d64ee1b463e8bdd2456bca: Time spent bootstrapping tablet: real 0.087s	user 0.008s	sys 0.011s
I20260709 13:14:00.069968 28308 tablet_service.cc:1917] Received RequestConsensusVote() RPC: tablet_id: "aae670bb0d50493aa133047bc7bfd1d6" candidate_uuid: "6f8b0834a6d64ee1b463e8bdd2456bca" candidate_term: 1 candidate_status { last_received { term: 0 index: 0 } } ignore_live_leader: false dest_uuid: "2df806ea7b884d819dca9643bface484"
I20260709 13:14:00.071110 28500 consensus_queue.cc:260] T 99cd38a8462a452a92ba0af9f7b8292d P 2df806ea7b884d819dca9643bface484 [NON_LEADER]: Queue going to NON_LEADER mode. State: All replicated index: 0, Majority replicated index: 0, Committed index: 0, Last appended: 0.0, Last appended by leader: 0, Current term: 0, Majority size: -1, State: 0, Mode: NON_LEADER, active raft config: opid_index: -1 OBSOLETE_local: false peers { permanent_uuid: "2df806ea7b884d819dca9643bface484" member_type: VOTER last_known_addr { host: "127.27.131.65" port: 43567 } } peers { permanent_uuid: "1c43303de8fb453b9feee9376291edb0" member_type: VOTER last_known_addr { host: "127.27.131.66" port: 46609 } } peers { permanent_uuid: "6f8b0834a6d64ee1b463e8bdd2456bca" member_type: VOTER last_known_addr { host: "127.27.131.67" port: 45431 } }
I20260709 13:14:00.073056 28500 ts_tablet_manager.cc:1434] T 99cd38a8462a452a92ba0af9f7b8292d P 2df806ea7b884d819dca9643bface484: Time spent starting tablet: real 0.010s	user 0.005s	sys 0.001s
I20260709 13:14:00.074210 28540 raft_consensus.cc:493] T 27cda4dc0b8e46a38d0b7ab3ed659e63 P 6f8b0834a6d64ee1b463e8bdd2456bca [term 0 FOLLOWER]: Starting pre-election (no leader contacted us within the election timeout)
I20260709 13:14:00.075466 28540 raft_consensus.cc:515] T 27cda4dc0b8e46a38d0b7ab3ed659e63 P 6f8b0834a6d64ee1b463e8bdd2456bca [term 0 FOLLOWER]: Starting pre-election with config: opid_index: -1 OBSOLETE_local: false peers { permanent_uuid: "2df806ea7b884d819dca9643bface484" member_type: VOTER last_known_addr { host: "127.27.131.65" port: 43567 } } peers { permanent_uuid: "1c43303de8fb453b9feee9376291edb0" member_type: VOTER last_known_addr { host: "127.27.131.66" port: 46609 } } peers { permanent_uuid: "6f8b0834a6d64ee1b463e8bdd2456bca" member_type: VOTER last_known_addr { host: "127.27.131.67" port: 45431 } }
I20260709 13:14:00.077430 28505 raft_consensus.cc:515] T aae670bb0d50493aa133047bc7bfd1d6 P 2df806ea7b884d819dca9643bface484 [term 1 FOLLOWER]: Starting leader election with config: opid_index: -1 OBSOLETE_local: false peers { permanent_uuid: "2df806ea7b884d819dca9643bface484" member_type: VOTER last_known_addr { host: "127.27.131.65" port: 43567 } } peers { permanent_uuid: "1c43303de8fb453b9feee9376291edb0" member_type: VOTER last_known_addr { host: "127.27.131.66" port: 46609 } } peers { permanent_uuid: "6f8b0834a6d64ee1b463e8bdd2456bca" member_type: VOTER last_known_addr { host: "127.27.131.67" port: 45431 } }
I20260709 13:14:00.081408 28505 leader_election.cc:290] T aae670bb0d50493aa133047bc7bfd1d6 P 2df806ea7b884d819dca9643bface484 [CANDIDATE]: Term 1 election: Requested vote from peers 1c43303de8fb453b9feee9376291edb0 (127.27.131.66:46609), 6f8b0834a6d64ee1b463e8bdd2456bca (127.27.131.67:45431)
I20260709 13:14:00.082917 28308 raft_consensus.cc:2393] T aae670bb0d50493aa133047bc7bfd1d6 P 2df806ea7b884d819dca9643bface484 [term 1 FOLLOWER]: Leader election vote request: Denying vote to candidate 6f8b0834a6d64ee1b463e8bdd2456bca in current term 1: Already voted for candidate 2df806ea7b884d819dca9643bface484 in this term.
I20260709 13:14:00.074628 28523 raft_consensus.cc:493] T 99cd38a8462a452a92ba0af9f7b8292d P 1c43303de8fb453b9feee9376291edb0 [term 0 FOLLOWER]: Starting pre-election (no leader contacted us within the election timeout)
I20260709 13:14:00.085908 28523 raft_consensus.cc:515] T 99cd38a8462a452a92ba0af9f7b8292d P 1c43303de8fb453b9feee9376291edb0 [term 0 FOLLOWER]: Starting pre-election with config: opid_index: -1 OBSOLETE_local: false peers { permanent_uuid: "2df806ea7b884d819dca9643bface484" member_type: VOTER last_known_addr { host: "127.27.131.65" port: 43567 } } peers { permanent_uuid: "1c43303de8fb453b9feee9376291edb0" member_type: VOTER last_known_addr { host: "127.27.131.66" port: 46609 } } peers { permanent_uuid: "6f8b0834a6d64ee1b463e8bdd2456bca" member_type: VOTER last_known_addr { host: "127.27.131.67" port: 45431 } }
I20260709 13:14:00.088457 28523 leader_election.cc:290] T 99cd38a8462a452a92ba0af9f7b8292d P 1c43303de8fb453b9feee9376291edb0 [CANDIDATE]: Term 1 pre-election: Requested pre-vote from peers 2df806ea7b884d819dca9643bface484 (127.27.131.65:43567), 6f8b0834a6d64ee1b463e8bdd2456bca (127.27.131.67:45431)
I20260709 13:14:00.074553 28509 leader_election.cc:290] T aae670bb0d50493aa133047bc7bfd1d6 P 6f8b0834a6d64ee1b463e8bdd2456bca [CANDIDATE]: Term 1 election: Requested vote from peers 2df806ea7b884d819dca9643bface484 (127.27.131.65:43567), 1c43303de8fb453b9feee9376291edb0 (127.27.131.66:46609)
I20260709 13:14:00.089670 28307 tablet_service.cc:1917] Received RequestConsensusVote() RPC: tablet_id: "99cd38a8462a452a92ba0af9f7b8292d" candidate_uuid: "1c43303de8fb453b9feee9376291edb0" candidate_term: 1 candidate_status { last_received { term: 0 index: 0 } } ignore_live_leader: false dest_uuid: "2df806ea7b884d819dca9643bface484" is_pre_election: true
I20260709 13:14:00.089928 28308 tablet_service.cc:1917] Received RequestConsensusVote() RPC: tablet_id: "27cda4dc0b8e46a38d0b7ab3ed659e63" candidate_uuid: "6f8b0834a6d64ee1b463e8bdd2456bca" candidate_term: 1 candidate_status { last_received { term: 0 index: 0 } } ignore_live_leader: false dest_uuid: "2df806ea7b884d819dca9643bface484" is_pre_election: true
I20260709 13:14:00.090277 28307 raft_consensus.cc:2468] T 99cd38a8462a452a92ba0af9f7b8292d P 2df806ea7b884d819dca9643bface484 [term 0 FOLLOWER]: Leader pre-election vote request: Granting yes vote for candidate 1c43303de8fb453b9feee9376291edb0 in term 0.
I20260709 13:14:00.090608 28308 raft_consensus.cc:2393] T 27cda4dc0b8e46a38d0b7ab3ed659e63 P 2df806ea7b884d819dca9643bface484 [term 1 FOLLOWER]: Leader pre-election vote request: Denying vote to candidate 6f8b0834a6d64ee1b463e8bdd2456bca in current term 1: Already voted for candidate 1c43303de8fb453b9feee9376291edb0 in this term.
I20260709 13:14:00.091179 28382 tablet_service.cc:1917] Received RequestConsensusVote() RPC: tablet_id: "aae670bb0d50493aa133047bc7bfd1d6" candidate_uuid: "6f8b0834a6d64ee1b463e8bdd2456bca" candidate_term: 1 candidate_status { last_received { term: 0 index: 0 } } ignore_live_leader: false dest_uuid: "1c43303de8fb453b9feee9376291edb0"
I20260709 13:14:00.091207 28456 tablet_service.cc:1917] Received RequestConsensusVote() RPC: tablet_id: "99cd38a8462a452a92ba0af9f7b8292d" candidate_uuid: "1c43303de8fb453b9feee9376291edb0" candidate_term: 1 candidate_status { last_received { term: 0 index: 0 } } ignore_live_leader: false dest_uuid: "6f8b0834a6d64ee1b463e8bdd2456bca" is_pre_election: true
I20260709 13:14:00.091969 28382 raft_consensus.cc:3060] T aae670bb0d50493aa133047bc7bfd1d6 P 1c43303de8fb453b9feee9376291edb0 [term 0 FOLLOWER]: Advancing to term 1
I20260709 13:14:00.092115 28456 raft_consensus.cc:2468] T 99cd38a8462a452a92ba0af9f7b8292d P 6f8b0834a6d64ee1b463e8bdd2456bca [term 0 FOLLOWER]: Leader pre-election vote request: Granting yes vote for candidate 1c43303de8fb453b9feee9376291edb0 in term 0.
I20260709 13:14:00.091382 28383 tablet_service.cc:1917] Received RequestConsensusVote() RPC: tablet_id: "aae670bb0d50493aa133047bc7bfd1d6" candidate_uuid: "2df806ea7b884d819dca9643bface484" candidate_term: 1 candidate_status { last_received { term: 0 index: 0 } } ignore_live_leader: false dest_uuid: "1c43303de8fb453b9feee9376291edb0"
I20260709 13:14:00.094581 28540 leader_election.cc:290] T 27cda4dc0b8e46a38d0b7ab3ed659e63 P 6f8b0834a6d64ee1b463e8bdd2456bca [CANDIDATE]: Term 1 pre-election: Requested pre-vote from peers 2df806ea7b884d819dca9643bface484 (127.27.131.65:43567), 1c43303de8fb453b9feee9376291edb0 (127.27.131.66:46609)
I20260709 13:14:00.095964 28349 leader_election.cc:304] T 99cd38a8462a452a92ba0af9f7b8292d P 1c43303de8fb453b9feee9376291edb0 [CANDIDATE]: Term 1 pre-election: Election decided. Result: candidate won. Election summary: received 2 responses out of 3 voters: 2 yes votes; 0 no votes. yes voters: 1c43303de8fb453b9feee9376291edb0, 2df806ea7b884d819dca9643bface484; no voters: 
I20260709 13:14:00.098160 28383 tablet_service.cc:1917] Received RequestConsensusVote() RPC: tablet_id: "27cda4dc0b8e46a38d0b7ab3ed659e63" candidate_uuid: "6f8b0834a6d64ee1b463e8bdd2456bca" candidate_term: 1 candidate_status { last_received { term: 0 index: 0 } } ignore_live_leader: false dest_uuid: "1c43303de8fb453b9feee9376291edb0" is_pre_election: true
I20260709 13:14:00.098397 28501 raft_consensus.cc:359] T dbe81100b7c24a539ac33c7d52f1b816 P 6f8b0834a6d64ee1b463e8bdd2456bca [term 0 FOLLOWER]: Replica starting. Triggering 0 pending ops. Active config: opid_index: -1 OBSOLETE_local: false peers { permanent_uuid: "2df806ea7b884d819dca9643bface484" member_type: VOTER last_known_addr { host: "127.27.131.65" port: 43567 } } peers { permanent_uuid: "1c43303de8fb453b9feee9376291edb0" member_type: VOTER last_known_addr { host: "127.27.131.66" port: 46609 } } peers { permanent_uuid: "6f8b0834a6d64ee1b463e8bdd2456bca" member_type: VOTER last_known_addr { host: "127.27.131.67" port: 45431 } }
I20260709 13:14:00.099025 28501 raft_consensus.cc:385] T dbe81100b7c24a539ac33c7d52f1b816 P 6f8b0834a6d64ee1b463e8bdd2456bca [term 0 FOLLOWER]: Consensus starting up: Expiring failure detector timer to make a prompt election more likely
I20260709 13:14:00.099334 28501 raft_consensus.cc:740] T dbe81100b7c24a539ac33c7d52f1b816 P 6f8b0834a6d64ee1b463e8bdd2456bca [term 0 FOLLOWER]: Becoming Follower/Learner. State: Replica: 6f8b0834a6d64ee1b463e8bdd2456bca, State: Initialized, Role: FOLLOWER
I20260709 13:14:00.099380 28523 raft_consensus.cc:2804] T 99cd38a8462a452a92ba0af9f7b8292d P 1c43303de8fb453b9feee9376291edb0 [term 0 FOLLOWER]: Leader pre-election won for term 1
I20260709 13:14:00.100090 28501 consensus_queue.cc:260] T dbe81100b7c24a539ac33c7d52f1b816 P 6f8b0834a6d64ee1b463e8bdd2456bca [NON_LEADER]: Queue going to NON_LEADER mode. State: All replicated index: 0, Majority replicated index: 0, Committed index: 0, Last appended: 0.0, Last appended by leader: 0, Current term: 0, Majority size: -1, State: 0, Mode: NON_LEADER, active raft config: opid_index: -1 OBSOLETE_local: false peers { permanent_uuid: "2df806ea7b884d819dca9643bface484" member_type: VOTER last_known_addr { host: "127.27.131.65" port: 43567 } } peers { permanent_uuid: "1c43303de8fb453b9feee9376291edb0" member_type: VOTER last_known_addr { host: "127.27.131.66" port: 46609 } } peers { permanent_uuid: "6f8b0834a6d64ee1b463e8bdd2456bca" member_type: VOTER last_known_addr { host: "127.27.131.67" port: 45431 } }
I20260709 13:14:00.099826 28523 raft_consensus.cc:493] T 99cd38a8462a452a92ba0af9f7b8292d P 1c43303de8fb453b9feee9376291edb0 [term 0 FOLLOWER]: Starting leader election (no leader contacted us within the election timeout)
I20260709 13:14:00.101394 28500 tablet_bootstrap.cc:492] T dbe81100b7c24a539ac33c7d52f1b816 P 2df806ea7b884d819dca9643bface484: Bootstrap starting.
I20260709 13:14:00.092144 28539 raft_consensus.cc:515] T 359bf3ced96e493dbf424e9a86e85e49 P 6f8b0834a6d64ee1b463e8bdd2456bca [term 1 FOLLOWER]: Starting leader election with config: opid_index: -1 OBSOLETE_local: false peers { permanent_uuid: "2df806ea7b884d819dca9643bface484" member_type: VOTER last_known_addr { host: "127.27.131.65" port: 43567 } } peers { permanent_uuid: "6f8b0834a6d64ee1b463e8bdd2456bca" member_type: VOTER last_known_addr { host: "127.27.131.67" port: 45431 } } peers { permanent_uuid: "1c43303de8fb453b9feee9376291edb0" member_type: VOTER last_known_addr { host: "127.27.131.66" port: 46609 } }
I20260709 13:14:00.105806 28523 raft_consensus.cc:3060] T 99cd38a8462a452a92ba0af9f7b8292d P 1c43303de8fb453b9feee9376291edb0 [term 0 FOLLOWER]: Advancing to term 1
I20260709 13:14:00.108089 28421 leader_election.cc:304] T 27cda4dc0b8e46a38d0b7ab3ed659e63 P 6f8b0834a6d64ee1b463e8bdd2456bca [CANDIDATE]: Term 1 pre-election: Election decided. Result: candidate lost. Election summary: received 3 responses out of 3 voters: 1 yes votes; 2 no votes. yes voters: 6f8b0834a6d64ee1b463e8bdd2456bca; no voters: 1c43303de8fb453b9feee9376291edb0, 2df806ea7b884d819dca9643bface484
I20260709 13:14:00.117260 28501 ts_tablet_manager.cc:1434] T dbe81100b7c24a539ac33c7d52f1b816 P 6f8b0834a6d64ee1b463e8bdd2456bca: Time spent starting tablet: real 0.047s	user 0.006s	sys 0.000s
I20260709 13:14:00.121411 28308 tablet_service.cc:1917] Received RequestConsensusVote() RPC: tablet_id: "359bf3ced96e493dbf424e9a86e85e49" candidate_uuid: "6f8b0834a6d64ee1b463e8bdd2456bca" candidate_term: 1 candidate_status { last_received { term: 0 index: 0 } } ignore_live_leader: false dest_uuid: "2df806ea7b884d819dca9643bface484"
I20260709 13:14:00.114264 28509 raft_consensus.cc:3060] T 27cda4dc0b8e46a38d0b7ab3ed659e63 P 6f8b0834a6d64ee1b463e8bdd2456bca [term 0 FOLLOWER]: Advancing to term 1
I20260709 13:14:00.129561 28501 tablet_bootstrap.cc:492] T 3f416ec1df0745ffa05f87472892ea03 P 6f8b0834a6d64ee1b463e8bdd2456bca: Bootstrap starting.
I20260709 13:14:00.128834 28383 tablet_service.cc:1917] Received RequestConsensusVote() RPC: tablet_id: "359bf3ced96e493dbf424e9a86e85e49" candidate_uuid: "6f8b0834a6d64ee1b463e8bdd2456bca" candidate_term: 1 candidate_status { last_received { term: 0 index: 0 } } ignore_live_leader: false dest_uuid: "1c43303de8fb453b9feee9376291edb0"
I20260709 13:14:00.130733 28383 raft_consensus.cc:3060] T 359bf3ced96e493dbf424e9a86e85e49 P 1c43303de8fb453b9feee9376291edb0 [term 0 FOLLOWER]: Advancing to term 1
I20260709 13:14:00.125833 28539 leader_election.cc:290] T 359bf3ced96e493dbf424e9a86e85e49 P 6f8b0834a6d64ee1b463e8bdd2456bca [CANDIDATE]: Term 1 election: Requested vote from peers 2df806ea7b884d819dca9643bface484 (127.27.131.65:43567), 1c43303de8fb453b9feee9376291edb0 (127.27.131.66:46609)
W20260709 13:14:00.118638 28271 outbound_call.cc:321] RPC callback for RPC call kudu.consensus.ConsensusService.RequestConsensusVote -> {remote=127.27.131.67:45431, user_credentials={real_user=slave}} blocked reactor thread for 82864us
I20260709 13:14:00.126353 28382 raft_consensus.cc:2468] T aae670bb0d50493aa133047bc7bfd1d6 P 1c43303de8fb453b9feee9376291edb0 [term 1 FOLLOWER]: Leader election vote request: Granting yes vote for candidate 6f8b0834a6d64ee1b463e8bdd2456bca in term 1.
I20260709 13:14:00.139071 28502 tablet_bootstrap.cc:492] T dbe81100b7c24a539ac33c7d52f1b816 P 1c43303de8fb453b9feee9376291edb0: No bootstrap required, opened a new log
I20260709 13:14:00.139835 28502 ts_tablet_manager.cc:1403] T dbe81100b7c24a539ac33c7d52f1b816 P 1c43303de8fb453b9feee9376291edb0: Time spent bootstrapping tablet: real 0.118s	user 0.008s	sys 0.010s
I20260709 13:14:00.131125 28541 raft_consensus.cc:515] T 359bf3ced96e493dbf424e9a86e85e49 P 2df806ea7b884d819dca9643bface484 [term 1 FOLLOWER]: Starting leader election with config: opid_index: -1 OBSOLETE_local: false peers { permanent_uuid: "2df806ea7b884d819dca9643bface484" member_type: VOTER last_known_addr { host: "127.27.131.65" port: 43567 } } peers { permanent_uuid: "6f8b0834a6d64ee1b463e8bdd2456bca" member_type: VOTER last_known_addr { host: "127.27.131.67" port: 45431 } } peers { permanent_uuid: "1c43303de8fb453b9feee9376291edb0" member_type: VOTER last_known_addr { host: "127.27.131.66" port: 46609 } }
I20260709 13:14:00.142232 28308 raft_consensus.cc:2393] T 359bf3ced96e493dbf424e9a86e85e49 P 2df806ea7b884d819dca9643bface484 [term 1 FOLLOWER]: Leader election vote request: Denying vote to candidate 6f8b0834a6d64ee1b463e8bdd2456bca in current term 1: Already voted for candidate 2df806ea7b884d819dca9643bface484 in this term.
I20260709 13:14:00.146293 28539 raft_consensus.cc:493] T dbe81100b7c24a539ac33c7d52f1b816 P 6f8b0834a6d64ee1b463e8bdd2456bca [term 0 FOLLOWER]: Starting pre-election (no leader contacted us within the election timeout)
I20260709 13:14:00.142323 28421 leader_election.cc:304] T aae670bb0d50493aa133047bc7bfd1d6 P 6f8b0834a6d64ee1b463e8bdd2456bca [CANDIDATE]: Term 1 election: Election decided. Result: candidate won. Election summary: received 3 responses out of 3 voters: 2 yes votes; 1 no votes. yes voters: 1c43303de8fb453b9feee9376291edb0, 6f8b0834a6d64ee1b463e8bdd2456bca; no voters: 2df806ea7b884d819dca9643bface484
I20260709 13:14:00.150399 28456 tablet_service.cc:1917] Received RequestConsensusVote() RPC: tablet_id: "aae670bb0d50493aa133047bc7bfd1d6" candidate_uuid: "2df806ea7b884d819dca9643bface484" candidate_term: 1 candidate_status { last_received { term: 0 index: 0 } } ignore_live_leader: false dest_uuid: "6f8b0834a6d64ee1b463e8bdd2456bca"
I20260709 13:14:00.149785 28539 raft_consensus.cc:515] T dbe81100b7c24a539ac33c7d52f1b816 P 6f8b0834a6d64ee1b463e8bdd2456bca [term 0 FOLLOWER]: Starting pre-election with config: opid_index: -1 OBSOLETE_local: false peers { permanent_uuid: "2df806ea7b884d819dca9643bface484" member_type: VOTER last_known_addr { host: "127.27.131.65" port: 43567 } } peers { permanent_uuid: "1c43303de8fb453b9feee9376291edb0" member_type: VOTER last_known_addr { host: "127.27.131.66" port: 46609 } } peers { permanent_uuid: "6f8b0834a6d64ee1b463e8bdd2456bca" member_type: VOTER last_known_addr { host: "127.27.131.67" port: 45431 } }
I20260709 13:14:00.151548 28540 raft_consensus.cc:2804] T aae670bb0d50493aa133047bc7bfd1d6 P 6f8b0834a6d64ee1b463e8bdd2456bca [term 1 FOLLOWER]: Leader election won for term 1
I20260709 13:14:00.162792 28523 raft_consensus.cc:515] T 99cd38a8462a452a92ba0af9f7b8292d P 1c43303de8fb453b9feee9376291edb0 [term 1 FOLLOWER]: Starting leader election with config: opid_index: -1 OBSOLETE_local: false peers { permanent_uuid: "2df806ea7b884d819dca9643bface484" member_type: VOTER last_known_addr { host: "127.27.131.65" port: 43567 } } peers { permanent_uuid: "1c43303de8fb453b9feee9376291edb0" member_type: VOTER last_known_addr { host: "127.27.131.66" port: 46609 } } peers { permanent_uuid: "6f8b0834a6d64ee1b463e8bdd2456bca" member_type: VOTER last_known_addr { host: "127.27.131.67" port: 45431 } }
I20260709 13:14:00.166074 28500 tablet_bootstrap.cc:654] T dbe81100b7c24a539ac33c7d52f1b816 P 2df806ea7b884d819dca9643bface484: Neither blocks nor log segments found. Creating new log.
I20260709 13:14:00.163784 28457 tablet_service.cc:1917] Received RequestConsensusVote() RPC: tablet_id: "aae670bb0d50493aa133047bc7bfd1d6" candidate_uuid: "2df806ea7b884d819dca9643bface484" candidate_term: 1 candidate_status { last_received { term: 0 index: 0 } } ignore_live_leader: false dest_uuid: "6f8b0834a6d64ee1b463e8bdd2456bca" is_pre_election: true
I20260709 13:14:00.166817 28307 tablet_service.cc:1917] Received RequestConsensusVote() RPC: tablet_id: "99cd38a8462a452a92ba0af9f7b8292d" candidate_uuid: "1c43303de8fb453b9feee9376291edb0" candidate_term: 1 candidate_status { last_received { term: 0 index: 0 } } ignore_live_leader: false dest_uuid: "2df806ea7b884d819dca9643bface484"
I20260709 13:14:00.167961 28307 raft_consensus.cc:3060] T 99cd38a8462a452a92ba0af9f7b8292d P 2df806ea7b884d819dca9643bface484 [term 0 FOLLOWER]: Advancing to term 1
I20260709 13:14:00.168020 28383 raft_consensus.cc:2468] T 359bf3ced96e493dbf424e9a86e85e49 P 1c43303de8fb453b9feee9376291edb0 [term 1 FOLLOWER]: Leader election vote request: Granting yes vote for candidate 6f8b0834a6d64ee1b463e8bdd2456bca in term 1.
I20260709 13:14:00.170639 28457 tablet_service.cc:1917] Received RequestConsensusVote() RPC: tablet_id: "359bf3ced96e493dbf424e9a86e85e49" candidate_uuid: "2df806ea7b884d819dca9643bface484" candidate_term: 1 candidate_status { last_received { term: 0 index: 0 } } ignore_live_leader: false dest_uuid: "6f8b0834a6d64ee1b463e8bdd2456bca"
I20260709 13:14:00.174081 28457 raft_consensus.cc:2393] T 359bf3ced96e493dbf424e9a86e85e49 P 6f8b0834a6d64ee1b463e8bdd2456bca [term 1 FOLLOWER]: Leader election vote request: Denying vote to candidate 2df806ea7b884d819dca9643bface484 in current term 1: Already voted for candidate 6f8b0834a6d64ee1b463e8bdd2456bca in this term.
I20260709 13:14:00.174499 28421 leader_election.cc:304] T 359bf3ced96e493dbf424e9a86e85e49 P 6f8b0834a6d64ee1b463e8bdd2456bca [CANDIDATE]: Term 1 election: Election decided. Result: candidate won. Election summary: received 2 responses out of 3 voters: 2 yes votes; 0 no votes. yes voters: 1c43303de8fb453b9feee9376291edb0, 6f8b0834a6d64ee1b463e8bdd2456bca; no voters: 
I20260709 13:14:00.179471 28383 tablet_service.cc:1917] Received RequestConsensusVote() RPC: tablet_id: "359bf3ced96e493dbf424e9a86e85e49" candidate_uuid: "2df806ea7b884d819dca9643bface484" candidate_term: 1 candidate_status { last_received { term: 0 index: 0 } } ignore_live_leader: false dest_uuid: "1c43303de8fb453b9feee9376291edb0"
I20260709 13:14:00.180369 28383 raft_consensus.cc:2393] T 359bf3ced96e493dbf424e9a86e85e49 P 1c43303de8fb453b9feee9376291edb0 [term 1 FOLLOWER]: Leader election vote request: Denying vote to candidate 2df806ea7b884d819dca9643bface484 in current term 1: Already voted for candidate 6f8b0834a6d64ee1b463e8bdd2456bca in this term.
I20260709 13:14:00.181573 28272 leader_election.cc:304] T 359bf3ced96e493dbf424e9a86e85e49 P 2df806ea7b884d819dca9643bface484 [CANDIDATE]: Term 1 election: Election decided. Result: candidate lost. Election summary: received 3 responses out of 3 voters: 1 yes votes; 2 no votes. yes voters: 2df806ea7b884d819dca9643bface484; no voters: 1c43303de8fb453b9feee9376291edb0, 6f8b0834a6d64ee1b463e8bdd2456bca
I20260709 13:14:00.182128 28541 leader_election.cc:290] T 359bf3ced96e493dbf424e9a86e85e49 P 2df806ea7b884d819dca9643bface484 [CANDIDATE]: Term 1 election: Requested vote from peers 6f8b0834a6d64ee1b463e8bdd2456bca (127.27.131.67:45431), 1c43303de8fb453b9feee9376291edb0 (127.27.131.66:46609)
I20260709 13:14:00.186174 28553 raft_consensus.cc:2749] T 359bf3ced96e493dbf424e9a86e85e49 P 2df806ea7b884d819dca9643bface484 [term 1 FOLLOWER]: Leader election lost for term 1. Reason: could not achieve majority
I20260709 13:14:00.188782 28523 leader_election.cc:290] T 99cd38a8462a452a92ba0af9f7b8292d P 1c43303de8fb453b9feee9376291edb0 [CANDIDATE]: Term 1 election: Requested vote from peers 2df806ea7b884d819dca9643bface484 (127.27.131.65:43567), 6f8b0834a6d64ee1b463e8bdd2456bca (127.27.131.67:45431)
