W20260709 13:14:08.689460 10843 leader_election.cc:343] T 3658791733f84b198f0385c5dac7cca2 P d86d8ebbcaff4e76af8e3acb67207878 [CANDIDATE]: Term 1 pre-election: Tablet error from VoteRequest() call to peer fd3e554dff2d4ac1841f6d8c267b8578 (127.10.4.66:34223): Illegal state: must be running to vote when last-logged opid is not known
I20260709 13:14:08.693674 10954 tablet_service.cc:1917] Received RequestConsensusVote() RPC: tablet_id: "aada48f8534745c19e54a404fc4a3037" candidate_uuid: "d86d8ebbcaff4e76af8e3acb67207878" candidate_term: 1 candidate_status { last_received { term: 0 index: 0 } } ignore_live_leader: false dest_uuid: "fd3e554dff2d4ac1841f6d8c267b8578" is_pre_election: true
I20260709 13:14:08.694322 10954 raft_consensus.cc:2468] T aada48f8534745c19e54a404fc4a3037 P fd3e554dff2d4ac1841f6d8c267b8578 [term 0 FOLLOWER]: Leader pre-election vote request: Granting yes vote for candidate d86d8ebbcaff4e76af8e3acb67207878 in term 0.
I20260709 13:14:08.692772 11073 raft_consensus.cc:2804] T 42e64608e7c94b7caa8664d7aed15b50 P d86d8ebbcaff4e76af8e3acb67207878 [term 0 FOLLOWER]: Leader pre-election won for term 1
I20260709 13:14:08.698675 10843 leader_election.cc:304] T aada48f8534745c19e54a404fc4a3037 P d86d8ebbcaff4e76af8e3acb67207878 [CANDIDATE]: Term 1 pre-election: Election decided. Result: candidate won. Election summary: received 2 responses out of 3 voters: 2 yes votes; 0 no votes. yes voters: d86d8ebbcaff4e76af8e3acb67207878, fd3e554dff2d4ac1841f6d8c267b8578; no voters: 
I20260709 13:14:08.700212 10879 tablet_service.cc:1917] Received RequestConsensusVote() RPC: tablet_id: "aada48f8534745c19e54a404fc4a3037" candidate_uuid: "e17dd92ad52846bd93d4c3237acd28e0" candidate_term: 1 candidate_status { last_received { term: 0 index: 0 } } ignore_live_leader: false dest_uuid: "d86d8ebbcaff4e76af8e3acb67207878" is_pre_election: true
I20260709 13:14:08.700906 10879 raft_consensus.cc:2468] T aada48f8534745c19e54a404fc4a3037 P d86d8ebbcaff4e76af8e3acb67207878 [term 0 FOLLOWER]: Leader pre-election vote request: Granting yes vote for candidate e17dd92ad52846bd93d4c3237acd28e0 in term 0.
I20260709 13:14:08.698566 11073 raft_consensus.cc:493] T 42e64608e7c94b7caa8664d7aed15b50 P d86d8ebbcaff4e76af8e3acb67207878 [term 0 FOLLOWER]: Starting leader election (no leader contacted us within the election timeout)
I20260709 13:14:08.700212 11076 raft_consensus.cc:515] T aada48f8534745c19e54a404fc4a3037 P e17dd92ad52846bd93d4c3237acd28e0 [term 1 FOLLOWER]: Starting leader election with config: opid_index: -1 OBSOLETE_local: false peers { permanent_uuid: "d86d8ebbcaff4e76af8e3acb67207878" member_type: VOTER last_known_addr { host: "127.10.4.65" port: 44757 } } peers { permanent_uuid: "fd3e554dff2d4ac1841f6d8c267b8578" member_type: VOTER last_known_addr { host: "127.10.4.66" port: 34223 } } peers { permanent_uuid: "e17dd92ad52846bd93d4c3237acd28e0" member_type: VOTER last_known_addr { host: "127.10.4.67" port: 44365 } }
I20260709 13:14:08.707031 11026 tablet_service.cc:1917] Received RequestConsensusVote() RPC: tablet_id: "aada48f8534745c19e54a404fc4a3037" candidate_uuid: "d86d8ebbcaff4e76af8e3acb67207878" candidate_term: 1 candidate_status { last_received { term: 0 index: 0 } } ignore_live_leader: false dest_uuid: "e17dd92ad52846bd93d4c3237acd28e0" is_pre_election: true
I20260709 13:14:08.707140 11028 tablet_service.cc:1917] Received RequestConsensusVote() RPC: tablet_id: "3658791733f84b198f0385c5dac7cca2" candidate_uuid: "d86d8ebbcaff4e76af8e3acb67207878" candidate_term: 1 candidate_status { last_received { term: 0 index: 0 } } ignore_live_leader: false dest_uuid: "e17dd92ad52846bd93d4c3237acd28e0" is_pre_election: true
I20260709 13:14:08.707996 11026 raft_consensus.cc:2393] T aada48f8534745c19e54a404fc4a3037 P e17dd92ad52846bd93d4c3237acd28e0 [term 1 FOLLOWER]: Leader pre-election vote request: Denying vote to candidate d86d8ebbcaff4e76af8e3acb67207878 in current term 1: Already voted for candidate e17dd92ad52846bd93d4c3237acd28e0 in this term.
I20260709 13:14:08.707056 11027 tablet_service.cc:1917] Received RequestConsensusVote() RPC: tablet_id: "42e64608e7c94b7caa8664d7aed15b50" candidate_uuid: "d86d8ebbcaff4e76af8e3acb67207878" candidate_term: 1 candidate_status { last_received { term: 0 index: 0 } } ignore_live_leader: false dest_uuid: "e17dd92ad52846bd93d4c3237acd28e0" is_pre_election: true
I20260709 13:14:08.709056 11027 raft_consensus.cc:2468] T 42e64608e7c94b7caa8664d7aed15b50 P e17dd92ad52846bd93d4c3237acd28e0 [term 0 FOLLOWER]: Leader pre-election vote request: Granting yes vote for candidate d86d8ebbcaff4e76af8e3acb67207878 in term 0.
I20260709 13:14:08.709530 11076 leader_election.cc:290] T aada48f8534745c19e54a404fc4a3037 P e17dd92ad52846bd93d4c3237acd28e0 [CANDIDATE]: Term 1 election: Requested vote from peers d86d8ebbcaff4e76af8e3acb67207878 (127.10.4.65:44757), fd3e554dff2d4ac1841f6d8c267b8578 (127.10.4.66:34223)
I20260709 13:14:08.703560 11093 raft_consensus.cc:2804] T aada48f8534745c19e54a404fc4a3037 P d86d8ebbcaff4e76af8e3acb67207878 [term 0 FOLLOWER]: Leader pre-election won for term 1
W20260709 13:14:08.709213 10843 leader_election.cc:343] T 3658791733f84b198f0385c5dac7cca2 P d86d8ebbcaff4e76af8e3acb67207878 [CANDIDATE]: Term 1 pre-election: Tablet error from VoteRequest() call to peer e17dd92ad52846bd93d4c3237acd28e0 (127.10.4.67:44365): Illegal state: must be running to vote when last-logged opid is not known
I20260709 13:14:08.710799 10954 tablet_service.cc:1917] Received RequestConsensusVote() RPC: tablet_id: "aada48f8534745c19e54a404fc4a3037" candidate_uuid: "e17dd92ad52846bd93d4c3237acd28e0" candidate_term: 1 candidate_status { last_received { term: 0 index: 0 } } ignore_live_leader: false dest_uuid: "fd3e554dff2d4ac1841f6d8c267b8578"
I20260709 13:14:08.705627 11073 raft_consensus.cc:3060] T 42e64608e7c94b7caa8664d7aed15b50 P d86d8ebbcaff4e76af8e3acb67207878 [term 0 FOLLOWER]: Advancing to term 1
I20260709 13:14:08.711359 10954 raft_consensus.cc:3060] T aada48f8534745c19e54a404fc4a3037 P fd3e554dff2d4ac1841f6d8c267b8578 [term 0 FOLLOWER]: Advancing to term 1
I20260709 13:14:08.712302 10879 tablet_service.cc:1917] Received RequestConsensusVote() RPC: tablet_id: "aada48f8534745c19e54a404fc4a3037" candidate_uuid: "e17dd92ad52846bd93d4c3237acd28e0" candidate_term: 1 candidate_status { last_received { term: 0 index: 0 } } ignore_live_leader: false dest_uuid: "d86d8ebbcaff4e76af8e3acb67207878"
I20260709 13:14:08.712796 11093 raft_consensus.cc:493] T aada48f8534745c19e54a404fc4a3037 P d86d8ebbcaff4e76af8e3acb67207878 [term 0 FOLLOWER]: Starting leader election (no leader contacted us within the election timeout)
I20260709 13:14:08.713184 11093 raft_consensus.cc:3060] T aada48f8534745c19e54a404fc4a3037 P d86d8ebbcaff4e76af8e3acb67207878 [term 0 FOLLOWER]: Advancing to term 1
I20260709 13:14:08.711110 10843 leader_election.cc:304] T 3658791733f84b198f0385c5dac7cca2 P d86d8ebbcaff4e76af8e3acb67207878 [CANDIDATE]: Term 1 pre-election: Election decided. Result: candidate lost. Election summary: received 3 responses out of 3 voters: 1 yes votes; 2 no votes. yes voters: d86d8ebbcaff4e76af8e3acb67207878; no voters: e17dd92ad52846bd93d4c3237acd28e0, fd3e554dff2d4ac1841f6d8c267b8578
I20260709 13:14:08.723996 10954 raft_consensus.cc:2468] T aada48f8534745c19e54a404fc4a3037 P fd3e554dff2d4ac1841f6d8c267b8578 [term 1 FOLLOWER]: Leader election vote request: Granting yes vote for candidate e17dd92ad52846bd93d4c3237acd28e0 in term 1.
I20260709 13:14:08.727819 11093 raft_consensus.cc:515] T aada48f8534745c19e54a404fc4a3037 P d86d8ebbcaff4e76af8e3acb67207878 [term 1 FOLLOWER]: Starting leader election with config: opid_index: -1 OBSOLETE_local: false peers { permanent_uuid: "d86d8ebbcaff4e76af8e3acb67207878" member_type: VOTER last_known_addr { host: "127.10.4.65" port: 44757 } } peers { permanent_uuid: "fd3e554dff2d4ac1841f6d8c267b8578" member_type: VOTER last_known_addr { host: "127.10.4.66" port: 34223 } } peers { permanent_uuid: "e17dd92ad52846bd93d4c3237acd28e0" member_type: VOTER last_known_addr { host: "127.10.4.67" port: 44365 } }
I20260709 13:14:08.728883 10992 leader_election.cc:304] T aada48f8534745c19e54a404fc4a3037 P e17dd92ad52846bd93d4c3237acd28e0 [CANDIDATE]: Term 1 election: Election decided. Result: candidate won. Election summary: received 2 responses out of 3 voters: 2 yes votes; 0 no votes. yes voters: e17dd92ad52846bd93d4c3237acd28e0, fd3e554dff2d4ac1841f6d8c267b8578; no voters: 
I20260709 13:14:08.729938 10879 raft_consensus.cc:2393] T aada48f8534745c19e54a404fc4a3037 P d86d8ebbcaff4e76af8e3acb67207878 [term 1 FOLLOWER]: Leader election vote request: Denying vote to candidate e17dd92ad52846bd93d4c3237acd28e0 in current term 1: Already voted for candidate d86d8ebbcaff4e76af8e3acb67207878 in this term.
W20260709 13:14:08.731002 10825 auto_rebalancer.cc:288] Could not retrieve cluster info: Service unavailable: Tablet not running
I20260709 13:14:08.731002 11093 leader_election.cc:290] T aada48f8534745c19e54a404fc4a3037 P d86d8ebbcaff4e76af8e3acb67207878 [CANDIDATE]: Term 1 election: Requested vote from peers fd3e554dff2d4ac1841f6d8c267b8578 (127.10.4.66:34223), e17dd92ad52846bd93d4c3237acd28e0 (127.10.4.67:44365)
I20260709 13:14:08.732093 11093 raft_consensus.cc:2749] T 3658791733f84b198f0385c5dac7cca2 P d86d8ebbcaff4e76af8e3acb67207878 [term 0 FOLLOWER]: Leader pre-election lost for term 1. Reason: could not achieve majority
I20260709 13:14:08.732900 11076 raft_consensus.cc:2804] T aada48f8534745c19e54a404fc4a3037 P e17dd92ad52846bd93d4c3237acd28e0 [term 1 FOLLOWER]: Leader election won for term 1
I20260709 13:14:08.733368 11076 raft_consensus.cc:697] T aada48f8534745c19e54a404fc4a3037 P e17dd92ad52846bd93d4c3237acd28e0 [term 1 LEADER]: Becoming Leader. State: Replica: e17dd92ad52846bd93d4c3237acd28e0, State: Running, Role: LEADER
I20260709 13:14:08.721016 11073 raft_consensus.cc:515] T 42e64608e7c94b7caa8664d7aed15b50 P d86d8ebbcaff4e76af8e3acb67207878 [term 1 FOLLOWER]: Starting leader election with config: opid_index: -1 OBSOLETE_local: false peers { permanent_uuid: "fd3e554dff2d4ac1841f6d8c267b8578" member_type: VOTER last_known_addr { host: "127.10.4.66" port: 34223 } } peers { permanent_uuid: "d86d8ebbcaff4e76af8e3acb67207878" member_type: VOTER last_known_addr { host: "127.10.4.65" port: 44757 } } peers { permanent_uuid: "e17dd92ad52846bd93d4c3237acd28e0" member_type: VOTER last_known_addr { host: "127.10.4.67" port: 44365 } }
I20260709 13:14:08.734114 11076 consensus_queue.cc:237] T aada48f8534745c19e54a404fc4a3037 P e17dd92ad52846bd93d4c3237acd28e0 [LEADER]: Queue going to LEADER mode. State: All replicated index: 0, Majority replicated index: 0, Committed index: 0, Last appended: 0.0, Last appended by leader: 0, Current term: 1, Majority size: 2, State: 0, Mode: LEADER, active raft config: opid_index: -1 OBSOLETE_local: false peers { permanent_uuid: "d86d8ebbcaff4e76af8e3acb67207878" member_type: VOTER last_known_addr { host: "127.10.4.65" port: 44757 } } peers { permanent_uuid: "fd3e554dff2d4ac1841f6d8c267b8578" member_type: VOTER last_known_addr { host: "127.10.4.66" port: 34223 } } peers { permanent_uuid: "e17dd92ad52846bd93d4c3237acd28e0" member_type: VOTER last_known_addr { host: "127.10.4.67" port: 44365 } }
I20260709 13:14:08.734609 11069 tablet_bootstrap.cc:492] T 8634103b437b49a8b0d8724e44da474a P d86d8ebbcaff4e76af8e3acb67207878: No bootstrap required, opened a new log
I20260709 13:14:08.735366 11069 ts_tablet_manager.cc:1403] T 8634103b437b49a8b0d8724e44da474a P d86d8ebbcaff4e76af8e3acb67207878: Time spent bootstrapping tablet: real 0.091s	user 0.015s	sys 0.009s
I20260709 13:14:08.737324 11068 tablet_bootstrap.cc:654] T abd752c0c8fd42c0be6146dc0a7d1dbf P fd3e554dff2d4ac1841f6d8c267b8578: Neither blocks nor log segments found. Creating new log.
I20260709 13:14:08.740325 11069 raft_consensus.cc:359] T 8634103b437b49a8b0d8724e44da474a P d86d8ebbcaff4e76af8e3acb67207878 [term 0 FOLLOWER]: Replica starting. Triggering 0 pending ops. Active config: opid_index: -1 OBSOLETE_local: false peers { permanent_uuid: "d86d8ebbcaff4e76af8e3acb67207878" member_type: VOTER last_known_addr { host: "127.10.4.65" port: 44757 } } peers { permanent_uuid: "fd3e554dff2d4ac1841f6d8c267b8578" member_type: VOTER last_known_addr { host: "127.10.4.66" port: 34223 } } peers { permanent_uuid: "e17dd92ad52846bd93d4c3237acd28e0" member_type: VOTER last_known_addr { host: "127.10.4.67" port: 44365 } }
I20260709 13:14:08.741051 11069 raft_consensus.cc:385] T 8634103b437b49a8b0d8724e44da474a P d86d8ebbcaff4e76af8e3acb67207878 [term 0 FOLLOWER]: Consensus starting up: Expiring failure detector timer to make a prompt election more likely
I20260709 13:14:08.741344 11069 raft_consensus.cc:740] T 8634103b437b49a8b0d8724e44da474a P d86d8ebbcaff4e76af8e3acb67207878 [term 0 FOLLOWER]: Becoming Follower/Learner. State: Replica: d86d8ebbcaff4e76af8e3acb67207878, State: Initialized, Role: FOLLOWER
I20260709 13:14:08.742408 11069 consensus_queue.cc:260] T 8634103b437b49a8b0d8724e44da474a P d86d8ebbcaff4e76af8e3acb67207878 [NON_LEADER]: Queue going to NON_LEADER mode. State: All replicated index: 0, Majority replicated index: 0, Committed index: 0, Last appended: 0.0, Last appended by leader: 0, Current term: 0, Majority size: -1, State: 0, Mode: NON_LEADER, active raft config: opid_index: -1 OBSOLETE_local: false peers { permanent_uuid: "d86d8ebbcaff4e76af8e3acb67207878" member_type: VOTER last_known_addr { host: "127.10.4.65" port: 44757 } } peers { permanent_uuid: "fd3e554dff2d4ac1841f6d8c267b8578" member_type: VOTER last_known_addr { host: "127.10.4.66" port: 34223 } } peers { permanent_uuid: "e17dd92ad52846bd93d4c3237acd28e0" member_type: VOTER last_known_addr { host: "127.10.4.67" port: 44365 } }
I20260709 13:14:08.743537 11070 tablet_bootstrap.cc:492] T 93e7d762c4d04bc0a93f865c0e4fffa9 P e17dd92ad52846bd93d4c3237acd28e0: No bootstrap required, opened a new log
I20260709 13:14:08.743985 11070 ts_tablet_manager.cc:1403] T 93e7d762c4d04bc0a93f865c0e4fffa9 P e17dd92ad52846bd93d4c3237acd28e0: Time spent bootstrapping tablet: real 0.092s	user 0.015s	sys 0.006s
I20260709 13:14:08.744522 11069 ts_tablet_manager.cc:1434] T 8634103b437b49a8b0d8724e44da474a P d86d8ebbcaff4e76af8e3acb67207878: Time spent starting tablet: real 0.008s	user 0.005s	sys 0.000s
I20260709 13:14:08.745189 11027 tablet_service.cc:1917] Received RequestConsensusVote() RPC: tablet_id: "42e64608e7c94b7caa8664d7aed15b50" candidate_uuid: "fd3e554dff2d4ac1841f6d8c267b8578" candidate_term: 1 candidate_status { last_received { term: 0 index: 0 } } ignore_live_leader: false dest_uuid: "e17dd92ad52846bd93d4c3237acd28e0" is_pre_election: true
I20260709 13:14:08.745546 11069 tablet_bootstrap.cc:492] T 7946fded4dfd4022b386d9485b8ca5ce P d86d8ebbcaff4e76af8e3acb67207878: Bootstrap starting.
I20260709 13:14:08.745734 11027 raft_consensus.cc:2468] T 42e64608e7c94b7caa8664d7aed15b50 P e17dd92ad52846bd93d4c3237acd28e0 [term 0 FOLLOWER]: Leader pre-election vote request: Granting yes vote for candidate fd3e554dff2d4ac1841f6d8c267b8578 in term 0.
I20260709 13:14:08.746739 11070 raft_consensus.cc:359] T 93e7d762c4d04bc0a93f865c0e4fffa9 P e17dd92ad52846bd93d4c3237acd28e0 [term 0 FOLLOWER]: Replica starting. Triggering 0 pending ops. Active config: opid_index: -1 OBSOLETE_local: false peers { permanent_uuid: "d86d8ebbcaff4e76af8e3acb67207878" member_type: VOTER last_known_addr { host: "127.10.4.65" port: 44757 } } peers { permanent_uuid: "fd3e554dff2d4ac1841f6d8c267b8578" member_type: VOTER last_known_addr { host: "127.10.4.66" port: 34223 } } peers { permanent_uuid: "e17dd92ad52846bd93d4c3237acd28e0" member_type: VOTER last_known_addr { host: "127.10.4.67" port: 44365 } }
I20260709 13:14:08.747099 10918 leader_election.cc:304] T 42e64608e7c94b7caa8664d7aed15b50 P fd3e554dff2d4ac1841f6d8c267b8578 [CANDIDATE]: Term 1 pre-election: Election decided. Result: candidate won. Election summary: received 2 responses out of 3 voters: 2 yes votes; 0 no votes. yes voters: e17dd92ad52846bd93d4c3237acd28e0, fd3e554dff2d4ac1841f6d8c267b8578; no voters: 
I20260709 13:14:08.747435 11070 raft_consensus.cc:385] T 93e7d762c4d04bc0a93f865c0e4fffa9 P e17dd92ad52846bd93d4c3237acd28e0 [term 0 FOLLOWER]: Consensus starting up: Expiring failure detector timer to make a prompt election more likely
I20260709 13:14:08.747746 11070 raft_consensus.cc:740] T 93e7d762c4d04bc0a93f865c0e4fffa9 P e17dd92ad52846bd93d4c3237acd28e0 [term 0 FOLLOWER]: Becoming Follower/Learner. State: Replica: e17dd92ad52846bd93d4c3237acd28e0, State: Initialized, Role: FOLLOWER
I20260709 13:14:08.747958 11077 raft_consensus.cc:2804] T 42e64608e7c94b7caa8664d7aed15b50 P fd3e554dff2d4ac1841f6d8c267b8578 [term 0 FOLLOWER]: Leader pre-election won for term 1
I20260709 13:14:08.748328 11077 raft_consensus.cc:493] T 42e64608e7c94b7caa8664d7aed15b50 P fd3e554dff2d4ac1841f6d8c267b8578 [term 0 FOLLOWER]: Starting leader election (no leader contacted us within the election timeout)
I20260709 13:14:08.748872 11077 raft_consensus.cc:3060] T 42e64608e7c94b7caa8664d7aed15b50 P fd3e554dff2d4ac1841f6d8c267b8578 [term 0 FOLLOWER]: Advancing to term 1
I20260709 13:14:08.748461 11070 consensus_queue.cc:260] T 93e7d762c4d04bc0a93f865c0e4fffa9 P e17dd92ad52846bd93d4c3237acd28e0 [NON_LEADER]: Queue going to NON_LEADER mode. State: All replicated index: 0, Majority replicated index: 0, Committed index: 0, Last appended: 0.0, Last appended by leader: 0, Current term: 0, Majority size: -1, State: 0, Mode: NON_LEADER, active raft config: opid_index: -1 OBSOLETE_local: false peers { permanent_uuid: "d86d8ebbcaff4e76af8e3acb67207878" member_type: VOTER last_known_addr { host: "127.10.4.65" port: 44757 } } peers { permanent_uuid: "fd3e554dff2d4ac1841f6d8c267b8578" member_type: VOTER last_known_addr { host: "127.10.4.66" port: 34223 } } peers { permanent_uuid: "e17dd92ad52846bd93d4c3237acd28e0" member_type: VOTER last_known_addr { host: "127.10.4.67" port: 44365 } }
I20260709 13:14:08.751659 11070 ts_tablet_manager.cc:1434] T 93e7d762c4d04bc0a93f865c0e4fffa9 P e17dd92ad52846bd93d4c3237acd28e0: Time spent starting tablet: real 0.007s	user 0.005s	sys 0.002s
I20260709 13:14:08.752660 11070 tablet_bootstrap.cc:492] T abd752c0c8fd42c0be6146dc0a7d1dbf P e17dd92ad52846bd93d4c3237acd28e0: Bootstrap starting.
I20260709 13:14:08.758692 11073 leader_election.cc:290] T 42e64608e7c94b7caa8664d7aed15b50 P d86d8ebbcaff4e76af8e3acb67207878 [CANDIDATE]: Term 1 election: Requested vote from peers fd3e554dff2d4ac1841f6d8c267b8578 (127.10.4.66:34223), e17dd92ad52846bd93d4c3237acd28e0 (127.10.4.67:44365)
I20260709 13:14:08.759271 11078 raft_consensus.cc:493] T 8634103b437b49a8b0d8724e44da474a P e17dd92ad52846bd93d4c3237acd28e0 [term 0 FOLLOWER]: Starting pre-election (no leader contacted us within the election timeout)
I20260709 13:14:08.759851 11078 raft_consensus.cc:515] T 8634103b437b49a8b0d8724e44da474a P e17dd92ad52846bd93d4c3237acd28e0 [term 0 FOLLOWER]: Starting pre-election with config: opid_index: -1 OBSOLETE_local: false peers { permanent_uuid: "d86d8ebbcaff4e76af8e3acb67207878" member_type: VOTER last_known_addr { host: "127.10.4.65" port: 44757 } } peers { permanent_uuid: "fd3e554dff2d4ac1841f6d8c267b8578" member_type: VOTER last_known_addr { host: "127.10.4.66" port: 34223 } } peers { permanent_uuid: "e17dd92ad52846bd93d4c3237acd28e0" member_type: VOTER last_known_addr { host: "127.10.4.67" port: 44365 } }
I20260709 13:14:08.760618 11069 tablet_bootstrap.cc:654] T 7946fded4dfd4022b386d9485b8ca5ce P d86d8ebbcaff4e76af8e3acb67207878: Neither blocks nor log segments found. Creating new log.
I20260709 13:14:08.761911 11078 leader_election.cc:290] T 8634103b437b49a8b0d8724e44da474a P e17dd92ad52846bd93d4c3237acd28e0 [CANDIDATE]: Term 1 pre-election: Requested pre-vote from peers d86d8ebbcaff4e76af8e3acb67207878 (127.10.4.65:44757), fd3e554dff2d4ac1841f6d8c267b8578 (127.10.4.66:34223)
I20260709 13:14:08.763342 10954 tablet_service.cc:1917] Received RequestConsensusVote() RPC: tablet_id: "8634103b437b49a8b0d8724e44da474a" candidate_uuid: "e17dd92ad52846bd93d4c3237acd28e0" candidate_term: 1 candidate_status { last_received { term: 0 index: 0 } } ignore_live_leader: false dest_uuid: "fd3e554dff2d4ac1841f6d8c267b8578" is_pre_election: true
I20260709 13:14:08.770140 10953 tablet_service.cc:1917] Received RequestConsensusVote() RPC: tablet_id: "aada48f8534745c19e54a404fc4a3037" candidate_uuid: "d86d8ebbcaff4e76af8e3acb67207878" candidate_term: 1 candidate_status { last_received { term: 0 index: 0 } } ignore_live_leader: false dest_uuid: "fd3e554dff2d4ac1841f6d8c267b8578"
W20260709 13:14:08.770313 10992 leader_election.cc:343] T 8634103b437b49a8b0d8724e44da474a P e17dd92ad52846bd93d4c3237acd28e0 [CANDIDATE]: Term 1 pre-election: Tablet error from VoteRequest() call to peer fd3e554dff2d4ac1841f6d8c267b8578 (127.10.4.66:34223): Illegal state: must be running to vote when last-logged opid is not known
I20260709 13:14:08.770910 10953 raft_consensus.cc:2393] T aada48f8534745c19e54a404fc4a3037 P fd3e554dff2d4ac1841f6d8c267b8578 [term 1 FOLLOWER]: Leader election vote request: Denying vote to candidate d86d8ebbcaff4e76af8e3acb67207878 in current term 1: Already voted for candidate e17dd92ad52846bd93d4c3237acd28e0 in this term.
I20260709 13:14:08.771348 10879 tablet_service.cc:1917] Received RequestConsensusVote() RPC: tablet_id: "8634103b437b49a8b0d8724e44da474a" candidate_uuid: "e17dd92ad52846bd93d4c3237acd28e0" candidate_term: 1 candidate_status { last_received { term: 0 index: 0 } } ignore_live_leader: false dest_uuid: "d86d8ebbcaff4e76af8e3acb67207878" is_pre_election: true
I20260709 13:14:08.772017 10879 raft_consensus.cc:2468] T 8634103b437b49a8b0d8724e44da474a P d86d8ebbcaff4e76af8e3acb67207878 [term 0 FOLLOWER]: Leader pre-election vote request: Granting yes vote for candidate e17dd92ad52846bd93d4c3237acd28e0 in term 0.
I20260709 13:14:08.773171 10993 leader_election.cc:304] T 8634103b437b49a8b0d8724e44da474a P e17dd92ad52846bd93d4c3237acd28e0 [CANDIDATE]: Term 1 pre-election: Election decided. Result: candidate won. Election summary: received 3 responses out of 3 voters: 2 yes votes; 1 no votes. yes voters: d86d8ebbcaff4e76af8e3acb67207878, e17dd92ad52846bd93d4c3237acd28e0; no voters: fd3e554dff2d4ac1841f6d8c267b8578
I20260709 13:14:08.774241 11078 raft_consensus.cc:2804] T 8634103b437b49a8b0d8724e44da474a P e17dd92ad52846bd93d4c3237acd28e0 [term 0 FOLLOWER]: Leader pre-election won for term 1
I20260709 13:14:08.774631 11078 raft_consensus.cc:493] T 8634103b437b49a8b0d8724e44da474a P e17dd92ad52846bd93d4c3237acd28e0 [term 0 FOLLOWER]: Starting leader election (no leader contacted us within the election timeout)
I20260709 13:14:08.774314 11077 raft_consensus.cc:515] T 42e64608e7c94b7caa8664d7aed15b50 P fd3e554dff2d4ac1841f6d8c267b8578 [term 1 FOLLOWER]: Starting leader election with config: opid_index: -1 OBSOLETE_local: false peers { permanent_uuid: "fd3e554dff2d4ac1841f6d8c267b8578" member_type: VOTER last_known_addr { host: "127.10.4.66" port: 34223 } } peers { permanent_uuid: "d86d8ebbcaff4e76af8e3acb67207878" member_type: VOTER last_known_addr { host: "127.10.4.65" port: 44757 } } peers { permanent_uuid: "e17dd92ad52846bd93d4c3237acd28e0" member_type: VOTER last_known_addr { host: "127.10.4.67" port: 44365 } }
I20260709 13:14:08.774989 11078 raft_consensus.cc:3060] T 8634103b437b49a8b0d8724e44da474a P e17dd92ad52846bd93d4c3237acd28e0 [term 0 FOLLOWER]: Advancing to term 1
I20260709 13:14:08.778004 11068 tablet_bootstrap.cc:492] T abd752c0c8fd42c0be6146dc0a7d1dbf P fd3e554dff2d4ac1841f6d8c267b8578: No bootstrap required, opened a new log
I20260709 13:14:08.778553 11068 ts_tablet_manager.cc:1403] T abd752c0c8fd42c0be6146dc0a7d1dbf P fd3e554dff2d4ac1841f6d8c267b8578: Time spent bootstrapping tablet: real 0.134s	user 0.013s	sys 0.009s
I20260709 13:14:08.781518 11070 tablet_bootstrap.cc:654] T abd752c0c8fd42c0be6146dc0a7d1dbf P e17dd92ad52846bd93d4c3237acd28e0: Neither blocks nor log segments found. Creating new log.
I20260709 13:14:08.781924 11068 raft_consensus.cc:359] T abd752c0c8fd42c0be6146dc0a7d1dbf P fd3e554dff2d4ac1841f6d8c267b8578 [term 0 FOLLOWER]: Replica starting. Triggering 0 pending ops. Active config: opid_index: -1 OBSOLETE_local: false peers { permanent_uuid: "d86d8ebbcaff4e76af8e3acb67207878" member_type: VOTER last_known_addr { host: "127.10.4.65" port: 44757 } } peers { permanent_uuid: "fd3e554dff2d4ac1841f6d8c267b8578" member_type: VOTER last_known_addr { host: "127.10.4.66" port: 34223 } } peers { permanent_uuid: "e17dd92ad52846bd93d4c3237acd28e0" member_type: VOTER last_known_addr { host: "127.10.4.67" port: 44365 } }
I20260709 13:14:08.782691 11068 raft_consensus.cc:385] T abd752c0c8fd42c0be6146dc0a7d1dbf P fd3e554dff2d4ac1841f6d8c267b8578 [term 0 FOLLOWER]: Consensus starting up: Expiring failure detector timer to make a prompt election more likely
I20260709 13:14:08.783028 11068 raft_consensus.cc:740] T abd752c0c8fd42c0be6146dc0a7d1dbf P fd3e554dff2d4ac1841f6d8c267b8578 [term 0 FOLLOWER]: Becoming Follower/Learner. State: Replica: fd3e554dff2d4ac1841f6d8c267b8578, State: Initialized, Role: FOLLOWER
I20260709 13:14:08.782213 11027 tablet_service.cc:1917] Received RequestConsensusVote() RPC: tablet_id: "aada48f8534745c19e54a404fc4a3037" candidate_uuid: "d86d8ebbcaff4e76af8e3acb67207878" candidate_term: 1 candidate_status { last_received { term: 0 index: 0 } } ignore_live_leader: false dest_uuid: "e17dd92ad52846bd93d4c3237acd28e0"
I20260709 13:14:08.783847 11099 raft_consensus.cc:493] T 0658ee47d6e4413e9f207532ea4999cc P fd3e554dff2d4ac1841f6d8c267b8578 [term 0 FOLLOWER]: Starting pre-election (no leader contacted us within the election timeout)
I20260709 13:14:08.783921 11068 consensus_queue.cc:260] T abd752c0c8fd42c0be6146dc0a7d1dbf P fd3e554dff2d4ac1841f6d8c267b8578 [NON_LEADER]: Queue going to NON_LEADER mode. State: All replicated index: 0, Majority replicated index: 0, Committed index: 0, Last appended: 0.0, Last appended by leader: 0, Current term: 0, Majority size: -1, State: 0, Mode: NON_LEADER, active raft config: opid_index: -1 OBSOLETE_local: false peers { permanent_uuid: "d86d8ebbcaff4e76af8e3acb67207878" member_type: VOTER last_known_addr { host: "127.10.4.65" port: 44757 } } peers { permanent_uuid: "fd3e554dff2d4ac1841f6d8c267b8578" member_type: VOTER last_known_addr { host: "127.10.4.66" port: 34223 } } peers { permanent_uuid: "e17dd92ad52846bd93d4c3237acd28e0" member_type: VOTER last_known_addr { host: "127.10.4.67" port: 44365 } }
I20260709 13:14:08.784829 11099 raft_consensus.cc:515] T 0658ee47d6e4413e9f207532ea4999cc P fd3e554dff2d4ac1841f6d8c267b8578 [term 0 FOLLOWER]: Starting pre-election with config: opid_index: -1 OBSOLETE_local: false peers { permanent_uuid: "d86d8ebbcaff4e76af8e3acb67207878" member_type: VOTER last_known_addr { host: "127.10.4.65" port: 44757 } } peers { permanent_uuid: "fd3e554dff2d4ac1841f6d8c267b8578" member_type: VOTER last_known_addr { host: "127.10.4.66" port: 34223 } } peers { permanent_uuid: "e17dd92ad52846bd93d4c3237acd28e0" member_type: VOTER last_known_addr { host: "127.10.4.67" port: 44365 } }
I20260709 13:14:08.786700 11078 raft_consensus.cc:515] T 8634103b437b49a8b0d8724e44da474a P e17dd92ad52846bd93d4c3237acd28e0 [term 1 FOLLOWER]: Starting leader election with config: opid_index: -1 OBSOLETE_local: false peers { permanent_uuid: "d86d8ebbcaff4e76af8e3acb67207878" member_type: VOTER last_known_addr { host: "127.10.4.65" port: 44757 } } peers { permanent_uuid: "fd3e554dff2d4ac1841f6d8c267b8578" member_type: VOTER last_known_addr { host: "127.10.4.66" port: 34223 } } peers { permanent_uuid: "e17dd92ad52846bd93d4c3237acd28e0" member_type: VOTER last_known_addr { host: "127.10.4.67" port: 44365 } }
I20260709 13:14:08.787248 10776 catalog_manager.cc:5697] T aada48f8534745c19e54a404fc4a3037 P e17dd92ad52846bd93d4c3237acd28e0 reported cstate change: term changed from 0 to 1, leader changed from <none> to e17dd92ad52846bd93d4c3237acd28e0 (127.10.4.67). New cstate: current_term: 1 leader_uuid: "e17dd92ad52846bd93d4c3237acd28e0" committed_config { opid_index: -1 OBSOLETE_local: false peers { permanent_uuid: "d86d8ebbcaff4e76af8e3acb67207878" member_type: VOTER last_known_addr { host: "127.10.4.65" port: 44757 } health_report { overall_health: UNKNOWN } } peers { permanent_uuid: "fd3e554dff2d4ac1841f6d8c267b8578" member_type: VOTER last_known_addr { host: "127.10.4.66" port: 34223 } health_report { overall_health: UNKNOWN } } peers { permanent_uuid: "e17dd92ad52846bd93d4c3237acd28e0" member_type: VOTER last_known_addr { host: "127.10.4.67" port: 44365 } health_report { overall_health: HEALTHY } } }
I20260709 13:14:08.789593 10953 tablet_service.cc:1917] Received RequestConsensusVote() RPC: tablet_id: "42e64608e7c94b7caa8664d7aed15b50" candidate_uuid: "d86d8ebbcaff4e76af8e3acb67207878" candidate_term: 1 candidate_status { last_received { term: 0 index: 0 } } ignore_live_leader: false dest_uuid: "fd3e554dff2d4ac1841f6d8c267b8578"
I20260709 13:14:08.790488 10953 raft_consensus.cc:2393] T 42e64608e7c94b7caa8664d7aed15b50 P fd3e554dff2d4ac1841f6d8c267b8578 [term 1 FOLLOWER]: Leader election vote request: Denying vote to candidate d86d8ebbcaff4e76af8e3acb67207878 in current term 1: Already voted for candidate fd3e554dff2d4ac1841f6d8c267b8578 in this term.
I20260709 13:14:08.785825 11069 tablet_bootstrap.cc:492] T 7946fded4dfd4022b386d9485b8ca5ce P d86d8ebbcaff4e76af8e3acb67207878: No bootstrap required, opened a new log
I20260709 13:14:08.792330 11069 ts_tablet_manager.cc:1403] T 7946fded4dfd4022b386d9485b8ca5ce P d86d8ebbcaff4e76af8e3acb67207878: Time spent bootstrapping tablet: real 0.047s	user 0.016s	sys 0.000s
I20260709 13:14:08.789626 11078 leader_election.cc:290] T 8634103b437b49a8b0d8724e44da474a P e17dd92ad52846bd93d4c3237acd28e0 [CANDIDATE]: Term 1 election: Requested vote from peers d86d8ebbcaff4e76af8e3acb67207878 (127.10.4.65:44757), fd3e554dff2d4ac1841f6d8c267b8578 (127.10.4.66:34223)
I20260709 13:14:08.793919 11068 ts_tablet_manager.cc:1434] T abd752c0c8fd42c0be6146dc0a7d1dbf P fd3e554dff2d4ac1841f6d8c267b8578: Time spent starting tablet: real 0.015s	user 0.001s	sys 0.011s
I20260709 13:14:08.794812 11068 tablet_bootstrap.cc:492] T 93e7d762c4d04bc0a93f865c0e4fffa9 P fd3e554dff2d4ac1841f6d8c267b8578: Bootstrap starting.
I20260709 13:14:08.789642 10879 tablet_service.cc:1917] Received RequestConsensusVote() RPC: tablet_id: "8634103b437b49a8b0d8724e44da474a" candidate_uuid: "e17dd92ad52846bd93d4c3237acd28e0" candidate_term: 1 candidate_status { last_received { term: 0 index: 0 } } ignore_live_leader: false dest_uuid: "d86d8ebbcaff4e76af8e3acb67207878"
I20260709 13:14:08.795302 10879 raft_consensus.cc:3060] T 8634103b437b49a8b0d8724e44da474a P d86d8ebbcaff4e76af8e3acb67207878 [term 0 FOLLOWER]: Advancing to term 1
I20260709 13:14:08.796396 10878 tablet_service.cc:1917] Received RequestConsensusVote() RPC: tablet_id: "42e64608e7c94b7caa8664d7aed15b50" candidate_uuid: "fd3e554dff2d4ac1841f6d8c267b8578" candidate_term: 1 candidate_status { last_received { term: 0 index: 0 } } ignore_live_leader: false dest_uuid: "d86d8ebbcaff4e76af8e3acb67207878" is_pre_election: true
I20260709 13:14:08.797171 10878 raft_consensus.cc:2393] T 42e64608e7c94b7caa8664d7aed15b50 P d86d8ebbcaff4e76af8e3acb67207878 [term 1 FOLLOWER]: Leader pre-election vote request: Denying vote to candidate fd3e554dff2d4ac1841f6d8c267b8578 in current term 1: Already voted for candidate d86d8ebbcaff4e76af8e3acb67207878 in this term.
I20260709 13:14:08.798146 10877 tablet_service.cc:1917] Received RequestConsensusVote() RPC: tablet_id: "42e64608e7c94b7caa8664d7aed15b50" candidate_uuid: "fd3e554dff2d4ac1841f6d8c267b8578" candidate_term: 1 candidate_status { last_received { term: 0 index: 0 } } ignore_live_leader: false dest_uuid: "d86d8ebbcaff4e76af8e3acb67207878"
I20260709 13:14:08.798914 10877 raft_consensus.cc:2393] T 42e64608e7c94b7caa8664d7aed15b50 P d86d8ebbcaff4e76af8e3acb67207878 [term 1 FOLLOWER]: Leader election vote request: Denying vote to candidate fd3e554dff2d4ac1841f6d8c267b8578 in current term 1: Already voted for candidate d86d8ebbcaff4e76af8e3acb67207878 in this term.
I20260709 13:14:08.799558 10843 leader_election.cc:304] T aada48f8534745c19e54a404fc4a3037 P d86d8ebbcaff4e76af8e3acb67207878 [CANDIDATE]: Term 1 election: Election decided. Result: candidate lost. Election summary: received 3 responses out of 3 voters: 1 yes votes; 2 no votes. yes voters: d86d8ebbcaff4e76af8e3acb67207878; no voters: e17dd92ad52846bd93d4c3237acd28e0, fd3e554dff2d4ac1841f6d8c267b8578
I20260709 13:14:08.800663 10953 tablet_service.cc:1917] Received RequestConsensusVote() RPC: tablet_id: "8634103b437b49a8b0d8724e44da474a" candidate_uuid: "e17dd92ad52846bd93d4c3237acd28e0" candidate_term: 1 candidate_status { last_received { term: 0 index: 0 } } ignore_live_leader: false dest_uuid: "fd3e554dff2d4ac1841f6d8c267b8578"
I20260709 13:14:08.799919 10876 tablet_service.cc:1917] Received RequestConsensusVote() RPC: tablet_id: "0658ee47d6e4413e9f207532ea4999cc" candidate_uuid: "fd3e554dff2d4ac1841f6d8c267b8578" candidate_term: 1 candidate_status { last_received { term: 0 index: 0 } } ignore_live_leader: false dest_uuid: "d86d8ebbcaff4e76af8e3acb67207878" is_pre_election: true
I20260709 13:14:08.802269 11027 tablet_service.cc:1917] Received RequestConsensusVote() RPC: tablet_id: "42e64608e7c94b7caa8664d7aed15b50" candidate_uuid: "d86d8ebbcaff4e76af8e3acb67207878" candidate_term: 1 candidate_status { last_received { term: 0 index: 0 } } ignore_live_leader: false dest_uuid: "e17dd92ad52846bd93d4c3237acd28e0"
I20260709 13:14:08.804865 11027 raft_consensus.cc:3060] T 42e64608e7c94b7caa8664d7aed15b50 P e17dd92ad52846bd93d4c3237acd28e0 [term 0 FOLLOWER]: Advancing to term 1
I20260709 13:14:08.806682 11069 raft_consensus.cc:359] T 7946fded4dfd4022b386d9485b8ca5ce P d86d8ebbcaff4e76af8e3acb67207878 [term 0 FOLLOWER]: Replica starting. Triggering 0 pending ops. Active config: opid_index: -1 OBSOLETE_local: false peers { permanent_uuid: "d86d8ebbcaff4e76af8e3acb67207878" member_type: VOTER last_known_addr { host: "127.10.4.65" port: 44757 } } peers { permanent_uuid: "fd3e554dff2d4ac1841f6d8c267b8578" member_type: VOTER last_known_addr { host: "127.10.4.66" port: 34223 } } peers { permanent_uuid: "e17dd92ad52846bd93d4c3237acd28e0" member_type: VOTER last_known_addr { host: "127.10.4.67" port: 44365 } }
I20260709 13:14:08.807351 11069 raft_consensus.cc:385] T 7946fded4dfd4022b386d9485b8ca5ce P d86d8ebbcaff4e76af8e3acb67207878 [term 0 FOLLOWER]: Consensus starting up: Expiring failure detector timer to make a prompt election more likely
I20260709 13:14:08.807657 11069 raft_consensus.cc:740] T 7946fded4dfd4022b386d9485b8ca5ce P d86d8ebbcaff4e76af8e3acb67207878 [term 0 FOLLOWER]: Becoming Follower/Learner. State: Replica: d86d8ebbcaff4e76af8e3acb67207878, State: Initialized, Role: FOLLOWER
I20260709 13:14:08.808351 11069 consensus_queue.cc:260] T 7946fded4dfd4022b386d9485b8ca5ce P d86d8ebbcaff4e76af8e3acb67207878 [NON_LEADER]: Queue going to NON_LEADER mode. State: All replicated index: 0, Majority replicated index: 0, Committed index: 0, Last appended: 0.0, Last appended by leader: 0, Current term: 0, Majority size: -1, State: 0, Mode: NON_LEADER, active raft config: opid_index: -1 OBSOLETE_local: false peers { permanent_uuid: "d86d8ebbcaff4e76af8e3acb67207878" member_type: VOTER last_known_addr { host: "127.10.4.65" port: 44757 } } peers { permanent_uuid: "fd3e554dff2d4ac1841f6d8c267b8578" member_type: VOTER last_known_addr { host: "127.10.4.66" port: 34223 } } peers { permanent_uuid: "e17dd92ad52846bd93d4c3237acd28e0" member_type: VOTER last_known_addr { host: "127.10.4.67" port: 44365 } }
I20260709 13:14:08.801630 11073 raft_consensus.cc:2749] T aada48f8534745c19e54a404fc4a3037 P d86d8ebbcaff4e76af8e3acb67207878 [term 1 FOLLOWER]: Leader election lost for term 1. Reason: could not achieve majority
I20260709 13:14:08.812969 11026 tablet_service.cc:1917] Received RequestConsensusVote() RPC: tablet_id: "0658ee47d6e4413e9f207532ea4999cc" candidate_uuid: "fd3e554dff2d4ac1841f6d8c267b8578" candidate_term: 1 candidate_status { last_received { term: 0 index: 0 } } ignore_live_leader: false dest_uuid: "e17dd92ad52846bd93d4c3237acd28e0" is_pre_election: true
W20260709 13:14:08.805986 10992 leader_election.cc:343] T 8634103b437b49a8b0d8724e44da474a P e17dd92ad52846bd93d4c3237acd28e0 [CANDIDATE]: Term 1 election: Tablet error from VoteRequest() call to peer fd3e554dff2d4ac1841f6d8c267b8578 (127.10.4.66:34223): Illegal state: must be running to vote when last-logged opid is not known
W20260709 13:14:08.814606 10918 leader_election.cc:343] T 0658ee47d6e4413e9f207532ea4999cc P fd3e554dff2d4ac1841f6d8c267b8578 [CANDIDATE]: Term 1 pre-election: Tablet error from VoteRequest() call to peer e17dd92ad52846bd93d4c3237acd28e0 (127.10.4.67:44365): Illegal state: must be running to vote when last-logged opid is not known
I20260709 13:14:08.815639 11099 leader_election.cc:290] T 0658ee47d6e4413e9f207532ea4999cc P fd3e554dff2d4ac1841f6d8c267b8578 [CANDIDATE]: Term 1 pre-election: Requested pre-vote from peers d86d8ebbcaff4e76af8e3acb67207878 (127.10.4.65:44757), e17dd92ad52846bd93d4c3237acd28e0 (127.10.4.67:44365)
I20260709 13:14:08.817942 11068 tablet_bootstrap.cc:654] T 93e7d762c4d04bc0a93f865c0e4fffa9 P fd3e554dff2d4ac1841f6d8c267b8578: Neither blocks nor log segments found. Creating new log.
I20260709 13:14:08.823038 11027 raft_consensus.cc:2468] T 42e64608e7c94b7caa8664d7aed15b50 P e17dd92ad52846bd93d4c3237acd28e0 [term 1 FOLLOWER]: Leader election vote request: Granting yes vote for candidate d86d8ebbcaff4e76af8e3acb67207878 in term 1.
I20260709 13:14:08.823634 11077 leader_election.cc:290] T 42e64608e7c94b7caa8664d7aed15b50 P fd3e554dff2d4ac1841f6d8c267b8578 [CANDIDATE]: Term 1 election: Requested vote from peers d86d8ebbcaff4e76af8e3acb67207878 (127.10.4.65:44757), e17dd92ad52846bd93d4c3237acd28e0 (127.10.4.67:44365)
I20260709 13:14:08.824496 11101 raft_consensus.cc:493] T abd752c0c8fd42c0be6146dc0a7d1dbf P fd3e554dff2d4ac1841f6d8c267b8578 [term 0 FOLLOWER]: Starting pre-election (no leader contacted us within the election timeout)
I20260709 13:14:08.824955 11101 raft_consensus.cc:515] T abd752c0c8fd42c0be6146dc0a7d1dbf P fd3e554dff2d4ac1841f6d8c267b8578 [term 0 FOLLOWER]: Starting pre-election with config: opid_index: -1 OBSOLETE_local: false peers { permanent_uuid: "d86d8ebbcaff4e76af8e3acb67207878" member_type: VOTER last_known_addr { host: "127.10.4.65" port: 44757 } } peers { permanent_uuid: "fd3e554dff2d4ac1841f6d8c267b8578" member_type: VOTER last_known_addr { host: "127.10.4.66" port: 34223 } } peers { permanent_uuid: "e17dd92ad52846bd93d4c3237acd28e0" member_type: VOTER last_known_addr { host: "127.10.4.67" port: 44365 } }
I20260709 13:14:08.825899 11070 tablet_bootstrap.cc:492] T abd752c0c8fd42c0be6146dc0a7d1dbf P e17dd92ad52846bd93d4c3237acd28e0: No bootstrap required, opened a new log
I20260709 13:14:08.826373 11070 ts_tablet_manager.cc:1403] T abd752c0c8fd42c0be6146dc0a7d1dbf P e17dd92ad52846bd93d4c3237acd28e0: Time spent bootstrapping tablet: real 0.074s	user 0.017s	sys 0.000s
I20260709 13:14:08.827385 10843 leader_election.cc:304] T 42e64608e7c94b7caa8664d7aed15b50 P d86d8ebbcaff4e76af8e3acb67207878 [CANDIDATE]: Term 1 election: Election decided. Result: candidate won. Election summary: received 3 responses out of 3 voters: 2 yes votes; 1 no votes. yes voters: d86d8ebbcaff4e76af8e3acb67207878, e17dd92ad52846bd93d4c3237acd28e0; no voters: fd3e554dff2d4ac1841f6d8c267b8578
I20260709 13:14:08.828178 11073 raft_consensus.cc:2804] T 42e64608e7c94b7caa8664d7aed15b50 P d86d8ebbcaff4e76af8e3acb67207878 [term 1 FOLLOWER]: Leader election won for term 1
I20260709 13:14:08.828616 11073 raft_consensus.cc:697] T 42e64608e7c94b7caa8664d7aed15b50 P d86d8ebbcaff4e76af8e3acb67207878 [term 1 LEADER]: Becoming Leader. State: Replica: d86d8ebbcaff4e76af8e3acb67207878, State: Running, Role: LEADER
I20260709 13:14:08.829383 11073 consensus_queue.cc:237] T 42e64608e7c94b7caa8664d7aed15b50 P d86d8ebbcaff4e76af8e3acb67207878 [LEADER]: Queue going to LEADER mode. State: All replicated index: 0, Majority replicated index: 0, Committed index: 0, Last appended: 0.0, Last appended by leader: 0, Current term: 1, Majority size: 2, State: 0, Mode: LEADER, active raft config: opid_index: -1 OBSOLETE_local: false peers { permanent_uuid: "fd3e554dff2d4ac1841f6d8c267b8578" member_type: VOTER last_known_addr { host: "127.10.4.66" port: 34223 } } peers { permanent_uuid: "d86d8ebbcaff4e76af8e3acb67207878" member_type: VOTER last_known_addr { host: "127.10.4.65" port: 44757 } } peers { permanent_uuid: "e17dd92ad52846bd93d4c3237acd28e0" member_type: VOTER last_known_addr { host: "127.10.4.67" port: 44365 } }
I20260709 13:14:08.829730 11070 raft_consensus.cc:359] T abd752c0c8fd42c0be6146dc0a7d1dbf P e17dd92ad52846bd93d4c3237acd28e0 [term 0 FOLLOWER]: Replica starting. Triggering 0 pending ops. Active config: opid_index: -1 OBSOLETE_local: false peers { permanent_uuid: "d86d8ebbcaff4e76af8e3acb67207878" member_type: VOTER last_known_addr { host: "127.10.4.65" port: 44757 } } peers { permanent_uuid: "fd3e554dff2d4ac1841f6d8c267b8578" member_type: VOTER last_known_addr { host: "127.10.4.66" port: 34223 } } peers { permanent_uuid: "e17dd92ad52846bd93d4c3237acd28e0" member_type: VOTER last_known_addr { host: "127.10.4.67" port: 44365 } }
I20260709 13:14:08.830811 11070 raft_consensus.cc:385] T abd752c0c8fd42c0be6146dc0a7d1dbf P e17dd92ad52846bd93d4c3237acd28e0 [term 0 FOLLOWER]: Consensus starting up: Expiring failure detector timer to make a prompt election more likely
I20260709 13:14:08.831097 11070 raft_consensus.cc:740] T abd752c0c8fd42c0be6146dc0a7d1dbf P e17dd92ad52846bd93d4c3237acd28e0 [term 0 FOLLOWER]: Becoming Follower/Learner. State: Replica: e17dd92ad52846bd93d4c3237acd28e0, State: Initialized, Role: FOLLOWER
I20260709 13:14:08.831838 11070 consensus_queue.cc:260] T abd752c0c8fd42c0be6146dc0a7d1dbf P e17dd92ad52846bd93d4c3237acd28e0 [NON_LEADER]: Queue going to NON_LEADER mode. State: All replicated index: 0, Majority replicated index: 0, Committed index: 0, Last appended: 0.0, Last appended by leader: 0, Current term: 0, Majority size: -1, State: 0, Mode: NON_LEADER, active raft config: opid_index: -1 OBSOLETE_local: false peers { permanent_uuid: "d86d8ebbcaff4e76af8e3acb67207878" member_type: VOTER last_known_addr { host: "127.10.4.65" port: 44757 } } peers { permanent_uuid: "fd3e554dff2d4ac1841f6d8c267b8578" member_type: VOTER last_known_addr { host: "127.10.4.66" port: 34223 } } peers { permanent_uuid: "e17dd92ad52846bd93d4c3237acd28e0" member_type: VOTER last_known_addr { host: "127.10.4.67" port: 44365 } }
I20260709 13:14:08.834332 11078 raft_consensus.cc:493] T abd752c0c8fd42c0be6146dc0a7d1dbf P e17dd92ad52846bd93d4c3237acd28e0 [term 0 FOLLOWER]: Starting pre-election (no leader contacted us within the election timeout)
I20260709 13:14:08.835140 11078 raft_consensus.cc:515] T abd752c0c8fd42c0be6146dc0a7d1dbf P e17dd92ad52846bd93d4c3237acd28e0 [term 0 FOLLOWER]: Starting pre-election with config: opid_index: -1 OBSOLETE_local: false peers { permanent_uuid: "d86d8ebbcaff4e76af8e3acb67207878" member_type: VOTER last_known_addr { host: "127.10.4.65" port: 44757 } } peers { permanent_uuid: "fd3e554dff2d4ac1841f6d8c267b8578" member_type: VOTER last_known_addr { host: "127.10.4.66" port: 34223 } } peers { permanent_uuid: "e17dd92ad52846bd93d4c3237acd28e0" member_type: VOTER last_known_addr { host: "127.10.4.67" port: 44365 } }
I20260709 13:14:08.837224 11078 leader_election.cc:290] T abd752c0c8fd42c0be6146dc0a7d1dbf P e17dd92ad52846bd93d4c3237acd28e0 [CANDIDATE]: Term 1 pre-election: Requested pre-vote from peers d86d8ebbcaff4e76af8e3acb67207878 (127.10.4.65:44757), fd3e554dff2d4ac1841f6d8c267b8578 (127.10.4.66:34223)
I20260709 13:14:08.837281 11027 tablet_service.cc:1917] Received RequestConsensusVote() RPC: tablet_id: "42e64608e7c94b7caa8664d7aed15b50" candidate_uuid: "fd3e554dff2d4ac1841f6d8c267b8578" candidate_term: 1 candidate_status { last_received { term: 0 index: 0 } } ignore_live_leader: false dest_uuid: "e17dd92ad52846bd93d4c3237acd28e0"
I20260709 13:14:08.838346 11027 raft_consensus.cc:2393] T 42e64608e7c94b7caa8664d7aed15b50 P e17dd92ad52846bd93d4c3237acd28e0 [term 1 FOLLOWER]: Leader election vote request: Denying vote to candidate fd3e554dff2d4ac1841f6d8c267b8578 in current term 1: Already voted for candidate d86d8ebbcaff4e76af8e3acb67207878 in this term.
W20260709 13:14:08.837311 10919 leader_election.cc:343] T 0658ee47d6e4413e9f207532ea4999cc P fd3e554dff2d4ac1841f6d8c267b8578 [CANDIDATE]: Term 1 pre-election: Tablet error from VoteRequest() call to peer d86d8ebbcaff4e76af8e3acb67207878 (127.10.4.65:44757): Illegal state: must be running to vote when last-logged opid is not known
I20260709 13:14:08.838863 10919 leader_election.cc:304] T 0658ee47d6e4413e9f207532ea4999cc P fd3e554dff2d4ac1841f6d8c267b8578 [CANDIDATE]: Term 1 pre-election: Election decided. Result: candidate lost. Election summary: received 3 responses out of 3 voters: 1 yes votes; 2 no votes. yes voters: fd3e554dff2d4ac1841f6d8c267b8578; no voters: d86d8ebbcaff4e76af8e3acb67207878, e17dd92ad52846bd93d4c3237acd28e0
I20260709 13:14:08.840754 11077 raft_consensus.cc:2749] T 0658ee47d6e4413e9f207532ea4999cc P fd3e554dff2d4ac1841f6d8c267b8578 [term 0 FOLLOWER]: Leader pre-election lost for term 1. Reason: could not achieve majority
I20260709 13:14:08.841133 10953 tablet_service.cc:1917] Received RequestConsensusVote() RPC: tablet_id: "abd752c0c8fd42c0be6146dc0a7d1dbf" candidate_uuid: "e17dd92ad52846bd93d4c3237acd28e0" candidate_term: 1 candidate_status { last_received { term: 0 index: 0 } } ignore_live_leader: false dest_uuid: "fd3e554dff2d4ac1841f6d8c267b8578" is_pre_election: true
I20260709 13:14:08.841836 10953 raft_consensus.cc:2468] T abd752c0c8fd42c0be6146dc0a7d1dbf P fd3e554dff2d4ac1841f6d8c267b8578 [term 0 FOLLOWER]: Leader pre-election vote request: Granting yes vote for candidate e17dd92ad52846bd93d4c3237acd28e0 in term 0.
I20260709 13:14:08.845261 10992 leader_election.cc:304] T abd752c0c8fd42c0be6146dc0a7d1dbf P e17dd92ad52846bd93d4c3237acd28e0 [CANDIDATE]: Term 1 pre-election: Election decided. Result: candidate won. Election summary: received 2 responses out of 3 voters: 2 yes votes; 0 no votes. yes voters: e17dd92ad52846bd93d4c3237acd28e0, fd3e554dff2d4ac1841f6d8c267b8578; no voters: 
I20260709 13:14:08.845284 10918 leader_election.cc:304] T 42e64608e7c94b7caa8664d7aed15b50 P fd3e554dff2d4ac1841f6d8c267b8578 [CANDIDATE]: Term 1 election: Election decided. Result: candidate lost. Election summary: received 3 responses out of 3 voters: 1 yes votes; 2 no votes. yes voters: fd3e554dff2d4ac1841f6d8c267b8578; no voters: d86d8ebbcaff4e76af8e3acb67207878, e17dd92ad52846bd93d4c3237acd28e0
I20260709 13:14:08.846725 11077 raft_consensus.cc:2749] T 42e64608e7c94b7caa8664d7aed15b50 P fd3e554dff2d4ac1841f6d8c267b8578 [term 1 FOLLOWER]: Leader election lost for term 1. Reason: could not achieve majority
I20260709 13:14:08.847045 11078 raft_consensus.cc:2804] T abd752c0c8fd42c0be6146dc0a7d1dbf P e17dd92ad52846bd93d4c3237acd28e0 [term 0 FOLLOWER]: Leader pre-election won for term 1
I20260709 13:14:08.846976 10876 tablet_service.cc:1917] Received RequestConsensusVote() RPC: tablet_id: "abd752c0c8fd42c0be6146dc0a7d1dbf" candidate_uuid: "e17dd92ad52846bd93d4c3237acd28e0" candidate_term: 1 candidate_status { last_received { term: 0 index: 0 } } ignore_live_leader: false dest_uuid: "d86d8ebbcaff4e76af8e3acb67207878" is_pre_election: true
I20260709 13:14:08.847507 11078 raft_consensus.cc:493] T abd752c0c8fd42c0be6146dc0a7d1dbf P e17dd92ad52846bd93d4c3237acd28e0 [term 0 FOLLOWER]: Starting leader election (no leader contacted us within the election timeout)
I20260709 13:14:08.848385 11101 leader_election.cc:290] T abd752c0c8fd42c0be6146dc0a7d1dbf P fd3e554dff2d4ac1841f6d8c267b8578 [CANDIDATE]: Term 1 pre-election: Requested pre-vote from peers d86d8ebbcaff4e76af8e3acb67207878 (127.10.4.65:44757), e17dd92ad52846bd93d4c3237acd28e0 (127.10.4.67:44365)
W20260709 13:14:08.848452 10993 leader_election.cc:343] T abd752c0c8fd42c0be6146dc0a7d1dbf P e17dd92ad52846bd93d4c3237acd28e0 [CANDIDATE]: Term 1 pre-election: Tablet error from VoteRequest() call to peer d86d8ebbcaff4e76af8e3acb67207878 (127.10.4.65:44757): Illegal state: must be running to vote when last-logged opid is not known
I20260709 13:14:08.847853 11078 raft_consensus.cc:3060] T abd752c0c8fd42c0be6146dc0a7d1dbf P e17dd92ad52846bd93d4c3237acd28e0 [term 0 FOLLOWER]: Advancing to term 1
I20260709 13:14:08.849339 11070 ts_tablet_manager.cc:1434] T abd752c0c8fd42c0be6146dc0a7d1dbf P e17dd92ad52846bd93d4c3237acd28e0: Time spent starting tablet: real 0.022s	user 0.003s	sys 0.003s
I20260709 13:14:08.849916 11027 tablet_service.cc:1917] Received RequestConsensusVote() RPC: tablet_id: "abd752c0c8fd42c0be6146dc0a7d1dbf" candidate_uuid: "fd3e554dff2d4ac1841f6d8c267b8578" candidate_term: 1 candidate_status { last_received { term: 0 index: 0 } } ignore_live_leader: false dest_uuid: "e17dd92ad52846bd93d4c3237acd28e0" is_pre_election: true
I20260709 13:14:08.850869 11069 ts_tablet_manager.cc:1434] T 7946fded4dfd4022b386d9485b8ca5ce P d86d8ebbcaff4e76af8e3acb67207878: Time spent starting tablet: real 0.058s	user 0.007s	sys 0.002s
I20260709 13:14:08.851867 11069 tablet_bootstrap.cc:492] T a1bb61541b6b4b6f9d6be0312ba07c81 P d86d8ebbcaff4e76af8e3acb67207878: Bootstrap starting.
I20260709 13:14:08.856748 11070 tablet_bootstrap.cc:492] T a1bb61541b6b4b6f9d6be0312ba07c81 P e17dd92ad52846bd93d4c3237acd28e0: Bootstrap starting.
