I20260709 12:58:36.960073  1715 tablet_service.cc:1917] Received RequestConsensusVote() RPC: tablet_id: "f2e99a88288942c682c555cd6ee035d8" candidate_uuid: "81584afde48443eea4435b1ec6077c7c" candidate_term: 1 candidate_status { last_received { term: 0 index: 0 } } ignore_live_leader: false dest_uuid: "0a71d72e530a4641a62d0929e947b1e6" is_pre_election: true
I20260709 12:58:36.934288  1607 leader_election.cc:304] T c3a5b5fe226f4b3f9e10cfa8be3e0806 P d0835f6838a4491485fd383bd3458c6b [CANDIDATE]: Term 1 pre-election: Election decided. Result: candidate lost. Election summary: received 3 responses out of 3 voters: 1 yes votes; 2 no votes. yes voters: d0835f6838a4491485fd383bd3458c6b; no voters: 0a71d72e530a4641a62d0929e947b1e6, 81584afde48443eea4435b1ec6077c7c
I20260709 12:58:36.963900  1607 leader_election.cc:304] T 38be7f7bc3bd421c81c766a1e2d26705 P d0835f6838a4491485fd383bd3458c6b [CANDIDATE]: Term 1 pre-election: Election decided. Result: candidate won. Election summary: received 3 responses out of 3 voters: 2 yes votes; 1 no votes. yes voters: 81584afde48443eea4435b1ec6077c7c, d0835f6838a4491485fd383bd3458c6b; no voters: 0a71d72e530a4641a62d0929e947b1e6
I20260709 12:58:36.964687  1838 raft_consensus.cc:3060] T c3a5b5fe226f4b3f9e10cfa8be3e0806 P d0835f6838a4491485fd383bd3458c6b [term 0 FOLLOWER]: Advancing to term 1
I20260709 12:58:36.938861  1851 raft_consensus.cc:515] T f2e99a88288942c682c555cd6ee035d8 P 81584afde48443eea4435b1ec6077c7c [term 1 FOLLOWER]: Starting leader election with config: opid_index: -1 OBSOLETE_local: false peers { permanent_uuid: "81584afde48443eea4435b1ec6077c7c" member_type: VOTER last_known_addr { host: "127.0.107.193" port: 45667 } } peers { permanent_uuid: "d0835f6838a4491485fd383bd3458c6b" member_type: VOTER last_known_addr { host: "127.0.107.194" port: 45591 } } peers { permanent_uuid: "0a71d72e530a4641a62d0929e947b1e6" member_type: VOTER last_known_addr { host: "127.0.107.195" port: 46273 } }
I20260709 12:58:36.968848  1638 tablet_service.cc:1917] Received RequestConsensusVote() RPC: tablet_id: "f2e99a88288942c682c555cd6ee035d8" candidate_uuid: "81584afde48443eea4435b1ec6077c7c" candidate_term: 1 candidate_status { last_received { term: 0 index: 0 } } ignore_live_leader: false dest_uuid: "d0835f6838a4491485fd383bd3458c6b"
I20260709 12:58:36.970003  1638 raft_consensus.cc:3060] T f2e99a88288942c682c555cd6ee035d8 P d0835f6838a4491485fd383bd3458c6b [term 0 FOLLOWER]: Advancing to term 1
I20260709 12:58:36.975196  1759 raft_consensus.cc:2804] T 38be7f7bc3bd421c81c766a1e2d26705 P d0835f6838a4491485fd383bd3458c6b [term 0 FOLLOWER]: Leader pre-election won for term 1
I20260709 12:58:36.975873  1759 raft_consensus.cc:493] T 38be7f7bc3bd421c81c766a1e2d26705 P d0835f6838a4491485fd383bd3458c6b [term 0 FOLLOWER]: Starting leader election (no leader contacted us within the election timeout)
I20260709 12:58:36.976387  1759 raft_consensus.cc:3060] T 38be7f7bc3bd421c81c766a1e2d26705 P d0835f6838a4491485fd383bd3458c6b [term 0 FOLLOWER]: Advancing to term 1
I20260709 12:58:36.980994  1761 tablet_bootstrap.cc:492] T 33215af1176343728ff9a67d0d9005f1 P 0a71d72e530a4641a62d0929e947b1e6: No bootstrap required, opened a new log
I20260709 12:58:36.981949  1761 ts_tablet_manager.cc:1403] T 33215af1176343728ff9a67d0d9005f1 P 0a71d72e530a4641a62d0929e947b1e6: Time spent bootstrapping tablet: real 0.136s	user 0.011s	sys 0.001s
I20260709 12:58:36.987998  1758 tablet_bootstrap.cc:492] T 089c638dcddb463392642a307bd3d837 P 81584afde48443eea4435b1ec6077c7c: No bootstrap required, opened a new log
I20260709 12:58:37.193271  1758 ts_tablet_manager.cc:1403] T 089c638dcddb463392642a307bd3d837 P 81584afde48443eea4435b1ec6077c7c: Time spent bootstrapping tablet: real 0.407s	user 0.042s	sys 0.075s
I20260709 12:58:37.051484  1789 raft_consensus.cc:515] T f2e99a88288942c682c555cd6ee035d8 P 0a71d72e530a4641a62d0929e947b1e6 [term 1 FOLLOWER]: Starting leader election with config: opid_index: -1 OBSOLETE_local: false peers { permanent_uuid: "81584afde48443eea4435b1ec6077c7c" member_type: VOTER last_known_addr { host: "127.0.107.193" port: 45667 } } peers { permanent_uuid: "d0835f6838a4491485fd383bd3458c6b" member_type: VOTER last_known_addr { host: "127.0.107.194" port: 45591 } } peers { permanent_uuid: "0a71d72e530a4641a62d0929e947b1e6" member_type: VOTER last_known_addr { host: "127.0.107.195" port: 46273 } }
I20260709 12:58:37.200048  1715 raft_consensus.cc:2393] T f2e99a88288942c682c555cd6ee035d8 P 0a71d72e530a4641a62d0929e947b1e6 [term 1 FOLLOWER]: Leader pre-election vote request: Denying vote to candidate 81584afde48443eea4435b1ec6077c7c in current term 1: Already voted for candidate 0a71d72e530a4641a62d0929e947b1e6 in this term.
I20260709 12:58:37.200395  1838 raft_consensus.cc:2749] T c3a5b5fe226f4b3f9e10cfa8be3e0806 P d0835f6838a4491485fd383bd3458c6b [term 1 FOLLOWER]: Leader pre-election lost for term 1. Reason: could not achieve majority
I20260709 12:58:36.986662  1851 leader_election.cc:290] T f2e99a88288942c682c555cd6ee035d8 P 81584afde48443eea4435b1ec6077c7c [CANDIDATE]: Term 1 election: Requested vote from peers d0835f6838a4491485fd383bd3458c6b (127.0.107.194:45591), 0a71d72e530a4641a62d0929e947b1e6 (127.0.107.195:46273)
I20260709 12:58:37.181630  1563 tablet_service.cc:1917] Received RequestConsensusVote() RPC: tablet_id: "f2e99a88288942c682c555cd6ee035d8" candidate_uuid: "0a71d72e530a4641a62d0929e947b1e6" candidate_term: 1 candidate_status { last_received { term: 0 index: 0 } } ignore_live_leader: false dest_uuid: "81584afde48443eea4435b1ec6077c7c" is_pre_election: true
I20260709 12:58:37.201550  1759 raft_consensus.cc:515] T 38be7f7bc3bd421c81c766a1e2d26705 P d0835f6838a4491485fd383bd3458c6b [term 1 FOLLOWER]: Starting leader election with config: opid_index: -1 OBSOLETE_local: false peers { permanent_uuid: "81584afde48443eea4435b1ec6077c7c" member_type: VOTER last_known_addr { host: "127.0.107.193" port: 45667 } } peers { permanent_uuid: "d0835f6838a4491485fd383bd3458c6b" member_type: VOTER last_known_addr { host: "127.0.107.194" port: 45591 } } peers { permanent_uuid: "0a71d72e530a4641a62d0929e947b1e6" member_type: VOTER last_known_addr { host: "127.0.107.195" port: 46273 } }
I20260709 12:58:37.202183  1711 raft_consensus.cc:3060] T e93a8d742dd24defa82ebe1917ff1981 P 0a71d72e530a4641a62d0929e947b1e6 [term 0 FOLLOWER]: Advancing to term 1
I20260709 12:58:37.202623  1850 consensus_queue.cc:1048] T c3a5b5fe226f4b3f9e10cfa8be3e0806 P 81584afde48443eea4435b1ec6077c7c [LEADER]: Connected to new peer: Peer: permanent_uuid: "0a71d72e530a4641a62d0929e947b1e6" member_type: VOTER last_known_addr { host: "127.0.107.195" port: 46273 }, Status: LMP_MISMATCH, Last received: 0.0, Next index: 1, Last known committed idx: 0, Time since last communication: 0.000s
I20260709 12:58:37.085834  1839 raft_consensus.cc:493] T a19a28eb6bb14aa3adaaa9abea19fba9 P d0835f6838a4491485fd383bd3458c6b [term 0 FOLLOWER]: Starting pre-election (no leader contacted us within the election timeout)
I20260709 12:58:37.114961  1713 tablet_service.cc:1917] Received RequestConsensusVote() RPC: tablet_id: "f2e99a88288942c682c555cd6ee035d8" candidate_uuid: "81584afde48443eea4435b1ec6077c7c" candidate_term: 1 candidate_status { last_received { term: 0 index: 0 } } ignore_live_leader: false dest_uuid: "0a71d72e530a4641a62d0929e947b1e6"
I20260709 12:58:37.125001  1565 raft_consensus.cc:2468] T 593111cad45945c0aedb93111f5b6982 P 81584afde48443eea4435b1ec6077c7c [term 1 FOLLOWER]: Leader election vote request: Granting yes vote for candidate d0835f6838a4491485fd383bd3458c6b in term 1.
I20260709 12:58:37.195843  1638 raft_consensus.cc:2468] T f2e99a88288942c682c555cd6ee035d8 P d0835f6838a4491485fd383bd3458c6b [term 1 FOLLOWER]: Leader election vote request: Granting yes vote for candidate 81584afde48443eea4435b1ec6077c7c in term 1.
I20260709 12:58:36.997363  1607 leader_election.cc:304] T 593111cad45945c0aedb93111f5b6982 P d0835f6838a4491485fd383bd3458c6b [CANDIDATE]: Term 1 election: Election decided. Result: candidate won. Election summary: received 2 responses out of 3 voters: 2 yes votes; 0 no votes. yes voters: 0a71d72e530a4641a62d0929e947b1e6, d0835f6838a4491485fd383bd3458c6b; no voters: 
I20260709 12:58:37.219949  1761 raft_consensus.cc:359] T 33215af1176343728ff9a67d0d9005f1 P 0a71d72e530a4641a62d0929e947b1e6 [term 0 FOLLOWER]: Replica starting. Triggering 0 pending ops. Active config: opid_index: -1 OBSOLETE_local: false peers { permanent_uuid: "81584afde48443eea4435b1ec6077c7c" member_type: VOTER last_known_addr { host: "127.0.107.193" port: 45667 } } peers { permanent_uuid: "d0835f6838a4491485fd383bd3458c6b" member_type: VOTER last_known_addr { host: "127.0.107.194" port: 45591 } } peers { permanent_uuid: "0a71d72e530a4641a62d0929e947b1e6" member_type: VOTER last_known_addr { host: "127.0.107.195" port: 46273 } }
I20260709 12:58:37.220429  1761 raft_consensus.cc:385] T 33215af1176343728ff9a67d0d9005f1 P 0a71d72e530a4641a62d0929e947b1e6 [term 0 FOLLOWER]: Consensus starting up: Expiring failure detector timer to make a prompt election more likely
I20260709 12:58:37.220638  1761 raft_consensus.cc:740] T 33215af1176343728ff9a67d0d9005f1 P 0a71d72e530a4641a62d0929e947b1e6 [term 0 FOLLOWER]: Becoming Follower/Learner. State: Replica: 0a71d72e530a4641a62d0929e947b1e6, State: Initialized, Role: FOLLOWER
I20260709 12:58:37.221127  1761 consensus_queue.cc:260] T 33215af1176343728ff9a67d0d9005f1 P 0a71d72e530a4641a62d0929e947b1e6 [NON_LEADER]: Queue going to NON_LEADER mode. State: All replicated index: 0, Majority replicated index: 0, Committed index: 0, Last appended: 0.0, Last appended by leader: 0, Current term: 0, Majority size: -1, State: 0, Mode: NON_LEADER, active raft config: opid_index: -1 OBSOLETE_local: false peers { permanent_uuid: "81584afde48443eea4435b1ec6077c7c" member_type: VOTER last_known_addr { host: "127.0.107.193" port: 45667 } } peers { permanent_uuid: "d0835f6838a4491485fd383bd3458c6b" member_type: VOTER last_known_addr { host: "127.0.107.194" port: 45591 } } peers { permanent_uuid: "0a71d72e530a4641a62d0929e947b1e6" member_type: VOTER last_known_addr { host: "127.0.107.195" port: 46273 } }
I20260709 12:58:37.222564  1838 raft_consensus.cc:2804] T 593111cad45945c0aedb93111f5b6982 P d0835f6838a4491485fd383bd3458c6b [term 1 FOLLOWER]: Leader election won for term 1
W20260709 12:58:37.219347  1748 outbound_call.cc:321] RPC callback for RPC call kudu.master.MasterService.IsCreateTableDone -> {remote=127.0.107.254:42099, user_credentials={real_user=slave}} blocked reactor thread for 106790us
I20260709 12:58:37.223116  1838 raft_consensus.cc:697] T 593111cad45945c0aedb93111f5b6982 P d0835f6838a4491485fd383bd3458c6b [term 1 LEADER]: Becoming Leader. State: Replica: d0835f6838a4491485fd383bd3458c6b, State: Running, Role: LEADER
I20260709 12:58:37.224043  1838 consensus_queue.cc:237] T 593111cad45945c0aedb93111f5b6982 P d0835f6838a4491485fd383bd3458c6b [LEADER]: Queue going to LEADER mode. State: All replicated index: 0, Majority replicated index: 0, Committed index: 0, Last appended: 0.0, Last appended by leader: 0, Current term: 1, Majority size: 2, State: 0, Mode: LEADER, active raft config: opid_index: -1 OBSOLETE_local: false peers { permanent_uuid: "81584afde48443eea4435b1ec6077c7c" member_type: VOTER last_known_addr { host: "127.0.107.193" port: 45667 } } peers { permanent_uuid: "d0835f6838a4491485fd383bd3458c6b" member_type: VOTER last_known_addr { host: "127.0.107.194" port: 45591 } } peers { permanent_uuid: "0a71d72e530a4641a62d0929e947b1e6" member_type: VOTER last_known_addr { host: "127.0.107.195" port: 46273 } }
I20260709 12:58:37.208995  1839 raft_consensus.cc:515] T a19a28eb6bb14aa3adaaa9abea19fba9 P d0835f6838a4491485fd383bd3458c6b [term 0 FOLLOWER]: Starting pre-election with config: opid_index: -1 OBSOLETE_local: false peers { permanent_uuid: "81584afde48443eea4435b1ec6077c7c" member_type: VOTER last_known_addr { host: "127.0.107.193" port: 45667 } } peers { permanent_uuid: "d0835f6838a4491485fd383bd3458c6b" member_type: VOTER last_known_addr { host: "127.0.107.194" port: 45591 } } peers { permanent_uuid: "0a71d72e530a4641a62d0929e947b1e6" member_type: VOTER last_known_addr { host: "127.0.107.195" port: 46273 } }
I20260709 12:58:37.227005  1761 ts_tablet_manager.cc:1434] T 33215af1176343728ff9a67d0d9005f1 P 0a71d72e530a4641a62d0929e947b1e6: Time spent starting tablet: real 0.244s	user 0.003s	sys 0.002s
I20260709 12:58:37.227190  1789 leader_election.cc:290] T f2e99a88288942c682c555cd6ee035d8 P 0a71d72e530a4641a62d0929e947b1e6 [CANDIDATE]: Term 1 election: Requested vote from peers 81584afde48443eea4435b1ec6077c7c (127.0.107.193:45667), d0835f6838a4491485fd383bd3458c6b (127.0.107.194:45591)
I20260709 12:58:37.227653  1713 raft_consensus.cc:2393] T f2e99a88288942c682c555cd6ee035d8 P 0a71d72e530a4641a62d0929e947b1e6 [term 1 FOLLOWER]: Leader election vote request: Denying vote to candidate 81584afde48443eea4435b1ec6077c7c in current term 1: Already voted for candidate 0a71d72e530a4641a62d0929e947b1e6 in this term.
I20260709 12:58:37.227907  1761 tablet_bootstrap.cc:492] T 5976f0bbe4b6452bb0a98873597a815d P 0a71d72e530a4641a62d0929e947b1e6: Bootstrap starting.
I20260709 12:58:37.230860  1563 raft_consensus.cc:2393] T f2e99a88288942c682c555cd6ee035d8 P 81584afde48443eea4435b1ec6077c7c [term 1 FOLLOWER]: Leader pre-election vote request: Denying vote to candidate 0a71d72e530a4641a62d0929e947b1e6 in current term 1: Already voted for candidate 81584afde48443eea4435b1ec6077c7c in this term.
I20260709 12:58:37.236207  1756 tablet_bootstrap.cc:654] T f566b90976294bc3a1b3bf952420daab P d0835f6838a4491485fd383bd3458c6b: Neither blocks nor log segments found. Creating new log.
I20260709 12:58:37.241760  1641 tablet_service.cc:1917] Received RequestConsensusVote() RPC: tablet_id: "f2e99a88288942c682c555cd6ee035d8" candidate_uuid: "0a71d72e530a4641a62d0929e947b1e6" candidate_term: 1 candidate_status { last_received { term: 0 index: 0 } } ignore_live_leader: false dest_uuid: "d0835f6838a4491485fd383bd3458c6b"
I20260709 12:58:37.242868  1641 raft_consensus.cc:2393] T f2e99a88288942c682c555cd6ee035d8 P d0835f6838a4491485fd383bd3458c6b [term 1 FOLLOWER]: Leader election vote request: Denying vote to candidate 0a71d72e530a4641a62d0929e947b1e6 in current term 1: Already voted for candidate 81584afde48443eea4435b1ec6077c7c in this term.
W20260709 12:58:37.225396  1607 outbound_call.cc:321] RPC callback for RPC call kudu.consensus.ConsensusService.RequestConsensusVote -> {remote=127.0.107.195:46273, user_credentials={real_user=slave}} blocked reactor thread for 233687us
I20260709 12:58:37.251677  1839 leader_election.cc:290] T a19a28eb6bb14aa3adaaa9abea19fba9 P d0835f6838a4491485fd383bd3458c6b [CANDIDATE]: Term 1 pre-election: Requested pre-vote from peers 81584afde48443eea4435b1ec6077c7c (127.0.107.193:45667), 0a71d72e530a4641a62d0929e947b1e6 (127.0.107.195:46273)
I20260709 12:58:37.251896  1566 tablet_service.cc:1917] Received RequestConsensusVote() RPC: tablet_id: "a19a28eb6bb14aa3adaaa9abea19fba9" candidate_uuid: "d0835f6838a4491485fd383bd3458c6b" candidate_term: 1 candidate_status { last_received { term: 0 index: 0 } } ignore_live_leader: false dest_uuid: "81584afde48443eea4435b1ec6077c7c" is_pre_election: true
I20260709 12:58:37.259954  1761 tablet_bootstrap.cc:654] T 5976f0bbe4b6452bb0a98873597a815d P 0a71d72e530a4641a62d0929e947b1e6: Neither blocks nor log segments found. Creating new log.
I20260709 12:58:37.263343  1533 leader_election.cc:304] T f2e99a88288942c682c555cd6ee035d8 P 81584afde48443eea4435b1ec6077c7c [CANDIDATE]: Term 1 election: Election decided. Result: candidate won. Election summary: received 3 responses out of 3 voters: 2 yes votes; 1 no votes. yes voters: 81584afde48443eea4435b1ec6077c7c, d0835f6838a4491485fd383bd3458c6b; no voters: 0a71d72e530a4641a62d0929e947b1e6
I20260709 12:58:37.269033  1566 raft_consensus.cc:2468] T a19a28eb6bb14aa3adaaa9abea19fba9 P 81584afde48443eea4435b1ec6077c7c [term 0 FOLLOWER]: Leader pre-election vote request: Granting yes vote for candidate d0835f6838a4491485fd383bd3458c6b in term 0.
I20260709 12:58:37.274225  1851 raft_consensus.cc:2804] T f2e99a88288942c682c555cd6ee035d8 P 81584afde48443eea4435b1ec6077c7c [term 1 FOLLOWER]: Leader election won for term 1
I20260709 12:58:37.274345  1850 consensus_queue.cc:1048] T c3a5b5fe226f4b3f9e10cfa8be3e0806 P 81584afde48443eea4435b1ec6077c7c [LEADER]: Connected to new peer: Peer: permanent_uuid: "d0835f6838a4491485fd383bd3458c6b" member_type: VOTER last_known_addr { host: "127.0.107.194" port: 45591 }, Status: LMP_MISMATCH, Last received: 0.0, Next index: 1, Last known committed idx: 0, Time since last communication: 0.000s
I20260709 12:58:37.275075  1851 raft_consensus.cc:697] T f2e99a88288942c682c555cd6ee035d8 P 81584afde48443eea4435b1ec6077c7c [term 1 LEADER]: Becoming Leader. State: Replica: 81584afde48443eea4435b1ec6077c7c, State: Running, Role: LEADER
I20260709 12:58:37.272109  1758 raft_consensus.cc:359] T 089c638dcddb463392642a307bd3d837 P 81584afde48443eea4435b1ec6077c7c [term 0 FOLLOWER]: Replica starting. Triggering 0 pending ops. Active config: opid_index: -1 OBSOLETE_local: false peers { permanent_uuid: "81584afde48443eea4435b1ec6077c7c" member_type: VOTER last_known_addr { host: "127.0.107.193" port: 45667 } } peers { permanent_uuid: "d0835f6838a4491485fd383bd3458c6b" member_type: VOTER last_known_addr { host: "127.0.107.194" port: 45591 } } peers { permanent_uuid: "0a71d72e530a4641a62d0929e947b1e6" member_type: VOTER last_known_addr { host: "127.0.107.195" port: 46273 } }
I20260709 12:58:37.276257  1758 raft_consensus.cc:385] T 089c638dcddb463392642a307bd3d837 P 81584afde48443eea4435b1ec6077c7c [term 0 FOLLOWER]: Consensus starting up: Expiring failure detector timer to make a prompt election more likely
I20260709 12:58:37.276538  1758 raft_consensus.cc:740] T 089c638dcddb463392642a307bd3d837 P 81584afde48443eea4435b1ec6077c7c [term 0 FOLLOWER]: Becoming Follower/Learner. State: Replica: 81584afde48443eea4435b1ec6077c7c, State: Initialized, Role: FOLLOWER
I20260709 12:58:37.277154  1758 consensus_queue.cc:260] T 089c638dcddb463392642a307bd3d837 P 81584afde48443eea4435b1ec6077c7c [NON_LEADER]: Queue going to NON_LEADER mode. State: All replicated index: 0, Majority replicated index: 0, Committed index: 0, Last appended: 0.0, Last appended by leader: 0, Current term: 0, Majority size: -1, State: 0, Mode: NON_LEADER, active raft config: opid_index: -1 OBSOLETE_local: false peers { permanent_uuid: "81584afde48443eea4435b1ec6077c7c" member_type: VOTER last_known_addr { host: "127.0.107.193" port: 45667 } } peers { permanent_uuid: "d0835f6838a4491485fd383bd3458c6b" member_type: VOTER last_known_addr { host: "127.0.107.194" port: 45591 } } peers { permanent_uuid: "0a71d72e530a4641a62d0929e947b1e6" member_type: VOTER last_known_addr { host: "127.0.107.195" port: 46273 } }
I20260709 12:58:37.280932  1566 tablet_service.cc:1917] Received RequestConsensusVote() RPC: tablet_id: "38be7f7bc3bd421c81c766a1e2d26705" candidate_uuid: "d0835f6838a4491485fd383bd3458c6b" candidate_term: 1 candidate_status { last_received { term: 0 index: 0 } } ignore_live_leader: false dest_uuid: "81584afde48443eea4435b1ec6077c7c"
I20260709 12:58:37.281497  1566 raft_consensus.cc:3060] T 38be7f7bc3bd421c81c766a1e2d26705 P 81584afde48443eea4435b1ec6077c7c [term 0 FOLLOWER]: Advancing to term 1
I20260709 12:58:37.275920  1851 consensus_queue.cc:237] T f2e99a88288942c682c555cd6ee035d8 P 81584afde48443eea4435b1ec6077c7c [LEADER]: Queue going to LEADER mode. State: All replicated index: 0, Majority replicated index: 0, Committed index: 0, Last appended: 0.0, Last appended by leader: 0, Current term: 1, Majority size: 2, State: 0, Mode: LEADER, active raft config: opid_index: -1 OBSOLETE_local: false peers { permanent_uuid: "81584afde48443eea4435b1ec6077c7c" member_type: VOTER last_known_addr { host: "127.0.107.193" port: 45667 } } peers { permanent_uuid: "d0835f6838a4491485fd383bd3458c6b" member_type: VOTER last_known_addr { host: "127.0.107.194" port: 45591 } } peers { permanent_uuid: "0a71d72e530a4641a62d0929e947b1e6" member_type: VOTER last_known_addr { host: "127.0.107.195" port: 46273 } }
I20260709 12:58:37.283095  1756 tablet_bootstrap.cc:492] T f566b90976294bc3a1b3bf952420daab P d0835f6838a4491485fd383bd3458c6b: No bootstrap required, opened a new log
I20260709 12:58:37.284206  1756 ts_tablet_manager.cc:1403] T f566b90976294bc3a1b3bf952420daab P d0835f6838a4491485fd383bd3458c6b: Time spent bootstrapping tablet: real 0.344s	user 0.024s	sys 0.030s
I20260709 12:58:37.287698  1758 ts_tablet_manager.cc:1434] T 089c638dcddb463392642a307bd3d837 P 81584afde48443eea4435b1ec6077c7c: Time spent starting tablet: real 0.094s	user 0.002s	sys 0.006s
I20260709 12:58:37.289049  1758 tablet_bootstrap.cc:492] T f566b90976294bc3a1b3bf952420daab P 81584afde48443eea4435b1ec6077c7c: Bootstrap starting.
I20260709 12:58:37.299901  1850 consensus_queue.cc:1048] T 5976f0bbe4b6452bb0a98873597a815d P 81584afde48443eea4435b1ec6077c7c [LEADER]: Connected to new peer: Peer: permanent_uuid: "d0835f6838a4491485fd383bd3458c6b" member_type: VOTER last_known_addr { host: "127.0.107.194" port: 45591 }, Status: LMP_MISMATCH, Last received: 0.0, Next index: 1, Last known committed idx: 0, Time since last communication: 0.005s
I20260709 12:58:37.304855  1849 consensus_queue.cc:1048] T 33215af1176343728ff9a67d0d9005f1 P 81584afde48443eea4435b1ec6077c7c [LEADER]: Connected to new peer: Peer: permanent_uuid: "d0835f6838a4491485fd383bd3458c6b" member_type: VOTER last_known_addr { host: "127.0.107.194" port: 45591 }, Status: LMP_MISMATCH, Last received: 0.0, Next index: 1, Last known committed idx: 0, Time since last communication: 0.000s
I20260709 12:58:37.293007  1607 leader_election.cc:304] T a19a28eb6bb14aa3adaaa9abea19fba9 P d0835f6838a4491485fd383bd3458c6b [CANDIDATE]: Term 1 pre-election: Election decided. Result: candidate won. Election summary: received 2 responses out of 3 voters: 2 yes votes; 0 no votes. yes voters: 81584afde48443eea4435b1ec6077c7c, d0835f6838a4491485fd383bd3458c6b; no voters: 
I20260709 12:58:37.315810  1566 raft_consensus.cc:2468] T 38be7f7bc3bd421c81c766a1e2d26705 P 81584afde48443eea4435b1ec6077c7c [term 1 FOLLOWER]: Leader election vote request: Granting yes vote for candidate d0835f6838a4491485fd383bd3458c6b in term 1.
I20260709 12:58:37.311434  1839 raft_consensus.cc:2804] T a19a28eb6bb14aa3adaaa9abea19fba9 P d0835f6838a4491485fd383bd3458c6b [term 0 FOLLOWER]: Leader pre-election won for term 1
I20260709 12:58:37.338272  1711 tablet_service.cc:1917] Received RequestConsensusVote() RPC: tablet_id: "a19a28eb6bb14aa3adaaa9abea19fba9" candidate_uuid: "d0835f6838a4491485fd383bd3458c6b" candidate_term: 1 candidate_status { last_received { term: 0 index: 0 } } ignore_live_leader: false dest_uuid: "0a71d72e530a4641a62d0929e947b1e6" is_pre_election: true
I20260709 12:58:37.372433  1912 raft_consensus.cc:493] T 089c638dcddb463392642a307bd3d837 P d0835f6838a4491485fd383bd3458c6b [term 0 FOLLOWER]: Starting pre-election (no leader contacted us within the election timeout)
I20260709 12:58:37.373188  1912 raft_consensus.cc:515] T 089c638dcddb463392642a307bd3d837 P d0835f6838a4491485fd383bd3458c6b [term 0 FOLLOWER]: Starting pre-election with config: opid_index: -1 OBSOLETE_local: false peers { permanent_uuid: "81584afde48443eea4435b1ec6077c7c" member_type: VOTER last_known_addr { host: "127.0.107.193" port: 45667 } } peers { permanent_uuid: "d0835f6838a4491485fd383bd3458c6b" member_type: VOTER last_known_addr { host: "127.0.107.194" port: 45591 } } peers { permanent_uuid: "0a71d72e530a4641a62d0929e947b1e6" member_type: VOTER last_known_addr { host: "127.0.107.195" port: 46273 } }
I20260709 12:58:37.376104  1912 leader_election.cc:290] T 089c638dcddb463392642a307bd3d837 P d0835f6838a4491485fd383bd3458c6b [CANDIDATE]: Term 1 pre-election: Requested pre-vote from peers 81584afde48443eea4435b1ec6077c7c (127.0.107.193:45667), 0a71d72e530a4641a62d0929e947b1e6 (127.0.107.195:46273)
I20260709 12:58:37.333750  1839 raft_consensus.cc:493] T a19a28eb6bb14aa3adaaa9abea19fba9 P d0835f6838a4491485fd383bd3458c6b [term 0 FOLLOWER]: Starting leader election (no leader contacted us within the election timeout)
I20260709 12:58:37.359833  1607 leader_election.cc:304] T 38be7f7bc3bd421c81c766a1e2d26705 P d0835f6838a4491485fd383bd3458c6b [CANDIDATE]: Term 1 election: Election decided. Result: candidate won. Election summary: received 2 responses out of 3 voters: 2 yes votes; 0 no votes. yes voters: 81584afde48443eea4435b1ec6077c7c, d0835f6838a4491485fd383bd3458c6b; no voters: 
I20260709 12:58:37.381037  1834 raft_consensus.cc:2804] T 38be7f7bc3bd421c81c766a1e2d26705 P d0835f6838a4491485fd383bd3458c6b [term 1 FOLLOWER]: Leader election won for term 1
I20260709 12:58:37.381578  1834 raft_consensus.cc:697] T 38be7f7bc3bd421c81c766a1e2d26705 P d0835f6838a4491485fd383bd3458c6b [term 1 LEADER]: Becoming Leader. State: Replica: d0835f6838a4491485fd383bd3458c6b, State: Running, Role: LEADER
W20260709 12:58:37.382063  1607 leader_election.cc:343] T a19a28eb6bb14aa3adaaa9abea19fba9 P d0835f6838a4491485fd383bd3458c6b [CANDIDATE]: Term 1 pre-election: Tablet error from VoteRequest() call to peer 0a71d72e530a4641a62d0929e947b1e6 (127.0.107.195:46273): Illegal state: must be running to vote when last-logged opid is not known
I20260709 12:58:37.379302  1839 raft_consensus.cc:3060] T a19a28eb6bb14aa3adaaa9abea19fba9 P d0835f6838a4491485fd383bd3458c6b [term 0 FOLLOWER]: Advancing to term 1
I20260709 12:58:37.387089  1715 tablet_service.cc:1917] Received RequestConsensusVote() RPC: tablet_id: "089c638dcddb463392642a307bd3d837" candidate_uuid: "d0835f6838a4491485fd383bd3458c6b" candidate_term: 1 candidate_status { last_received { term: 0 index: 0 } } ignore_live_leader: false dest_uuid: "0a71d72e530a4641a62d0929e947b1e6" is_pre_election: true
I20260709 12:58:37.445825  1565 tablet_service.cc:1917] Received RequestConsensusVote() RPC: tablet_id: "089c638dcddb463392642a307bd3d837" candidate_uuid: "d0835f6838a4491485fd383bd3458c6b" candidate_term: 1 candidate_status { last_received { term: 0 index: 0 } } ignore_live_leader: false dest_uuid: "81584afde48443eea4435b1ec6077c7c" is_pre_election: true
I20260709 12:58:37.446713  1565 raft_consensus.cc:2468] T 089c638dcddb463392642a307bd3d837 P 81584afde48443eea4435b1ec6077c7c [term 0 FOLLOWER]: Leader pre-election vote request: Granting yes vote for candidate d0835f6838a4491485fd383bd3458c6b in term 0.
I20260709 12:58:37.451212  1759 leader_election.cc:290] T 38be7f7bc3bd421c81c766a1e2d26705 P d0835f6838a4491485fd383bd3458c6b [CANDIDATE]: Term 1 election: Requested vote from peers 81584afde48443eea4435b1ec6077c7c (127.0.107.193:45667), 0a71d72e530a4641a62d0929e947b1e6 (127.0.107.195:46273)
W20260709 12:58:37.455404  1513 auto_rebalancer.cc:288] Could not retrieve cluster info: Service unavailable: Tablet not running
I20260709 12:58:37.024261  1681 leader_election.cc:304] T 4d0f3836a8d94ebd9c73b2c0dafc7c4d P 0a71d72e530a4641a62d0929e947b1e6 [CANDIDATE]: Term 1 pre-election: Election decided. Result: candidate lost. Election summary: received 3 responses out of 3 voters: 1 yes votes; 2 no votes. yes voters: 0a71d72e530a4641a62d0929e947b1e6; no voters: 81584afde48443eea4435b1ec6077c7c, d0835f6838a4491485fd383bd3458c6b
W20260709 12:58:37.456184  1607 outbound_call.cc:321] RPC callback for RPC call kudu.consensus.ConsensusService.RequestConsensusVote -> {remote=127.0.107.195:46273, user_credentials={real_user=slave}} blocked reactor thread for 74148us
I20260709 12:58:37.382453  1834 consensus_queue.cc:237] T 38be7f7bc3bd421c81c766a1e2d26705 P d0835f6838a4491485fd383bd3458c6b [LEADER]: Queue going to LEADER mode. State: All replicated index: 0, Majority replicated index: 0, Committed index: 0, Last appended: 0.0, Last appended by leader: 0, Current term: 1, Majority size: 2, State: 0, Mode: LEADER, active raft config: opid_index: -1 OBSOLETE_local: false peers { permanent_uuid: "81584afde48443eea4435b1ec6077c7c" member_type: VOTER last_known_addr { host: "127.0.107.193" port: 45667 } } peers { permanent_uuid: "d0835f6838a4491485fd383bd3458c6b" member_type: VOTER last_known_addr { host: "127.0.107.194" port: 45591 } } peers { permanent_uuid: "0a71d72e530a4641a62d0929e947b1e6" member_type: VOTER last_known_addr { host: "127.0.107.195" port: 46273 } }
I20260709 12:58:37.504482  1789 raft_consensus.cc:2749] T 4d0f3836a8d94ebd9c73b2c0dafc7c4d P 0a71d72e530a4641a62d0929e947b1e6 [term 1 FOLLOWER]: Leader pre-election lost for term 1. Reason: could not achieve majority
I20260709 12:58:37.518831  1756 raft_consensus.cc:359] T f566b90976294bc3a1b3bf952420daab P d0835f6838a4491485fd383bd3458c6b [term 0 FOLLOWER]: Replica starting. Triggering 0 pending ops. Active config: opid_index: -1 OBSOLETE_local: false peers { permanent_uuid: "81584afde48443eea4435b1ec6077c7c" member_type: VOTER last_known_addr { host: "127.0.107.193" port: 45667 } } peers { permanent_uuid: "d0835f6838a4491485fd383bd3458c6b" member_type: VOTER last_known_addr { host: "127.0.107.194" port: 45591 } } peers { permanent_uuid: "0a71d72e530a4641a62d0929e947b1e6" member_type: VOTER last_known_addr { host: "127.0.107.195" port: 46273 } }
I20260709 12:58:37.524279  1756 raft_consensus.cc:385] T f566b90976294bc3a1b3bf952420daab P d0835f6838a4491485fd383bd3458c6b [term 0 FOLLOWER]: Consensus starting up: Expiring failure detector timer to make a prompt election more likely
I20260709 12:58:37.524750  1756 raft_consensus.cc:740] T f566b90976294bc3a1b3bf952420daab P d0835f6838a4491485fd383bd3458c6b [term 0 FOLLOWER]: Becoming Follower/Learner. State: Replica: d0835f6838a4491485fd383bd3458c6b, State: Initialized, Role: FOLLOWER
I20260709 12:58:37.526142  1711 raft_consensus.cc:3060] T 33215af1176343728ff9a67d0d9005f1 P 0a71d72e530a4641a62d0929e947b1e6 [term 0 FOLLOWER]: Advancing to term 1
I20260709 12:58:37.530901  1761 tablet_bootstrap.cc:492] T 5976f0bbe4b6452bb0a98873597a815d P 0a71d72e530a4641a62d0929e947b1e6: No bootstrap required, opened a new log
I20260709 12:58:37.531518  1761 ts_tablet_manager.cc:1403] T 5976f0bbe4b6452bb0a98873597a815d P 0a71d72e530a4641a62d0929e947b1e6: Time spent bootstrapping tablet: real 0.304s	user 0.011s	sys 0.011s
W20260709 12:58:37.511739  1681 outbound_call.cc:321] RPC callback for RPC call kudu.consensus.ConsensusService.RequestConsensusVote -> {remote=127.0.107.193:45667, user_credentials={real_user=slave}} blocked reactor thread for 487579us
I20260709 12:58:37.547421  1607 leader_election.cc:304] T 089c638dcddb463392642a307bd3d837 P d0835f6838a4491485fd383bd3458c6b [CANDIDATE]: Term 1 pre-election: Election decided. Result: candidate won. Election summary: received 2 responses out of 3 voters: 2 yes votes; 0 no votes. yes voters: 81584afde48443eea4435b1ec6077c7c, d0835f6838a4491485fd383bd3458c6b; no voters: 
I20260709 12:58:37.550004  1912 raft_consensus.cc:2804] T 089c638dcddb463392642a307bd3d837 P d0835f6838a4491485fd383bd3458c6b [term 0 FOLLOWER]: Leader pre-election won for term 1
I20260709 12:58:37.550386  1912 raft_consensus.cc:493] T 089c638dcddb463392642a307bd3d837 P d0835f6838a4491485fd383bd3458c6b [term 0 FOLLOWER]: Starting leader election (no leader contacted us within the election timeout)
I20260709 12:58:37.550848  1912 raft_consensus.cc:3060] T 089c638dcddb463392642a307bd3d837 P d0835f6838a4491485fd383bd3458c6b [term 0 FOLLOWER]: Advancing to term 1
I20260709 12:58:37.554797  1709 tablet_service.cc:1917] Received RequestConsensusVote() RPC: tablet_id: "38be7f7bc3bd421c81c766a1e2d26705" candidate_uuid: "d0835f6838a4491485fd383bd3458c6b" candidate_term: 1 candidate_status { last_received { term: 0 index: 0 } } ignore_live_leader: false dest_uuid: "0a71d72e530a4641a62d0929e947b1e6"
W20260709 12:58:37.558416  1607 leader_election.cc:343] T 089c638dcddb463392642a307bd3d837 P d0835f6838a4491485fd383bd3458c6b [CANDIDATE]: Term 1 pre-election: Tablet error from VoteRequest() call to peer 0a71d72e530a4641a62d0929e947b1e6 (127.0.107.195:46273): Illegal state: must be running to vote when last-logged opid is not known
I20260709 12:58:37.561718  1813 consensus_queue.cc:1048] T fa28ebcb00db49e48d3af12f187c4008 P 0a71d72e530a4641a62d0929e947b1e6 [LEADER]: Connected to new peer: Peer: permanent_uuid: "81584afde48443eea4435b1ec6077c7c" member_type: VOTER last_known_addr { host: "127.0.107.193" port: 45667 }, Status: LMP_MISMATCH, Last received: 0.0, Next index: 1, Last known committed idx: 0, Time since last communication: 0.000s
I20260709 12:58:37.566987  1563 tablet_service.cc:1917] Received RequestConsensusVote() RPC: tablet_id: "f2e99a88288942c682c555cd6ee035d8" candidate_uuid: "0a71d72e530a4641a62d0929e947b1e6" candidate_term: 1 candidate_status { last_received { term: 0 index: 0 } } ignore_live_leader: false dest_uuid: "81584afde48443eea4435b1ec6077c7c"
I20260709 12:58:37.568454  1756 consensus_queue.cc:260] T f566b90976294bc3a1b3bf952420daab P d0835f6838a4491485fd383bd3458c6b [NON_LEADER]: Queue going to NON_LEADER mode. State: All replicated index: 0, Majority replicated index: 0, Committed index: 0, Last appended: 0.0, Last appended by leader: 0, Current term: 0, Majority size: -1, State: 0, Mode: NON_LEADER, active raft config: opid_index: -1 OBSOLETE_local: false peers { permanent_uuid: "81584afde48443eea4435b1ec6077c7c" member_type: VOTER last_known_addr { host: "127.0.107.193" port: 45667 } } peers { permanent_uuid: "d0835f6838a4491485fd383bd3458c6b" member_type: VOTER last_known_addr { host: "127.0.107.194" port: 45591 } } peers { permanent_uuid: "0a71d72e530a4641a62d0929e947b1e6" member_type: VOTER last_known_addr { host: "127.0.107.195" port: 46273 } }
I20260709 12:58:37.575543  1756 ts_tablet_manager.cc:1434] T f566b90976294bc3a1b3bf952420daab P d0835f6838a4491485fd383bd3458c6b: Time spent starting tablet: real 0.291s	user 0.008s	sys 0.008s
I20260709 12:58:37.584420  1756 tablet_bootstrap.cc:492] T 38fc12bd75c543c595328429f13c6cd8 P d0835f6838a4491485fd383bd3458c6b: Bootstrap starting.
I20260709 12:58:37.578044  1758 tablet_bootstrap.cc:654] T f566b90976294bc3a1b3bf952420daab P 81584afde48443eea4435b1ec6077c7c: Neither blocks nor log segments found. Creating new log.
I20260709 12:58:37.581185  1761 raft_consensus.cc:359] T 5976f0bbe4b6452bb0a98873597a815d P 0a71d72e530a4641a62d0929e947b1e6 [term 0 FOLLOWER]: Replica starting. Triggering 0 pending ops. Active config: opid_index: -1 OBSOLETE_local: false peers { permanent_uuid: "81584afde48443eea4435b1ec6077c7c" member_type: VOTER last_known_addr { host: "127.0.107.193" port: 45667 } } peers { permanent_uuid: "d0835f6838a4491485fd383bd3458c6b" member_type: VOTER last_known_addr { host: "127.0.107.194" port: 45591 } } peers { permanent_uuid: "0a71d72e530a4641a62d0929e947b1e6" member_type: VOTER last_known_addr { host: "127.0.107.195" port: 46273 } }
I20260709 12:58:37.585891  1761 raft_consensus.cc:385] T 5976f0bbe4b6452bb0a98873597a815d P 0a71d72e530a4641a62d0929e947b1e6 [term 0 FOLLOWER]: Consensus starting up: Expiring failure detector timer to make a prompt election more likely
I20260709 12:58:37.586241  1761 raft_consensus.cc:740] T 5976f0bbe4b6452bb0a98873597a815d P 0a71d72e530a4641a62d0929e947b1e6 [term 0 FOLLOWER]: Becoming Follower/Learner. State: Replica: 0a71d72e530a4641a62d0929e947b1e6, State: Initialized, Role: FOLLOWER
I20260709 12:58:37.587405  1761 consensus_queue.cc:260] T 5976f0bbe4b6452bb0a98873597a815d P 0a71d72e530a4641a62d0929e947b1e6 [NON_LEADER]: Queue going to NON_LEADER mode. State: All replicated index: 0, Majority replicated index: 0, Committed index: 0, Last appended: 0.0, Last appended by leader: 0, Current term: 0, Majority size: -1, State: 0, Mode: NON_LEADER, active raft config: opid_index: -1 OBSOLETE_local: false peers { permanent_uuid: "81584afde48443eea4435b1ec6077c7c" member_type: VOTER last_known_addr { host: "127.0.107.193" port: 45667 } } peers { permanent_uuid: "d0835f6838a4491485fd383bd3458c6b" member_type: VOTER last_known_addr { host: "127.0.107.194" port: 45591 } } peers { permanent_uuid: "0a71d72e530a4641a62d0929e947b1e6" member_type: VOTER last_known_addr { host: "127.0.107.195" port: 46273 } }
I20260709 12:58:37.592525  1839 raft_consensus.cc:515] T a19a28eb6bb14aa3adaaa9abea19fba9 P d0835f6838a4491485fd383bd3458c6b [term 1 FOLLOWER]: Starting leader election with config: opid_index: -1 OBSOLETE_local: false peers { permanent_uuid: "81584afde48443eea4435b1ec6077c7c" member_type: VOTER last_known_addr { host: "127.0.107.193" port: 45667 } } peers { permanent_uuid: "d0835f6838a4491485fd383bd3458c6b" member_type: VOTER last_known_addr { host: "127.0.107.194" port: 45591 } } peers { permanent_uuid: "0a71d72e530a4641a62d0929e947b1e6" member_type: VOTER last_known_addr { host: "127.0.107.195" port: 46273 } }
W20260709 12:58:37.583328  1607 leader_election.cc:343] T 38be7f7bc3bd421c81c766a1e2d26705 P d0835f6838a4491485fd383bd3458c6b [CANDIDATE]: Term 1 election: Tablet error from VoteRequest() call to peer 0a71d72e530a4641a62d0929e947b1e6 (127.0.107.195:46273): Illegal state: must be running to vote when last-logged opid is not known
I20260709 12:58:37.594463  1681 leader_election.cc:304] T f2e99a88288942c682c555cd6ee035d8 P 0a71d72e530a4641a62d0929e947b1e6 [CANDIDATE]: Term 1 election: Election decided. Result: candidate lost. Election summary: received 3 responses out of 3 voters: 1 yes votes; 2 no votes. yes voters: 0a71d72e530a4641a62d0929e947b1e6; no voters: 81584afde48443eea4435b1ec6077c7c, d0835f6838a4491485fd383bd3458c6b
I20260709 12:58:37.599129  1761 ts_tablet_manager.cc:1434] T 5976f0bbe4b6452bb0a98873597a815d P 0a71d72e530a4641a62d0929e947b1e6: Time spent starting tablet: real 0.067s	user 0.005s	sys 0.005s
I20260709 12:58:37.601475  1839 leader_election.cc:290] T a19a28eb6bb14aa3adaaa9abea19fba9 P d0835f6838a4491485fd383bd3458c6b [CANDIDATE]: Term 1 election: Requested vote from peers 81584afde48443eea4435b1ec6077c7c (127.0.107.193:45667), 0a71d72e530a4641a62d0929e947b1e6 (127.0.107.195:46273)
I20260709 12:58:37.609817  1761 tablet_bootstrap.cc:492] T f566b90976294bc3a1b3bf952420daab P 0a71d72e530a4641a62d0929e947b1e6: Bootstrap starting.
I20260709 12:58:37.597476  1892 raft_consensus.cc:2749] T f2e99a88288942c682c555cd6ee035d8 P 0a71d72e530a4641a62d0929e947b1e6 [term 1 FOLLOWER]: Leader election lost for term 1. Reason: could not achieve majority
I20260709 12:58:37.612249  1851 consensus_queue.cc:1048] T 33215af1176343728ff9a67d0d9005f1 P 81584afde48443eea4435b1ec6077c7c [LEADER]: Connected to new peer: Peer: permanent_uuid: "0a71d72e530a4641a62d0929e947b1e6" member_type: VOTER last_known_addr { host: "127.0.107.195" port: 46273 }, Status: LMP_MISMATCH, Last received: 0.0, Next index: 1, Last known committed idx: 0, Time since last communication: 0.000s
I20260709 12:58:37.613211  1566 tablet_service.cc:1917] Received RequestConsensusVote() RPC: tablet_id: "a19a28eb6bb14aa3adaaa9abea19fba9" candidate_uuid: "d0835f6838a4491485fd383bd3458c6b" candidate_term: 1 candidate_status { last_received { term: 0 index: 0 } } ignore_live_leader: false dest_uuid: "81584afde48443eea4435b1ec6077c7c"
I20260709 12:58:37.618382  1566 raft_consensus.cc:3060] T a19a28eb6bb14aa3adaaa9abea19fba9 P 81584afde48443eea4435b1ec6077c7c [term 0 FOLLOWER]: Advancing to term 1
I20260709 12:58:37.618615  1711 tablet_service.cc:1917] Received RequestConsensusVote() RPC: tablet_id: "a19a28eb6bb14aa3adaaa9abea19fba9" candidate_uuid: "d0835f6838a4491485fd383bd3458c6b" candidate_term: 1 candidate_status { last_received { term: 0 index: 0 } } ignore_live_leader: false dest_uuid: "0a71d72e530a4641a62d0929e947b1e6"
W20260709 12:58:37.620117  1607 leader_election.cc:343] T a19a28eb6bb14aa3adaaa9abea19fba9 P d0835f6838a4491485fd383bd3458c6b [CANDIDATE]: Term 1 election: Tablet error from VoteRequest() call to peer 0a71d72e530a4641a62d0929e947b1e6 (127.0.107.195:46273): Illegal state: must be running to vote when last-logged opid is not known
I20260709 12:58:37.627723  1566 raft_consensus.cc:2468] T a19a28eb6bb14aa3adaaa9abea19fba9 P 81584afde48443eea4435b1ec6077c7c [term 1 FOLLOWER]: Leader election vote request: Granting yes vote for candidate d0835f6838a4491485fd383bd3458c6b in term 1.
I20260709 12:58:37.628234  1912 raft_consensus.cc:515] T 089c638dcddb463392642a307bd3d837 P d0835f6838a4491485fd383bd3458c6b [term 1 FOLLOWER]: Starting leader election with config: opid_index: -1 OBSOLETE_local: false peers { permanent_uuid: "81584afde48443eea4435b1ec6077c7c" member_type: VOTER last_known_addr { host: "127.0.107.193" port: 45667 } } peers { permanent_uuid: "d0835f6838a4491485fd383bd3458c6b" member_type: VOTER last_known_addr { host: "127.0.107.194" port: 45591 } } peers { permanent_uuid: "0a71d72e530a4641a62d0929e947b1e6" member_type: VOTER last_known_addr { host: "127.0.107.195" port: 46273 } }
I20260709 12:58:37.629407  1607 leader_election.cc:304] T a19a28eb6bb14aa3adaaa9abea19fba9 P d0835f6838a4491485fd383bd3458c6b [CANDIDATE]: Term 1 election: Election decided. Result: candidate won. Election summary: received 3 responses out of 3 voters: 2 yes votes; 1 no votes. yes voters: 81584afde48443eea4435b1ec6077c7c, d0835f6838a4491485fd383bd3458c6b; no voters: 0a71d72e530a4641a62d0929e947b1e6
I20260709 12:58:37.632776  1761 tablet_bootstrap.cc:654] T f566b90976294bc3a1b3bf952420daab P 0a71d72e530a4641a62d0929e947b1e6: Neither blocks nor log segments found. Creating new log.
W20260709 12:58:37.625630  1532 consensus_peers.cc:597] T 5976f0bbe4b6452bb0a98873597a815d P 81584afde48443eea4435b1ec6077c7c -> Peer 0a71d72e530a4641a62d0929e947b1e6 (127.0.107.195:46273): Couldn't send request to peer 0a71d72e530a4641a62d0929e947b1e6. Error code: TABLET_NOT_RUNNING (12). Status: Illegal state: Tablet not RUNNING: BOOTSTRAPPING. This is attempt 1: this message will repeat every 5th retry.
I20260709 12:58:37.634265  1911 raft_consensus.cc:2804] T a19a28eb6bb14aa3adaaa9abea19fba9 P d0835f6838a4491485fd383bd3458c6b [term 1 FOLLOWER]: Leader election won for term 1
I20260709 12:58:37.636164  1911 raft_consensus.cc:697] T a19a28eb6bb14aa3adaaa9abea19fba9 P d0835f6838a4491485fd383bd3458c6b [term 1 LEADER]: Becoming Leader. State: Replica: d0835f6838a4491485fd383bd3458c6b, State: Running, Role: LEADER
I20260709 12:58:37.637077  1911 consensus_queue.cc:237] T a19a28eb6bb14aa3adaaa9abea19fba9 P d0835f6838a4491485fd383bd3458c6b [LEADER]: Queue going to LEADER mode. State: All replicated index: 0, Majority replicated index: 0, Committed index: 0, Last appended: 0.0, Last appended by leader: 0, Current term: 1, Majority size: 2, State: 0, Mode: LEADER, active raft config: opid_index: -1 OBSOLETE_local: false peers { permanent_uuid: "81584afde48443eea4435b1ec6077c7c" member_type: VOTER last_known_addr { host: "127.0.107.193" port: 45667 } } peers { permanent_uuid: "d0835f6838a4491485fd383bd3458c6b" member_type: VOTER last_known_addr { host: "127.0.107.194" port: 45591 } } peers { permanent_uuid: "0a71d72e530a4641a62d0929e947b1e6" member_type: VOTER last_known_addr { host: "127.0.107.195" port: 46273 } }
I20260709 12:58:37.637534  1715 tablet_service.cc:1917] Received RequestConsensusVote() RPC: tablet_id: "089c638dcddb463392642a307bd3d837" candidate_uuid: "d0835f6838a4491485fd383bd3458c6b" candidate_term: 1 candidate_status { last_received { term: 0 index: 0 } } ignore_live_leader: false dest_uuid: "0a71d72e530a4641a62d0929e947b1e6"
W20260709 12:58:37.642062  1737 debug-util.cc:398] Leaking SignalData structure 0x7b0800139ae0 after lost signal to thread 434
W20260709 12:58:37.643283  1737 debug-util.cc:398] Leaking SignalData structure 0x7b08000cf120 after lost signal to thread 1499
W20260709 12:58:37.644635  1737 debug-util.cc:398] Leaking SignalData structure 0x7b08000a8fe0 after lost signal to thread 1591
I20260709 12:58:37.638912  1912 leader_election.cc:290] T 089c638dcddb463392642a307bd3d837 P d0835f6838a4491485fd383bd3458c6b [CANDIDATE]: Term 1 election: Requested vote from peers 81584afde48443eea4435b1ec6077c7c (127.0.107.193:45667), 0a71d72e530a4641a62d0929e947b1e6 (127.0.107.195:46273)
W20260709 12:58:37.660972  1737 debug-util.cc:398] Leaking SignalData structure 0x7b08000a96a0 after lost signal to thread 1666
W20260709 12:58:37.663451  1607 leader_election.cc:343] T 089c638dcddb463392642a307bd3d837 P d0835f6838a4491485fd383bd3458c6b [CANDIDATE]: Term 1 election: Tablet error from VoteRequest() call to peer 0a71d72e530a4641a62d0929e947b1e6 (127.0.107.195:46273): Illegal state: must be running to vote when last-logged opid is not known
I20260709 12:58:37.670852  1758 tablet_bootstrap.cc:492] T f566b90976294bc3a1b3bf952420daab P 81584afde48443eea4435b1ec6077c7c: No bootstrap required, opened a new log
I20260709 12:58:37.671362  1758 ts_tablet_manager.cc:1403] T f566b90976294bc3a1b3bf952420daab P 81584afde48443eea4435b1ec6077c7c: Time spent bootstrapping tablet: real 0.383s	user 0.024s	sys 0.024s
W20260709 12:58:37.671036  1737 debug-util.cc:398] Leaking SignalData structure 0x7b0800196460 after lost signal to thread 1740
I20260709 12:58:37.673406  1756 tablet_bootstrap.cc:654] T 38fc12bd75c543c595328429f13c6cd8 P d0835f6838a4491485fd383bd3458c6b: Neither blocks nor log segments found. Creating new log.
I20260709 12:58:37.675896  1758 raft_consensus.cc:359] T f566b90976294bc3a1b3bf952420daab P 81584afde48443eea4435b1ec6077c7c [term 0 FOLLOWER]: Replica starting. Triggering 0 pending ops. Active config: opid_index: -1 OBSOLETE_local: false peers { permanent_uuid: "81584afde48443eea4435b1ec6077c7c" member_type: VOTER last_known_addr { host: "127.0.107.193" port: 45667 } } peers { permanent_uuid: "d0835f6838a4491485fd383bd3458c6b" member_type: VOTER last_known_addr { host: "127.0.107.194" port: 45591 } } peers { permanent_uuid: "0a71d72e530a4641a62d0929e947b1e6" member_type: VOTER last_known_addr { host: "127.0.107.195" port: 46273 } }
I20260709 12:58:37.676813  1758 raft_consensus.cc:385] T f566b90976294bc3a1b3bf952420daab P 81584afde48443eea4435b1ec6077c7c [term 0 FOLLOWER]: Consensus starting up: Expiring failure detector timer to make a prompt election more likely
I20260709 12:58:37.677160  1758 raft_consensus.cc:740] T f566b90976294bc3a1b3bf952420daab P 81584afde48443eea4435b1ec6077c7c [term 0 FOLLOWER]: Becoming Follower/Learner. State: Replica: 81584afde48443eea4435b1ec6077c7c, State: Initialized, Role: FOLLOWER
I20260709 12:58:37.677994  1758 consensus_queue.cc:260] T f566b90976294bc3a1b3bf952420daab P 81584afde48443eea4435b1ec6077c7c [NON_LEADER]: Queue going to NON_LEADER mode. State: All replicated index: 0, Majority replicated index: 0, Committed index: 0, Last appended: 0.0, Last appended by leader: 0, Current term: 0, Majority size: -1, State: 0, Mode: NON_LEADER, active raft config: opid_index: -1 OBSOLETE_local: false peers { permanent_uuid: "81584afde48443eea4435b1ec6077c7c" member_type: VOTER last_known_addr { host: "127.0.107.193" port: 45667 } } peers { permanent_uuid: "d0835f6838a4491485fd383bd3458c6b" member_type: VOTER last_known_addr { host: "127.0.107.194" port: 45591 } } peers { permanent_uuid: "0a71d72e530a4641a62d0929e947b1e6" member_type: VOTER last_known_addr { host: "127.0.107.195" port: 46273 } }
I20260709 12:58:37.711064  1566 tablet_service.cc:1917] Received RequestConsensusVote() RPC: tablet_id: "089c638dcddb463392642a307bd3d837" candidate_uuid: "d0835f6838a4491485fd383bd3458c6b" candidate_term: 1 candidate_status { last_received { term: 0 index: 0 } } ignore_live_leader: false dest_uuid: "81584afde48443eea4435b1ec6077c7c"
I20260709 12:58:37.713384  1566 raft_consensus.cc:3060] T 089c638dcddb463392642a307bd3d837 P 81584afde48443eea4435b1ec6077c7c [term 0 FOLLOWER]: Advancing to term 1
I20260709 12:58:37.716761  1758 ts_tablet_manager.cc:1434] T f566b90976294bc3a1b3bf952420daab P 81584afde48443eea4435b1ec6077c7c: Time spent starting tablet: real 0.045s	user 0.007s	sys 0.002s
I20260709 12:58:37.720139  1758 tablet_bootstrap.cc:492] T 60c4ccf839ea46ec91e6c1ef92ecf72e P 81584afde48443eea4435b1ec6077c7c: Bootstrap starting.
I20260709 12:58:37.732954  1912 consensus_queue.cc:1048] T 593111cad45945c0aedb93111f5b6982 P d0835f6838a4491485fd383bd3458c6b [LEADER]: Connected to new peer: Peer: permanent_uuid: "81584afde48443eea4435b1ec6077c7c" member_type: VOTER last_known_addr { host: "127.0.107.193" port: 45667 }, Status: LMP_MISMATCH, Last received: 0.0, Next index: 1, Last known committed idx: 0, Time since last communication: 0.001s
I20260709 12:58:37.746214  1761 tablet_bootstrap.cc:492] T f566b90976294bc3a1b3bf952420daab P 0a71d72e530a4641a62d0929e947b1e6: No bootstrap required, opened a new log
I20260709 12:58:37.747084  1761 ts_tablet_manager.cc:1403] T f566b90976294bc3a1b3bf952420daab P 0a71d72e530a4641a62d0929e947b1e6: Time spent bootstrapping tablet: real 0.137s	user 0.011s	sys 0.008s
I20260709 12:58:37.760834  1761 raft_consensus.cc:359] T f566b90976294bc3a1b3bf952420daab P 0a71d72e530a4641a62d0929e947b1e6 [term 0 FOLLOWER]: Replica starting. Triggering 0 pending ops. Active config: opid_index: -1 OBSOLETE_local: false peers { permanent_uuid: "81584afde48443eea4435b1ec6077c7c" member_type: VOTER last_known_addr { host: "127.0.107.193" port: 45667 } } peers { permanent_uuid: "d0835f6838a4491485fd383bd3458c6b" member_type: VOTER last_known_addr { host: "127.0.107.194" port: 45591 } } peers { permanent_uuid: "0a71d72e530a4641a62d0929e947b1e6" member_type: VOTER last_known_addr { host: "127.0.107.195" port: 46273 } }
I20260709 12:58:37.761914  1761 raft_consensus.cc:385] T f566b90976294bc3a1b3bf952420daab P 0a71d72e530a4641a62d0929e947b1e6 [term 0 FOLLOWER]: Consensus starting up: Expiring failure detector timer to make a prompt election more likely
I20260709 12:58:37.762260  1761 raft_consensus.cc:740] T f566b90976294bc3a1b3bf952420daab P 0a71d72e530a4641a62d0929e947b1e6 [term 0 FOLLOWER]: Becoming Follower/Learner. State: Replica: 0a71d72e530a4641a62d0929e947b1e6, State: Initialized, Role: FOLLOWER
