I20260709 13:14:24.173961 10023 consensus_queue.cc:260] T b83058250b644f03a3fcb3492c98ea1e P 5f01d1c2b7394f77abc2fa459a96f718 [NON_LEADER]: Queue going to NON_LEADER mode. State: All replicated index: 0, Majority replicated index: 0, Committed index: 0, Last appended: 0.0, Last appended by leader: 0, Current term: 0, Majority size: -1, State: 0, Mode: NON_LEADER, active raft config: opid_index: -1 OBSOLETE_local: false peers { permanent_uuid: "5f01d1c2b7394f77abc2fa459a96f718" member_type: VOTER last_known_addr { host: "127.8.127.129" port: 33689 } } peers { permanent_uuid: "3a8af879536845caaccf552dfd215d2b" member_type: VOTER last_known_addr { host: "127.8.127.130" port: 33407 } } peers { permanent_uuid: "944f28c69b3c4460963a00c96b2b7f0c" member_type: VOTER last_known_addr { host: "127.8.127.131" port: 42161 } }
I20260709 13:14:24.175608  9828 tablet_service.cc:1917] Received RequestConsensusVote() RPC: tablet_id: "b83058250b644f03a3fcb3492c98ea1e" candidate_uuid: "3a8af879536845caaccf552dfd215d2b" candidate_term: 1 candidate_status { last_received { term: 0 index: 0 } } ignore_live_leader: false dest_uuid: "5f01d1c2b7394f77abc2fa459a96f718" is_pre_election: true
I20260709 13:14:24.175874  9977 raft_consensus.cc:2468] T 4ab394da29f344ed99a1b95f1f2757e9 P 944f28c69b3c4460963a00c96b2b7f0c [term 1 FOLLOWER]: Leader election vote request: Granting yes vote for candidate 3a8af879536845caaccf552dfd215d2b in term 1.
I20260709 13:14:24.176611 10354 raft_consensus.cc:493] T ad9d03e940114afb9dd6b5db9484b9a3 P 5f01d1c2b7394f77abc2fa459a96f718 [term 0 FOLLOWER]: Starting pre-election (no leader contacted us within the election timeout)
I20260709 13:14:24.177134 10354 raft_consensus.cc:515] T ad9d03e940114afb9dd6b5db9484b9a3 P 5f01d1c2b7394f77abc2fa459a96f718 [term 0 FOLLOWER]: Starting pre-election with config: opid_index: -1 OBSOLETE_local: false peers { permanent_uuid: "5f01d1c2b7394f77abc2fa459a96f718" member_type: VOTER last_known_addr { host: "127.8.127.129" port: 33689 } } peers { permanent_uuid: "3a8af879536845caaccf552dfd215d2b" member_type: VOTER last_known_addr { host: "127.8.127.130" port: 33407 } } peers { permanent_uuid: "944f28c69b3c4460963a00c96b2b7f0c" member_type: VOTER last_known_addr { host: "127.8.127.131" port: 42161 } }
I20260709 13:14:24.177342  9875 leader_election.cc:304] T 4ab394da29f344ed99a1b95f1f2757e9 P 3a8af879536845caaccf552dfd215d2b [CANDIDATE]: Term 1 election: Election decided. Result: candidate won. Election summary: received 3 responses out of 3 voters: 2 yes votes; 1 no votes. yes voters: 3a8af879536845caaccf552dfd215d2b, 944f28c69b3c4460963a00c96b2b7f0c; no voters: 5f01d1c2b7394f77abc2fa459a96f718
I20260709 13:14:24.177812 10253 raft_consensus.cc:515] T 4ab394da29f344ed99a1b95f1f2757e9 P 5f01d1c2b7394f77abc2fa459a96f718 [term 1 FOLLOWER]: Starting leader election with config: opid_index: -1 OBSOLETE_local: false peers { permanent_uuid: "5f01d1c2b7394f77abc2fa459a96f718" member_type: VOTER last_known_addr { host: "127.8.127.129" port: 33689 } } peers { permanent_uuid: "3a8af879536845caaccf552dfd215d2b" member_type: VOTER last_known_addr { host: "127.8.127.130" port: 33407 } } peers { permanent_uuid: "944f28c69b3c4460963a00c96b2b7f0c" member_type: VOTER last_known_addr { host: "127.8.127.131" port: 42161 } }
I20260709 13:14:24.178424 10028 raft_consensus.cc:2804] T 4ab394da29f344ed99a1b95f1f2757e9 P 3a8af879536845caaccf552dfd215d2b [term 1 FOLLOWER]: Leader election won for term 1
I20260709 13:14:24.179910  9906 tablet_service.cc:1917] Received RequestConsensusVote() RPC: tablet_id: "ad9d03e940114afb9dd6b5db9484b9a3" candidate_uuid: "5f01d1c2b7394f77abc2fa459a96f718" candidate_term: 1 candidate_status { last_received { term: 0 index: 0 } } ignore_live_leader: false dest_uuid: "3a8af879536845caaccf552dfd215d2b" is_pre_election: true
I20260709 13:14:24.180215 10028 raft_consensus.cc:697] T 4ab394da29f344ed99a1b95f1f2757e9 P 3a8af879536845caaccf552dfd215d2b [term 1 LEADER]: Becoming Leader. State: Replica: 3a8af879536845caaccf552dfd215d2b, State: Running, Role: LEADER
I20260709 13:14:24.180991  9982 tablet_service.cc:1917] Received RequestConsensusVote() RPC: tablet_id: "ad9d03e940114afb9dd6b5db9484b9a3" candidate_uuid: "5f01d1c2b7394f77abc2fa459a96f718" candidate_term: 1 candidate_status { last_received { term: 0 index: 0 } } ignore_live_leader: false dest_uuid: "944f28c69b3c4460963a00c96b2b7f0c" is_pre_election: true
I20260709 13:14:24.180958 10028 consensus_queue.cc:237] T 4ab394da29f344ed99a1b95f1f2757e9 P 3a8af879536845caaccf552dfd215d2b [LEADER]: Queue going to LEADER mode. State: All replicated index: 0, Majority replicated index: 0, Committed index: 0, Last appended: 0.0, Last appended by leader: 0, Current term: 1, Majority size: 2, State: 0, Mode: LEADER, active raft config: opid_index: -1 OBSOLETE_local: false peers { permanent_uuid: "5f01d1c2b7394f77abc2fa459a96f718" member_type: VOTER last_known_addr { host: "127.8.127.129" port: 33689 } } peers { permanent_uuid: "3a8af879536845caaccf552dfd215d2b" member_type: VOTER last_known_addr { host: "127.8.127.130" port: 33407 } } peers { permanent_uuid: "944f28c69b3c4460963a00c96b2b7f0c" member_type: VOTER last_known_addr { host: "127.8.127.131" port: 42161 } }
W20260709 13:14:24.181486  9798 leader_election.cc:343] T ad9d03e940114afb9dd6b5db9484b9a3 P 5f01d1c2b7394f77abc2fa459a96f718 [CANDIDATE]: Term 1 pre-election: Tablet error from VoteRequest() call to peer 3a8af879536845caaccf552dfd215d2b (127.8.127.130:33407): Illegal state: must be running to vote when last-logged opid is not known
I20260709 13:14:24.184548 10023 ts_tablet_manager.cc:1434] T b83058250b644f03a3fcb3492c98ea1e P 5f01d1c2b7394f77abc2fa459a96f718: Time spent starting tablet: real 0.027s	user 0.008s	sys 0.000s
I20260709 13:14:24.178857 10306 consensus_queue.cc:237] T 4c89ce73ae4047458e9b669316b5192e P 3a8af879536845caaccf552dfd215d2b [LEADER]: Queue going to LEADER mode. State: All replicated index: 0, Majority replicated index: 0, Committed index: 0, Last appended: 0.0, Last appended by leader: 0, Current term: 1, Majority size: 2, State: 0, Mode: LEADER, active raft config: opid_index: -1 OBSOLETE_local: false peers { permanent_uuid: "5f01d1c2b7394f77abc2fa459a96f718" member_type: VOTER last_known_addr { host: "127.8.127.129" port: 33689 } } peers { permanent_uuid: "3a8af879536845caaccf552dfd215d2b" member_type: VOTER last_known_addr { host: "127.8.127.130" port: 33407 } } peers { permanent_uuid: "944f28c69b3c4460963a00c96b2b7f0c" member_type: VOTER last_known_addr { host: "127.8.127.131" port: 42161 } }
I20260709 13:14:24.179382 10354 leader_election.cc:290] T ad9d03e940114afb9dd6b5db9484b9a3 P 5f01d1c2b7394f77abc2fa459a96f718 [CANDIDATE]: Term 1 pre-election: Requested pre-vote from peers 3a8af879536845caaccf552dfd215d2b (127.8.127.130:33407), 944f28c69b3c4460963a00c96b2b7f0c (127.8.127.131:42161)
I20260709 13:14:24.184420  9828 raft_consensus.cc:2468] T b83058250b644f03a3fcb3492c98ea1e P 5f01d1c2b7394f77abc2fa459a96f718 [term 0 FOLLOWER]: Leader pre-election vote request: Granting yes vote for candidate 3a8af879536845caaccf552dfd215d2b in term 0.
I20260709 13:14:24.179929  9977 tablet_service.cc:1917] Received RequestConsensusVote() RPC: tablet_id: "b83058250b644f03a3fcb3492c98ea1e" candidate_uuid: "3a8af879536845caaccf552dfd215d2b" candidate_term: 1 candidate_status { last_received { term: 0 index: 0 } } ignore_live_leader: false dest_uuid: "944f28c69b3c4460963a00c96b2b7f0c" is_pre_election: true
I20260709 13:14:24.187410  9874 leader_election.cc:304] T b83058250b644f03a3fcb3492c98ea1e P 3a8af879536845caaccf552dfd215d2b [CANDIDATE]: Term 1 pre-election: Election decided. Result: candidate won. Election summary: received 2 responses out of 3 voters: 2 yes votes; 0 no votes. yes voters: 3a8af879536845caaccf552dfd215d2b, 5f01d1c2b7394f77abc2fa459a96f718; no voters: 
I20260709 13:14:24.188213 10229 raft_consensus.cc:2804] T b83058250b644f03a3fcb3492c98ea1e P 3a8af879536845caaccf552dfd215d2b [term 0 FOLLOWER]: Leader pre-election won for term 1
I20260709 13:14:24.188577 10229 raft_consensus.cc:493] T b83058250b644f03a3fcb3492c98ea1e P 3a8af879536845caaccf552dfd215d2b [term 0 FOLLOWER]: Starting leader election (no leader contacted us within the election timeout)
I20260709 13:14:24.188887 10229 raft_consensus.cc:3060] T b83058250b644f03a3fcb3492c98ea1e P 3a8af879536845caaccf552dfd215d2b [term 0 FOLLOWER]: Advancing to term 1
I20260709 13:14:24.178766 10311 leader_election.cc:290] T b83058250b644f03a3fcb3492c98ea1e P 3a8af879536845caaccf552dfd215d2b [CANDIDATE]: Term 1 pre-election: Requested pre-vote from peers 5f01d1c2b7394f77abc2fa459a96f718 (127.8.127.129:33689), 944f28c69b3c4460963a00c96b2b7f0c (127.8.127.131:42161)
I20260709 13:14:24.191920 10023 tablet_bootstrap.cc:492] T 59103002c0f045f78a558e15985e52be P 5f01d1c2b7394f77abc2fa459a96f718: Bootstrap starting.
W20260709 13:14:24.193122  9800 leader_election.cc:343] T ad9d03e940114afb9dd6b5db9484b9a3 P 5f01d1c2b7394f77abc2fa459a96f718 [CANDIDATE]: Term 1 pre-election: Tablet error from VoteRequest() call to peer 944f28c69b3c4460963a00c96b2b7f0c (127.8.127.131:42161): Illegal state: must be running to vote when last-logged opid is not known
W20260709 13:14:24.193264  9875 leader_election.cc:343] T b83058250b644f03a3fcb3492c98ea1e P 3a8af879536845caaccf552dfd215d2b [CANDIDATE]: Term 1 pre-election: Tablet error from VoteRequest() call to peer 944f28c69b3c4460963a00c96b2b7f0c (127.8.127.131:42161): Illegal state: must be running to vote when last-logged opid is not known
I20260709 13:14:24.193682  9800 leader_election.cc:304] T ad9d03e940114afb9dd6b5db9484b9a3 P 5f01d1c2b7394f77abc2fa459a96f718 [CANDIDATE]: Term 1 pre-election: Election decided. Result: candidate lost. Election summary: received 3 responses out of 3 voters: 1 yes votes; 2 no votes. yes voters: 5f01d1c2b7394f77abc2fa459a96f718; no voters: 3a8af879536845caaccf552dfd215d2b, 944f28c69b3c4460963a00c96b2b7f0c
I20260709 13:14:24.194859 10354 raft_consensus.cc:2749] T ad9d03e940114afb9dd6b5db9484b9a3 P 5f01d1c2b7394f77abc2fa459a96f718 [term 0 FOLLOWER]: Leader pre-election lost for term 1. Reason: could not achieve majority
I20260709 13:14:24.199203 10229 raft_consensus.cc:515] T b83058250b644f03a3fcb3492c98ea1e P 3a8af879536845caaccf552dfd215d2b [term 1 FOLLOWER]: Starting leader election with config: opid_index: -1 OBSOLETE_local: false peers { permanent_uuid: "5f01d1c2b7394f77abc2fa459a96f718" member_type: VOTER last_known_addr { host: "127.8.127.129" port: 33689 } } peers { permanent_uuid: "3a8af879536845caaccf552dfd215d2b" member_type: VOTER last_known_addr { host: "127.8.127.130" port: 33407 } } peers { permanent_uuid: "944f28c69b3c4460963a00c96b2b7f0c" member_type: VOTER last_known_addr { host: "127.8.127.131" port: 42161 } }
I20260709 13:14:24.201267 10229 leader_election.cc:290] T b83058250b644f03a3fcb3492c98ea1e P 3a8af879536845caaccf552dfd215d2b [CANDIDATE]: Term 1 election: Requested vote from peers 5f01d1c2b7394f77abc2fa459a96f718 (127.8.127.129:33689), 944f28c69b3c4460963a00c96b2b7f0c (127.8.127.131:42161)
I20260709 13:14:24.202036 10023 tablet_bootstrap.cc:654] T 59103002c0f045f78a558e15985e52be P 5f01d1c2b7394f77abc2fa459a96f718: Neither blocks nor log segments found. Creating new log.
I20260709 13:14:24.204406  9834 raft_consensus.cc:2393] T 4ab394da29f344ed99a1b95f1f2757e9 P 5f01d1c2b7394f77abc2fa459a96f718 [term 1 FOLLOWER]: Leader pre-election vote request: Denying vote to candidate 3a8af879536845caaccf552dfd215d2b in current term 1: Already voted for candidate 5f01d1c2b7394f77abc2fa459a96f718 in this term.
I20260709 13:14:24.210215 10321 raft_consensus.cc:515] T 2d6c295116f84e7abe13b4e5688ed41f P 944f28c69b3c4460963a00c96b2b7f0c [term 1 FOLLOWER]: Starting leader election with config: opid_index: -1 OBSOLETE_local: false peers { permanent_uuid: "5f01d1c2b7394f77abc2fa459a96f718" member_type: VOTER last_known_addr { host: "127.8.127.129" port: 33689 } } peers { permanent_uuid: "3a8af879536845caaccf552dfd215d2b" member_type: VOTER last_known_addr { host: "127.8.127.130" port: 33407 } } peers { permanent_uuid: "944f28c69b3c4460963a00c96b2b7f0c" member_type: VOTER last_known_addr { host: "127.8.127.131" port: 42161 } }
I20260709 13:14:24.211185  9977 tablet_service.cc:1917] Received RequestConsensusVote() RPC: tablet_id: "b83058250b644f03a3fcb3492c98ea1e" candidate_uuid: "3a8af879536845caaccf552dfd215d2b" candidate_term: 1 candidate_status { last_received { term: 0 index: 0 } } ignore_live_leader: false dest_uuid: "944f28c69b3c4460963a00c96b2b7f0c"
I20260709 13:14:24.211555 10253 leader_election.cc:290] T 4ab394da29f344ed99a1b95f1f2757e9 P 5f01d1c2b7394f77abc2fa459a96f718 [CANDIDATE]: Term 1 election: Requested vote from peers 3a8af879536845caaccf552dfd215d2b (127.8.127.130:33407), 944f28c69b3c4460963a00c96b2b7f0c (127.8.127.131:42161)
I20260709 13:14:24.212235 10321 leader_election.cc:290] T 2d6c295116f84e7abe13b4e5688ed41f P 944f28c69b3c4460963a00c96b2b7f0c [CANDIDATE]: Term 1 election: Requested vote from peers 5f01d1c2b7394f77abc2fa459a96f718 (127.8.127.129:33689), 3a8af879536845caaccf552dfd215d2b (127.8.127.130:33407)
W20260709 13:14:24.212983  9875 leader_election.cc:343] T b83058250b644f03a3fcb3492c98ea1e P 3a8af879536845caaccf552dfd215d2b [CANDIDATE]: Term 1 election: Tablet error from VoteRequest() call to peer 944f28c69b3c4460963a00c96b2b7f0c (127.8.127.131:42161): Illegal state: must be running to vote when last-logged opid is not known
I20260709 13:14:24.205582  9828 tablet_service.cc:1917] Received RequestConsensusVote() RPC: tablet_id: "b83058250b644f03a3fcb3492c98ea1e" candidate_uuid: "3a8af879536845caaccf552dfd215d2b" candidate_term: 1 candidate_status { last_received { term: 0 index: 0 } } ignore_live_leader: false dest_uuid: "5f01d1c2b7394f77abc2fa459a96f718"
I20260709 13:14:24.213915  9828 raft_consensus.cc:3060] T b83058250b644f03a3fcb3492c98ea1e P 5f01d1c2b7394f77abc2fa459a96f718 [term 0 FOLLOWER]: Advancing to term 1
I20260709 13:14:24.214063  9909 tablet_service.cc:1917] Received RequestConsensusVote() RPC: tablet_id: "4ab394da29f344ed99a1b95f1f2757e9" candidate_uuid: "5f01d1c2b7394f77abc2fa459a96f718" candidate_term: 1 candidate_status { last_received { term: 0 index: 0 } } ignore_live_leader: false dest_uuid: "3a8af879536845caaccf552dfd215d2b"
I20260709 13:14:24.216781  9906 tablet_service.cc:1917] Received RequestConsensusVote() RPC: tablet_id: "2d6c295116f84e7abe13b4e5688ed41f" candidate_uuid: "944f28c69b3c4460963a00c96b2b7f0c" candidate_term: 1 candidate_status { last_received { term: 0 index: 0 } } ignore_live_leader: false dest_uuid: "3a8af879536845caaccf552dfd215d2b"
I20260709 13:14:24.217288  9983 tablet_service.cc:1917] Received RequestConsensusVote() RPC: tablet_id: "4ab394da29f344ed99a1b95f1f2757e9" candidate_uuid: "5f01d1c2b7394f77abc2fa459a96f718" candidate_term: 1 candidate_status { last_received { term: 0 index: 0 } } ignore_live_leader: false dest_uuid: "944f28c69b3c4460963a00c96b2b7f0c"
I20260709 13:14:24.217634  9834 tablet_service.cc:1917] Received RequestConsensusVote() RPC: tablet_id: "2d6c295116f84e7abe13b4e5688ed41f" candidate_uuid: "944f28c69b3c4460963a00c96b2b7f0c" candidate_term: 1 candidate_status { last_received { term: 0 index: 0 } } ignore_live_leader: false dest_uuid: "5f01d1c2b7394f77abc2fa459a96f718"
I20260709 13:14:24.218068  9983 raft_consensus.cc:2393] T 4ab394da29f344ed99a1b95f1f2757e9 P 944f28c69b3c4460963a00c96b2b7f0c [term 1 FOLLOWER]: Leader election vote request: Denying vote to candidate 5f01d1c2b7394f77abc2fa459a96f718 in current term 1: Already voted for candidate 3a8af879536845caaccf552dfd215d2b in this term.
I20260709 13:14:24.217417  9906 raft_consensus.cc:3060] T 2d6c295116f84e7abe13b4e5688ed41f P 3a8af879536845caaccf552dfd215d2b [term 0 FOLLOWER]: Advancing to term 1
W20260709 13:14:24.219473  9948 leader_election.cc:343] T 2d6c295116f84e7abe13b4e5688ed41f P 944f28c69b3c4460963a00c96b2b7f0c [CANDIDATE]: Term 1 election: Tablet error from VoteRequest() call to peer 5f01d1c2b7394f77abc2fa459a96f718 (127.8.127.129:33689): Illegal state: must be running to vote when last-logged opid is not known
I20260709 13:14:24.222333  9977 raft_consensus.cc:3060] T 8a627c04f024459a95afc811763cd0db P 944f28c69b3c4460963a00c96b2b7f0c [term 0 FOLLOWER]: Advancing to term 1
I20260709 13:14:24.225239  9800 leader_election.cc:304] T 4ab394da29f344ed99a1b95f1f2757e9 P 5f01d1c2b7394f77abc2fa459a96f718 [CANDIDATE]: Term 1 election: Election decided. Result: candidate lost. Election summary: received 3 responses out of 3 voters: 1 yes votes; 2 no votes. yes voters: 5f01d1c2b7394f77abc2fa459a96f718; no voters: 3a8af879536845caaccf552dfd215d2b, 944f28c69b3c4460963a00c96b2b7f0c
I20260709 13:14:24.226085 10253 raft_consensus.cc:2749] T 4ab394da29f344ed99a1b95f1f2757e9 P 5f01d1c2b7394f77abc2fa459a96f718 [term 1 FOLLOWER]: Leader election lost for term 1. Reason: could not achieve majority
I20260709 13:14:24.229171 10024 tablet_bootstrap.cc:492] T 9216b1dce1324f89955c90027bfd3621 P 3a8af879536845caaccf552dfd215d2b: No bootstrap required, opened a new log
I20260709 13:14:24.229789 10024 ts_tablet_manager.cc:1403] T 9216b1dce1324f89955c90027bfd3621 P 3a8af879536845caaccf552dfd215d2b: Time spent bootstrapping tablet: real 0.167s	user 0.016s	sys 0.012s
I20260709 13:14:24.233047  9906 raft_consensus.cc:2468] T 2d6c295116f84e7abe13b4e5688ed41f P 3a8af879536845caaccf552dfd215d2b [term 1 FOLLOWER]: Leader election vote request: Granting yes vote for candidate 944f28c69b3c4460963a00c96b2b7f0c in term 1.
I20260709 13:14:24.234315  9947 leader_election.cc:304] T 2d6c295116f84e7abe13b4e5688ed41f P 944f28c69b3c4460963a00c96b2b7f0c [CANDIDATE]: Term 1 election: Election decided. Result: candidate won. Election summary: received 3 responses out of 3 voters: 2 yes votes; 1 no votes. yes voters: 3a8af879536845caaccf552dfd215d2b, 944f28c69b3c4460963a00c96b2b7f0c; no voters: 5f01d1c2b7394f77abc2fa459a96f718
I20260709 13:14:24.235230 10321 raft_consensus.cc:2804] T 2d6c295116f84e7abe13b4e5688ed41f P 944f28c69b3c4460963a00c96b2b7f0c [term 1 FOLLOWER]: Leader election won for term 1
I20260709 13:14:24.236491 10321 raft_consensus.cc:697] T 2d6c295116f84e7abe13b4e5688ed41f P 944f28c69b3c4460963a00c96b2b7f0c [term 1 LEADER]: Becoming Leader. State: Replica: 944f28c69b3c4460963a00c96b2b7f0c, State: Running, Role: LEADER
I20260709 13:14:24.237601 10025 tablet_bootstrap.cc:492] T ca3c160cd9024df0b9a60afdb2d3623f P 944f28c69b3c4460963a00c96b2b7f0c: No bootstrap required, opened a new log
I20260709 13:14:24.237499 10321 consensus_queue.cc:237] T 2d6c295116f84e7abe13b4e5688ed41f P 944f28c69b3c4460963a00c96b2b7f0c [LEADER]: Queue going to LEADER mode. State: All replicated index: 0, Majority replicated index: 0, Committed index: 0, Last appended: 0.0, Last appended by leader: 0, Current term: 1, Majority size: 2, State: 0, Mode: LEADER, active raft config: opid_index: -1 OBSOLETE_local: false peers { permanent_uuid: "5f01d1c2b7394f77abc2fa459a96f718" member_type: VOTER last_known_addr { host: "127.8.127.129" port: 33689 } } peers { permanent_uuid: "3a8af879536845caaccf552dfd215d2b" member_type: VOTER last_known_addr { host: "127.8.127.130" port: 33407 } } peers { permanent_uuid: "944f28c69b3c4460963a00c96b2b7f0c" member_type: VOTER last_known_addr { host: "127.8.127.131" port: 42161 } }
I20260709 13:14:24.239058  9828 raft_consensus.cc:2468] T b83058250b644f03a3fcb3492c98ea1e P 5f01d1c2b7394f77abc2fa459a96f718 [term 1 FOLLOWER]: Leader election vote request: Granting yes vote for candidate 3a8af879536845caaccf552dfd215d2b in term 1.
I20260709 13:14:24.240209 10024 raft_consensus.cc:359] T 9216b1dce1324f89955c90027bfd3621 P 3a8af879536845caaccf552dfd215d2b [term 0 FOLLOWER]: Replica starting. Triggering 0 pending ops. Active config: opid_index: -1 OBSOLETE_local: false peers { permanent_uuid: "5f01d1c2b7394f77abc2fa459a96f718" member_type: VOTER last_known_addr { host: "127.8.127.129" port: 33689 } } peers { permanent_uuid: "3a8af879536845caaccf552dfd215d2b" member_type: VOTER last_known_addr { host: "127.8.127.130" port: 33407 } } peers { permanent_uuid: "944f28c69b3c4460963a00c96b2b7f0c" member_type: VOTER last_known_addr { host: "127.8.127.131" port: 42161 } }
I20260709 13:14:24.241189 10025 ts_tablet_manager.cc:1403] T ca3c160cd9024df0b9a60afdb2d3623f P 944f28c69b3c4460963a00c96b2b7f0c: Time spent bootstrapping tablet: real 0.187s	user 0.016s	sys 0.012s
I20260709 13:14:24.242666 10024 raft_consensus.cc:385] T 9216b1dce1324f89955c90027bfd3621 P 3a8af879536845caaccf552dfd215d2b [term 0 FOLLOWER]: Consensus starting up: Expiring failure detector timer to make a prompt election more likely
I20260709 13:14:24.242873 10024 raft_consensus.cc:740] T 9216b1dce1324f89955c90027bfd3621 P 3a8af879536845caaccf552dfd215d2b [term 0 FOLLOWER]: Becoming Follower/Learner. State: Replica: 3a8af879536845caaccf552dfd215d2b, State: Initialized, Role: FOLLOWER
I20260709 13:14:24.243364 10024 consensus_queue.cc:260] T 9216b1dce1324f89955c90027bfd3621 P 3a8af879536845caaccf552dfd215d2b [NON_LEADER]: Queue going to NON_LEADER mode. State: All replicated index: 0, Majority replicated index: 0, Committed index: 0, Last appended: 0.0, Last appended by leader: 0, Current term: 0, Majority size: -1, State: 0, Mode: NON_LEADER, active raft config: opid_index: -1 OBSOLETE_local: false peers { permanent_uuid: "5f01d1c2b7394f77abc2fa459a96f718" member_type: VOTER last_known_addr { host: "127.8.127.129" port: 33689 } } peers { permanent_uuid: "3a8af879536845caaccf552dfd215d2b" member_type: VOTER last_known_addr { host: "127.8.127.130" port: 33407 } } peers { permanent_uuid: "944f28c69b3c4460963a00c96b2b7f0c" member_type: VOTER last_known_addr { host: "127.8.127.131" port: 42161 } }
I20260709 13:14:24.248725 10024 ts_tablet_manager.cc:1434] T 9216b1dce1324f89955c90027bfd3621 P 3a8af879536845caaccf552dfd215d2b: Time spent starting tablet: real 0.017s	user 0.004s	sys 0.002s
I20260709 13:14:24.248788  9874 leader_election.cc:304] T b83058250b644f03a3fcb3492c98ea1e P 3a8af879536845caaccf552dfd215d2b [CANDIDATE]: Term 1 election: Election decided. Result: candidate won. Election summary: received 3 responses out of 3 voters: 2 yes votes; 1 no votes. yes voters: 3a8af879536845caaccf552dfd215d2b, 5f01d1c2b7394f77abc2fa459a96f718; no voters: 944f28c69b3c4460963a00c96b2b7f0c
I20260709 13:14:24.250453 10360 raft_consensus.cc:2804] T b83058250b644f03a3fcb3492c98ea1e P 3a8af879536845caaccf552dfd215d2b [term 1 FOLLOWER]: Leader election won for term 1
I20260709 13:14:24.250946 10360 raft_consensus.cc:697] T b83058250b644f03a3fcb3492c98ea1e P 3a8af879536845caaccf552dfd215d2b [term 1 LEADER]: Becoming Leader. State: Replica: 3a8af879536845caaccf552dfd215d2b, State: Running, Role: LEADER
I20260709 13:14:24.251706 10360 consensus_queue.cc:237] T b83058250b644f03a3fcb3492c98ea1e P 3a8af879536845caaccf552dfd215d2b [LEADER]: Queue going to LEADER mode. State: All replicated index: 0, Majority replicated index: 0, Committed index: 0, Last appended: 0.0, Last appended by leader: 0, Current term: 1, Majority size: 2, State: 0, Mode: LEADER, active raft config: opid_index: -1 OBSOLETE_local: false peers { permanent_uuid: "5f01d1c2b7394f77abc2fa459a96f718" member_type: VOTER last_known_addr { host: "127.8.127.129" port: 33689 } } peers { permanent_uuid: "3a8af879536845caaccf552dfd215d2b" member_type: VOTER last_known_addr { host: "127.8.127.130" port: 33407 } } peers { permanent_uuid: "944f28c69b3c4460963a00c96b2b7f0c" member_type: VOTER last_known_addr { host: "127.8.127.131" port: 42161 } }
I20260709 13:14:24.249740 10025 raft_consensus.cc:359] T ca3c160cd9024df0b9a60afdb2d3623f P 944f28c69b3c4460963a00c96b2b7f0c [term 0 FOLLOWER]: Replica starting. Triggering 0 pending ops. Active config: opid_index: -1 OBSOLETE_local: false peers { permanent_uuid: "5f01d1c2b7394f77abc2fa459a96f718" member_type: VOTER last_known_addr { host: "127.8.127.129" port: 33689 } } peers { permanent_uuid: "3a8af879536845caaccf552dfd215d2b" member_type: VOTER last_known_addr { host: "127.8.127.130" port: 33407 } } peers { permanent_uuid: "944f28c69b3c4460963a00c96b2b7f0c" member_type: VOTER last_known_addr { host: "127.8.127.131" port: 42161 } }
I20260709 13:14:24.253103 10024 tablet_bootstrap.cc:492] T 505343d4b47d43a1b89dcce08b62d1f7 P 3a8af879536845caaccf552dfd215d2b: Bootstrap starting.
I20260709 13:14:24.254504 10023 tablet_bootstrap.cc:492] T 59103002c0f045f78a558e15985e52be P 5f01d1c2b7394f77abc2fa459a96f718: No bootstrap required, opened a new log
I20260709 13:14:24.255288 10023 ts_tablet_manager.cc:1403] T 59103002c0f045f78a558e15985e52be P 5f01d1c2b7394f77abc2fa459a96f718: Time spent bootstrapping tablet: real 0.064s	user 0.017s	sys 0.006s
I20260709 13:14:24.253080 10025 raft_consensus.cc:385] T ca3c160cd9024df0b9a60afdb2d3623f P 944f28c69b3c4460963a00c96b2b7f0c [term 0 FOLLOWER]: Consensus starting up: Expiring failure detector timer to make a prompt election more likely
I20260709 13:14:24.256528 10028 raft_consensus.cc:493] T 115bbc6187624bd7ae9c4072b2b5bcb1 P 3a8af879536845caaccf552dfd215d2b [term 0 FOLLOWER]: Starting pre-election (no leader contacted us within the election timeout)
I20260709 13:14:24.262704 10025 raft_consensus.cc:740] T ca3c160cd9024df0b9a60afdb2d3623f P 944f28c69b3c4460963a00c96b2b7f0c [term 0 FOLLOWER]: Becoming Follower/Learner. State: Replica: 944f28c69b3c4460963a00c96b2b7f0c, State: Initialized, Role: FOLLOWER
I20260709 13:14:24.262871 10028 raft_consensus.cc:515] T 115bbc6187624bd7ae9c4072b2b5bcb1 P 3a8af879536845caaccf552dfd215d2b [term 0 FOLLOWER]: Starting pre-election with config: opid_index: -1 OBSOLETE_local: false peers { permanent_uuid: "5f01d1c2b7394f77abc2fa459a96f718" member_type: VOTER last_known_addr { host: "127.8.127.129" port: 33689 } } peers { permanent_uuid: "3a8af879536845caaccf552dfd215d2b" member_type: VOTER last_known_addr { host: "127.8.127.130" port: 33407 } } peers { permanent_uuid: "944f28c69b3c4460963a00c96b2b7f0c" member_type: VOTER last_known_addr { host: "127.8.127.131" port: 42161 } }
I20260709 13:14:24.258769 10023 raft_consensus.cc:359] T 59103002c0f045f78a558e15985e52be P 5f01d1c2b7394f77abc2fa459a96f718 [term 0 FOLLOWER]: Replica starting. Triggering 0 pending ops. Active config: opid_index: -1 OBSOLETE_local: false peers { permanent_uuid: "5f01d1c2b7394f77abc2fa459a96f718" member_type: VOTER last_known_addr { host: "127.8.127.129" port: 33689 } } peers { permanent_uuid: "3a8af879536845caaccf552dfd215d2b" member_type: VOTER last_known_addr { host: "127.8.127.130" port: 33407 } } peers { permanent_uuid: "944f28c69b3c4460963a00c96b2b7f0c" member_type: VOTER last_known_addr { host: "127.8.127.131" port: 42161 } }
I20260709 13:14:24.269168 10023 raft_consensus.cc:385] T 59103002c0f045f78a558e15985e52be P 5f01d1c2b7394f77abc2fa459a96f718 [term 0 FOLLOWER]: Consensus starting up: Expiring failure detector timer to make a prompt election more likely
I20260709 13:14:24.269495 10023 raft_consensus.cc:740] T 59103002c0f045f78a558e15985e52be P 5f01d1c2b7394f77abc2fa459a96f718 [term 0 FOLLOWER]: Becoming Follower/Learner. State: Replica: 5f01d1c2b7394f77abc2fa459a96f718, State: Initialized, Role: FOLLOWER
I20260709 13:14:24.270058 10028 leader_election.cc:290] T 115bbc6187624bd7ae9c4072b2b5bcb1 P 3a8af879536845caaccf552dfd215d2b [CANDIDATE]: Term 1 pre-election: Requested pre-vote from peers 5f01d1c2b7394f77abc2fa459a96f718 (127.8.127.129:33689), 944f28c69b3c4460963a00c96b2b7f0c (127.8.127.131:42161)
I20260709 13:14:24.270150 10023 consensus_queue.cc:260] T 59103002c0f045f78a558e15985e52be P 5f01d1c2b7394f77abc2fa459a96f718 [NON_LEADER]: Queue going to NON_LEADER mode. State: All replicated index: 0, Majority replicated index: 0, Committed index: 0, Last appended: 0.0, Last appended by leader: 0, Current term: 0, Majority size: -1, State: 0, Mode: NON_LEADER, active raft config: opid_index: -1 OBSOLETE_local: false peers { permanent_uuid: "5f01d1c2b7394f77abc2fa459a96f718" member_type: VOTER last_known_addr { host: "127.8.127.129" port: 33689 } } peers { permanent_uuid: "3a8af879536845caaccf552dfd215d2b" member_type: VOTER last_known_addr { host: "127.8.127.130" port: 33407 } } peers { permanent_uuid: "944f28c69b3c4460963a00c96b2b7f0c" member_type: VOTER last_known_addr { host: "127.8.127.131" port: 42161 } }
I20260709 13:14:24.269050 10025 consensus_queue.cc:260] T ca3c160cd9024df0b9a60afdb2d3623f P 944f28c69b3c4460963a00c96b2b7f0c [NON_LEADER]: Queue going to NON_LEADER mode. State: All replicated index: 0, Majority replicated index: 0, Committed index: 0, Last appended: 0.0, Last appended by leader: 0, Current term: 0, Majority size: -1, State: 0, Mode: NON_LEADER, active raft config: opid_index: -1 OBSOLETE_local: false peers { permanent_uuid: "5f01d1c2b7394f77abc2fa459a96f718" member_type: VOTER last_known_addr { host: "127.8.127.129" port: 33689 } } peers { permanent_uuid: "3a8af879536845caaccf552dfd215d2b" member_type: VOTER last_known_addr { host: "127.8.127.130" port: 33407 } } peers { permanent_uuid: "944f28c69b3c4460963a00c96b2b7f0c" member_type: VOTER last_known_addr { host: "127.8.127.131" port: 42161 } }
I20260709 13:14:24.272341 10023 ts_tablet_manager.cc:1434] T 59103002c0f045f78a558e15985e52be P 5f01d1c2b7394f77abc2fa459a96f718: Time spent starting tablet: real 0.017s	user 0.007s	sys 0.000s
I20260709 13:14:24.282553 10023 tablet_bootstrap.cc:492] T 505343d4b47d43a1b89dcce08b62d1f7 P 5f01d1c2b7394f77abc2fa459a96f718: Bootstrap starting.
I20260709 13:14:24.271306  9982 tablet_service.cc:1917] Received RequestConsensusVote() RPC: tablet_id: "115bbc6187624bd7ae9c4072b2b5bcb1" candidate_uuid: "3a8af879536845caaccf552dfd215d2b" candidate_term: 1 candidate_status { last_received { term: 0 index: 0 } } ignore_live_leader: false dest_uuid: "944f28c69b3c4460963a00c96b2b7f0c" is_pre_election: true
W20260709 13:14:24.285354  9875 leader_election.cc:343] T 115bbc6187624bd7ae9c4072b2b5bcb1 P 3a8af879536845caaccf552dfd215d2b [CANDIDATE]: Term 1 pre-election: Tablet error from VoteRequest() call to peer 944f28c69b3c4460963a00c96b2b7f0c (127.8.127.131:42161): Illegal state: must be running to vote when last-logged opid is not known
I20260709 13:14:24.272010  9828 tablet_service.cc:1917] Received RequestConsensusVote() RPC: tablet_id: "115bbc6187624bd7ae9c4072b2b5bcb1" candidate_uuid: "3a8af879536845caaccf552dfd215d2b" candidate_term: 1 candidate_status { last_received { term: 0 index: 0 } } ignore_live_leader: false dest_uuid: "5f01d1c2b7394f77abc2fa459a96f718" is_pre_election: true
W20260709 13:14:24.287041  9874 leader_election.cc:343] T 115bbc6187624bd7ae9c4072b2b5bcb1 P 3a8af879536845caaccf552dfd215d2b [CANDIDATE]: Term 1 pre-election: Tablet error from VoteRequest() call to peer 5f01d1c2b7394f77abc2fa459a96f718 (127.8.127.129:33689): Illegal state: must be running to vote when last-logged opid is not known
I20260709 13:14:24.287480  9874 leader_election.cc:304] T 115bbc6187624bd7ae9c4072b2b5bcb1 P 3a8af879536845caaccf552dfd215d2b [CANDIDATE]: Term 1 pre-election: Election decided. Result: candidate lost. Election summary: received 3 responses out of 3 voters: 1 yes votes; 2 no votes. yes voters: 3a8af879536845caaccf552dfd215d2b; no voters: 5f01d1c2b7394f77abc2fa459a96f718, 944f28c69b3c4460963a00c96b2b7f0c
I20260709 13:14:24.288267 10023 tablet_bootstrap.cc:654] T 505343d4b47d43a1b89dcce08b62d1f7 P 5f01d1c2b7394f77abc2fa459a96f718: Neither blocks nor log segments found. Creating new log.
I20260709 13:14:24.288604 10360 raft_consensus.cc:2749] T 115bbc6187624bd7ae9c4072b2b5bcb1 P 3a8af879536845caaccf552dfd215d2b [term 0 FOLLOWER]: Leader pre-election lost for term 1. Reason: could not achieve majority
I20260709 13:14:24.267547 10024 tablet_bootstrap.cc:654] T 505343d4b47d43a1b89dcce08b62d1f7 P 3a8af879536845caaccf552dfd215d2b: Neither blocks nor log segments found. Creating new log.
I20260709 13:14:24.293272 10025 ts_tablet_manager.cc:1434] T ca3c160cd9024df0b9a60afdb2d3623f P 944f28c69b3c4460963a00c96b2b7f0c: Time spent starting tablet: real 0.050s	user 0.008s	sys 0.000s
I20260709 13:14:24.294231 10025 tablet_bootstrap.cc:492] T 115bbc6187624bd7ae9c4072b2b5bcb1 P 944f28c69b3c4460963a00c96b2b7f0c: Bootstrap starting.
I20260709 13:14:24.298611  9728 catalog_manager.cc:5697] T 2d6c295116f84e7abe13b4e5688ed41f P 944f28c69b3c4460963a00c96b2b7f0c reported cstate change: term changed from 0 to 1, leader changed from <none> to 944f28c69b3c4460963a00c96b2b7f0c (127.8.127.131). New cstate: current_term: 1 leader_uuid: "944f28c69b3c4460963a00c96b2b7f0c" committed_config { opid_index: -1 OBSOLETE_local: false peers { permanent_uuid: "5f01d1c2b7394f77abc2fa459a96f718" member_type: VOTER last_known_addr { host: "127.8.127.129" port: 33689 } health_report { overall_health: UNKNOWN } } peers { permanent_uuid: "3a8af879536845caaccf552dfd215d2b" member_type: VOTER last_known_addr { host: "127.8.127.130" port: 33407 } health_report { overall_health: UNKNOWN } } peers { permanent_uuid: "944f28c69b3c4460963a00c96b2b7f0c" member_type: VOTER last_known_addr { host: "127.8.127.131" port: 42161 } health_report { overall_health: HEALTHY } } }
I20260709 13:14:24.299914 10025 tablet_bootstrap.cc:654] T 115bbc6187624bd7ae9c4072b2b5bcb1 P 944f28c69b3c4460963a00c96b2b7f0c: Neither blocks nor log segments found. Creating new log.
I20260709 13:14:24.312834  9729 catalog_manager.cc:5697] T 2847287bfe904b1ab70ef33793cab90f P 3a8af879536845caaccf552dfd215d2b reported cstate change: term changed from 0 to 1, leader changed from <none> to 3a8af879536845caaccf552dfd215d2b (127.8.127.130). New cstate: current_term: 1 leader_uuid: "3a8af879536845caaccf552dfd215d2b" committed_config { opid_index: -1 OBSOLETE_local: false peers { permanent_uuid: "5f01d1c2b7394f77abc2fa459a96f718" member_type: VOTER last_known_addr { host: "127.8.127.129" port: 33689 } health_report { overall_health: UNKNOWN } } peers { permanent_uuid: "3a8af879536845caaccf552dfd215d2b" member_type: VOTER last_known_addr { host: "127.8.127.130" port: 33407 } health_report { overall_health: HEALTHY } } peers { permanent_uuid: "944f28c69b3c4460963a00c96b2b7f0c" member_type: VOTER last_known_addr { host: "127.8.127.131" port: 42161 } health_report { overall_health: UNKNOWN } } }
I20260709 13:14:24.315244  9729 catalog_manager.cc:5697] T 4c89ce73ae4047458e9b669316b5192e P 3a8af879536845caaccf552dfd215d2b reported cstate change: term changed from 0 to 1, leader changed from <none> to 3a8af879536845caaccf552dfd215d2b (127.8.127.130). New cstate: current_term: 1 leader_uuid: "3a8af879536845caaccf552dfd215d2b" committed_config { opid_index: -1 OBSOLETE_local: false peers { permanent_uuid: "5f01d1c2b7394f77abc2fa459a96f718" member_type: VOTER last_known_addr { host: "127.8.127.129" port: 33689 } health_report { overall_health: UNKNOWN } } peers { permanent_uuid: "3a8af879536845caaccf552dfd215d2b" member_type: VOTER last_known_addr { host: "127.8.127.130" port: 33407 } health_report { overall_health: HEALTHY } } peers { permanent_uuid: "944f28c69b3c4460963a00c96b2b7f0c" member_type: VOTER last_known_addr { host: "127.8.127.131" port: 42161 } health_report { overall_health: UNKNOWN } } }
I20260709 13:14:24.317698  9729 catalog_manager.cc:5697] T b83058250b644f03a3fcb3492c98ea1e P 3a8af879536845caaccf552dfd215d2b reported cstate change: term changed from 0 to 1, leader changed from <none> to 3a8af879536845caaccf552dfd215d2b (127.8.127.130). New cstate: current_term: 1 leader_uuid: "3a8af879536845caaccf552dfd215d2b" committed_config { opid_index: -1 OBSOLETE_local: false peers { permanent_uuid: "5f01d1c2b7394f77abc2fa459a96f718" member_type: VOTER last_known_addr { host: "127.8.127.129" port: 33689 } health_report { overall_health: UNKNOWN } } peers { permanent_uuid: "3a8af879536845caaccf552dfd215d2b" member_type: VOTER last_known_addr { host: "127.8.127.130" port: 33407 } health_report { overall_health: HEALTHY } } peers { permanent_uuid: "944f28c69b3c4460963a00c96b2b7f0c" member_type: VOTER last_known_addr { host: "127.8.127.131" port: 42161 } health_report { overall_health: UNKNOWN } } }
I20260709 13:14:24.320778  9729 catalog_manager.cc:5697] T 4ab394da29f344ed99a1b95f1f2757e9 P 3a8af879536845caaccf552dfd215d2b reported cstate change: term changed from 0 to 1, leader changed from <none> to 3a8af879536845caaccf552dfd215d2b (127.8.127.130). New cstate: current_term: 1 leader_uuid: "3a8af879536845caaccf552dfd215d2b" committed_config { opid_index: -1 OBSOLETE_local: false peers { permanent_uuid: "5f01d1c2b7394f77abc2fa459a96f718" member_type: VOTER last_known_addr { host: "127.8.127.129" port: 33689 } health_report { overall_health: UNKNOWN } } peers { permanent_uuid: "3a8af879536845caaccf552dfd215d2b" member_type: VOTER last_known_addr { host: "127.8.127.130" port: 33407 } health_report { overall_health: HEALTHY } } peers { permanent_uuid: "944f28c69b3c4460963a00c96b2b7f0c" member_type: VOTER last_known_addr { host: "127.8.127.131" port: 42161 } health_report { overall_health: UNKNOWN } } }
I20260709 13:14:24.327499 10024 tablet_bootstrap.cc:492] T 505343d4b47d43a1b89dcce08b62d1f7 P 3a8af879536845caaccf552dfd215d2b: No bootstrap required, opened a new log
I20260709 13:14:24.328054 10024 ts_tablet_manager.cc:1403] T 505343d4b47d43a1b89dcce08b62d1f7 P 3a8af879536845caaccf552dfd215d2b: Time spent bootstrapping tablet: real 0.075s	user 0.017s	sys 0.007s
I20260709 13:14:24.334079 10023 tablet_bootstrap.cc:492] T 505343d4b47d43a1b89dcce08b62d1f7 P 5f01d1c2b7394f77abc2fa459a96f718: No bootstrap required, opened a new log
I20260709 13:14:24.334762 10023 ts_tablet_manager.cc:1403] T 505343d4b47d43a1b89dcce08b62d1f7 P 5f01d1c2b7394f77abc2fa459a96f718: Time spent bootstrapping tablet: real 0.052s	user 0.009s	sys 0.016s
I20260709 13:14:24.339025 10023 raft_consensus.cc:359] T 505343d4b47d43a1b89dcce08b62d1f7 P 5f01d1c2b7394f77abc2fa459a96f718 [term 0 FOLLOWER]: Replica starting. Triggering 0 pending ops. Active config: opid_index: -1 OBSOLETE_local: false peers { permanent_uuid: "5f01d1c2b7394f77abc2fa459a96f718" member_type: VOTER last_known_addr { host: "127.8.127.129" port: 33689 } } peers { permanent_uuid: "3a8af879536845caaccf552dfd215d2b" member_type: VOTER last_known_addr { host: "127.8.127.130" port: 33407 } } peers { permanent_uuid: "944f28c69b3c4460963a00c96b2b7f0c" member_type: VOTER last_known_addr { host: "127.8.127.131" port: 42161 } }
I20260709 13:14:24.340025 10023 raft_consensus.cc:385] T 505343d4b47d43a1b89dcce08b62d1f7 P 5f01d1c2b7394f77abc2fa459a96f718 [term 0 FOLLOWER]: Consensus starting up: Expiring failure detector timer to make a prompt election more likely
I20260709 13:14:24.340379 10023 raft_consensus.cc:740] T 505343d4b47d43a1b89dcce08b62d1f7 P 5f01d1c2b7394f77abc2fa459a96f718 [term 0 FOLLOWER]: Becoming Follower/Learner. State: Replica: 5f01d1c2b7394f77abc2fa459a96f718, State: Initialized, Role: FOLLOWER
I20260709 13:14:24.341291 10023 consensus_queue.cc:260] T 505343d4b47d43a1b89dcce08b62d1f7 P 5f01d1c2b7394f77abc2fa459a96f718 [NON_LEADER]: Queue going to NON_LEADER mode. State: All replicated index: 0, Majority replicated index: 0, Committed index: 0, Last appended: 0.0, Last appended by leader: 0, Current term: 0, Majority size: -1, State: 0, Mode: NON_LEADER, active raft config: opid_index: -1 OBSOLETE_local: false peers { permanent_uuid: "5f01d1c2b7394f77abc2fa459a96f718" member_type: VOTER last_known_addr { host: "127.8.127.129" port: 33689 } } peers { permanent_uuid: "3a8af879536845caaccf552dfd215d2b" member_type: VOTER last_known_addr { host: "127.8.127.130" port: 33407 } } peers { permanent_uuid: "944f28c69b3c4460963a00c96b2b7f0c" member_type: VOTER last_known_addr { host: "127.8.127.131" port: 42161 } }
I20260709 13:14:24.344033 10023 ts_tablet_manager.cc:1434] T 505343d4b47d43a1b89dcce08b62d1f7 P 5f01d1c2b7394f77abc2fa459a96f718: Time spent starting tablet: real 0.009s	user 0.008s	sys 0.000s
I20260709 13:14:24.345980 10023 tablet_bootstrap.cc:492] T 1347be1bb4844f5085f3afdf1fa0b6d0 P 5f01d1c2b7394f77abc2fa459a96f718: Bootstrap starting.
I20260709 13:14:24.347667 10025 tablet_bootstrap.cc:492] T 115bbc6187624bd7ae9c4072b2b5bcb1 P 944f28c69b3c4460963a00c96b2b7f0c: No bootstrap required, opened a new log
I20260709 13:14:24.348127 10025 ts_tablet_manager.cc:1403] T 115bbc6187624bd7ae9c4072b2b5bcb1 P 944f28c69b3c4460963a00c96b2b7f0c: Time spent bootstrapping tablet: real 0.054s	user 0.021s	sys 0.018s
I20260709 13:14:24.350620 10025 raft_consensus.cc:359] T 115bbc6187624bd7ae9c4072b2b5bcb1 P 944f28c69b3c4460963a00c96b2b7f0c [term 0 FOLLOWER]: Replica starting. Triggering 0 pending ops. Active config: opid_index: -1 OBSOLETE_local: false peers { permanent_uuid: "5f01d1c2b7394f77abc2fa459a96f718" member_type: VOTER last_known_addr { host: "127.8.127.129" port: 33689 } } peers { permanent_uuid: "3a8af879536845caaccf552dfd215d2b" member_type: VOTER last_known_addr { host: "127.8.127.130" port: 33407 } } peers { permanent_uuid: "944f28c69b3c4460963a00c96b2b7f0c" member_type: VOTER last_known_addr { host: "127.8.127.131" port: 42161 } }
I20260709 13:14:24.351279 10025 raft_consensus.cc:385] T 115bbc6187624bd7ae9c4072b2b5bcb1 P 944f28c69b3c4460963a00c96b2b7f0c [term 0 FOLLOWER]: Consensus starting up: Expiring failure detector timer to make a prompt election more likely
I20260709 13:14:24.351516 10025 raft_consensus.cc:740] T 115bbc6187624bd7ae9c4072b2b5bcb1 P 944f28c69b3c4460963a00c96b2b7f0c [term 0 FOLLOWER]: Becoming Follower/Learner. State: Replica: 944f28c69b3c4460963a00c96b2b7f0c, State: Initialized, Role: FOLLOWER
I20260709 13:14:24.352098 10025 consensus_queue.cc:260] T 115bbc6187624bd7ae9c4072b2b5bcb1 P 944f28c69b3c4460963a00c96b2b7f0c [NON_LEADER]: Queue going to NON_LEADER mode. State: All replicated index: 0, Majority replicated index: 0, Committed index: 0, Last appended: 0.0, Last appended by leader: 0, Current term: 0, Majority size: -1, State: 0, Mode: NON_LEADER, active raft config: opid_index: -1 OBSOLETE_local: false peers { permanent_uuid: "5f01d1c2b7394f77abc2fa459a96f718" member_type: VOTER last_known_addr { host: "127.8.127.129" port: 33689 } } peers { permanent_uuid: "3a8af879536845caaccf552dfd215d2b" member_type: VOTER last_known_addr { host: "127.8.127.130" port: 33407 } } peers { permanent_uuid: "944f28c69b3c4460963a00c96b2b7f0c" member_type: VOTER last_known_addr { host: "127.8.127.131" port: 42161 } }
I20260709 13:14:24.353713 10024 raft_consensus.cc:359] T 505343d4b47d43a1b89dcce08b62d1f7 P 3a8af879536845caaccf552dfd215d2b [term 0 FOLLOWER]: Replica starting. Triggering 0 pending ops. Active config: opid_index: -1 OBSOLETE_local: false peers { permanent_uuid: "5f01d1c2b7394f77abc2fa459a96f718" member_type: VOTER last_known_addr { host: "127.8.127.129" port: 33689 } } peers { permanent_uuid: "3a8af879536845caaccf552dfd215d2b" member_type: VOTER last_known_addr { host: "127.8.127.130" port: 33407 } } peers { permanent_uuid: "944f28c69b3c4460963a00c96b2b7f0c" member_type: VOTER last_known_addr { host: "127.8.127.131" port: 42161 } }
I20260709 13:14:24.354408 10024 raft_consensus.cc:385] T 505343d4b47d43a1b89dcce08b62d1f7 P 3a8af879536845caaccf552dfd215d2b [term 0 FOLLOWER]: Consensus starting up: Expiring failure detector timer to make a prompt election more likely
I20260709 13:14:24.354686 10024 raft_consensus.cc:740] T 505343d4b47d43a1b89dcce08b62d1f7 P 3a8af879536845caaccf552dfd215d2b [term 0 FOLLOWER]: Becoming Follower/Learner. State: Replica: 3a8af879536845caaccf552dfd215d2b, State: Initialized, Role: FOLLOWER
I20260709 13:14:24.355758 10025 ts_tablet_manager.cc:1434] T 115bbc6187624bd7ae9c4072b2b5bcb1 P 944f28c69b3c4460963a00c96b2b7f0c: Time spent starting tablet: real 0.007s	user 0.007s	sys 0.000s
I20260709 13:14:24.356748 10025 tablet_bootstrap.cc:492] T b83058250b644f03a3fcb3492c98ea1e P 944f28c69b3c4460963a00c96b2b7f0c: Bootstrap starting.
I20260709 13:14:24.362632 10025 tablet_bootstrap.cc:654] T b83058250b644f03a3fcb3492c98ea1e P 944f28c69b3c4460963a00c96b2b7f0c: Neither blocks nor log segments found. Creating new log.
I20260709 13:14:24.367467 10321 raft_consensus.cc:493] T 115bbc6187624bd7ae9c4072b2b5bcb1 P 944f28c69b3c4460963a00c96b2b7f0c [term 0 FOLLOWER]: Starting pre-election (no leader contacted us within the election timeout)
I20260709 13:14:24.367751 10024 consensus_queue.cc:260] T 505343d4b47d43a1b89dcce08b62d1f7 P 3a8af879536845caaccf552dfd215d2b [NON_LEADER]: Queue going to NON_LEADER mode. State: All replicated index: 0, Majority replicated index: 0, Committed index: 0, Last appended: 0.0, Last appended by leader: 0, Current term: 0, Majority size: -1, State: 0, Mode: NON_LEADER, active raft config: opid_index: -1 OBSOLETE_local: false peers { permanent_uuid: "5f01d1c2b7394f77abc2fa459a96f718" member_type: VOTER last_known_addr { host: "127.8.127.129" port: 33689 } } peers { permanent_uuid: "3a8af879536845caaccf552dfd215d2b" member_type: VOTER last_known_addr { host: "127.8.127.130" port: 33407 } } peers { permanent_uuid: "944f28c69b3c4460963a00c96b2b7f0c" member_type: VOTER last_known_addr { host: "127.8.127.131" port: 42161 } }
I20260709 13:14:24.368040 10321 raft_consensus.cc:515] T 115bbc6187624bd7ae9c4072b2b5bcb1 P 944f28c69b3c4460963a00c96b2b7f0c [term 0 FOLLOWER]: Starting pre-election with config: opid_index: -1 OBSOLETE_local: false peers { permanent_uuid: "5f01d1c2b7394f77abc2fa459a96f718" member_type: VOTER last_known_addr { host: "127.8.127.129" port: 33689 } } peers { permanent_uuid: "3a8af879536845caaccf552dfd215d2b" member_type: VOTER last_known_addr { host: "127.8.127.130" port: 33407 } } peers { permanent_uuid: "944f28c69b3c4460963a00c96b2b7f0c" member_type: VOTER last_known_addr { host: "127.8.127.131" port: 42161 } }
I20260709 13:14:24.375746 10321 leader_election.cc:290] T 115bbc6187624bd7ae9c4072b2b5bcb1 P 944f28c69b3c4460963a00c96b2b7f0c [CANDIDATE]: Term 1 pre-election: Requested pre-vote from peers 5f01d1c2b7394f77abc2fa459a96f718 (127.8.127.129:33689), 3a8af879536845caaccf552dfd215d2b (127.8.127.130:33407)
I20260709 13:14:24.378327 10024 ts_tablet_manager.cc:1434] T 505343d4b47d43a1b89dcce08b62d1f7 P 3a8af879536845caaccf552dfd215d2b: Time spent starting tablet: real 0.050s	user 0.007s	sys 0.001s
I20260709 13:14:24.378446  9828 tablet_service.cc:1917] Received RequestConsensusVote() RPC: tablet_id: "115bbc6187624bd7ae9c4072b2b5bcb1" candidate_uuid: "944f28c69b3c4460963a00c96b2b7f0c" candidate_term: 1 candidate_status { last_received { term: 0 index: 0 } } ignore_live_leader: false dest_uuid: "5f01d1c2b7394f77abc2fa459a96f718" is_pre_election: true
I20260709 13:14:24.378597  9906 tablet_service.cc:1917] Received RequestConsensusVote() RPC: tablet_id: "115bbc6187624bd7ae9c4072b2b5bcb1" candidate_uuid: "944f28c69b3c4460963a00c96b2b7f0c" candidate_term: 1 candidate_status { last_received { term: 0 index: 0 } } ignore_live_leader: false dest_uuid: "3a8af879536845caaccf552dfd215d2b" is_pre_election: true
I20260709 13:14:24.379277  9906 raft_consensus.cc:2468] T 115bbc6187624bd7ae9c4072b2b5bcb1 P 3a8af879536845caaccf552dfd215d2b [term 0 FOLLOWER]: Leader pre-election vote request: Granting yes vote for candidate 944f28c69b3c4460963a00c96b2b7f0c in term 0.
I20260709 13:14:24.379680 10024 tablet_bootstrap.cc:492] T ad9d03e940114afb9dd6b5db9484b9a3 P 3a8af879536845caaccf552dfd215d2b: Bootstrap starting.
W20260709 13:14:24.379891  9948 leader_election.cc:343] T 115bbc6187624bd7ae9c4072b2b5bcb1 P 944f28c69b3c4460963a00c96b2b7f0c [CANDIDATE]: Term 1 pre-election: Tablet error from VoteRequest() call to peer 5f01d1c2b7394f77abc2fa459a96f718 (127.8.127.129:33689): Illegal state: must be running to vote when last-logged opid is not known
I20260709 13:14:24.382808  9947 leader_election.cc:304] T 115bbc6187624bd7ae9c4072b2b5bcb1 P 944f28c69b3c4460963a00c96b2b7f0c [CANDIDATE]: Term 1 pre-election: Election decided. Result: candidate won. Election summary: received 3 responses out of 3 voters: 2 yes votes; 1 no votes. yes voters: 3a8af879536845caaccf552dfd215d2b, 944f28c69b3c4460963a00c96b2b7f0c; no voters: 5f01d1c2b7394f77abc2fa459a96f718
I20260709 13:14:24.367493 10023 tablet_bootstrap.cc:654] T 1347be1bb4844f5085f3afdf1fa0b6d0 P 5f01d1c2b7394f77abc2fa459a96f718: Neither blocks nor log segments found. Creating new log.
I20260709 13:14:24.384081 10250 raft_consensus.cc:2804] T 115bbc6187624bd7ae9c4072b2b5bcb1 P 944f28c69b3c4460963a00c96b2b7f0c [term 0 FOLLOWER]: Leader pre-election won for term 1
I20260709 13:14:24.384508 10250 raft_consensus.cc:493] T 115bbc6187624bd7ae9c4072b2b5bcb1 P 944f28c69b3c4460963a00c96b2b7f0c [term 0 FOLLOWER]: Starting leader election (no leader contacted us within the election timeout)
I20260709 13:14:24.384840 10250 raft_consensus.cc:3060] T 115bbc6187624bd7ae9c4072b2b5bcb1 P 944f28c69b3c4460963a00c96b2b7f0c [term 0 FOLLOWER]: Advancing to term 1
I20260709 13:14:24.390633 10024 tablet_bootstrap.cc:654] T ad9d03e940114afb9dd6b5db9484b9a3 P 3a8af879536845caaccf552dfd215d2b: Neither blocks nor log segments found. Creating new log.
I20260709 13:14:24.405719 10250 raft_consensus.cc:515] T 115bbc6187624bd7ae9c4072b2b5bcb1 P 944f28c69b3c4460963a00c96b2b7f0c [term 1 FOLLOWER]: Starting leader election with config: opid_index: -1 OBSOLETE_local: false peers { permanent_uuid: "5f01d1c2b7394f77abc2fa459a96f718" member_type: VOTER last_known_addr { host: "127.8.127.129" port: 33689 } } peers { permanent_uuid: "3a8af879536845caaccf552dfd215d2b" member_type: VOTER last_known_addr { host: "127.8.127.130" port: 33407 } } peers { permanent_uuid: "944f28c69b3c4460963a00c96b2b7f0c" member_type: VOTER last_known_addr { host: "127.8.127.131" port: 42161 } }
I20260709 13:14:24.411587 10250 leader_election.cc:290] T 115bbc6187624bd7ae9c4072b2b5bcb1 P 944f28c69b3c4460963a00c96b2b7f0c [CANDIDATE]: Term 1 election: Requested vote from peers 5f01d1c2b7394f77abc2fa459a96f718 (127.8.127.129:33689), 3a8af879536845caaccf552dfd215d2b (127.8.127.130:33407)
