I20260709 13:14:13.919857  7286 ts_tablet_manager.cc:1403] T 5290f42bedd14d27b9bd7bc5eac67072 P 0cd27d6e3e564732a7bf325d64ca7bed: Time spent bootstrapping tablet: real 0.149s	user 0.056s	sys 0.037s
I20260709 13:14:13.922469  7209 leader_election.cc:304] T f20dcf55d9f84782b6985a4729c44711 P 0cd27d6e3e564732a7bf325d64ca7bed [CANDIDATE]: Term 1 election: Election decided. Result: candidate won. Election summary: received 2 responses out of 3 voters: 2 yes votes; 0 no votes. yes voters: 0cd27d6e3e564732a7bf325d64ca7bed, 62712a59222148b39e2178bb398e69fb; no voters: 
I20260709 13:14:13.923233  7286 raft_consensus.cc:359] T 5290f42bedd14d27b9bd7bc5eac67072 P 0cd27d6e3e564732a7bf325d64ca7bed [term 0 FOLLOWER]: Replica starting. Triggering 0 pending ops. Active config: opid_index: -1 OBSOLETE_local: false peers { permanent_uuid: "17b06d9fac9048549222197675a1b96d" member_type: VOTER last_known_addr { host: "127.5.218.129" port: 42341 } } peers { permanent_uuid: "62712a59222148b39e2178bb398e69fb" member_type: VOTER last_known_addr { host: "127.5.218.130" port: 35053 } } peers { permanent_uuid: "0cd27d6e3e564732a7bf325d64ca7bed" member_type: VOTER last_known_addr { host: "127.5.218.131" port: 43273 } }
I20260709 13:14:13.924111  7286 raft_consensus.cc:385] T 5290f42bedd14d27b9bd7bc5eac67072 P 0cd27d6e3e564732a7bf325d64ca7bed [term 0 FOLLOWER]: Consensus starting up: Expiring failure detector timer to make a prompt election more likely
I20260709 13:14:13.924449  7286 raft_consensus.cc:740] T 5290f42bedd14d27b9bd7bc5eac67072 P 0cd27d6e3e564732a7bf325d64ca7bed [term 0 FOLLOWER]: Becoming Follower/Learner. State: Replica: 0cd27d6e3e564732a7bf325d64ca7bed, State: Initialized, Role: FOLLOWER
I20260709 13:14:13.924861  7423 raft_consensus.cc:2804] T f20dcf55d9f84782b6985a4729c44711 P 0cd27d6e3e564732a7bf325d64ca7bed [term 1 FOLLOWER]: Leader election won for term 1
I20260709 13:14:13.925186  7286 consensus_queue.cc:260] T 5290f42bedd14d27b9bd7bc5eac67072 P 0cd27d6e3e564732a7bf325d64ca7bed [NON_LEADER]: Queue going to NON_LEADER mode. State: All replicated index: 0, Majority replicated index: 0, Committed index: 0, Last appended: 0.0, Last appended by leader: 0, Current term: 0, Majority size: -1, State: 0, Mode: NON_LEADER, active raft config: opid_index: -1 OBSOLETE_local: false peers { permanent_uuid: "17b06d9fac9048549222197675a1b96d" member_type: VOTER last_known_addr { host: "127.5.218.129" port: 42341 } } peers { permanent_uuid: "62712a59222148b39e2178bb398e69fb" member_type: VOTER last_known_addr { host: "127.5.218.130" port: 35053 } } peers { permanent_uuid: "0cd27d6e3e564732a7bf325d64ca7bed" member_type: VOTER last_known_addr { host: "127.5.218.131" port: 43273 } }
I20260709 13:14:13.925395  7423 raft_consensus.cc:697] T f20dcf55d9f84782b6985a4729c44711 P 0cd27d6e3e564732a7bf325d64ca7bed [term 1 LEADER]: Becoming Leader. State: Replica: 0cd27d6e3e564732a7bf325d64ca7bed, State: Running, Role: LEADER
I20260709 13:14:13.925338  7094 raft_consensus.cc:2468] T f20dcf55d9f84782b6985a4729c44711 P 17b06d9fac9048549222197675a1b96d [term 1 FOLLOWER]: Leader election vote request: Granting yes vote for candidate 0cd27d6e3e564732a7bf325d64ca7bed in term 1.
I20260709 13:14:13.927485  7423 consensus_queue.cc:237] T f20dcf55d9f84782b6985a4729c44711 P 0cd27d6e3e564732a7bf325d64ca7bed [LEADER]: Queue going to LEADER mode. State: All replicated index: 0, Majority replicated index: 0, Committed index: 0, Last appended: 0.0, Last appended by leader: 0, Current term: 1, Majority size: 2, State: 0, Mode: LEADER, active raft config: opid_index: -1 OBSOLETE_local: false peers { permanent_uuid: "17b06d9fac9048549222197675a1b96d" member_type: VOTER last_known_addr { host: "127.5.218.129" port: 42341 } } peers { permanent_uuid: "62712a59222148b39e2178bb398e69fb" member_type: VOTER last_known_addr { host: "127.5.218.130" port: 35053 } } peers { permanent_uuid: "0cd27d6e3e564732a7bf325d64ca7bed" member_type: VOTER last_known_addr { host: "127.5.218.131" port: 43273 } }
I20260709 13:14:13.928334  7286 ts_tablet_manager.cc:1434] T 5290f42bedd14d27b9bd7bc5eac67072 P 0cd27d6e3e564732a7bf325d64ca7bed: Time spent starting tablet: real 0.008s	user 0.006s	sys 0.000s
I20260709 13:14:13.929287  7286 tablet_bootstrap.cc:492] T 912ac0b082d140dbbbbca829ee7cfe47 P 0cd27d6e3e564732a7bf325d64ca7bed: Bootstrap starting.
I20260709 13:14:13.933681  7287 tablet_bootstrap.cc:654] T 6faffca2ab644bcdb0ad423584ecad3e P 17b06d9fac9048549222197675a1b96d: Neither blocks nor log segments found. Creating new log.
I20260709 13:14:13.935782  7286 tablet_bootstrap.cc:654] T 912ac0b082d140dbbbbca829ee7cfe47 P 0cd27d6e3e564732a7bf325d64ca7bed: Neither blocks nor log segments found. Creating new log.
I20260709 13:14:13.945129  7286 tablet_bootstrap.cc:492] T 912ac0b082d140dbbbbca829ee7cfe47 P 0cd27d6e3e564732a7bf325d64ca7bed: No bootstrap required, opened a new log
I20260709 13:14:13.946009  7286 ts_tablet_manager.cc:1403] T 912ac0b082d140dbbbbca829ee7cfe47 P 0cd27d6e3e564732a7bf325d64ca7bed: Time spent bootstrapping tablet: real 0.017s	user 0.009s	sys 0.006s
I20260709 13:14:13.945070  6992 catalog_manager.cc:5697] T 2797b899ab1444e4a3cea18a3c315a8e P 62712a59222148b39e2178bb398e69fb reported cstate change: term changed from 0 to 1, leader changed from <none> to 62712a59222148b39e2178bb398e69fb (127.5.218.130). New cstate: current_term: 1 leader_uuid: "62712a59222148b39e2178bb398e69fb" committed_config { opid_index: -1 OBSOLETE_local: false peers { permanent_uuid: "17b06d9fac9048549222197675a1b96d" member_type: VOTER last_known_addr { host: "127.5.218.129" port: 42341 } health_report { overall_health: UNKNOWN } } peers { permanent_uuid: "62712a59222148b39e2178bb398e69fb" member_type: VOTER last_known_addr { host: "127.5.218.130" port: 35053 } health_report { overall_health: HEALTHY } } peers { permanent_uuid: "0cd27d6e3e564732a7bf325d64ca7bed" member_type: VOTER last_known_addr { host: "127.5.218.131" port: 43273 } health_report { overall_health: UNKNOWN } } }
I20260709 13:14:13.948393  7285 tablet_bootstrap.cc:492] T 3fa7c82c7fae464aa23e2980ebeafbba P 62712a59222148b39e2178bb398e69fb: No bootstrap required, opened a new log
I20260709 13:14:13.948907  7285 ts_tablet_manager.cc:1403] T 3fa7c82c7fae464aa23e2980ebeafbba P 62712a59222148b39e2178bb398e69fb: Time spent bootstrapping tablet: real 0.160s	user 0.009s	sys 0.013s
I20260709 13:14:13.950748  7286 raft_consensus.cc:359] T 912ac0b082d140dbbbbca829ee7cfe47 P 0cd27d6e3e564732a7bf325d64ca7bed [term 0 FOLLOWER]: Replica starting. Triggering 0 pending ops. Active config: opid_index: -1 OBSOLETE_local: false peers { permanent_uuid: "17b06d9fac9048549222197675a1b96d" member_type: VOTER last_known_addr { host: "127.5.218.129" port: 42341 } } peers { permanent_uuid: "62712a59222148b39e2178bb398e69fb" member_type: VOTER last_known_addr { host: "127.5.218.130" port: 35053 } } peers { permanent_uuid: "0cd27d6e3e564732a7bf325d64ca7bed" member_type: VOTER last_known_addr { host: "127.5.218.131" port: 43273 } }
I20260709 13:14:13.951745  7286 raft_consensus.cc:385] T 912ac0b082d140dbbbbca829ee7cfe47 P 0cd27d6e3e564732a7bf325d64ca7bed [term 0 FOLLOWER]: Consensus starting up: Expiring failure detector timer to make a prompt election more likely
I20260709 13:14:13.952176  7286 raft_consensus.cc:740] T 912ac0b082d140dbbbbca829ee7cfe47 P 0cd27d6e3e564732a7bf325d64ca7bed [term 0 FOLLOWER]: Becoming Follower/Learner. State: Replica: 0cd27d6e3e564732a7bf325d64ca7bed, State: Initialized, Role: FOLLOWER
I20260709 13:14:13.951999  7285 raft_consensus.cc:359] T 3fa7c82c7fae464aa23e2980ebeafbba P 62712a59222148b39e2178bb398e69fb [term 0 FOLLOWER]: Replica starting. Triggering 0 pending ops. Active config: opid_index: -1 OBSOLETE_local: false peers { permanent_uuid: "17b06d9fac9048549222197675a1b96d" member_type: VOTER last_known_addr { host: "127.5.218.129" port: 42341 } } peers { permanent_uuid: "62712a59222148b39e2178bb398e69fb" member_type: VOTER last_known_addr { host: "127.5.218.130" port: 35053 } } peers { permanent_uuid: "0cd27d6e3e564732a7bf325d64ca7bed" member_type: VOTER last_known_addr { host: "127.5.218.131" port: 43273 } }
I20260709 13:14:13.952898  7285 raft_consensus.cc:385] T 3fa7c82c7fae464aa23e2980ebeafbba P 62712a59222148b39e2178bb398e69fb [term 0 FOLLOWER]: Consensus starting up: Expiring failure detector timer to make a prompt election more likely
I20260709 13:14:13.953210  7285 raft_consensus.cc:740] T 3fa7c82c7fae464aa23e2980ebeafbba P 62712a59222148b39e2178bb398e69fb [term 0 FOLLOWER]: Becoming Follower/Learner. State: Replica: 62712a59222148b39e2178bb398e69fb, State: Initialized, Role: FOLLOWER
I20260709 13:14:13.953970  7286 consensus_queue.cc:260] T 912ac0b082d140dbbbbca829ee7cfe47 P 0cd27d6e3e564732a7bf325d64ca7bed [NON_LEADER]: Queue going to NON_LEADER mode. State: All replicated index: 0, Majority replicated index: 0, Committed index: 0, Last appended: 0.0, Last appended by leader: 0, Current term: 0, Majority size: -1, State: 0, Mode: NON_LEADER, active raft config: opid_index: -1 OBSOLETE_local: false peers { permanent_uuid: "17b06d9fac9048549222197675a1b96d" member_type: VOTER last_known_addr { host: "127.5.218.129" port: 42341 } } peers { permanent_uuid: "62712a59222148b39e2178bb398e69fb" member_type: VOTER last_known_addr { host: "127.5.218.130" port: 35053 } } peers { permanent_uuid: "0cd27d6e3e564732a7bf325d64ca7bed" member_type: VOTER last_known_addr { host: "127.5.218.131" port: 43273 } }
I20260709 13:14:13.955456  7287 tablet_bootstrap.cc:492] T 6faffca2ab644bcdb0ad423584ecad3e P 17b06d9fac9048549222197675a1b96d: No bootstrap required, opened a new log
I20260709 13:14:13.955942  7287 ts_tablet_manager.cc:1403] T 6faffca2ab644bcdb0ad423584ecad3e P 17b06d9fac9048549222197675a1b96d: Time spent bootstrapping tablet: real 0.044s	user 0.009s	sys 0.000s
I20260709 13:14:13.957424  7286 ts_tablet_manager.cc:1434] T 912ac0b082d140dbbbbca829ee7cfe47 P 0cd27d6e3e564732a7bf325d64ca7bed: Time spent starting tablet: real 0.011s	user 0.007s	sys 0.000s
I20260709 13:14:13.958057  7285 consensus_queue.cc:260] T 3fa7c82c7fae464aa23e2980ebeafbba P 62712a59222148b39e2178bb398e69fb [NON_LEADER]: Queue going to NON_LEADER mode. State: All replicated index: 0, Majority replicated index: 0, Committed index: 0, Last appended: 0.0, Last appended by leader: 0, Current term: 0, Majority size: -1, State: 0, Mode: NON_LEADER, active raft config: opid_index: -1 OBSOLETE_local: false peers { permanent_uuid: "17b06d9fac9048549222197675a1b96d" member_type: VOTER last_known_addr { host: "127.5.218.129" port: 42341 } } peers { permanent_uuid: "62712a59222148b39e2178bb398e69fb" member_type: VOTER last_known_addr { host: "127.5.218.130" port: 35053 } } peers { permanent_uuid: "0cd27d6e3e564732a7bf325d64ca7bed" member_type: VOTER last_known_addr { host: "127.5.218.131" port: 43273 } }
I20260709 13:14:13.958746  7286 tablet_bootstrap.cc:492] T d4e030605e714060af7d383b278b498d P 0cd27d6e3e564732a7bf325d64ca7bed: Bootstrap starting.
I20260709 13:14:13.960459  7285 ts_tablet_manager.cc:1434] T 3fa7c82c7fae464aa23e2980ebeafbba P 62712a59222148b39e2178bb398e69fb: Time spent starting tablet: real 0.011s	user 0.005s	sys 0.001s
I20260709 13:14:13.961468  7285 tablet_bootstrap.cc:492] T 84b6b5c7b718498797090e9058d73587 P 62712a59222148b39e2178bb398e69fb: Bootstrap starting.
I20260709 13:14:13.964813  7385 raft_consensus.cc:493] T 912ac0b082d140dbbbbca829ee7cfe47 P 17b06d9fac9048549222197675a1b96d [term 0 FOLLOWER]: Starting pre-election (no leader contacted us within the election timeout)
I20260709 13:14:13.965072  7286 tablet_bootstrap.cc:654] T d4e030605e714060af7d383b278b498d P 0cd27d6e3e564732a7bf325d64ca7bed: Neither blocks nor log segments found. Creating new log.
I20260709 13:14:13.965356  7385 raft_consensus.cc:515] T 912ac0b082d140dbbbbca829ee7cfe47 P 17b06d9fac9048549222197675a1b96d [term 0 FOLLOWER]: Starting pre-election with config: opid_index: -1 OBSOLETE_local: false peers { permanent_uuid: "17b06d9fac9048549222197675a1b96d" member_type: VOTER last_known_addr { host: "127.5.218.129" port: 42341 } } peers { permanent_uuid: "62712a59222148b39e2178bb398e69fb" member_type: VOTER last_known_addr { host: "127.5.218.130" port: 35053 } } peers { permanent_uuid: "0cd27d6e3e564732a7bf325d64ca7bed" member_type: VOTER last_known_addr { host: "127.5.218.131" port: 43273 } }
I20260709 13:14:13.967653  7385 leader_election.cc:290] T 912ac0b082d140dbbbbca829ee7cfe47 P 17b06d9fac9048549222197675a1b96d [CANDIDATE]: Term 1 pre-election: Requested pre-vote from peers 62712a59222148b39e2178bb398e69fb (127.5.218.130:35053), 0cd27d6e3e564732a7bf325d64ca7bed (127.5.218.131:43273)
I20260709 13:14:13.972301  7242 tablet_service.cc:1917] Received RequestConsensusVote() RPC: tablet_id: "912ac0b082d140dbbbbca829ee7cfe47" candidate_uuid: "17b06d9fac9048549222197675a1b96d" candidate_term: 1 candidate_status { last_received { term: 0 index: 0 } } ignore_live_leader: false dest_uuid: "0cd27d6e3e564732a7bf325d64ca7bed" is_pre_election: true
I20260709 13:14:13.973711  7242 raft_consensus.cc:2468] T 912ac0b082d140dbbbbca829ee7cfe47 P 0cd27d6e3e564732a7bf325d64ca7bed [term 0 FOLLOWER]: Leader pre-election vote request: Granting yes vote for candidate 17b06d9fac9048549222197675a1b96d in term 0.
I20260709 13:14:13.978260  7286 tablet_bootstrap.cc:492] T d4e030605e714060af7d383b278b498d P 0cd27d6e3e564732a7bf325d64ca7bed: No bootstrap required, opened a new log
I20260709 13:14:13.978776  7286 ts_tablet_manager.cc:1403] T d4e030605e714060af7d383b278b498d P 0cd27d6e3e564732a7bf325d64ca7bed: Time spent bootstrapping tablet: real 0.020s	user 0.013s	sys 0.006s
I20260709 13:14:13.979084  7062 leader_election.cc:304] T 912ac0b082d140dbbbbca829ee7cfe47 P 17b06d9fac9048549222197675a1b96d [CANDIDATE]: Term 1 pre-election: Election decided. Result: candidate won. Election summary: received 2 responses out of 3 voters: 2 yes votes; 0 no votes. yes voters: 0cd27d6e3e564732a7bf325d64ca7bed, 17b06d9fac9048549222197675a1b96d; no voters: 
I20260709 13:14:13.969877  7170 tablet_service.cc:1917] Received RequestConsensusVote() RPC: tablet_id: "912ac0b082d140dbbbbca829ee7cfe47" candidate_uuid: "17b06d9fac9048549222197675a1b96d" candidate_term: 1 candidate_status { last_received { term: 0 index: 0 } } ignore_live_leader: false dest_uuid: "62712a59222148b39e2178bb398e69fb" is_pre_election: true
I20260709 13:14:13.980211  7322 raft_consensus.cc:2804] T 912ac0b082d140dbbbbca829ee7cfe47 P 17b06d9fac9048549222197675a1b96d [term 0 FOLLOWER]: Leader pre-election won for term 1
I20260709 13:14:13.980603  7322 raft_consensus.cc:493] T 912ac0b082d140dbbbbca829ee7cfe47 P 17b06d9fac9048549222197675a1b96d [term 0 FOLLOWER]: Starting leader election (no leader contacted us within the election timeout)
I20260709 13:14:13.980971  7322 raft_consensus.cc:3060] T 912ac0b082d140dbbbbca829ee7cfe47 P 17b06d9fac9048549222197675a1b96d [term 0 FOLLOWER]: Advancing to term 1
I20260709 13:14:13.980234  7287 raft_consensus.cc:359] T 6faffca2ab644bcdb0ad423584ecad3e P 17b06d9fac9048549222197675a1b96d [term 0 FOLLOWER]: Replica starting. Triggering 0 pending ops. Active config: opid_index: -1 OBSOLETE_local: false peers { permanent_uuid: "17b06d9fac9048549222197675a1b96d" member_type: VOTER last_known_addr { host: "127.5.218.129" port: 42341 } } peers { permanent_uuid: "62712a59222148b39e2178bb398e69fb" member_type: VOTER last_known_addr { host: "127.5.218.130" port: 35053 } } peers { permanent_uuid: "0cd27d6e3e564732a7bf325d64ca7bed" member_type: VOTER last_known_addr { host: "127.5.218.131" port: 43273 } }
I20260709 13:14:13.981292  7286 raft_consensus.cc:359] T d4e030605e714060af7d383b278b498d P 0cd27d6e3e564732a7bf325d64ca7bed [term 0 FOLLOWER]: Replica starting. Triggering 0 pending ops. Active config: opid_index: -1 OBSOLETE_local: false peers { permanent_uuid: "17b06d9fac9048549222197675a1b96d" member_type: VOTER last_known_addr { host: "127.5.218.129" port: 42341 } } peers { permanent_uuid: "62712a59222148b39e2178bb398e69fb" member_type: VOTER last_known_addr { host: "127.5.218.130" port: 35053 } } peers { permanent_uuid: "0cd27d6e3e564732a7bf325d64ca7bed" member_type: VOTER last_known_addr { host: "127.5.218.131" port: 43273 } }
I20260709 13:14:13.981838  7287 raft_consensus.cc:385] T 6faffca2ab644bcdb0ad423584ecad3e P 17b06d9fac9048549222197675a1b96d [term 0 FOLLOWER]: Consensus starting up: Expiring failure detector timer to make a prompt election more likely
I20260709 13:14:13.981986  7286 raft_consensus.cc:385] T d4e030605e714060af7d383b278b498d P 0cd27d6e3e564732a7bf325d64ca7bed [term 0 FOLLOWER]: Consensus starting up: Expiring failure detector timer to make a prompt election more likely
I20260709 13:14:13.982175  7287 raft_consensus.cc:740] T 6faffca2ab644bcdb0ad423584ecad3e P 17b06d9fac9048549222197675a1b96d [term 0 FOLLOWER]: Becoming Follower/Learner. State: Replica: 17b06d9fac9048549222197675a1b96d, State: Initialized, Role: FOLLOWER
I20260709 13:14:13.982288  7286 raft_consensus.cc:740] T d4e030605e714060af7d383b278b498d P 0cd27d6e3e564732a7bf325d64ca7bed [term 0 FOLLOWER]: Becoming Follower/Learner. State: Replica: 0cd27d6e3e564732a7bf325d64ca7bed, State: Initialized, Role: FOLLOWER
I20260709 13:14:13.982930  7287 consensus_queue.cc:260] T 6faffca2ab644bcdb0ad423584ecad3e P 17b06d9fac9048549222197675a1b96d [NON_LEADER]: Queue going to NON_LEADER mode. State: All replicated index: 0, Majority replicated index: 0, Committed index: 0, Last appended: 0.0, Last appended by leader: 0, Current term: 0, Majority size: -1, State: 0, Mode: NON_LEADER, active raft config: opid_index: -1 OBSOLETE_local: false peers { permanent_uuid: "17b06d9fac9048549222197675a1b96d" member_type: VOTER last_known_addr { host: "127.5.218.129" port: 42341 } } peers { permanent_uuid: "62712a59222148b39e2178bb398e69fb" member_type: VOTER last_known_addr { host: "127.5.218.130" port: 35053 } } peers { permanent_uuid: "0cd27d6e3e564732a7bf325d64ca7bed" member_type: VOTER last_known_addr { host: "127.5.218.131" port: 43273 } }
I20260709 13:14:13.983021  7286 consensus_queue.cc:260] T d4e030605e714060af7d383b278b498d P 0cd27d6e3e564732a7bf325d64ca7bed [NON_LEADER]: Queue going to NON_LEADER mode. State: All replicated index: 0, Majority replicated index: 0, Committed index: 0, Last appended: 0.0, Last appended by leader: 0, Current term: 0, Majority size: -1, State: 0, Mode: NON_LEADER, active raft config: opid_index: -1 OBSOLETE_local: false peers { permanent_uuid: "17b06d9fac9048549222197675a1b96d" member_type: VOTER last_known_addr { host: "127.5.218.129" port: 42341 } } peers { permanent_uuid: "62712a59222148b39e2178bb398e69fb" member_type: VOTER last_known_addr { host: "127.5.218.130" port: 35053 } } peers { permanent_uuid: "0cd27d6e3e564732a7bf325d64ca7bed" member_type: VOTER last_known_addr { host: "127.5.218.131" port: 43273 } }
I20260709 13:14:13.984853  7286 ts_tablet_manager.cc:1434] T d4e030605e714060af7d383b278b498d P 0cd27d6e3e564732a7bf325d64ca7bed: Time spent starting tablet: real 0.006s	user 0.005s	sys 0.000s
I20260709 13:14:13.985165  7369 raft_consensus.cc:493] T 30ef1479ba664ec1b5e3090c038161e7 P 0cd27d6e3e564732a7bf325d64ca7bed [term 0 FOLLOWER]: Starting pre-election (no leader contacted us within the election timeout)
I20260709 13:14:13.985670  7286 tablet_bootstrap.cc:492] T 3141dc2c0eea4e44ae6e4ed92c6af12a P 0cd27d6e3e564732a7bf325d64ca7bed: Bootstrap starting.
I20260709 13:14:13.985634  7369 raft_consensus.cc:515] T 30ef1479ba664ec1b5e3090c038161e7 P 0cd27d6e3e564732a7bf325d64ca7bed [term 0 FOLLOWER]: Starting pre-election with config: opid_index: -1 OBSOLETE_local: false peers { permanent_uuid: "17b06d9fac9048549222197675a1b96d" member_type: VOTER last_known_addr { host: "127.5.218.129" port: 42341 } } peers { permanent_uuid: "62712a59222148b39e2178bb398e69fb" member_type: VOTER last_known_addr { host: "127.5.218.130" port: 35053 } } peers { permanent_uuid: "0cd27d6e3e564732a7bf325d64ca7bed" member_type: VOTER last_known_addr { host: "127.5.218.131" port: 43273 } }
I20260709 13:14:13.987864  7369 leader_election.cc:290] T 30ef1479ba664ec1b5e3090c038161e7 P 0cd27d6e3e564732a7bf325d64ca7bed [CANDIDATE]: Term 1 pre-election: Requested pre-vote from peers 17b06d9fac9048549222197675a1b96d (127.5.218.129:42341), 62712a59222148b39e2178bb398e69fb (127.5.218.130:35053)
I20260709 13:14:13.989362  7287 ts_tablet_manager.cc:1434] T 6faffca2ab644bcdb0ad423584ecad3e P 17b06d9fac9048549222197675a1b96d: Time spent starting tablet: real 0.033s	user 0.007s	sys 0.001s
I20260709 13:14:13.990411  7287 tablet_bootstrap.cc:492] T d740bb6db191422ba5bf0fe70209cf8f P 17b06d9fac9048549222197675a1b96d: Bootstrap starting.
I20260709 13:14:13.990780  7094 tablet_service.cc:1917] Received RequestConsensusVote() RPC: tablet_id: "30ef1479ba664ec1b5e3090c038161e7" candidate_uuid: "0cd27d6e3e564732a7bf325d64ca7bed" candidate_term: 1 candidate_status { last_received { term: 0 index: 0 } } ignore_live_leader: false dest_uuid: "17b06d9fac9048549222197675a1b96d" is_pre_election: true
I20260709 13:14:13.991696  7094 raft_consensus.cc:2393] T 30ef1479ba664ec1b5e3090c038161e7 P 17b06d9fac9048549222197675a1b96d [term 1 FOLLOWER]: Leader pre-election vote request: Denying vote to candidate 0cd27d6e3e564732a7bf325d64ca7bed in current term 1: Already voted for candidate 62712a59222148b39e2178bb398e69fb in this term.
I20260709 13:14:13.996563  7286 tablet_bootstrap.cc:654] T 3141dc2c0eea4e44ae6e4ed92c6af12a P 0cd27d6e3e564732a7bf325d64ca7bed: Neither blocks nor log segments found. Creating new log.
I20260709 13:14:13.996563  7287 tablet_bootstrap.cc:654] T d740bb6db191422ba5bf0fe70209cf8f P 17b06d9fac9048549222197675a1b96d: Neither blocks nor log segments found. Creating new log.
I20260709 13:14:13.996600  7285 tablet_bootstrap.cc:654] T 84b6b5c7b718498797090e9058d73587 P 62712a59222148b39e2178bb398e69fb: Neither blocks nor log segments found. Creating new log.
I20260709 13:14:14.003428  6992 catalog_manager.cc:5697] T f20dcf55d9f84782b6985a4729c44711 P 0cd27d6e3e564732a7bf325d64ca7bed reported cstate change: term changed from 0 to 1, leader changed from <none> to 0cd27d6e3e564732a7bf325d64ca7bed (127.5.218.131). New cstate: current_term: 1 leader_uuid: "0cd27d6e3e564732a7bf325d64ca7bed" committed_config { opid_index: -1 OBSOLETE_local: false peers { permanent_uuid: "17b06d9fac9048549222197675a1b96d" member_type: VOTER last_known_addr { host: "127.5.218.129" port: 42341 } health_report { overall_health: UNKNOWN } } peers { permanent_uuid: "62712a59222148b39e2178bb398e69fb" member_type: VOTER last_known_addr { host: "127.5.218.130" port: 35053 } health_report { overall_health: UNKNOWN } } peers { permanent_uuid: "0cd27d6e3e564732a7bf325d64ca7bed" member_type: VOTER last_known_addr { host: "127.5.218.131" port: 43273 } health_report { overall_health: HEALTHY } } }
I20260709 13:14:14.005471  7286 tablet_bootstrap.cc:492] T 3141dc2c0eea4e44ae6e4ed92c6af12a P 0cd27d6e3e564732a7bf325d64ca7bed: No bootstrap required, opened a new log
I20260709 13:14:14.005986  7286 ts_tablet_manager.cc:1403] T 3141dc2c0eea4e44ae6e4ed92c6af12a P 0cd27d6e3e564732a7bf325d64ca7bed: Time spent bootstrapping tablet: real 0.020s	user 0.011s	sys 0.004s
I20260709 13:14:14.006318  7287 tablet_bootstrap.cc:492] T d740bb6db191422ba5bf0fe70209cf8f P 17b06d9fac9048549222197675a1b96d: No bootstrap required, opened a new log
I20260709 13:14:14.006839  7287 ts_tablet_manager.cc:1403] T d740bb6db191422ba5bf0fe70209cf8f P 17b06d9fac9048549222197675a1b96d: Time spent bootstrapping tablet: real 0.017s	user 0.007s	sys 0.008s
I20260709 13:14:14.008538  7286 raft_consensus.cc:359] T 3141dc2c0eea4e44ae6e4ed92c6af12a P 0cd27d6e3e564732a7bf325d64ca7bed [term 0 FOLLOWER]: Replica starting. Triggering 0 pending ops. Active config: opid_index: -1 OBSOLETE_local: false peers { permanent_uuid: "17b06d9fac9048549222197675a1b96d" member_type: VOTER last_known_addr { host: "127.5.218.129" port: 42341 } } peers { permanent_uuid: "62712a59222148b39e2178bb398e69fb" member_type: VOTER last_known_addr { host: "127.5.218.130" port: 35053 } } peers { permanent_uuid: "0cd27d6e3e564732a7bf325d64ca7bed" member_type: VOTER last_known_addr { host: "127.5.218.131" port: 43273 } }
I20260709 13:14:14.009195  7286 raft_consensus.cc:385] T 3141dc2c0eea4e44ae6e4ed92c6af12a P 0cd27d6e3e564732a7bf325d64ca7bed [term 0 FOLLOWER]: Consensus starting up: Expiring failure detector timer to make a prompt election more likely
I20260709 13:14:14.009498  7286 raft_consensus.cc:740] T 3141dc2c0eea4e44ae6e4ed92c6af12a P 0cd27d6e3e564732a7bf325d64ca7bed [term 0 FOLLOWER]: Becoming Follower/Learner. State: Replica: 0cd27d6e3e564732a7bf325d64ca7bed, State: Initialized, Role: FOLLOWER
I20260709 13:14:14.009336  7287 raft_consensus.cc:359] T d740bb6db191422ba5bf0fe70209cf8f P 17b06d9fac9048549222197675a1b96d [term 0 FOLLOWER]: Replica starting. Triggering 0 pending ops. Active config: opid_index: -1 OBSOLETE_local: false peers { permanent_uuid: "17b06d9fac9048549222197675a1b96d" member_type: VOTER last_known_addr { host: "127.5.218.129" port: 42341 } } peers { permanent_uuid: "62712a59222148b39e2178bb398e69fb" member_type: VOTER last_known_addr { host: "127.5.218.130" port: 35053 } } peers { permanent_uuid: "0cd27d6e3e564732a7bf325d64ca7bed" member_type: VOTER last_known_addr { host: "127.5.218.131" port: 43273 } }
I20260709 13:14:14.010250  7287 raft_consensus.cc:385] T d740bb6db191422ba5bf0fe70209cf8f P 17b06d9fac9048549222197675a1b96d [term 0 FOLLOWER]: Consensus starting up: Expiring failure detector timer to make a prompt election more likely
I20260709 13:14:14.010690  7287 raft_consensus.cc:740] T d740bb6db191422ba5bf0fe70209cf8f P 17b06d9fac9048549222197675a1b96d [term 0 FOLLOWER]: Becoming Follower/Learner. State: Replica: 17b06d9fac9048549222197675a1b96d, State: Initialized, Role: FOLLOWER
I20260709 13:14:14.010272  7286 consensus_queue.cc:260] T 3141dc2c0eea4e44ae6e4ed92c6af12a P 0cd27d6e3e564732a7bf325d64ca7bed [NON_LEADER]: Queue going to NON_LEADER mode. State: All replicated index: 0, Majority replicated index: 0, Committed index: 0, Last appended: 0.0, Last appended by leader: 0, Current term: 0, Majority size: -1, State: 0, Mode: NON_LEADER, active raft config: opid_index: -1 OBSOLETE_local: false peers { permanent_uuid: "17b06d9fac9048549222197675a1b96d" member_type: VOTER last_known_addr { host: "127.5.218.129" port: 42341 } } peers { permanent_uuid: "62712a59222148b39e2178bb398e69fb" member_type: VOTER last_known_addr { host: "127.5.218.130" port: 35053 } } peers { permanent_uuid: "0cd27d6e3e564732a7bf325d64ca7bed" member_type: VOTER last_known_addr { host: "127.5.218.131" port: 43273 } }
I20260709 13:14:14.011428  7287 consensus_queue.cc:260] T d740bb6db191422ba5bf0fe70209cf8f P 17b06d9fac9048549222197675a1b96d [NON_LEADER]: Queue going to NON_LEADER mode. State: All replicated index: 0, Majority replicated index: 0, Committed index: 0, Last appended: 0.0, Last appended by leader: 0, Current term: 0, Majority size: -1, State: 0, Mode: NON_LEADER, active raft config: opid_index: -1 OBSOLETE_local: false peers { permanent_uuid: "17b06d9fac9048549222197675a1b96d" member_type: VOTER last_known_addr { host: "127.5.218.129" port: 42341 } } peers { permanent_uuid: "62712a59222148b39e2178bb398e69fb" member_type: VOTER last_known_addr { host: "127.5.218.130" port: 35053 } } peers { permanent_uuid: "0cd27d6e3e564732a7bf325d64ca7bed" member_type: VOTER last_known_addr { host: "127.5.218.131" port: 43273 } }
I20260709 13:14:14.012972  7286 ts_tablet_manager.cc:1434] T 3141dc2c0eea4e44ae6e4ed92c6af12a P 0cd27d6e3e564732a7bf325d64ca7bed: Time spent starting tablet: real 0.007s	user 0.006s	sys 0.000s
I20260709 13:14:14.013867  7286 tablet_bootstrap.cc:492] T f018ada43df74955b22d42f3d18015e8 P 0cd27d6e3e564732a7bf325d64ca7bed: Bootstrap starting.
I20260709 13:14:14.014164  7287 ts_tablet_manager.cc:1434] T d740bb6db191422ba5bf0fe70209cf8f P 17b06d9fac9048549222197675a1b96d: Time spent starting tablet: real 0.007s	user 0.006s	sys 0.000s
I20260709 13:14:14.015033  7287 tablet_bootstrap.cc:492] T 288e419ae8774c9abdf75023324fb40e P 17b06d9fac9048549222197675a1b96d: Bootstrap starting.
I20260709 13:14:14.018582  7423 raft_consensus.cc:493] T 3141dc2c0eea4e44ae6e4ed92c6af12a P 0cd27d6e3e564732a7bf325d64ca7bed [term 0 FOLLOWER]: Starting pre-election (no leader contacted us within the election timeout)
I20260709 13:14:14.019073  7423 raft_consensus.cc:515] T 3141dc2c0eea4e44ae6e4ed92c6af12a P 0cd27d6e3e564732a7bf325d64ca7bed [term 0 FOLLOWER]: Starting pre-election with config: opid_index: -1 OBSOLETE_local: false peers { permanent_uuid: "17b06d9fac9048549222197675a1b96d" member_type: VOTER last_known_addr { host: "127.5.218.129" port: 42341 } } peers { permanent_uuid: "62712a59222148b39e2178bb398e69fb" member_type: VOTER last_known_addr { host: "127.5.218.130" port: 35053 } } peers { permanent_uuid: "0cd27d6e3e564732a7bf325d64ca7bed" member_type: VOTER last_known_addr { host: "127.5.218.131" port: 43273 } }
I20260709 13:14:14.020848  7287 tablet_bootstrap.cc:654] T 288e419ae8774c9abdf75023324fb40e P 17b06d9fac9048549222197675a1b96d: Neither blocks nor log segments found. Creating new log.
I20260709 13:14:14.021132  7423 leader_election.cc:290] T 3141dc2c0eea4e44ae6e4ed92c6af12a P 0cd27d6e3e564732a7bf325d64ca7bed [CANDIDATE]: Term 1 pre-election: Requested pre-vote from peers 17b06d9fac9048549222197675a1b96d (127.5.218.129:42341), 62712a59222148b39e2178bb398e69fb (127.5.218.130:35053)
I20260709 13:14:14.022881  7169 tablet_service.cc:1917] Received RequestConsensusVote() RPC: tablet_id: "3141dc2c0eea4e44ae6e4ed92c6af12a" candidate_uuid: "0cd27d6e3e564732a7bf325d64ca7bed" candidate_term: 1 candidate_status { last_received { term: 0 index: 0 } } ignore_live_leader: false dest_uuid: "62712a59222148b39e2178bb398e69fb" is_pre_election: true
I20260709 13:14:14.024835  7286 tablet_bootstrap.cc:654] T f018ada43df74955b22d42f3d18015e8 P 0cd27d6e3e564732a7bf325d64ca7bed: Neither blocks nor log segments found. Creating new log.
W20260709 13:14:14.025202  7209 leader_election.cc:343] T 3141dc2c0eea4e44ae6e4ed92c6af12a P 0cd27d6e3e564732a7bf325d64ca7bed [CANDIDATE]: Term 1 pre-election: Tablet error from VoteRequest() call to peer 62712a59222148b39e2178bb398e69fb (127.5.218.130:35053): Illegal state: must be running to vote when last-logged opid is not known
I20260709 13:14:14.026437  7094 tablet_service.cc:1917] Received RequestConsensusVote() RPC: tablet_id: "3141dc2c0eea4e44ae6e4ed92c6af12a" candidate_uuid: "0cd27d6e3e564732a7bf325d64ca7bed" candidate_term: 1 candidate_status { last_received { term: 0 index: 0 } } ignore_live_leader: false dest_uuid: "17b06d9fac9048549222197675a1b96d" is_pre_election: true
I20260709 13:14:14.027359  7094 raft_consensus.cc:2468] T 3141dc2c0eea4e44ae6e4ed92c6af12a P 17b06d9fac9048549222197675a1b96d [term 0 FOLLOWER]: Leader pre-election vote request: Granting yes vote for candidate 0cd27d6e3e564732a7bf325d64ca7bed in term 0.
I20260709 13:14:14.030246  7210 leader_election.cc:304] T 3141dc2c0eea4e44ae6e4ed92c6af12a P 0cd27d6e3e564732a7bf325d64ca7bed [CANDIDATE]: Term 1 pre-election: Election decided. Result: candidate won. Election summary: received 3 responses out of 3 voters: 2 yes votes; 1 no votes. yes voters: 0cd27d6e3e564732a7bf325d64ca7bed, 17b06d9fac9048549222197675a1b96d; no voters: 62712a59222148b39e2178bb398e69fb
I20260709 13:14:14.031383  7423 raft_consensus.cc:2804] T 3141dc2c0eea4e44ae6e4ed92c6af12a P 0cd27d6e3e564732a7bf325d64ca7bed [term 0 FOLLOWER]: Leader pre-election won for term 1
I20260709 13:14:14.031744  7423 raft_consensus.cc:493] T 3141dc2c0eea4e44ae6e4ed92c6af12a P 0cd27d6e3e564732a7bf325d64ca7bed [term 0 FOLLOWER]: Starting leader election (no leader contacted us within the election timeout)
I20260709 13:14:14.032086  7423 raft_consensus.cc:3060] T 3141dc2c0eea4e44ae6e4ed92c6af12a P 0cd27d6e3e564732a7bf325d64ca7bed [term 0 FOLLOWER]: Advancing to term 1
I20260709 13:14:14.032616  7287 tablet_bootstrap.cc:492] T 288e419ae8774c9abdf75023324fb40e P 17b06d9fac9048549222197675a1b96d: No bootstrap required, opened a new log
I20260709 13:14:14.033093  7287 ts_tablet_manager.cc:1403] T 288e419ae8774c9abdf75023324fb40e P 17b06d9fac9048549222197675a1b96d: Time spent bootstrapping tablet: real 0.018s	user 0.008s	sys 0.008s
W20260709 13:14:14.033169  7060 leader_election.cc:343] T 912ac0b082d140dbbbbca829ee7cfe47 P 17b06d9fac9048549222197675a1b96d [CANDIDATE]: Term 1 pre-election: Tablet error from VoteRequest() call to peer 62712a59222148b39e2178bb398e69fb (127.5.218.130:35053): Illegal state: must be running to vote when last-logged opid is not known
I20260709 13:14:14.034726  7385 raft_consensus.cc:493] T 6faffca2ab644bcdb0ad423584ecad3e P 17b06d9fac9048549222197675a1b96d [term 0 FOLLOWER]: Starting pre-election (no leader contacted us within the election timeout)
I20260709 13:14:14.035154  7385 raft_consensus.cc:515] T 6faffca2ab644bcdb0ad423584ecad3e P 17b06d9fac9048549222197675a1b96d [term 0 FOLLOWER]: Starting pre-election with config: opid_index: -1 OBSOLETE_local: false peers { permanent_uuid: "17b06d9fac9048549222197675a1b96d" member_type: VOTER last_known_addr { host: "127.5.218.129" port: 42341 } } peers { permanent_uuid: "62712a59222148b39e2178bb398e69fb" member_type: VOTER last_known_addr { host: "127.5.218.130" port: 35053 } } peers { permanent_uuid: "0cd27d6e3e564732a7bf325d64ca7bed" member_type: VOTER last_known_addr { host: "127.5.218.131" port: 43273 } }
I20260709 13:14:14.036767  7170 tablet_service.cc:1917] Received RequestConsensusVote() RPC: tablet_id: "30ef1479ba664ec1b5e3090c038161e7" candidate_uuid: "0cd27d6e3e564732a7bf325d64ca7bed" candidate_term: 1 candidate_status { last_received { term: 0 index: 0 } } ignore_live_leader: false dest_uuid: "62712a59222148b39e2178bb398e69fb" is_pre_election: true
I20260709 13:14:14.037146  7385 leader_election.cc:290] T 6faffca2ab644bcdb0ad423584ecad3e P 17b06d9fac9048549222197675a1b96d [CANDIDATE]: Term 1 pre-election: Requested pre-vote from peers 62712a59222148b39e2178bb398e69fb (127.5.218.130:35053), 0cd27d6e3e564732a7bf325d64ca7bed (127.5.218.131:43273)
I20260709 13:14:14.038635  7209 leader_election.cc:304] T 30ef1479ba664ec1b5e3090c038161e7 P 0cd27d6e3e564732a7bf325d64ca7bed [CANDIDATE]: Term 1 pre-election: Election decided. Result: candidate lost. Election summary: received 3 responses out of 3 voters: 1 yes votes; 2 no votes. yes voters: 0cd27d6e3e564732a7bf325d64ca7bed; no voters: 17b06d9fac9048549222197675a1b96d, 62712a59222148b39e2178bb398e69fb
I20260709 13:14:14.038743  7242 tablet_service.cc:1917] Received RequestConsensusVote() RPC: tablet_id: "6faffca2ab644bcdb0ad423584ecad3e" candidate_uuid: "17b06d9fac9048549222197675a1b96d" candidate_term: 1 candidate_status { last_received { term: 0 index: 0 } } ignore_live_leader: false dest_uuid: "0cd27d6e3e564732a7bf325d64ca7bed" is_pre_election: true
I20260709 13:14:14.039844  7369 raft_consensus.cc:3060] T 30ef1479ba664ec1b5e3090c038161e7 P 0cd27d6e3e564732a7bf325d64ca7bed [term 0 FOLLOWER]: Advancing to term 1
I20260709 13:14:14.038760  7423 raft_consensus.cc:515] T 3141dc2c0eea4e44ae6e4ed92c6af12a P 0cd27d6e3e564732a7bf325d64ca7bed [term 1 FOLLOWER]: Starting leader election with config: opid_index: -1 OBSOLETE_local: false peers { permanent_uuid: "17b06d9fac9048549222197675a1b96d" member_type: VOTER last_known_addr { host: "127.5.218.129" port: 42341 } } peers { permanent_uuid: "62712a59222148b39e2178bb398e69fb" member_type: VOTER last_known_addr { host: "127.5.218.130" port: 35053 } } peers { permanent_uuid: "0cd27d6e3e564732a7bf325d64ca7bed" member_type: VOTER last_known_addr { host: "127.5.218.131" port: 43273 } }
W20260709 13:14:14.040565  7062 leader_election.cc:343] T 6faffca2ab644bcdb0ad423584ecad3e P 17b06d9fac9048549222197675a1b96d [CANDIDATE]: Term 1 pre-election: Tablet error from VoteRequest() call to peer 0cd27d6e3e564732a7bf325d64ca7bed (127.5.218.131:43273): Illegal state: must be running to vote when last-logged opid is not known
I20260709 13:14:14.041747  7169 tablet_service.cc:1917] Received RequestConsensusVote() RPC: tablet_id: "6faffca2ab644bcdb0ad423584ecad3e" candidate_uuid: "17b06d9fac9048549222197675a1b96d" candidate_term: 1 candidate_status { last_received { term: 0 index: 0 } } ignore_live_leader: false dest_uuid: "62712a59222148b39e2178bb398e69fb" is_pre_election: true
I20260709 13:14:14.042269  7423 leader_election.cc:290] T 3141dc2c0eea4e44ae6e4ed92c6af12a P 0cd27d6e3e564732a7bf325d64ca7bed [CANDIDATE]: Term 1 election: Requested vote from peers 17b06d9fac9048549222197675a1b96d (127.5.218.129:42341), 62712a59222148b39e2178bb398e69fb (127.5.218.130:35053)
W20260709 13:14:14.043764  7060 leader_election.cc:343] T 6faffca2ab644bcdb0ad423584ecad3e P 17b06d9fac9048549222197675a1b96d [CANDIDATE]: Term 1 pre-election: Tablet error from VoteRequest() call to peer 62712a59222148b39e2178bb398e69fb (127.5.218.130:35053): Illegal state: must be running to vote when last-logged opid is not known
I20260709 13:14:14.044276  7169 tablet_service.cc:1917] Received RequestConsensusVote() RPC: tablet_id: "3141dc2c0eea4e44ae6e4ed92c6af12a" candidate_uuid: "0cd27d6e3e564732a7bf325d64ca7bed" candidate_term: 1 candidate_status { last_received { term: 0 index: 0 } } ignore_live_leader: false dest_uuid: "62712a59222148b39e2178bb398e69fb"
I20260709 13:14:14.046497  7060 leader_election.cc:304] T 6faffca2ab644bcdb0ad423584ecad3e P 17b06d9fac9048549222197675a1b96d [CANDIDATE]: Term 1 pre-election: Election decided. Result: candidate lost. Election summary: received 3 responses out of 3 voters: 1 yes votes; 2 no votes. yes voters: 17b06d9fac9048549222197675a1b96d; no voters: 0cd27d6e3e564732a7bf325d64ca7bed, 62712a59222148b39e2178bb398e69fb
I20260709 13:14:14.044845  7287 raft_consensus.cc:359] T 288e419ae8774c9abdf75023324fb40e P 17b06d9fac9048549222197675a1b96d [term 0 FOLLOWER]: Replica starting. Triggering 0 pending ops. Active config: opid_index: -1 OBSOLETE_local: false peers { permanent_uuid: "17b06d9fac9048549222197675a1b96d" member_type: VOTER last_known_addr { host: "127.5.218.129" port: 42341 } } peers { permanent_uuid: "62712a59222148b39e2178bb398e69fb" member_type: VOTER last_known_addr { host: "127.5.218.130" port: 35053 } } peers { permanent_uuid: "0cd27d6e3e564732a7bf325d64ca7bed" member_type: VOTER last_known_addr { host: "127.5.218.131" port: 43273 } }
I20260709 13:14:14.047538  7287 raft_consensus.cc:385] T 288e419ae8774c9abdf75023324fb40e P 17b06d9fac9048549222197675a1b96d [term 0 FOLLOWER]: Consensus starting up: Expiring failure detector timer to make a prompt election more likely
I20260709 13:14:14.049383  7287 raft_consensus.cc:740] T 288e419ae8774c9abdf75023324fb40e P 17b06d9fac9048549222197675a1b96d [term 0 FOLLOWER]: Becoming Follower/Learner. State: Replica: 17b06d9fac9048549222197675a1b96d, State: Initialized, Role: FOLLOWER
I20260709 13:14:14.050491  7287 consensus_queue.cc:260] T 288e419ae8774c9abdf75023324fb40e P 17b06d9fac9048549222197675a1b96d [NON_LEADER]: Queue going to NON_LEADER mode. State: All replicated index: 0, Majority replicated index: 0, Committed index: 0, Last appended: 0.0, Last appended by leader: 0, Current term: 0, Majority size: -1, State: 0, Mode: NON_LEADER, active raft config: opid_index: -1 OBSOLETE_local: false peers { permanent_uuid: "17b06d9fac9048549222197675a1b96d" member_type: VOTER last_known_addr { host: "127.5.218.129" port: 42341 } } peers { permanent_uuid: "62712a59222148b39e2178bb398e69fb" member_type: VOTER last_known_addr { host: "127.5.218.130" port: 35053 } } peers { permanent_uuid: "0cd27d6e3e564732a7bf325d64ca7bed" member_type: VOTER last_known_addr { host: "127.5.218.131" port: 43273 } }
W20260709 13:14:14.047330  7209 leader_election.cc:343] T 3141dc2c0eea4e44ae6e4ed92c6af12a P 0cd27d6e3e564732a7bf325d64ca7bed [CANDIDATE]: Term 1 election: Tablet error from VoteRequest() call to peer 62712a59222148b39e2178bb398e69fb (127.5.218.130:35053): Illegal state: must be running to vote when last-logged opid is not known
I20260709 13:14:14.048372  7385 raft_consensus.cc:2749] T 6faffca2ab644bcdb0ad423584ecad3e P 17b06d9fac9048549222197675a1b96d [term 0 FOLLOWER]: Leader pre-election lost for term 1. Reason: could not achieve majority
I20260709 13:14:14.054055  7286 tablet_bootstrap.cc:492] T f018ada43df74955b22d42f3d18015e8 P 0cd27d6e3e564732a7bf325d64ca7bed: No bootstrap required, opened a new log
I20260709 13:14:14.054452  7287 ts_tablet_manager.cc:1434] T 288e419ae8774c9abdf75023324fb40e P 17b06d9fac9048549222197675a1b96d: Time spent starting tablet: real 0.021s	user 0.006s	sys 0.001s
I20260709 13:14:14.054512  7286 ts_tablet_manager.cc:1403] T f018ada43df74955b22d42f3d18015e8 P 0cd27d6e3e564732a7bf325d64ca7bed: Time spent bootstrapping tablet: real 0.041s	user 0.014s	sys 0.013s
I20260709 13:14:14.055593  7287 tablet_bootstrap.cc:492] T 35408cba4dcd4f7e91976e3f6236ae2a P 17b06d9fac9048549222197675a1b96d: Bootstrap starting.
I20260709 13:14:14.048512  7094 tablet_service.cc:1917] Received RequestConsensusVote() RPC: tablet_id: "3141dc2c0eea4e44ae6e4ed92c6af12a" candidate_uuid: "0cd27d6e3e564732a7bf325d64ca7bed" candidate_term: 1 candidate_status { last_received { term: 0 index: 0 } } ignore_live_leader: false dest_uuid: "17b06d9fac9048549222197675a1b96d"
I20260709 13:14:14.058089  7094 raft_consensus.cc:3060] T 3141dc2c0eea4e44ae6e4ed92c6af12a P 17b06d9fac9048549222197675a1b96d [term 0 FOLLOWER]: Advancing to term 1
I20260709 13:14:14.064731  7392 consensus_queue.cc:1048] T 30ef1479ba664ec1b5e3090c038161e7 P 62712a59222148b39e2178bb398e69fb [LEADER]: Connected to new peer: Peer: permanent_uuid: "17b06d9fac9048549222197675a1b96d" member_type: VOTER last_known_addr { host: "127.5.218.129" port: 42341 }, Status: LMP_MISMATCH, Last received: 0.0, Next index: 1, Last known committed idx: 0, Time since last communication: 0.000s
I20260709 13:14:14.067961  7287 tablet_bootstrap.cc:654] T 35408cba4dcd4f7e91976e3f6236ae2a P 17b06d9fac9048549222197675a1b96d: Neither blocks nor log segments found. Creating new log.
I20260709 13:14:14.057332  7286 raft_consensus.cc:359] T f018ada43df74955b22d42f3d18015e8 P 0cd27d6e3e564732a7bf325d64ca7bed [term 0 FOLLOWER]: Replica starting. Triggering 0 pending ops. Active config: opid_index: -1 OBSOLETE_local: false peers { permanent_uuid: "17b06d9fac9048549222197675a1b96d" member_type: VOTER last_known_addr { host: "127.5.218.129" port: 42341 } } peers { permanent_uuid: "62712a59222148b39e2178bb398e69fb" member_type: VOTER last_known_addr { host: "127.5.218.130" port: 35053 } } peers { permanent_uuid: "0cd27d6e3e564732a7bf325d64ca7bed" member_type: VOTER last_known_addr { host: "127.5.218.131" port: 43273 } }
I20260709 13:14:14.070238  7286 raft_consensus.cc:385] T f018ada43df74955b22d42f3d18015e8 P 0cd27d6e3e564732a7bf325d64ca7bed [term 0 FOLLOWER]: Consensus starting up: Expiring failure detector timer to make a prompt election more likely
I20260709 13:14:14.070530  7286 raft_consensus.cc:740] T f018ada43df74955b22d42f3d18015e8 P 0cd27d6e3e564732a7bf325d64ca7bed [term 0 FOLLOWER]: Becoming Follower/Learner. State: Replica: 0cd27d6e3e564732a7bf325d64ca7bed, State: Initialized, Role: FOLLOWER
I20260709 13:14:14.077657  7286 consensus_queue.cc:260] T f018ada43df74955b22d42f3d18015e8 P 0cd27d6e3e564732a7bf325d64ca7bed [NON_LEADER]: Queue going to NON_LEADER mode. State: All replicated index: 0, Majority replicated index: 0, Committed index: 0, Last appended: 0.0, Last appended by leader: 0, Current term: 0, Majority size: -1, State: 0, Mode: NON_LEADER, active raft config: opid_index: -1 OBSOLETE_local: false peers { permanent_uuid: "17b06d9fac9048549222197675a1b96d" member_type: VOTER last_known_addr { host: "127.5.218.129" port: 42341 } } peers { permanent_uuid: "62712a59222148b39e2178bb398e69fb" member_type: VOTER last_known_addr { host: "127.5.218.130" port: 35053 } } peers { permanent_uuid: "0cd27d6e3e564732a7bf325d64ca7bed" member_type: VOTER last_known_addr { host: "127.5.218.131" port: 43273 } }
I20260709 13:14:14.080475  7286 ts_tablet_manager.cc:1434] T f018ada43df74955b22d42f3d18015e8 P 0cd27d6e3e564732a7bf325d64ca7bed: Time spent starting tablet: real 0.025s	user 0.004s	sys 0.000s
I20260709 13:14:14.083487  7094 raft_consensus.cc:2468] T 3141dc2c0eea4e44ae6e4ed92c6af12a P 17b06d9fac9048549222197675a1b96d [term 1 FOLLOWER]: Leader election vote request: Granting yes vote for candidate 0cd27d6e3e564732a7bf325d64ca7bed in term 1.
I20260709 13:14:14.084096  7328 consensus_queue.cc:1048] T c70754d019a841188c12e5595c4c2f91 P 17b06d9fac9048549222197675a1b96d [LEADER]: Connected to new peer: Peer: permanent_uuid: "0cd27d6e3e564732a7bf325d64ca7bed" member_type: VOTER last_known_addr { host: "127.5.218.131" port: 43273 }, Status: LMP_MISMATCH, Last received: 0.0, Next index: 1, Last known committed idx: 0, Time since last communication: 0.001s
I20260709 13:14:14.085050  7210 leader_election.cc:304] T 3141dc2c0eea4e44ae6e4ed92c6af12a P 0cd27d6e3e564732a7bf325d64ca7bed [CANDIDATE]: Term 1 election: Election decided. Result: candidate won. Election summary: received 3 responses out of 3 voters: 2 yes votes; 1 no votes. yes voters: 0cd27d6e3e564732a7bf325d64ca7bed, 17b06d9fac9048549222197675a1b96d; no voters: 62712a59222148b39e2178bb398e69fb
I20260709 13:14:14.086138  7423 raft_consensus.cc:2804] T 3141dc2c0eea4e44ae6e4ed92c6af12a P 0cd27d6e3e564732a7bf325d64ca7bed [term 1 FOLLOWER]: Leader election won for term 1
I20260709 13:14:14.086673  7423 raft_consensus.cc:697] T 3141dc2c0eea4e44ae6e4ed92c6af12a P 0cd27d6e3e564732a7bf325d64ca7bed [term 1 LEADER]: Becoming Leader. State: Replica: 0cd27d6e3e564732a7bf325d64ca7bed, State: Running, Role: LEADER
I20260709 13:14:14.087544  7423 consensus_queue.cc:237] T 3141dc2c0eea4e44ae6e4ed92c6af12a P 0cd27d6e3e564732a7bf325d64ca7bed [LEADER]: Queue going to LEADER mode. State: All replicated index: 0, Majority replicated index: 0, Committed index: 0, Last appended: 0.0, Last appended by leader: 0, Current term: 1, Majority size: 2, State: 0, Mode: LEADER, active raft config: opid_index: -1 OBSOLETE_local: false peers { permanent_uuid: "17b06d9fac9048549222197675a1b96d" member_type: VOTER last_known_addr { host: "127.5.218.129" port: 42341 } } peers { permanent_uuid: "62712a59222148b39e2178bb398e69fb" member_type: VOTER last_known_addr { host: "127.5.218.130" port: 35053 } } peers { permanent_uuid: "0cd27d6e3e564732a7bf325d64ca7bed" member_type: VOTER last_known_addr { host: "127.5.218.131" port: 43273 } }
I20260709 13:14:14.090372  7424 raft_consensus.cc:493] T 5290f42bedd14d27b9bd7bc5eac67072 P 0cd27d6e3e564732a7bf325d64ca7bed [term 0 FOLLOWER]: Starting pre-election (no leader contacted us within the election timeout)
I20260709 13:14:14.090932  7424 raft_consensus.cc:515] T 5290f42bedd14d27b9bd7bc5eac67072 P 0cd27d6e3e564732a7bf325d64ca7bed [term 0 FOLLOWER]: Starting pre-election with config: opid_index: -1 OBSOLETE_local: false peers { permanent_uuid: "17b06d9fac9048549222197675a1b96d" member_type: VOTER last_known_addr { host: "127.5.218.129" port: 42341 } } peers { permanent_uuid: "62712a59222148b39e2178bb398e69fb" member_type: VOTER last_known_addr { host: "127.5.218.130" port: 35053 } } peers { permanent_uuid: "0cd27d6e3e564732a7bf325d64ca7bed" member_type: VOTER last_known_addr { host: "127.5.218.131" port: 43273 } }
I20260709 13:14:14.081641  7286 tablet_bootstrap.cc:492] T 96a9dfd9c13f49af8d797fba2783b67c P 0cd27d6e3e564732a7bf325d64ca7bed: Bootstrap starting.
I20260709 13:14:14.094453  7424 leader_election.cc:290] T 5290f42bedd14d27b9bd7bc5eac67072 P 0cd27d6e3e564732a7bf325d64ca7bed [CANDIDATE]: Term 1 pre-election: Requested pre-vote from peers 17b06d9fac9048549222197675a1b96d (127.5.218.129:42341), 62712a59222148b39e2178bb398e69fb (127.5.218.130:35053)
I20260709 13:14:14.096365  7094 tablet_service.cc:1917] Received RequestConsensusVote() RPC: tablet_id: "5290f42bedd14d27b9bd7bc5eac67072" candidate_uuid: "0cd27d6e3e564732a7bf325d64ca7bed" candidate_term: 1 candidate_status { last_received { term: 0 index: 0 } } ignore_live_leader: false dest_uuid: "17b06d9fac9048549222197675a1b96d" is_pre_election: true
I20260709 13:14:14.097193  7094 raft_consensus.cc:2468] T 5290f42bedd14d27b9bd7bc5eac67072 P 17b06d9fac9048549222197675a1b96d [term 0 FOLLOWER]: Leader pre-election vote request: Granting yes vote for candidate 0cd27d6e3e564732a7bf325d64ca7bed in term 0.
I20260709 13:14:14.098356  7210 leader_election.cc:304] T 5290f42bedd14d27b9bd7bc5eac67072 P 0cd27d6e3e564732a7bf325d64ca7bed [CANDIDATE]: Term 1 pre-election: Election decided. Result: candidate won. Election summary: received 2 responses out of 3 voters: 2 yes votes; 0 no votes. yes voters: 0cd27d6e3e564732a7bf325d64ca7bed, 17b06d9fac9048549222197675a1b96d; no voters: 
I20260709 13:14:14.099170  7424 raft_consensus.cc:2804] T 5290f42bedd14d27b9bd7bc5eac67072 P 0cd27d6e3e564732a7bf325d64ca7bed [term 0 FOLLOWER]: Leader pre-election won for term 1
I20260709 13:14:14.099530  7424 raft_consensus.cc:493] T 5290f42bedd14d27b9bd7bc5eac67072 P 0cd27d6e3e564732a7bf325d64ca7bed [term 0 FOLLOWER]: Starting leader election (no leader contacted us within the election timeout)
I20260709 13:14:14.099386  7169 tablet_service.cc:1917] Received RequestConsensusVote() RPC: tablet_id: "5290f42bedd14d27b9bd7bc5eac67072" candidate_uuid: "0cd27d6e3e564732a7bf325d64ca7bed" candidate_term: 1 candidate_status { last_received { term: 0 index: 0 } } ignore_live_leader: false dest_uuid: "62712a59222148b39e2178bb398e69fb" is_pre_election: true
I20260709 13:14:14.100111  7424 raft_consensus.cc:3060] T 5290f42bedd14d27b9bd7bc5eac67072 P 0cd27d6e3e564732a7bf325d64ca7bed [term 0 FOLLOWER]: Advancing to term 1
