I20260709 13:14:10.598184 15723 tablet_service.cc:1917] Received RequestConsensusVote() RPC: tablet_id: "30465e1ff0c943309636ca4036cce5b1" candidate_uuid: "bd038d873fff4ba397aaed5822e67576" candidate_term: 1 candidate_status { last_received { term: 0 index: 0 } } ignore_live_leader: false dest_uuid: "f91b8e945a974183bf39f0b0d5306223" is_pre_election: true
I20260709 13:14:10.560652 15573 raft_consensus.cc:2468] T 9f1c3fcb270047b5b20e47fb5d6377c0 P bd038d873fff4ba397aaed5822e67576 [term 1 FOLLOWER]: Leader election vote request: Granting yes vote for candidate e5cb6ee3024448b085680caae435820f in term 1.
W20260709 13:14:10.600951 15546 leader_election.cc:343] T 30465e1ff0c943309636ca4036cce5b1 P bd038d873fff4ba397aaed5822e67576 [CANDIDATE]: Term 1 election: Tablet error from VoteRequest() call to peer f91b8e945a974183bf39f0b0d5306223 (127.14.32.131:43969): Illegal state: must be running to vote when last-logged opid is not known
W20260709 13:14:10.601656 15546 leader_election.cc:343] T 30465e1ff0c943309636ca4036cce5b1 P bd038d873fff4ba397aaed5822e67576 [CANDIDATE]: Term 1 pre-election: Tablet error from VoteRequest() call to peer f91b8e945a974183bf39f0b0d5306223 (127.14.32.131:43969): Illegal state: must be running to vote when last-logged opid is not known
I20260709 13:14:10.602177 15727 raft_consensus.cc:2468] T 9f1c3fcb270047b5b20e47fb5d6377c0 P f91b8e945a974183bf39f0b0d5306223 [term 1 FOLLOWER]: Leader election vote request: Granting yes vote for candidate e5cb6ee3024448b085680caae435820f in term 1.
I20260709 13:14:10.590246 15831 leader_election.cc:290] T 30465e1ff0c943309636ca4036cce5b1 P bd038d873fff4ba397aaed5822e67576 [CANDIDATE]: Term 1 election: Requested vote from peers e5cb6ee3024448b085680caae435820f (127.14.32.130:33271), f91b8e945a974183bf39f0b0d5306223 (127.14.32.131:43969)
I20260709 13:14:10.629076 15772 raft_consensus.cc:359] T 5273fcea170b4186bea8eb2beae2a513 P bd038d873fff4ba397aaed5822e67576 [term 0 FOLLOWER]: Replica starting. Triggering 0 pending ops. Active config: opid_index: -1 OBSOLETE_local: false peers { permanent_uuid: "bd038d873fff4ba397aaed5822e67576" member_type: VOTER last_known_addr { host: "127.14.32.129" port: 43761 } } peers { permanent_uuid: "e5cb6ee3024448b085680caae435820f" member_type: VOTER last_known_addr { host: "127.14.32.130" port: 33271 } } peers { permanent_uuid: "f91b8e945a974183bf39f0b0d5306223" member_type: VOTER last_known_addr { host: "127.14.32.131" port: 43969 } }
I20260709 13:14:10.629863 15772 raft_consensus.cc:385] T 5273fcea170b4186bea8eb2beae2a513 P bd038d873fff4ba397aaed5822e67576 [term 0 FOLLOWER]: Consensus starting up: Expiring failure detector timer to make a prompt election more likely
I20260709 13:14:10.630118 15772 raft_consensus.cc:740] T 5273fcea170b4186bea8eb2beae2a513 P bd038d873fff4ba397aaed5822e67576 [term 0 FOLLOWER]: Becoming Follower/Learner. State: Replica: bd038d873fff4ba397aaed5822e67576, State: Initialized, Role: FOLLOWER
I20260709 13:14:10.630730 15772 consensus_queue.cc:260] T 5273fcea170b4186bea8eb2beae2a513 P bd038d873fff4ba397aaed5822e67576 [NON_LEADER]: Queue going to NON_LEADER mode. State: All replicated index: 0, Majority replicated index: 0, Committed index: 0, Last appended: 0.0, Last appended by leader: 0, Current term: 0, Majority size: -1, State: 0, Mode: NON_LEADER, active raft config: opid_index: -1 OBSOLETE_local: false peers { permanent_uuid: "bd038d873fff4ba397aaed5822e67576" member_type: VOTER last_known_addr { host: "127.14.32.129" port: 43761 } } peers { permanent_uuid: "e5cb6ee3024448b085680caae435820f" member_type: VOTER last_known_addr { host: "127.14.32.130" port: 33271 } } peers { permanent_uuid: "f91b8e945a974183bf39f0b0d5306223" member_type: VOTER last_known_addr { host: "127.14.32.131" port: 43969 } }
I20260709 13:14:10.631790 15621 leader_election.cc:304] T 9f1c3fcb270047b5b20e47fb5d6377c0 P e5cb6ee3024448b085680caae435820f [CANDIDATE]: Term 1 election: Election decided. Result: candidate won. Election summary: received 2 responses out of 3 voters: 2 yes votes; 0 no votes. yes voters: e5cb6ee3024448b085680caae435820f, f91b8e945a974183bf39f0b0d5306223; no voters: 
I20260709 13:14:10.636595 15477 catalog_manager.cc:5697] T 44e4914d60ca491db328ba2530247e03 P bd038d873fff4ba397aaed5822e67576 reported cstate change: term changed from 0 to 1, leader changed from <none> to bd038d873fff4ba397aaed5822e67576 (127.14.32.129). New cstate: current_term: 1 leader_uuid: "bd038d873fff4ba397aaed5822e67576" committed_config { opid_index: -1 OBSOLETE_local: false peers { permanent_uuid: "bd038d873fff4ba397aaed5822e67576" member_type: VOTER last_known_addr { host: "127.14.32.129" port: 43761 } health_report { overall_health: HEALTHY } } peers { permanent_uuid: "e5cb6ee3024448b085680caae435820f" member_type: VOTER last_known_addr { host: "127.14.32.130" port: 33271 } health_report { overall_health: UNKNOWN } } peers { permanent_uuid: "f91b8e945a974183bf39f0b0d5306223" member_type: VOTER last_known_addr { host: "127.14.32.131" port: 43969 } health_report { overall_health: UNKNOWN } } }
I20260709 13:14:10.639758 15888 consensus_queue.cc:1048] T 47613bc30242465bb5689bb277b28c26 P bd038d873fff4ba397aaed5822e67576 [LEADER]: Connected to new peer: Peer: permanent_uuid: "e5cb6ee3024448b085680caae435820f" member_type: VOTER last_known_addr { host: "127.14.32.130" port: 33271 }, Status: LMP_MISMATCH, Last received: 0.0, Next index: 1, Last known committed idx: 0, Time since last communication: 0.000s
I20260709 13:14:10.640200 15903 raft_consensus.cc:2804] T 9f1c3fcb270047b5b20e47fb5d6377c0 P e5cb6ee3024448b085680caae435820f [term 1 FOLLOWER]: Leader election won for term 1
I20260709 13:14:10.641506 15477 catalog_manager.cc:5697] T 655ce0576d214db98853d383da77b1ab P bd038d873fff4ba397aaed5822e67576 reported cstate change: term changed from 0 to 1, leader changed from <none> to bd038d873fff4ba397aaed5822e67576 (127.14.32.129). New cstate: current_term: 1 leader_uuid: "bd038d873fff4ba397aaed5822e67576" committed_config { opid_index: -1 OBSOLETE_local: false peers { permanent_uuid: "bd038d873fff4ba397aaed5822e67576" member_type: VOTER last_known_addr { host: "127.14.32.129" port: 43761 } health_report { overall_health: HEALTHY } } peers { permanent_uuid: "e5cb6ee3024448b085680caae435820f" member_type: VOTER last_known_addr { host: "127.14.32.130" port: 33271 } health_report { overall_health: UNKNOWN } } peers { permanent_uuid: "f91b8e945a974183bf39f0b0d5306223" member_type: VOTER last_known_addr { host: "127.14.32.131" port: 43969 } health_report { overall_health: UNKNOWN } } }
I20260709 13:14:10.642204 15888 consensus_queue.cc:1048] T 9023eacca3804fce91903b000fc0e9a7 P bd038d873fff4ba397aaed5822e67576 [LEADER]: Connected to new peer: Peer: permanent_uuid: "e5cb6ee3024448b085680caae435820f" member_type: VOTER last_known_addr { host: "127.14.32.130" port: 33271 }, Status: LMP_MISMATCH, Last received: 0.0, Next index: 1, Last known committed idx: 0, Time since last communication: 0.000s
I20260709 13:14:10.642581 15903 raft_consensus.cc:697] T 9f1c3fcb270047b5b20e47fb5d6377c0 P e5cb6ee3024448b085680caae435820f [term 1 LEADER]: Becoming Leader. State: Replica: e5cb6ee3024448b085680caae435820f, State: Running, Role: LEADER
I20260709 13:14:10.644922 15773 tablet_bootstrap.cc:492] T 9023eacca3804fce91903b000fc0e9a7 P f91b8e945a974183bf39f0b0d5306223: No bootstrap required, opened a new log
I20260709 13:14:10.645392 15773 ts_tablet_manager.cc:1403] T 9023eacca3804fce91903b000fc0e9a7 P f91b8e945a974183bf39f0b0d5306223: Time spent bootstrapping tablet: real 0.209s	user 0.016s	sys 0.001s
I20260709 13:14:10.644515 15477 catalog_manager.cc:5697] T 9023eacca3804fce91903b000fc0e9a7 P bd038d873fff4ba397aaed5822e67576 reported cstate change: term changed from 0 to 1, leader changed from <none> to bd038d873fff4ba397aaed5822e67576 (127.14.32.129). New cstate: current_term: 1 leader_uuid: "bd038d873fff4ba397aaed5822e67576" committed_config { opid_index: -1 OBSOLETE_local: false peers { permanent_uuid: "bd038d873fff4ba397aaed5822e67576" member_type: VOTER last_known_addr { host: "127.14.32.129" port: 43761 } health_report { overall_health: HEALTHY } } peers { permanent_uuid: "e5cb6ee3024448b085680caae435820f" member_type: VOTER last_known_addr { host: "127.14.32.130" port: 33271 } health_report { overall_health: UNKNOWN } } peers { permanent_uuid: "f91b8e945a974183bf39f0b0d5306223" member_type: VOTER last_known_addr { host: "127.14.32.131" port: 43969 } health_report { overall_health: UNKNOWN } } }
I20260709 13:14:10.646180 15477 catalog_manager.cc:5697] T 3ddf5f0d849a4f5786e0953910c34b73 P bd038d873fff4ba397aaed5822e67576 reported cstate change: term changed from 0 to 1, leader changed from <none> to bd038d873fff4ba397aaed5822e67576 (127.14.32.129). New cstate: current_term: 1 leader_uuid: "bd038d873fff4ba397aaed5822e67576" committed_config { opid_index: -1 OBSOLETE_local: false peers { permanent_uuid: "bd038d873fff4ba397aaed5822e67576" member_type: VOTER last_known_addr { host: "127.14.32.129" port: 43761 } health_report { overall_health: HEALTHY } } peers { permanent_uuid: "e5cb6ee3024448b085680caae435820f" member_type: VOTER last_known_addr { host: "127.14.32.130" port: 33271 } health_report { overall_health: UNKNOWN } } peers { permanent_uuid: "f91b8e945a974183bf39f0b0d5306223" member_type: VOTER last_known_addr { host: "127.14.32.131" port: 43969 } health_report { overall_health: UNKNOWN } } }
I20260709 13:14:10.650873 15772 ts_tablet_manager.cc:1434] T 5273fcea170b4186bea8eb2beae2a513 P bd038d873fff4ba397aaed5822e67576: Time spent starting tablet: real 0.064s	user 0.007s	sys 0.000s
I20260709 13:14:10.651559 15772 tablet_bootstrap.cc:492] T 77ab39981e1c4ea49e981ee33fbb5860 P bd038d873fff4ba397aaed5822e67576: Bootstrap starting.
I20260709 13:14:10.643375 15903 consensus_queue.cc:237] T 9f1c3fcb270047b5b20e47fb5d6377c0 P e5cb6ee3024448b085680caae435820f [LEADER]: Queue going to LEADER mode. State: All replicated index: 0, Majority replicated index: 0, Committed index: 0, Last appended: 0.0, Last appended by leader: 0, Current term: 1, Majority size: 2, State: 0, Mode: LEADER, active raft config: opid_index: -1 OBSOLETE_local: false peers { permanent_uuid: "bd038d873fff4ba397aaed5822e67576" member_type: VOTER last_known_addr { host: "127.14.32.129" port: 43761 } } peers { permanent_uuid: "e5cb6ee3024448b085680caae435820f" member_type: VOTER last_known_addr { host: "127.14.32.130" port: 33271 } } peers { permanent_uuid: "f91b8e945a974183bf39f0b0d5306223" member_type: VOTER last_known_addr { host: "127.14.32.131" port: 43969 } }
I20260709 13:14:10.658128 15773 raft_consensus.cc:359] T 9023eacca3804fce91903b000fc0e9a7 P f91b8e945a974183bf39f0b0d5306223 [term 0 FOLLOWER]: Replica starting. Triggering 0 pending ops. Active config: opid_index: -1 OBSOLETE_local: false peers { permanent_uuid: "bd038d873fff4ba397aaed5822e67576" member_type: VOTER last_known_addr { host: "127.14.32.129" port: 43761 } } peers { permanent_uuid: "e5cb6ee3024448b085680caae435820f" member_type: VOTER last_known_addr { host: "127.14.32.130" port: 33271 } } peers { permanent_uuid: "f91b8e945a974183bf39f0b0d5306223" member_type: VOTER last_known_addr { host: "127.14.32.131" port: 43969 } }
I20260709 13:14:10.658941 15773 raft_consensus.cc:385] T 9023eacca3804fce91903b000fc0e9a7 P f91b8e945a974183bf39f0b0d5306223 [term 0 FOLLOWER]: Consensus starting up: Expiring failure detector timer to make a prompt election more likely
I20260709 13:14:10.659322 15773 raft_consensus.cc:740] T 9023eacca3804fce91903b000fc0e9a7 P f91b8e945a974183bf39f0b0d5306223 [term 0 FOLLOWER]: Becoming Follower/Learner. State: Replica: f91b8e945a974183bf39f0b0d5306223, State: Initialized, Role: FOLLOWER
I20260709 13:14:10.662382 15769 tablet_bootstrap.cc:492] T 10b717dea8714920a02d06427ba104f4 P e5cb6ee3024448b085680caae435820f: No bootstrap required, opened a new log
I20260709 13:14:10.662698 15769 ts_tablet_manager.cc:1403] T 10b717dea8714920a02d06427ba104f4 P e5cb6ee3024448b085680caae435820f: Time spent bootstrapping tablet: real 0.231s	user 0.025s	sys 0.005s
W20260709 13:14:10.658254 15546 consensus_peers.cc:597] T 9023eacca3804fce91903b000fc0e9a7 P bd038d873fff4ba397aaed5822e67576 -> Peer f91b8e945a974183bf39f0b0d5306223 (127.14.32.131:43969): Couldn't send request to peer f91b8e945a974183bf39f0b0d5306223. Error code: TABLET_NOT_RUNNING (12). Status: Illegal state: Tablet not RUNNING: BOOTSTRAPPING. This is attempt 1: this message will repeat every 5th retry.
I20260709 13:14:10.661139 15773 consensus_queue.cc:260] T 9023eacca3804fce91903b000fc0e9a7 P f91b8e945a974183bf39f0b0d5306223 [NON_LEADER]: Queue going to NON_LEADER mode. State: All replicated index: 0, Majority replicated index: 0, Committed index: 0, Last appended: 0.0, Last appended by leader: 0, Current term: 0, Majority size: -1, State: 0, Mode: NON_LEADER, active raft config: opid_index: -1 OBSOLETE_local: false peers { permanent_uuid: "bd038d873fff4ba397aaed5822e67576" member_type: VOTER last_known_addr { host: "127.14.32.129" port: 43761 } } peers { permanent_uuid: "e5cb6ee3024448b085680caae435820f" member_type: VOTER last_known_addr { host: "127.14.32.130" port: 33271 } } peers { permanent_uuid: "f91b8e945a974183bf39f0b0d5306223" member_type: VOTER last_known_addr { host: "127.14.32.131" port: 43969 } }
I20260709 13:14:10.666124 15805 raft_consensus.cc:493] T d130fb9f982c4dc2b71f280fef34d8bf P e5cb6ee3024448b085680caae435820f [term 0 FOLLOWER]: Starting pre-election (no leader contacted us within the election timeout)
I20260709 13:14:10.666569 15805 raft_consensus.cc:515] T d130fb9f982c4dc2b71f280fef34d8bf P e5cb6ee3024448b085680caae435820f [term 0 FOLLOWER]: Starting pre-election with config: opid_index: -1 OBSOLETE_local: false peers { permanent_uuid: "bd038d873fff4ba397aaed5822e67576" member_type: VOTER last_known_addr { host: "127.14.32.129" port: 43761 } } peers { permanent_uuid: "e5cb6ee3024448b085680caae435820f" member_type: VOTER last_known_addr { host: "127.14.32.130" port: 33271 } } peers { permanent_uuid: "f91b8e945a974183bf39f0b0d5306223" member_type: VOTER last_known_addr { host: "127.14.32.131" port: 43969 } }
I20260709 13:14:10.669759 15805 leader_election.cc:290] T d130fb9f982c4dc2b71f280fef34d8bf P e5cb6ee3024448b085680caae435820f [CANDIDATE]: Term 1 pre-election: Requested pre-vote from peers bd038d873fff4ba397aaed5822e67576 (127.14.32.129:43761), f91b8e945a974183bf39f0b0d5306223 (127.14.32.131:43969)
I20260709 13:14:10.669749 15781 consensus_queue.cc:1048] T f092887fcbf346999cff3b77e295630b P e5cb6ee3024448b085680caae435820f [LEADER]: Connected to new peer: Peer: permanent_uuid: "f91b8e945a974183bf39f0b0d5306223" member_type: VOTER last_known_addr { host: "127.14.32.131" port: 43969 }, Status: LMP_MISMATCH, Last received: 0.0, Next index: 1, Last known committed idx: 0, Time since last communication: 0.001s
I20260709 13:14:10.670387 15773 ts_tablet_manager.cc:1434] T 9023eacca3804fce91903b000fc0e9a7 P f91b8e945a974183bf39f0b0d5306223: Time spent starting tablet: real 0.025s	user 0.007s	sys 0.000s
W20260709 13:14:10.671723 15546 consensus_peers.cc:597] T 44e4914d60ca491db328ba2530247e03 P bd038d873fff4ba397aaed5822e67576 -> Peer f91b8e945a974183bf39f0b0d5306223 (127.14.32.131:43969): Couldn't send request to peer f91b8e945a974183bf39f0b0d5306223. Error code: TABLET_NOT_RUNNING (12). Status: Illegal state: Tablet not RUNNING: INITIALIZED. This is attempt 1: this message will repeat every 5th retry.
I20260709 13:14:10.672442 15773 tablet_bootstrap.cc:492] T 5273fcea170b4186bea8eb2beae2a513 P f91b8e945a974183bf39f0b0d5306223: Bootstrap starting.
I20260709 13:14:10.673362 15573 tablet_service.cc:1917] Received RequestConsensusVote() RPC: tablet_id: "d130fb9f982c4dc2b71f280fef34d8bf" candidate_uuid: "e5cb6ee3024448b085680caae435820f" candidate_term: 1 candidate_status { last_received { term: 0 index: 0 } } ignore_live_leader: false dest_uuid: "bd038d873fff4ba397aaed5822e67576" is_pre_election: true
I20260709 13:14:10.678009 15723 tablet_service.cc:1917] Received RequestConsensusVote() RPC: tablet_id: "d130fb9f982c4dc2b71f280fef34d8bf" candidate_uuid: "e5cb6ee3024448b085680caae435820f" candidate_term: 1 candidate_status { last_received { term: 0 index: 0 } } ignore_live_leader: false dest_uuid: "f91b8e945a974183bf39f0b0d5306223" is_pre_election: true
I20260709 13:14:10.678192 15888 consensus_queue.cc:1048] T 3ddf5f0d849a4f5786e0953910c34b73 P bd038d873fff4ba397aaed5822e67576 [LEADER]: Connected to new peer: Peer: permanent_uuid: "e5cb6ee3024448b085680caae435820f" member_type: VOTER last_known_addr { host: "127.14.32.130" port: 33271 }, Status: LMP_MISMATCH, Last received: 0.0, Next index: 1, Last known committed idx: 0, Time since last communication: 0.000s
W20260709 13:14:10.680462 15621 leader_election.cc:343] T d130fb9f982c4dc2b71f280fef34d8bf P e5cb6ee3024448b085680caae435820f [CANDIDATE]: Term 1 pre-election: Tablet error from VoteRequest() call to peer bd038d873fff4ba397aaed5822e67576 (127.14.32.129:43761): Illegal state: must be running to vote when last-logged opid is not known
I20260709 13:14:10.684434 15769 raft_consensus.cc:359] T 10b717dea8714920a02d06427ba104f4 P e5cb6ee3024448b085680caae435820f [term 0 FOLLOWER]: Replica starting. Triggering 0 pending ops. Active config: opid_index: -1 OBSOLETE_local: false peers { permanent_uuid: "bd038d873fff4ba397aaed5822e67576" member_type: VOTER last_known_addr { host: "127.14.32.129" port: 43761 } } peers { permanent_uuid: "e5cb6ee3024448b085680caae435820f" member_type: VOTER last_known_addr { host: "127.14.32.130" port: 33271 } } peers { permanent_uuid: "f91b8e945a974183bf39f0b0d5306223" member_type: VOTER last_known_addr { host: "127.14.32.131" port: 43969 } }
I20260709 13:14:10.685075 15769 raft_consensus.cc:385] T 10b717dea8714920a02d06427ba104f4 P e5cb6ee3024448b085680caae435820f [term 0 FOLLOWER]: Consensus starting up: Expiring failure detector timer to make a prompt election more likely
I20260709 13:14:10.685312 15769 raft_consensus.cc:740] T 10b717dea8714920a02d06427ba104f4 P e5cb6ee3024448b085680caae435820f [term 0 FOLLOWER]: Becoming Follower/Learner. State: Replica: e5cb6ee3024448b085680caae435820f, State: Initialized, Role: FOLLOWER
I20260709 13:14:10.685711 15772 tablet_bootstrap.cc:654] T 77ab39981e1c4ea49e981ee33fbb5860 P bd038d873fff4ba397aaed5822e67576: Neither blocks nor log segments found. Creating new log.
I20260709 13:14:10.685926 15769 consensus_queue.cc:260] T 10b717dea8714920a02d06427ba104f4 P e5cb6ee3024448b085680caae435820f [NON_LEADER]: Queue going to NON_LEADER mode. State: All replicated index: 0, Majority replicated index: 0, Committed index: 0, Last appended: 0.0, Last appended by leader: 0, Current term: 0, Majority size: -1, State: 0, Mode: NON_LEADER, active raft config: opid_index: -1 OBSOLETE_local: false peers { permanent_uuid: "bd038d873fff4ba397aaed5822e67576" member_type: VOTER last_known_addr { host: "127.14.32.129" port: 43761 } } peers { permanent_uuid: "e5cb6ee3024448b085680caae435820f" member_type: VOTER last_known_addr { host: "127.14.32.130" port: 33271 } } peers { permanent_uuid: "f91b8e945a974183bf39f0b0d5306223" member_type: VOTER last_known_addr { host: "127.14.32.131" port: 43969 } }
I20260709 13:14:10.687551 15769 ts_tablet_manager.cc:1434] T 10b717dea8714920a02d06427ba104f4 P e5cb6ee3024448b085680caae435820f: Time spent starting tablet: real 0.025s	user 0.003s	sys 0.000s
W20260709 13:14:10.691161 15621 leader_election.cc:343] T d130fb9f982c4dc2b71f280fef34d8bf P e5cb6ee3024448b085680caae435820f [CANDIDATE]: Term 1 pre-election: Tablet error from VoteRequest() call to peer f91b8e945a974183bf39f0b0d5306223 (127.14.32.131:43969): Illegal state: must be running to vote when last-logged opid is not known
I20260709 13:14:10.691589 15621 leader_election.cc:304] T d130fb9f982c4dc2b71f280fef34d8bf P e5cb6ee3024448b085680caae435820f [CANDIDATE]: Term 1 pre-election: Election decided. Result: candidate lost. Election summary: received 3 responses out of 3 voters: 1 yes votes; 2 no votes. yes voters: e5cb6ee3024448b085680caae435820f; no voters: bd038d873fff4ba397aaed5822e67576, f91b8e945a974183bf39f0b0d5306223
I20260709 13:14:10.692485 15773 tablet_bootstrap.cc:654] T 5273fcea170b4186bea8eb2beae2a513 P f91b8e945a974183bf39f0b0d5306223: Neither blocks nor log segments found. Creating new log.
I20260709 13:14:10.692749 15805 raft_consensus.cc:2749] T d130fb9f982c4dc2b71f280fef34d8bf P e5cb6ee3024448b085680caae435820f [term 0 FOLLOWER]: Leader pre-election lost for term 1. Reason: could not achieve majority
I20260709 13:14:10.692173 15888 consensus_queue.cc:1048] T 47613bc30242465bb5689bb277b28c26 P bd038d873fff4ba397aaed5822e67576 [LEADER]: Connected to new peer: Peer: permanent_uuid: "f91b8e945a974183bf39f0b0d5306223" member_type: VOTER last_known_addr { host: "127.14.32.131" port: 43969 }, Status: LMP_MISMATCH, Last received: 0.0, Next index: 1, Last known committed idx: 0, Time since last communication: 0.000s
I20260709 13:14:10.718788 15769 tablet_bootstrap.cc:492] T b581c409d6f44d47be2803910c184f89 P e5cb6ee3024448b085680caae435820f: Bootstrap starting.
I20260709 13:14:10.737246 15477 catalog_manager.cc:5697] T 30465e1ff0c943309636ca4036cce5b1 P bd038d873fff4ba397aaed5822e67576 reported cstate change: term changed from 0 to 1, leader changed from <none> to bd038d873fff4ba397aaed5822e67576 (127.14.32.129). New cstate: current_term: 1 leader_uuid: "bd038d873fff4ba397aaed5822e67576" committed_config { opid_index: -1 OBSOLETE_local: false peers { permanent_uuid: "bd038d873fff4ba397aaed5822e67576" member_type: VOTER last_known_addr { host: "127.14.32.129" port: 43761 } health_report { overall_health: HEALTHY } } peers { permanent_uuid: "e5cb6ee3024448b085680caae435820f" member_type: VOTER last_known_addr { host: "127.14.32.130" port: 33271 } health_report { overall_health: UNKNOWN } } peers { permanent_uuid: "f91b8e945a974183bf39f0b0d5306223" member_type: VOTER last_known_addr { host: "127.14.32.131" port: 43969 } health_report { overall_health: UNKNOWN } } }
I20260709 13:14:10.740806 15769 tablet_bootstrap.cc:654] T b581c409d6f44d47be2803910c184f89 P e5cb6ee3024448b085680caae435820f: Neither blocks nor log segments found. Creating new log.
I20260709 13:14:10.752583 15769 tablet_bootstrap.cc:492] T b581c409d6f44d47be2803910c184f89 P e5cb6ee3024448b085680caae435820f: No bootstrap required, opened a new log
I20260709 13:14:10.753039 15769 ts_tablet_manager.cc:1403] T b581c409d6f44d47be2803910c184f89 P e5cb6ee3024448b085680caae435820f: Time spent bootstrapping tablet: real 0.034s	user 0.012s	sys 0.005s
I20260709 13:14:10.753443 15773 tablet_bootstrap.cc:492] T 5273fcea170b4186bea8eb2beae2a513 P f91b8e945a974183bf39f0b0d5306223: No bootstrap required, opened a new log
I20260709 13:14:10.753870 15773 ts_tablet_manager.cc:1403] T 5273fcea170b4186bea8eb2beae2a513 P f91b8e945a974183bf39f0b0d5306223: Time spent bootstrapping tablet: real 0.083s	user 0.014s	sys 0.000s
I20260709 13:14:10.755349 15769 raft_consensus.cc:359] T b581c409d6f44d47be2803910c184f89 P e5cb6ee3024448b085680caae435820f [term 0 FOLLOWER]: Replica starting. Triggering 0 pending ops. Active config: opid_index: -1 OBSOLETE_local: false peers { permanent_uuid: "bd038d873fff4ba397aaed5822e67576" member_type: VOTER last_known_addr { host: "127.14.32.129" port: 43761 } } peers { permanent_uuid: "e5cb6ee3024448b085680caae435820f" member_type: VOTER last_known_addr { host: "127.14.32.130" port: 33271 } } peers { permanent_uuid: "f91b8e945a974183bf39f0b0d5306223" member_type: VOTER last_known_addr { host: "127.14.32.131" port: 43969 } }
I20260709 13:14:10.756012 15769 raft_consensus.cc:385] T b581c409d6f44d47be2803910c184f89 P e5cb6ee3024448b085680caae435820f [term 0 FOLLOWER]: Consensus starting up: Expiring failure detector timer to make a prompt election more likely
I20260709 13:14:10.756278 15769 raft_consensus.cc:740] T b581c409d6f44d47be2803910c184f89 P e5cb6ee3024448b085680caae435820f [term 0 FOLLOWER]: Becoming Follower/Learner. State: Replica: e5cb6ee3024448b085680caae435820f, State: Initialized, Role: FOLLOWER
I20260709 13:14:10.756160 15773 raft_consensus.cc:359] T 5273fcea170b4186bea8eb2beae2a513 P f91b8e945a974183bf39f0b0d5306223 [term 0 FOLLOWER]: Replica starting. Triggering 0 pending ops. Active config: opid_index: -1 OBSOLETE_local: false peers { permanent_uuid: "bd038d873fff4ba397aaed5822e67576" member_type: VOTER last_known_addr { host: "127.14.32.129" port: 43761 } } peers { permanent_uuid: "e5cb6ee3024448b085680caae435820f" member_type: VOTER last_known_addr { host: "127.14.32.130" port: 33271 } } peers { permanent_uuid: "f91b8e945a974183bf39f0b0d5306223" member_type: VOTER last_known_addr { host: "127.14.32.131" port: 43969 } }
I20260709 13:14:10.756831 15773 raft_consensus.cc:385] T 5273fcea170b4186bea8eb2beae2a513 P f91b8e945a974183bf39f0b0d5306223 [term 0 FOLLOWER]: Consensus starting up: Expiring failure detector timer to make a prompt election more likely
I20260709 13:14:10.756722 15888 consensus_queue.cc:1048] T 655ce0576d214db98853d383da77b1ab P bd038d873fff4ba397aaed5822e67576 [LEADER]: Connected to new peer: Peer: permanent_uuid: "e5cb6ee3024448b085680caae435820f" member_type: VOTER last_known_addr { host: "127.14.32.130" port: 33271 }, Status: LMP_MISMATCH, Last received: 0.0, Next index: 1, Last known committed idx: 0, Time since last communication: 0.000s
I20260709 13:14:10.757166 15773 raft_consensus.cc:740] T 5273fcea170b4186bea8eb2beae2a513 P f91b8e945a974183bf39f0b0d5306223 [term 0 FOLLOWER]: Becoming Follower/Learner. State: Replica: f91b8e945a974183bf39f0b0d5306223, State: Initialized, Role: FOLLOWER
I20260709 13:14:10.757791 15773 consensus_queue.cc:260] T 5273fcea170b4186bea8eb2beae2a513 P f91b8e945a974183bf39f0b0d5306223 [NON_LEADER]: Queue going to NON_LEADER mode. State: All replicated index: 0, Majority replicated index: 0, Committed index: 0, Last appended: 0.0, Last appended by leader: 0, Current term: 0, Majority size: -1, State: 0, Mode: NON_LEADER, active raft config: opid_index: -1 OBSOLETE_local: false peers { permanent_uuid: "bd038d873fff4ba397aaed5822e67576" member_type: VOTER last_known_addr { host: "127.14.32.129" port: 43761 } } peers { permanent_uuid: "e5cb6ee3024448b085680caae435820f" member_type: VOTER last_known_addr { host: "127.14.32.130" port: 33271 } } peers { permanent_uuid: "f91b8e945a974183bf39f0b0d5306223" member_type: VOTER last_known_addr { host: "127.14.32.131" port: 43969 } }
I20260709 13:14:10.759708 15773 ts_tablet_manager.cc:1434] T 5273fcea170b4186bea8eb2beae2a513 P f91b8e945a974183bf39f0b0d5306223: Time spent starting tablet: real 0.006s	user 0.003s	sys 0.000s
I20260709 13:14:10.760516 15773 tablet_bootstrap.cc:492] T d68c42a5a17a45c191201302cdf569fc P f91b8e945a974183bf39f0b0d5306223: Bootstrap starting.
I20260709 13:14:10.756940 15769 consensus_queue.cc:260] T b581c409d6f44d47be2803910c184f89 P e5cb6ee3024448b085680caae435820f [NON_LEADER]: Queue going to NON_LEADER mode. State: All replicated index: 0, Majority replicated index: 0, Committed index: 0, Last appended: 0.0, Last appended by leader: 0, Current term: 0, Majority size: -1, State: 0, Mode: NON_LEADER, active raft config: opid_index: -1 OBSOLETE_local: false peers { permanent_uuid: "bd038d873fff4ba397aaed5822e67576" member_type: VOTER last_known_addr { host: "127.14.32.129" port: 43761 } } peers { permanent_uuid: "e5cb6ee3024448b085680caae435820f" member_type: VOTER last_known_addr { host: "127.14.32.130" port: 33271 } } peers { permanent_uuid: "f91b8e945a974183bf39f0b0d5306223" member_type: VOTER last_known_addr { host: "127.14.32.131" port: 43969 } }
I20260709 13:14:10.763846 15769 ts_tablet_manager.cc:1434] T b581c409d6f44d47be2803910c184f89 P e5cb6ee3024448b085680caae435820f: Time spent starting tablet: real 0.011s	user 0.004s	sys 0.000s
I20260709 13:14:10.764678 15769 tablet_bootstrap.cc:492] T 9759ef77b6724e66b8daae87306ba476 P e5cb6ee3024448b085680caae435820f: Bootstrap starting.
I20260709 13:14:10.764906 15888 consensus_queue.cc:1048] T 3ddf5f0d849a4f5786e0953910c34b73 P bd038d873fff4ba397aaed5822e67576 [LEADER]: Connected to new peer: Peer: permanent_uuid: "f91b8e945a974183bf39f0b0d5306223" member_type: VOTER last_known_addr { host: "127.14.32.131" port: 43969 }, Status: LMP_MISMATCH, Last received: 0.0, Next index: 1, Last known committed idx: 0, Time since last communication: 0.000s
I20260709 13:14:10.766227 15773 tablet_bootstrap.cc:654] T d68c42a5a17a45c191201302cdf569fc P f91b8e945a974183bf39f0b0d5306223: Neither blocks nor log segments found. Creating new log.
I20260709 13:14:10.770125 15478 catalog_manager.cc:5697] T 9f1c3fcb270047b5b20e47fb5d6377c0 P e5cb6ee3024448b085680caae435820f reported cstate change: term changed from 0 to 1, leader changed from <none> to e5cb6ee3024448b085680caae435820f (127.14.32.130). New cstate: current_term: 1 leader_uuid: "e5cb6ee3024448b085680caae435820f" committed_config { opid_index: -1 OBSOLETE_local: false peers { permanent_uuid: "bd038d873fff4ba397aaed5822e67576" member_type: VOTER last_known_addr { host: "127.14.32.129" port: 43761 } health_report { overall_health: UNKNOWN } } peers { permanent_uuid: "e5cb6ee3024448b085680caae435820f" member_type: VOTER last_known_addr { host: "127.14.32.130" port: 33271 } health_report { overall_health: HEALTHY } } peers { permanent_uuid: "f91b8e945a974183bf39f0b0d5306223" member_type: VOTER last_known_addr { host: "127.14.32.131" port: 43969 } health_report { overall_health: UNKNOWN } } }
I20260709 13:14:10.771642 15772 tablet_bootstrap.cc:492] T 77ab39981e1c4ea49e981ee33fbb5860 P bd038d873fff4ba397aaed5822e67576: No bootstrap required, opened a new log
I20260709 13:14:10.772107 15772 ts_tablet_manager.cc:1403] T 77ab39981e1c4ea49e981ee33fbb5860 P bd038d873fff4ba397aaed5822e67576: Time spent bootstrapping tablet: real 0.121s	user 0.008s	sys 0.013s
I20260709 13:14:10.774827 15769 tablet_bootstrap.cc:654] T 9759ef77b6724e66b8daae87306ba476 P e5cb6ee3024448b085680caae435820f: Neither blocks nor log segments found. Creating new log.
I20260709 13:14:10.780982 15773 tablet_bootstrap.cc:492] T d68c42a5a17a45c191201302cdf569fc P f91b8e945a974183bf39f0b0d5306223: No bootstrap required, opened a new log
I20260709 13:14:10.781493 15773 ts_tablet_manager.cc:1403] T d68c42a5a17a45c191201302cdf569fc P f91b8e945a974183bf39f0b0d5306223: Time spent bootstrapping tablet: real 0.021s	user 0.012s	sys 0.000s
I20260709 13:14:10.788148 15773 raft_consensus.cc:359] T d68c42a5a17a45c191201302cdf569fc P f91b8e945a974183bf39f0b0d5306223 [term 0 FOLLOWER]: Replica starting. Triggering 0 pending ops. Active config: opid_index: -1 OBSOLETE_local: false peers { permanent_uuid: "bd038d873fff4ba397aaed5822e67576" member_type: VOTER last_known_addr { host: "127.14.32.129" port: 43761 } } peers { permanent_uuid: "e5cb6ee3024448b085680caae435820f" member_type: VOTER last_known_addr { host: "127.14.32.130" port: 33271 } } peers { permanent_uuid: "f91b8e945a974183bf39f0b0d5306223" member_type: VOTER last_known_addr { host: "127.14.32.131" port: 43969 } }
I20260709 13:14:10.788826 15773 raft_consensus.cc:385] T d68c42a5a17a45c191201302cdf569fc P f91b8e945a974183bf39f0b0d5306223 [term 0 FOLLOWER]: Consensus starting up: Expiring failure detector timer to make a prompt election more likely
I20260709 13:14:10.789093 15773 raft_consensus.cc:740] T d68c42a5a17a45c191201302cdf569fc P f91b8e945a974183bf39f0b0d5306223 [term 0 FOLLOWER]: Becoming Follower/Learner. State: Replica: f91b8e945a974183bf39f0b0d5306223, State: Initialized, Role: FOLLOWER
I20260709 13:14:10.790818 15886 consensus_queue.cc:1048] T 655ce0576d214db98853d383da77b1ab P bd038d873fff4ba397aaed5822e67576 [LEADER]: Connected to new peer: Peer: permanent_uuid: "f91b8e945a974183bf39f0b0d5306223" member_type: VOTER last_known_addr { host: "127.14.32.131" port: 43969 }, Status: LMP_MISMATCH, Last received: 0.0, Next index: 1, Last known committed idx: 0, Time since last communication: 0.000s
I20260709 13:14:10.792375 15773 consensus_queue.cc:260] T d68c42a5a17a45c191201302cdf569fc P f91b8e945a974183bf39f0b0d5306223 [NON_LEADER]: Queue going to NON_LEADER mode. State: All replicated index: 0, Majority replicated index: 0, Committed index: 0, Last appended: 0.0, Last appended by leader: 0, Current term: 0, Majority size: -1, State: 0, Mode: NON_LEADER, active raft config: opid_index: -1 OBSOLETE_local: false peers { permanent_uuid: "bd038d873fff4ba397aaed5822e67576" member_type: VOTER last_known_addr { host: "127.14.32.129" port: 43761 } } peers { permanent_uuid: "e5cb6ee3024448b085680caae435820f" member_type: VOTER last_known_addr { host: "127.14.32.130" port: 33271 } } peers { permanent_uuid: "f91b8e945a974183bf39f0b0d5306223" member_type: VOTER last_known_addr { host: "127.14.32.131" port: 43969 } }
I20260709 13:14:10.795704 15773 ts_tablet_manager.cc:1434] T d68c42a5a17a45c191201302cdf569fc P f91b8e945a974183bf39f0b0d5306223: Time spent starting tablet: real 0.014s	user 0.006s	sys 0.000s
I20260709 13:14:10.796602 15773 tablet_bootstrap.cc:492] T 0739d89392724305a6134cd0d3bddc8d P f91b8e945a974183bf39f0b0d5306223: Bootstrap starting.
I20260709 13:14:10.781062 15772 raft_consensus.cc:359] T 77ab39981e1c4ea49e981ee33fbb5860 P bd038d873fff4ba397aaed5822e67576 [term 0 FOLLOWER]: Replica starting. Triggering 0 pending ops. Active config: opid_index: -1 OBSOLETE_local: false peers { permanent_uuid: "bd038d873fff4ba397aaed5822e67576" member_type: VOTER last_known_addr { host: "127.14.32.129" port: 43761 } } peers { permanent_uuid: "e5cb6ee3024448b085680caae435820f" member_type: VOTER last_known_addr { host: "127.14.32.130" port: 33271 } } peers { permanent_uuid: "f91b8e945a974183bf39f0b0d5306223" member_type: VOTER last_known_addr { host: "127.14.32.131" port: 43969 } }
I20260709 13:14:10.814227 15772 raft_consensus.cc:385] T 77ab39981e1c4ea49e981ee33fbb5860 P bd038d873fff4ba397aaed5822e67576 [term 0 FOLLOWER]: Consensus starting up: Expiring failure detector timer to make a prompt election more likely
I20260709 13:14:10.815081 15772 raft_consensus.cc:740] T 77ab39981e1c4ea49e981ee33fbb5860 P bd038d873fff4ba397aaed5822e67576 [term 0 FOLLOWER]: Becoming Follower/Learner. State: Replica: bd038d873fff4ba397aaed5822e67576, State: Initialized, Role: FOLLOWER
I20260709 13:14:10.816967 15772 consensus_queue.cc:260] T 77ab39981e1c4ea49e981ee33fbb5860 P bd038d873fff4ba397aaed5822e67576 [NON_LEADER]: Queue going to NON_LEADER mode. State: All replicated index: 0, Majority replicated index: 0, Committed index: 0, Last appended: 0.0, Last appended by leader: 0, Current term: 0, Majority size: -1, State: 0, Mode: NON_LEADER, active raft config: opid_index: -1 OBSOLETE_local: false peers { permanent_uuid: "bd038d873fff4ba397aaed5822e67576" member_type: VOTER last_known_addr { host: "127.14.32.129" port: 43761 } } peers { permanent_uuid: "e5cb6ee3024448b085680caae435820f" member_type: VOTER last_known_addr { host: "127.14.32.130" port: 33271 } } peers { permanent_uuid: "f91b8e945a974183bf39f0b0d5306223" member_type: VOTER last_known_addr { host: "127.14.32.131" port: 43969 } }
I20260709 13:14:10.819192 15727 raft_consensus.cc:3060] T d68c42a5a17a45c191201302cdf569fc P f91b8e945a974183bf39f0b0d5306223 [term 0 FOLLOWER]: Advancing to term 1
I20260709 13:14:10.806951 15773 tablet_bootstrap.cc:654] T 0739d89392724305a6134cd0d3bddc8d P f91b8e945a974183bf39f0b0d5306223: Neither blocks nor log segments found. Creating new log.
W20260709 13:14:10.814785 15527 auto_rebalancer.cc:288] Could not retrieve cluster info: Service unavailable: Tablet not running
I20260709 13:14:10.831467 15769 tablet_bootstrap.cc:492] T 9759ef77b6724e66b8daae87306ba476 P e5cb6ee3024448b085680caae435820f: No bootstrap required, opened a new log
I20260709 13:14:10.831888 15769 ts_tablet_manager.cc:1403] T 9759ef77b6724e66b8daae87306ba476 P e5cb6ee3024448b085680caae435820f: Time spent bootstrapping tablet: real 0.067s	user 0.029s	sys 0.030s
I20260709 13:14:10.833894 15781 consensus_queue.cc:1048] T d68c42a5a17a45c191201302cdf569fc P e5cb6ee3024448b085680caae435820f [LEADER]: Connected to new peer: Peer: permanent_uuid: "f91b8e945a974183bf39f0b0d5306223" member_type: VOTER last_known_addr { host: "127.14.32.131" port: 43969 }, Status: LMP_MISMATCH, Last received: 0.0, Next index: 1, Last known committed idx: 0, Time since last communication: 0.000s
I20260709 13:14:10.834654 15769 raft_consensus.cc:359] T 9759ef77b6724e66b8daae87306ba476 P e5cb6ee3024448b085680caae435820f [term 0 FOLLOWER]: Replica starting. Triggering 0 pending ops. Active config: opid_index: -1 OBSOLETE_local: false peers { permanent_uuid: "bd038d873fff4ba397aaed5822e67576" member_type: VOTER last_known_addr { host: "127.14.32.129" port: 43761 } } peers { permanent_uuid: "e5cb6ee3024448b085680caae435820f" member_type: VOTER last_known_addr { host: "127.14.32.130" port: 33271 } } peers { permanent_uuid: "f91b8e945a974183bf39f0b0d5306223" member_type: VOTER last_known_addr { host: "127.14.32.131" port: 43969 } }
I20260709 13:14:10.835302 15769 raft_consensus.cc:385] T 9759ef77b6724e66b8daae87306ba476 P e5cb6ee3024448b085680caae435820f [term 0 FOLLOWER]: Consensus starting up: Expiring failure detector timer to make a prompt election more likely
I20260709 13:14:10.835573 15769 raft_consensus.cc:740] T 9759ef77b6724e66b8daae87306ba476 P e5cb6ee3024448b085680caae435820f [term 0 FOLLOWER]: Becoming Follower/Learner. State: Replica: e5cb6ee3024448b085680caae435820f, State: Initialized, Role: FOLLOWER
I20260709 13:14:10.836268 15769 consensus_queue.cc:260] T 9759ef77b6724e66b8daae87306ba476 P e5cb6ee3024448b085680caae435820f [NON_LEADER]: Queue going to NON_LEADER mode. State: All replicated index: 0, Majority replicated index: 0, Committed index: 0, Last appended: 0.0, Last appended by leader: 0, Current term: 0, Majority size: -1, State: 0, Mode: NON_LEADER, active raft config: opid_index: -1 OBSOLETE_local: false peers { permanent_uuid: "bd038d873fff4ba397aaed5822e67576" member_type: VOTER last_known_addr { host: "127.14.32.129" port: 43761 } } peers { permanent_uuid: "e5cb6ee3024448b085680caae435820f" member_type: VOTER last_known_addr { host: "127.14.32.130" port: 33271 } } peers { permanent_uuid: "f91b8e945a974183bf39f0b0d5306223" member_type: VOTER last_known_addr { host: "127.14.32.131" port: 43969 } }
I20260709 13:14:10.836913 15772 ts_tablet_manager.cc:1434] T 77ab39981e1c4ea49e981ee33fbb5860 P bd038d873fff4ba397aaed5822e67576: Time spent starting tablet: real 0.064s	user 0.006s	sys 0.000s
I20260709 13:14:10.837759 15772 tablet_bootstrap.cc:492] T 299a6beb767746c7acd284e8387fe3b7 P bd038d873fff4ba397aaed5822e67576: Bootstrap starting.
I20260709 13:14:10.838040 15773 tablet_bootstrap.cc:492] T 0739d89392724305a6134cd0d3bddc8d P f91b8e945a974183bf39f0b0d5306223: No bootstrap required, opened a new log
I20260709 13:14:10.838224 15769 ts_tablet_manager.cc:1434] T 9759ef77b6724e66b8daae87306ba476 P e5cb6ee3024448b085680caae435820f: Time spent starting tablet: real 0.006s	user 0.006s	sys 0.000s
I20260709 13:14:10.838485 15773 ts_tablet_manager.cc:1403] T 0739d89392724305a6134cd0d3bddc8d P f91b8e945a974183bf39f0b0d5306223: Time spent bootstrapping tablet: real 0.042s	user 0.015s	sys 0.001s
I20260709 13:14:10.839162 15769 tablet_bootstrap.cc:492] T c3919a6a67214b9a8f0c5212de3846c2 P e5cb6ee3024448b085680caae435820f: Bootstrap starting.
I20260709 13:14:10.840886 15773 raft_consensus.cc:359] T 0739d89392724305a6134cd0d3bddc8d P f91b8e945a974183bf39f0b0d5306223 [term 0 FOLLOWER]: Replica starting. Triggering 0 pending ops. Active config: opid_index: -1 OBSOLETE_local: false peers { permanent_uuid: "bd038d873fff4ba397aaed5822e67576" member_type: VOTER last_known_addr { host: "127.14.32.129" port: 43761 } } peers { permanent_uuid: "e5cb6ee3024448b085680caae435820f" member_type: VOTER last_known_addr { host: "127.14.32.130" port: 33271 } } peers { permanent_uuid: "f91b8e945a974183bf39f0b0d5306223" member_type: VOTER last_known_addr { host: "127.14.32.131" port: 43969 } }
I20260709 13:14:10.841404 15773 raft_consensus.cc:385] T 0739d89392724305a6134cd0d3bddc8d P f91b8e945a974183bf39f0b0d5306223 [term 0 FOLLOWER]: Consensus starting up: Expiring failure detector timer to make a prompt election more likely
I20260709 13:14:10.841605 15773 raft_consensus.cc:740] T 0739d89392724305a6134cd0d3bddc8d P f91b8e945a974183bf39f0b0d5306223 [term 0 FOLLOWER]: Becoming Follower/Learner. State: Replica: f91b8e945a974183bf39f0b0d5306223, State: Initialized, Role: FOLLOWER
I20260709 13:14:10.848238 15773 consensus_queue.cc:260] T 0739d89392724305a6134cd0d3bddc8d P f91b8e945a974183bf39f0b0d5306223 [NON_LEADER]: Queue going to NON_LEADER mode. State: All replicated index: 0, Majority replicated index: 0, Committed index: 0, Last appended: 0.0, Last appended by leader: 0, Current term: 0, Majority size: -1, State: 0, Mode: NON_LEADER, active raft config: opid_index: -1 OBSOLETE_local: false peers { permanent_uuid: "bd038d873fff4ba397aaed5822e67576" member_type: VOTER last_known_addr { host: "127.14.32.129" port: 43761 } } peers { permanent_uuid: "e5cb6ee3024448b085680caae435820f" member_type: VOTER last_known_addr { host: "127.14.32.130" port: 33271 } } peers { permanent_uuid: "f91b8e945a974183bf39f0b0d5306223" member_type: VOTER last_known_addr { host: "127.14.32.131" port: 43969 } }
I20260709 13:14:10.851918 15773 ts_tablet_manager.cc:1434] T 0739d89392724305a6134cd0d3bddc8d P f91b8e945a974183bf39f0b0d5306223: Time spent starting tablet: real 0.013s	user 0.006s	sys 0.001s
I20260709 13:14:10.852819 15773 tablet_bootstrap.cc:492] T 299a6beb767746c7acd284e8387fe3b7 P f91b8e945a974183bf39f0b0d5306223: Bootstrap starting.
I20260709 13:14:10.860737 15773 tablet_bootstrap.cc:654] T 299a6beb767746c7acd284e8387fe3b7 P f91b8e945a974183bf39f0b0d5306223: Neither blocks nor log segments found. Creating new log.
I20260709 13:14:10.868350 15769 tablet_bootstrap.cc:654] T c3919a6a67214b9a8f0c5212de3846c2 P e5cb6ee3024448b085680caae435820f: Neither blocks nor log segments found. Creating new log.
W20260709 13:14:10.879567 15602 debug-util.cc:398] Leaking SignalData structure 0x7b0800166420 after lost signal to thread 14469
W20260709 13:14:10.880597 15602 debug-util.cc:398] Leaking SignalData structure 0x7b0800202ba0 after lost signal to thread 15513
W20260709 13:14:10.881704 15602 debug-util.cc:398] Leaking SignalData structure 0x7b0800122e80 after lost signal to thread 15605
I20260709 13:14:10.883147 15781 consensus_queue.cc:1048] T d68c42a5a17a45c191201302cdf569fc P e5cb6ee3024448b085680caae435820f [LEADER]: Connected to new peer: Peer: permanent_uuid: "bd038d873fff4ba397aaed5822e67576" member_type: VOTER last_known_addr { host: "127.14.32.129" port: 43761 }, Status: LMP_MISMATCH, Last received: 0.0, Next index: 1, Last known committed idx: 0, Time since last communication: 0.000s
W20260709 13:14:10.884958 15602 debug-util.cc:398] Leaking SignalData structure 0x7b0800154b60 after lost signal to thread 15680
W20260709 13:14:10.885995 15602 debug-util.cc:398] Leaking SignalData structure 0x7b0800113380 after lost signal to thread 15754
I20260709 13:14:10.887007 15888 consensus_queue.cc:1048] T 44e4914d60ca491db328ba2530247e03 P bd038d873fff4ba397aaed5822e67576 [LEADER]: Connected to new peer: Peer: permanent_uuid: "e5cb6ee3024448b085680caae435820f" member_type: VOTER last_known_addr { host: "127.14.32.130" port: 33271 }, Status: LMP_MISMATCH, Last received: 0.0, Next index: 1, Last known committed idx: 0, Time since last communication: 0.000s
I20260709 13:14:10.930325 15773 tablet_bootstrap.cc:492] T 299a6beb767746c7acd284e8387fe3b7 P f91b8e945a974183bf39f0b0d5306223: No bootstrap required, opened a new log
I20260709 13:14:10.930836 15773 ts_tablet_manager.cc:1403] T 299a6beb767746c7acd284e8387fe3b7 P f91b8e945a974183bf39f0b0d5306223: Time spent bootstrapping tablet: real 0.078s	user 0.016s	sys 0.021s
I20260709 13:14:10.931645 15769 tablet_bootstrap.cc:492] T c3919a6a67214b9a8f0c5212de3846c2 P e5cb6ee3024448b085680caae435820f: No bootstrap required, opened a new log
I20260709 13:14:10.932092 15769 ts_tablet_manager.cc:1403] T c3919a6a67214b9a8f0c5212de3846c2 P e5cb6ee3024448b085680caae435820f: Time spent bootstrapping tablet: real 0.093s	user 0.027s	sys 0.018s
I20260709 13:14:10.933924 15773 raft_consensus.cc:359] T 299a6beb767746c7acd284e8387fe3b7 P f91b8e945a974183bf39f0b0d5306223 [term 0 FOLLOWER]: Replica starting. Triggering 0 pending ops. Active config: opid_index: -1 OBSOLETE_local: false peers { permanent_uuid: "bd038d873fff4ba397aaed5822e67576" member_type: VOTER last_known_addr { host: "127.14.32.129" port: 43761 } } peers { permanent_uuid: "e5cb6ee3024448b085680caae435820f" member_type: VOTER last_known_addr { host: "127.14.32.130" port: 33271 } } peers { permanent_uuid: "f91b8e945a974183bf39f0b0d5306223" member_type: VOTER last_known_addr { host: "127.14.32.131" port: 43969 } }
I20260709 13:14:10.934399 15773 raft_consensus.cc:385] T 299a6beb767746c7acd284e8387fe3b7 P f91b8e945a974183bf39f0b0d5306223 [term 0 FOLLOWER]: Consensus starting up: Expiring failure detector timer to make a prompt election more likely
I20260709 13:14:10.934516 15769 raft_consensus.cc:359] T c3919a6a67214b9a8f0c5212de3846c2 P e5cb6ee3024448b085680caae435820f [term 0 FOLLOWER]: Replica starting. Triggering 0 pending ops. Active config: opid_index: -1 OBSOLETE_local: false peers { permanent_uuid: "bd038d873fff4ba397aaed5822e67576" member_type: VOTER last_known_addr { host: "127.14.32.129" port: 43761 } } peers { permanent_uuid: "e5cb6ee3024448b085680caae435820f" member_type: VOTER last_known_addr { host: "127.14.32.130" port: 33271 } } peers { permanent_uuid: "f91b8e945a974183bf39f0b0d5306223" member_type: VOTER last_known_addr { host: "127.14.32.131" port: 43969 } }
I20260709 13:14:10.935202 15769 raft_consensus.cc:385] T c3919a6a67214b9a8f0c5212de3846c2 P e5cb6ee3024448b085680caae435820f [term 0 FOLLOWER]: Consensus starting up: Expiring failure detector timer to make a prompt election more likely
I20260709 13:14:10.935451 15769 raft_consensus.cc:740] T c3919a6a67214b9a8f0c5212de3846c2 P e5cb6ee3024448b085680caae435820f [term 0 FOLLOWER]: Becoming Follower/Learner. State: Replica: e5cb6ee3024448b085680caae435820f, State: Initialized, Role: FOLLOWER
I20260709 13:14:10.936041 15769 consensus_queue.cc:260] T c3919a6a67214b9a8f0c5212de3846c2 P e5cb6ee3024448b085680caae435820f [NON_LEADER]: Queue going to NON_LEADER mode. State: All replicated index: 0, Majority replicated index: 0, Committed index: 0, Last appended: 0.0, Last appended by leader: 0, Current term: 0, Majority size: -1, State: 0, Mode: NON_LEADER, active raft config: opid_index: -1 OBSOLETE_local: false peers { permanent_uuid: "bd038d873fff4ba397aaed5822e67576" member_type: VOTER last_known_addr { host: "127.14.32.129" port: 43761 } } peers { permanent_uuid: "e5cb6ee3024448b085680caae435820f" member_type: VOTER last_known_addr { host: "127.14.32.130" port: 33271 } } peers { permanent_uuid: "f91b8e945a974183bf39f0b0d5306223" member_type: VOTER last_known_addr { host: "127.14.32.131" port: 43969 } }
I20260709 13:14:10.937475 15769 ts_tablet_manager.cc:1434] T c3919a6a67214b9a8f0c5212de3846c2 P e5cb6ee3024448b085680caae435820f: Time spent starting tablet: real 0.005s	user 0.003s	sys 0.003s
I20260709 13:14:10.934602 15773 raft_consensus.cc:740] T 299a6beb767746c7acd284e8387fe3b7 P f91b8e945a974183bf39f0b0d5306223 [term 0 FOLLOWER]: Becoming Follower/Learner. State: Replica: f91b8e945a974183bf39f0b0d5306223, State: Initialized, Role: FOLLOWER
I20260709 13:14:10.938457 15773 consensus_queue.cc:260] T 299a6beb767746c7acd284e8387fe3b7 P f91b8e945a974183bf39f0b0d5306223 [NON_LEADER]: Queue going to NON_LEADER mode. State: All replicated index: 0, Majority replicated index: 0, Committed index: 0, Last appended: 0.0, Last appended by leader: 0, Current term: 0, Majority size: -1, State: 0, Mode: NON_LEADER, active raft config: opid_index: -1 OBSOLETE_local: false peers { permanent_uuid: "bd038d873fff4ba397aaed5822e67576" member_type: VOTER last_known_addr { host: "127.14.32.129" port: 43761 } } peers { permanent_uuid: "e5cb6ee3024448b085680caae435820f" member_type: VOTER last_known_addr { host: "127.14.32.130" port: 33271 } } peers { permanent_uuid: "f91b8e945a974183bf39f0b0d5306223" member_type: VOTER last_known_addr { host: "127.14.32.131" port: 43969 } }
I20260709 13:14:10.940112 15772 tablet_bootstrap.cc:654] T 299a6beb767746c7acd284e8387fe3b7 P bd038d873fff4ba397aaed5822e67576: Neither blocks nor log segments found. Creating new log.
I20260709 13:14:10.940348 15773 ts_tablet_manager.cc:1434] T 299a6beb767746c7acd284e8387fe3b7 P f91b8e945a974183bf39f0b0d5306223: Time spent starting tablet: real 0.009s	user 0.003s	sys 0.000s
I20260709 13:14:10.945222 15773 tablet_bootstrap.cc:492] T 44e4914d60ca491db328ba2530247e03 P f91b8e945a974183bf39f0b0d5306223: Bootstrap starting.
I20260709 13:14:10.955919 15879 raft_consensus.cc:493] T 0739d89392724305a6134cd0d3bddc8d P f91b8e945a974183bf39f0b0d5306223 [term 0 FOLLOWER]: Starting pre-election (no leader contacted us within the election timeout)
I20260709 13:14:10.956383 15879 raft_consensus.cc:515] T 0739d89392724305a6134cd0d3bddc8d P f91b8e945a974183bf39f0b0d5306223 [term 0 FOLLOWER]: Starting pre-election with config: opid_index: -1 OBSOLETE_local: false peers { permanent_uuid: "bd038d873fff4ba397aaed5822e67576" member_type: VOTER last_known_addr { host: "127.14.32.129" port: 43761 } } peers { permanent_uuid: "e5cb6ee3024448b085680caae435820f" member_type: VOTER last_known_addr { host: "127.14.32.130" port: 33271 } } peers { permanent_uuid: "f91b8e945a974183bf39f0b0d5306223" member_type: VOTER last_known_addr { host: "127.14.32.131" port: 43969 } }
