I20260709 13:14:11.056340  6941 leader_election.cc:304] T d1902cbe469345e6b5abe13c180de03a P 780d61c5f5894a9db6bdde015811ac09 [CANDIDATE]: Term 1 pre-election: Election decided. Result: candidate lost. Election summary: received 3 responses out of 3 voters: 1 yes votes; 2 no votes. yes voters: 780d61c5f5894a9db6bdde015811ac09; no voters: 193dd6c24e454f069d994347b23f43fb, 309e6b7dc5704a3fa1c19e294da91562
I20260709 13:14:11.059504  7314 raft_consensus.cc:2749] T d1902cbe469345e6b5abe13c180de03a P 780d61c5f5894a9db6bdde015811ac09 [term 0 FOLLOWER]: Leader pre-election lost for term 1. Reason: could not achieve majority
I20260709 13:14:11.061347  7091 leader_election.cc:304] T 48686bfca2ca4f07bd3b4b471df96ef1 P 309e6b7dc5704a3fa1c19e294da91562 [CANDIDATE]: Term 2 pre-election: Election decided. Result: candidate won. Election summary: received 2 responses out of 3 voters: 2 yes votes; 0 no votes. yes voters: 193dd6c24e454f069d994347b23f43fb, 309e6b7dc5704a3fa1c19e294da91562; no voters: 
I20260709 13:14:11.062311  7253 raft_consensus.cc:2804] T 48686bfca2ca4f07bd3b4b471df96ef1 P 309e6b7dc5704a3fa1c19e294da91562 [term 1 FOLLOWER]: Leader pre-election won for term 2
I20260709 13:14:11.062448  7091 leader_election.cc:304] T 9cdc97602bd84bbaaf0ce9e9b8988b2c P 309e6b7dc5704a3fa1c19e294da91562 [CANDIDATE]: Term 1 election: Election decided. Result: candidate won. Election summary: received 2 responses out of 3 voters: 2 yes votes; 0 no votes. yes voters: 193dd6c24e454f069d994347b23f43fb, 309e6b7dc5704a3fa1c19e294da91562; no voters: 
I20260709 13:14:11.062706  7253 raft_consensus.cc:493] T 48686bfca2ca4f07bd3b4b471df96ef1 P 309e6b7dc5704a3fa1c19e294da91562 [term 1 FOLLOWER]: Starting leader election (no leader contacted us within the election timeout)
I20260709 13:14:11.063066  7253 raft_consensus.cc:3060] T 48686bfca2ca4f07bd3b4b471df96ef1 P 309e6b7dc5704a3fa1c19e294da91562 [term 1 FOLLOWER]: Advancing to term 2
I20260709 13:14:11.068269  7168 tablet_bootstrap.cc:654] T 014f4c51c1ae49aab2413d6c2a2a1845 P 309e6b7dc5704a3fa1c19e294da91562: Neither blocks nor log segments found. Creating new log.
I20260709 13:14:11.069419  7091 leader_election.cc:304] T b42690e7528648ee80ca9acef9d00718 P 309e6b7dc5704a3fa1c19e294da91562 [CANDIDATE]: Term 1 pre-election: Election decided. Result: candidate won. Election summary: received 2 responses out of 3 voters: 2 yes votes; 0 no votes. yes voters: 193dd6c24e454f069d994347b23f43fb, 309e6b7dc5704a3fa1c19e294da91562; no voters: 
I20260709 13:14:11.069423  7052 tablet_service.cc:1917] Received RequestConsensusVote() RPC: tablet_id: "ee5df37b5e254f508d5342cc741ad65b" candidate_uuid: "309e6b7dc5704a3fa1c19e294da91562" candidate_term: 1 candidate_status { last_received { term: 0 index: 0 } } ignore_live_leader: false dest_uuid: "193dd6c24e454f069d994347b23f43fb" is_pre_election: true
I20260709 13:14:11.056039  6942 leader_election.cc:304] T b42690e7528648ee80ca9acef9d00718 P 780d61c5f5894a9db6bdde015811ac09 [CANDIDATE]: Term 1 pre-election: Election decided. Result: candidate won. Election summary: received 2 responses out of 3 voters: 2 yes votes; 0 no votes. yes voters: 193dd6c24e454f069d994347b23f43fb, 780d61c5f5894a9db6bdde015811ac09; no voters: 
I20260709 13:14:11.072121  7167 tablet_bootstrap.cc:492] T 96f486de02fc469ea28e425231b6ec92 P 780d61c5f5894a9db6bdde015811ac09: No bootstrap required, opened a new log
I20260709 13:14:11.072832  7167 ts_tablet_manager.cc:1403] T 96f486de02fc469ea28e425231b6ec92 P 780d61c5f5894a9db6bdde015811ac09: Time spent bootstrapping tablet: real 0.213s	user 0.009s	sys 0.006s
I20260709 13:14:11.074622  7306 raft_consensus.cc:2804] T b42690e7528648ee80ca9acef9d00718 P 309e6b7dc5704a3fa1c19e294da91562 [term 0 FOLLOWER]: Leader pre-election won for term 1
I20260709 13:14:11.075253  7314 raft_consensus.cc:2804] T b42690e7528648ee80ca9acef9d00718 P 780d61c5f5894a9db6bdde015811ac09 [term 0 FOLLOWER]: Leader pre-election won for term 1
I20260709 13:14:11.075474  7306 raft_consensus.cc:493] T b42690e7528648ee80ca9acef9d00718 P 309e6b7dc5704a3fa1c19e294da91562 [term 0 FOLLOWER]: Starting leader election (no leader contacted us within the election timeout)
I20260709 13:14:11.075671  7314 raft_consensus.cc:493] T b42690e7528648ee80ca9acef9d00718 P 780d61c5f5894a9db6bdde015811ac09 [term 0 FOLLOWER]: Starting leader election (no leader contacted us within the election timeout)
I20260709 13:14:11.075948  7306 raft_consensus.cc:3060] T b42690e7528648ee80ca9acef9d00718 P 309e6b7dc5704a3fa1c19e294da91562 [term 0 FOLLOWER]: Advancing to term 1
I20260709 13:14:11.076097  7314 raft_consensus.cc:3060] T b42690e7528648ee80ca9acef9d00718 P 780d61c5f5894a9db6bdde015811ac09 [term 0 FOLLOWER]: Advancing to term 1
I20260709 13:14:11.077168  7307 raft_consensus.cc:2804] T 9cdc97602bd84bbaaf0ce9e9b8988b2c P 309e6b7dc5704a3fa1c19e294da91562 [term 1 FOLLOWER]: Leader election won for term 1
I20260709 13:14:11.074481  7304 consensus_queue.cc:1048] T c44e84d23b3c499b869ae5406611a58f P 193dd6c24e454f069d994347b23f43fb [LEADER]: Connected to new peer: Peer: permanent_uuid: "309e6b7dc5704a3fa1c19e294da91562" member_type: VOTER last_known_addr { host: "127.5.185.67" port: 40575 }, Status: LMP_MISMATCH, Last received: 0.0, Next index: 1, Last known committed idx: 0, Time since last communication: 0.005s
I20260709 13:14:11.079089  7307 raft_consensus.cc:697] T 9cdc97602bd84bbaaf0ce9e9b8988b2c P 309e6b7dc5704a3fa1c19e294da91562 [term 1 LEADER]: Becoming Leader. State: Replica: 309e6b7dc5704a3fa1c19e294da91562, State: Running, Role: LEADER
I20260709 13:14:11.079098  7090 leader_election.cc:304] T c6e243872db542e789bc50d4ddef322e P 309e6b7dc5704a3fa1c19e294da91562 [CANDIDATE]: Term 1 pre-election: Election decided. Result: candidate lost. Election summary: received 3 responses out of 3 voters: 1 yes votes; 2 no votes. yes voters: 309e6b7dc5704a3fa1c19e294da91562; no voters: 193dd6c24e454f069d994347b23f43fb, 780d61c5f5894a9db6bdde015811ac09
I20260709 13:14:11.080489  7307 consensus_queue.cc:237] T 9cdc97602bd84bbaaf0ce9e9b8988b2c P 309e6b7dc5704a3fa1c19e294da91562 [LEADER]: Queue going to LEADER mode. State: All replicated index: 0, Majority replicated index: 0, Committed index: 0, Last appended: 0.0, Last appended by leader: 0, Current term: 1, Majority size: 2, State: 0, Mode: LEADER, active raft config: opid_index: -1 OBSOLETE_local: false peers { permanent_uuid: "780d61c5f5894a9db6bdde015811ac09" member_type: VOTER last_known_addr { host: "127.5.185.65" port: 42625 } } peers { permanent_uuid: "193dd6c24e454f069d994347b23f43fb" member_type: VOTER last_known_addr { host: "127.5.185.66" port: 36025 } } peers { permanent_uuid: "309e6b7dc5704a3fa1c19e294da91562" member_type: VOTER last_known_addr { host: "127.5.185.67" port: 40575 } }
I20260709 13:14:11.086447  7170 tablet_bootstrap.cc:492] T 2f447f213dbb43f8a26ab7254ea2d2ca P 193dd6c24e454f069d994347b23f43fb: No bootstrap required, opened a new log
I20260709 13:14:11.082684  7201 raft_consensus.cc:2749] T c6e243872db542e789bc50d4ddef322e P 309e6b7dc5704a3fa1c19e294da91562 [term 1 FOLLOWER]: Leader pre-election lost for term 1. Reason: could not achieve majority
I20260709 13:14:11.086952  7170 ts_tablet_manager.cc:1403] T 2f447f213dbb43f8a26ab7254ea2d2ca P 193dd6c24e454f069d994347b23f43fb: Time spent bootstrapping tablet: real 0.195s	user 0.020s	sys 0.023s
I20260709 13:14:11.090385  7316 consensus_queue.cc:1048] T c6e243872db542e789bc50d4ddef322e P 780d61c5f5894a9db6bdde015811ac09 [LEADER]: Connected to new peer: Peer: permanent_uuid: "309e6b7dc5704a3fa1c19e294da91562" member_type: VOTER last_known_addr { host: "127.5.185.67" port: 40575 }, Status: LMP_MISMATCH, Last received: 0.0, Next index: 1, Last known committed idx: 0, Time since last communication: 0.001s
I20260709 13:14:11.075448  7172 raft_consensus.cc:515] T 2f447f213dbb43f8a26ab7254ea2d2ca P 780d61c5f5894a9db6bdde015811ac09 [term 1 FOLLOWER]: Starting leader election with config: opid_index: -1 OBSOLETE_local: false peers { permanent_uuid: "780d61c5f5894a9db6bdde015811ac09" member_type: VOTER last_known_addr { host: "127.5.185.65" port: 42625 } } peers { permanent_uuid: "193dd6c24e454f069d994347b23f43fb" member_type: VOTER last_known_addr { host: "127.5.185.66" port: 36025 } } peers { permanent_uuid: "309e6b7dc5704a3fa1c19e294da91562" member_type: VOTER last_known_addr { host: "127.5.185.67" port: 40575 } }
I20260709 13:14:11.099399  7167 raft_consensus.cc:359] T 96f486de02fc469ea28e425231b6ec92 P 780d61c5f5894a9db6bdde015811ac09 [term 0 FOLLOWER]: Replica starting. Triggering 0 pending ops. Active config: opid_index: -1 OBSOLETE_local: false peers { permanent_uuid: "780d61c5f5894a9db6bdde015811ac09" member_type: VOTER last_known_addr { host: "127.5.185.65" port: 42625 } } peers { permanent_uuid: "193dd6c24e454f069d994347b23f43fb" member_type: VOTER last_known_addr { host: "127.5.185.66" port: 36025 } } peers { permanent_uuid: "309e6b7dc5704a3fa1c19e294da91562" member_type: VOTER last_known_addr { host: "127.5.185.67" port: 40575 } }
I20260709 13:14:11.100076  7167 raft_consensus.cc:385] T 96f486de02fc469ea28e425231b6ec92 P 780d61c5f5894a9db6bdde015811ac09 [term 0 FOLLOWER]: Consensus starting up: Expiring failure detector timer to make a prompt election more likely
I20260709 13:14:11.100365  7167 raft_consensus.cc:740] T 96f486de02fc469ea28e425231b6ec92 P 780d61c5f5894a9db6bdde015811ac09 [term 0 FOLLOWER]: Becoming Follower/Learner. State: Replica: 780d61c5f5894a9db6bdde015811ac09, State: Initialized, Role: FOLLOWER
W20260709 13:14:11.101447  6924 auto_rebalancer.cc:288] Could not retrieve cluster info: Service unavailable: Tablet not running
I20260709 13:14:11.101742  7172 leader_election.cc:290] T 2f447f213dbb43f8a26ab7254ea2d2ca P 780d61c5f5894a9db6bdde015811ac09 [CANDIDATE]: Term 1 election: Requested vote from peers 193dd6c24e454f069d994347b23f43fb (127.5.185.66:36025), 309e6b7dc5704a3fa1c19e294da91562 (127.5.185.67:40575)
I20260709 13:14:11.101156  7167 consensus_queue.cc:260] T 96f486de02fc469ea28e425231b6ec92 P 780d61c5f5894a9db6bdde015811ac09 [NON_LEADER]: Queue going to NON_LEADER mode. State: All replicated index: 0, Majority replicated index: 0, Committed index: 0, Last appended: 0.0, Last appended by leader: 0, Current term: 0, Majority size: -1, State: 0, Mode: NON_LEADER, active raft config: opid_index: -1 OBSOLETE_local: false peers { permanent_uuid: "780d61c5f5894a9db6bdde015811ac09" member_type: VOTER last_known_addr { host: "127.5.185.65" port: 42625 } } peers { permanent_uuid: "193dd6c24e454f069d994347b23f43fb" member_type: VOTER last_known_addr { host: "127.5.185.66" port: 36025 } } peers { permanent_uuid: "309e6b7dc5704a3fa1c19e294da91562" member_type: VOTER last_known_addr { host: "127.5.185.67" port: 40575 } }
I20260709 13:14:11.105540  7170 raft_consensus.cc:359] T 2f447f213dbb43f8a26ab7254ea2d2ca P 193dd6c24e454f069d994347b23f43fb [term 0 FOLLOWER]: Replica starting. Triggering 0 pending ops. Active config: opid_index: -1 OBSOLETE_local: false peers { permanent_uuid: "780d61c5f5894a9db6bdde015811ac09" member_type: VOTER last_known_addr { host: "127.5.185.65" port: 42625 } } peers { permanent_uuid: "193dd6c24e454f069d994347b23f43fb" member_type: VOTER last_known_addr { host: "127.5.185.66" port: 36025 } } peers { permanent_uuid: "309e6b7dc5704a3fa1c19e294da91562" member_type: VOTER last_known_addr { host: "127.5.185.67" port: 40575 } }
I20260709 13:14:11.106186  7170 raft_consensus.cc:385] T 2f447f213dbb43f8a26ab7254ea2d2ca P 193dd6c24e454f069d994347b23f43fb [term 0 FOLLOWER]: Consensus starting up: Expiring failure detector timer to make a prompt election more likely
I20260709 13:14:11.106442  7170 raft_consensus.cc:740] T 2f447f213dbb43f8a26ab7254ea2d2ca P 193dd6c24e454f069d994347b23f43fb [term 0 FOLLOWER]: Becoming Follower/Learner. State: Replica: 193dd6c24e454f069d994347b23f43fb, State: Initialized, Role: FOLLOWER
I20260709 13:14:11.107028  7170 consensus_queue.cc:260] T 2f447f213dbb43f8a26ab7254ea2d2ca P 193dd6c24e454f069d994347b23f43fb [NON_LEADER]: Queue going to NON_LEADER mode. State: All replicated index: 0, Majority replicated index: 0, Committed index: 0, Last appended: 0.0, Last appended by leader: 0, Current term: 0, Majority size: -1, State: 0, Mode: NON_LEADER, active raft config: opid_index: -1 OBSOLETE_local: false peers { permanent_uuid: "780d61c5f5894a9db6bdde015811ac09" member_type: VOTER last_known_addr { host: "127.5.185.65" port: 42625 } } peers { permanent_uuid: "193dd6c24e454f069d994347b23f43fb" member_type: VOTER last_known_addr { host: "127.5.185.66" port: 36025 } } peers { permanent_uuid: "309e6b7dc5704a3fa1c19e294da91562" member_type: VOTER last_known_addr { host: "127.5.185.67" port: 40575 } }
W20260709 13:14:11.108038  7091 leader_election.cc:343] T ee5df37b5e254f508d5342cc741ad65b P 309e6b7dc5704a3fa1c19e294da91562 [CANDIDATE]: Term 1 pre-election: Tablet error from VoteRequest() call to peer 193dd6c24e454f069d994347b23f43fb (127.5.185.66:36025): Illegal state: must be running to vote when last-logged opid is not known
I20260709 13:14:11.109089  7170 ts_tablet_manager.cc:1434] T 2f447f213dbb43f8a26ab7254ea2d2ca P 193dd6c24e454f069d994347b23f43fb: Time spent starting tablet: real 0.022s	user 0.005s	sys 0.000s
I20260709 13:14:11.110435  7170 tablet_bootstrap.cc:492] T d1902cbe469345e6b5abe13c180de03a P 193dd6c24e454f069d994347b23f43fb: Bootstrap starting.
I20260709 13:14:11.125093  7167 ts_tablet_manager.cc:1434] T 96f486de02fc469ea28e425231b6ec92 P 780d61c5f5894a9db6bdde015811ac09: Time spent starting tablet: real 0.052s	user 0.006s	sys 0.001s
I20260709 13:14:11.126233  7167 tablet_bootstrap.cc:492] T 014f4c51c1ae49aab2413d6c2a2a1845 P 780d61c5f5894a9db6bdde015811ac09: Bootstrap starting.
I20260709 13:14:11.147418  7253 raft_consensus.cc:515] T 48686bfca2ca4f07bd3b4b471df96ef1 P 309e6b7dc5704a3fa1c19e294da91562 [term 2 FOLLOWER]: Starting leader election with config: opid_index: -1 OBSOLETE_local: false peers { permanent_uuid: "780d61c5f5894a9db6bdde015811ac09" member_type: VOTER last_known_addr { host: "127.5.185.65" port: 42625 } } peers { permanent_uuid: "193dd6c24e454f069d994347b23f43fb" member_type: VOTER last_known_addr { host: "127.5.185.66" port: 36025 } } peers { permanent_uuid: "309e6b7dc5704a3fa1c19e294da91562" member_type: VOTER last_known_addr { host: "127.5.185.67" port: 40575 } }
I20260709 13:14:11.148869  7127 tablet_service.cc:1917] Received RequestConsensusVote() RPC: tablet_id: "2f447f213dbb43f8a26ab7254ea2d2ca" candidate_uuid: "780d61c5f5894a9db6bdde015811ac09" candidate_term: 1 candidate_status { last_received { term: 0 index: 0 } } ignore_live_leader: false dest_uuid: "309e6b7dc5704a3fa1c19e294da91562"
I20260709 13:14:11.149684  7127 raft_consensus.cc:3060] T 2f447f213dbb43f8a26ab7254ea2d2ca P 309e6b7dc5704a3fa1c19e294da91562 [term 0 FOLLOWER]: Advancing to term 1
I20260709 13:14:11.123805  7016 leader_election.cc:304] T b42690e7528648ee80ca9acef9d00718 P 193dd6c24e454f069d994347b23f43fb [CANDIDATE]: Term 1 pre-election: Election decided. Result: candidate won. Election summary: received 2 responses out of 3 voters: 2 yes votes; 0 no votes. yes voters: 193dd6c24e454f069d994347b23f43fb, 309e6b7dc5704a3fa1c19e294da91562; no voters: 
I20260709 13:14:11.173707  7314 raft_consensus.cc:515] T b42690e7528648ee80ca9acef9d00718 P 780d61c5f5894a9db6bdde015811ac09 [term 1 FOLLOWER]: Starting leader election with config: opid_index: -1 OBSOLETE_local: false peers { permanent_uuid: "780d61c5f5894a9db6bdde015811ac09" member_type: VOTER last_known_addr { host: "127.5.185.65" port: 42625 } } peers { permanent_uuid: "193dd6c24e454f069d994347b23f43fb" member_type: VOTER last_known_addr { host: "127.5.185.66" port: 36025 } } peers { permanent_uuid: "309e6b7dc5704a3fa1c19e294da91562" member_type: VOTER last_known_addr { host: "127.5.185.67" port: 40575 } }
I20260709 13:14:11.174504  7168 tablet_bootstrap.cc:492] T 014f4c51c1ae49aab2413d6c2a2a1845 P 309e6b7dc5704a3fa1c19e294da91562: No bootstrap required, opened a new log
I20260709 13:14:11.174993  7168 ts_tablet_manager.cc:1403] T 014f4c51c1ae49aab2413d6c2a2a1845 P 309e6b7dc5704a3fa1c19e294da91562: Time spent bootstrapping tablet: real 0.146s	user 0.008s	sys 0.028s
I20260709 13:14:11.164708  7304 raft_consensus.cc:2804] T b42690e7528648ee80ca9acef9d00718 P 193dd6c24e454f069d994347b23f43fb [term 0 FOLLOWER]: Leader pre-election won for term 1
I20260709 13:14:11.184332  7304 raft_consensus.cc:493] T b42690e7528648ee80ca9acef9d00718 P 193dd6c24e454f069d994347b23f43fb [term 0 FOLLOWER]: Starting leader election (no leader contacted us within the election timeout)
I20260709 13:14:11.184724  7304 raft_consensus.cc:3060] T b42690e7528648ee80ca9acef9d00718 P 193dd6c24e454f069d994347b23f43fb [term 0 FOLLOWER]: Advancing to term 1
I20260709 13:14:11.176497  7314 leader_election.cc:290] T b42690e7528648ee80ca9acef9d00718 P 780d61c5f5894a9db6bdde015811ac09 [CANDIDATE]: Term 1 election: Requested vote from peers 193dd6c24e454f069d994347b23f43fb (127.5.185.66:36025), 309e6b7dc5704a3fa1c19e294da91562 (127.5.185.67:40575)
I20260709 13:14:11.176535  7257 raft_consensus.cc:493] T 2f447f213dbb43f8a26ab7254ea2d2ca P 193dd6c24e454f069d994347b23f43fb [term 0 FOLLOWER]: Starting pre-election (no leader contacted us within the election timeout)
W20260709 13:14:11.162042  7016 outbound_call.cc:321] RPC callback for RPC call kudu.consensus.ConsensusService.RequestConsensusVote -> {remote=127.5.185.67:40575, user_credentials={real_user=slave}} blocked reactor thread for 47307.1us
I20260709 13:14:11.177907  7123 tablet_service.cc:1917] Received RequestConsensusVote() RPC: tablet_id: "b42690e7528648ee80ca9acef9d00718" candidate_uuid: "780d61c5f5894a9db6bdde015811ac09" candidate_term: 1 candidate_status { last_received { term: 0 index: 0 } } ignore_live_leader: false dest_uuid: "309e6b7dc5704a3fa1c19e294da91562"
I20260709 13:14:11.181608  6974 tablet_service.cc:1917] Received RequestConsensusVote() RPC: tablet_id: "ee5df37b5e254f508d5342cc741ad65b" candidate_uuid: "309e6b7dc5704a3fa1c19e294da91562" candidate_term: 1 candidate_status { last_received { term: 0 index: 0 } } ignore_live_leader: false dest_uuid: "780d61c5f5894a9db6bdde015811ac09" is_pre_election: true
I20260709 13:14:11.178416  7168 raft_consensus.cc:359] T 014f4c51c1ae49aab2413d6c2a2a1845 P 309e6b7dc5704a3fa1c19e294da91562 [term 0 FOLLOWER]: Replica starting. Triggering 0 pending ops. Active config: opid_index: -1 OBSOLETE_local: false peers { permanent_uuid: "780d61c5f5894a9db6bdde015811ac09" member_type: VOTER last_known_addr { host: "127.5.185.65" port: 42625 } } peers { permanent_uuid: "193dd6c24e454f069d994347b23f43fb" member_type: VOTER last_known_addr { host: "127.5.185.66" port: 36025 } } peers { permanent_uuid: "309e6b7dc5704a3fa1c19e294da91562" member_type: VOTER last_known_addr { host: "127.5.185.67" port: 40575 } }
I20260709 13:14:11.216826  7168 raft_consensus.cc:385] T 014f4c51c1ae49aab2413d6c2a2a1845 P 309e6b7dc5704a3fa1c19e294da91562 [term 0 FOLLOWER]: Consensus starting up: Expiring failure detector timer to make a prompt election more likely
I20260709 13:14:11.183015  6977 tablet_service.cc:1917] Received RequestConsensusVote() RPC: tablet_id: "48686bfca2ca4f07bd3b4b471df96ef1" candidate_uuid: "309e6b7dc5704a3fa1c19e294da91562" candidate_term: 2 candidate_status { last_received { term: 0 index: 0 } } ignore_live_leader: false dest_uuid: "780d61c5f5894a9db6bdde015811ac09"
I20260709 13:14:11.217165  7168 raft_consensus.cc:740] T 014f4c51c1ae49aab2413d6c2a2a1845 P 309e6b7dc5704a3fa1c19e294da91562 [term 0 FOLLOWER]: Becoming Follower/Learner. State: Replica: 309e6b7dc5704a3fa1c19e294da91562, State: Initialized, Role: FOLLOWER
I20260709 13:14:11.223357  7167 tablet_bootstrap.cc:654] T 014f4c51c1ae49aab2413d6c2a2a1845 P 780d61c5f5894a9db6bdde015811ac09: Neither blocks nor log segments found. Creating new log.
I20260709 13:14:11.222465  7168 consensus_queue.cc:260] T 014f4c51c1ae49aab2413d6c2a2a1845 P 309e6b7dc5704a3fa1c19e294da91562 [NON_LEADER]: Queue going to NON_LEADER mode. State: All replicated index: 0, Majority replicated index: 0, Committed index: 0, Last appended: 0.0, Last appended by leader: 0, Current term: 0, Majority size: -1, State: 0, Mode: NON_LEADER, active raft config: opid_index: -1 OBSOLETE_local: false peers { permanent_uuid: "780d61c5f5894a9db6bdde015811ac09" member_type: VOTER last_known_addr { host: "127.5.185.65" port: 42625 } } peers { permanent_uuid: "193dd6c24e454f069d994347b23f43fb" member_type: VOTER last_known_addr { host: "127.5.185.66" port: 36025 } } peers { permanent_uuid: "309e6b7dc5704a3fa1c19e294da91562" member_type: VOTER last_known_addr { host: "127.5.185.67" port: 40575 } }
I20260709 13:14:11.219316  6977 raft_consensus.cc:3060] T 48686bfca2ca4f07bd3b4b471df96ef1 P 780d61c5f5894a9db6bdde015811ac09 [term 1 FOLLOWER]: Advancing to term 2
I20260709 13:14:11.223839  7175 consensus_queue.cc:1048] T ca0d1dd1a81d47d6867bc453ef73630a P 193dd6c24e454f069d994347b23f43fb [LEADER]: Connected to new peer: Peer: permanent_uuid: "309e6b7dc5704a3fa1c19e294da91562" member_type: VOTER last_known_addr { host: "127.5.185.67" port: 40575 }, Status: LMP_MISMATCH, Last received: 0.0, Next index: 1, Last known committed idx: 0, Time since last communication: 0.004s
I20260709 13:14:11.226310  7052 tablet_service.cc:1917] Received RequestConsensusVote() RPC: tablet_id: "2f447f213dbb43f8a26ab7254ea2d2ca" candidate_uuid: "780d61c5f5894a9db6bdde015811ac09" candidate_term: 1 candidate_status { last_received { term: 0 index: 0 } } ignore_live_leader: false dest_uuid: "193dd6c24e454f069d994347b23f43fb"
I20260709 13:14:11.216948  7257 raft_consensus.cc:515] T 2f447f213dbb43f8a26ab7254ea2d2ca P 193dd6c24e454f069d994347b23f43fb [term 0 FOLLOWER]: Starting pre-election with config: opid_index: -1 OBSOLETE_local: false peers { permanent_uuid: "780d61c5f5894a9db6bdde015811ac09" member_type: VOTER last_known_addr { host: "127.5.185.65" port: 42625 } } peers { permanent_uuid: "193dd6c24e454f069d994347b23f43fb" member_type: VOTER last_known_addr { host: "127.5.185.66" port: 36025 } } peers { permanent_uuid: "309e6b7dc5704a3fa1c19e294da91562" member_type: VOTER last_known_addr { host: "127.5.185.67" port: 40575 } }
I20260709 13:14:11.233251  7170 tablet_bootstrap.cc:654] T d1902cbe469345e6b5abe13c180de03a P 193dd6c24e454f069d994347b23f43fb: Neither blocks nor log segments found. Creating new log.
I20260709 13:14:11.233229  7050 tablet_service.cc:1917] Received RequestConsensusVote() RPC: tablet_id: "b42690e7528648ee80ca9acef9d00718" candidate_uuid: "780d61c5f5894a9db6bdde015811ac09" candidate_term: 1 candidate_status { last_received { term: 0 index: 0 } } ignore_live_leader: false dest_uuid: "193dd6c24e454f069d994347b23f43fb"
I20260709 13:14:11.246258  7052 raft_consensus.cc:3060] T 2f447f213dbb43f8a26ab7254ea2d2ca P 193dd6c24e454f069d994347b23f43fb [term 0 FOLLOWER]: Advancing to term 1
I20260709 13:14:11.257462  7168 ts_tablet_manager.cc:1434] T 014f4c51c1ae49aab2413d6c2a2a1845 P 309e6b7dc5704a3fa1c19e294da91562: Time spent starting tablet: real 0.082s	user 0.006s	sys 0.000s
I20260709 13:14:11.267841  7168 tablet_bootstrap.cc:492] T 96f486de02fc469ea28e425231b6ec92 P 309e6b7dc5704a3fa1c19e294da91562: Bootstrap starting.
I20260709 13:14:11.298328  7175 raft_consensus.cc:493] T 6e4caa0f148641179b7235c086db52cc P 193dd6c24e454f069d994347b23f43fb [term 0 FOLLOWER]: Starting pre-election (no leader contacted us within the election timeout)
I20260709 13:14:11.299059  7175 raft_consensus.cc:515] T 6e4caa0f148641179b7235c086db52cc P 193dd6c24e454f069d994347b23f43fb [term 0 FOLLOWER]: Starting pre-election with config: opid_index: -1 OBSOLETE_local: false peers { permanent_uuid: "780d61c5f5894a9db6bdde015811ac09" member_type: VOTER last_known_addr { host: "127.5.185.65" port: 42625 } } peers { permanent_uuid: "193dd6c24e454f069d994347b23f43fb" member_type: VOTER last_known_addr { host: "127.5.185.66" port: 36025 } } peers { permanent_uuid: "309e6b7dc5704a3fa1c19e294da91562" member_type: VOTER last_known_addr { host: "127.5.185.67" port: 40575 } }
W20260709 13:14:11.311594  7330 log.cc:927] Time spent T c44e84d23b3c499b869ae5406611a58f P 780d61c5f5894a9db6bdde015811ac09: Append to log took a long time: real 0.080s	user 0.002s	sys 0.000s
I20260709 13:14:11.315658  7201 raft_consensus.cc:493] T 014f4c51c1ae49aab2413d6c2a2a1845 P 309e6b7dc5704a3fa1c19e294da91562 [term 0 FOLLOWER]: Starting pre-election (no leader contacted us within the election timeout)
I20260709 13:14:11.317061  7201 raft_consensus.cc:515] T 014f4c51c1ae49aab2413d6c2a2a1845 P 309e6b7dc5704a3fa1c19e294da91562 [term 0 FOLLOWER]: Starting pre-election with config: opid_index: -1 OBSOLETE_local: false peers { permanent_uuid: "780d61c5f5894a9db6bdde015811ac09" member_type: VOTER last_known_addr { host: "127.5.185.65" port: 42625 } } peers { permanent_uuid: "193dd6c24e454f069d994347b23f43fb" member_type: VOTER last_known_addr { host: "127.5.185.66" port: 36025 } } peers { permanent_uuid: "309e6b7dc5704a3fa1c19e294da91562" member_type: VOTER last_known_addr { host: "127.5.185.67" port: 40575 } }
I20260709 13:14:11.330232  7253 leader_election.cc:290] T 48686bfca2ca4f07bd3b4b471df96ef1 P 309e6b7dc5704a3fa1c19e294da91562 [CANDIDATE]: Term 2 election: Requested vote from peers 780d61c5f5894a9db6bdde015811ac09 (127.5.185.65:42625), 193dd6c24e454f069d994347b23f43fb (127.5.185.66:36025)
I20260709 13:14:11.333386  7175 leader_election.cc:290] T 6e4caa0f148641179b7235c086db52cc P 193dd6c24e454f069d994347b23f43fb [CANDIDATE]: Term 1 pre-election: Requested pre-vote from peers 780d61c5f5894a9db6bdde015811ac09 (127.5.185.65:42625), 309e6b7dc5704a3fa1c19e294da91562 (127.5.185.67:40575)
I20260709 13:14:11.335316  7312 consensus_queue.cc:1048] T b676fe0438214ae79c847955b7d1a3c6 P 309e6b7dc5704a3fa1c19e294da91562 [LEADER]: Connected to new peer: Peer: permanent_uuid: "780d61c5f5894a9db6bdde015811ac09" member_type: VOTER last_known_addr { host: "127.5.185.65" port: 42625 }, Status: LMP_MISMATCH, Last received: 0.0, Next index: 1, Last known committed idx: 0, Time since last communication: 0.006s
I20260709 13:14:11.341703  7049 tablet_service.cc:1917] Received RequestConsensusVote() RPC: tablet_id: "48686bfca2ca4f07bd3b4b471df96ef1" candidate_uuid: "309e6b7dc5704a3fa1c19e294da91562" candidate_term: 2 candidate_status { last_received { term: 0 index: 0 } } ignore_live_leader: false dest_uuid: "193dd6c24e454f069d994347b23f43fb"
I20260709 13:14:11.342288  7049 raft_consensus.cc:3060] T 48686bfca2ca4f07bd3b4b471df96ef1 P 193dd6c24e454f069d994347b23f43fb [term 1 FOLLOWER]: Advancing to term 2
I20260709 13:14:11.343225  7306 raft_consensus.cc:515] T b42690e7528648ee80ca9acef9d00718 P 309e6b7dc5704a3fa1c19e294da91562 [term 1 FOLLOWER]: Starting leader election with config: opid_index: -1 OBSOLETE_local: false peers { permanent_uuid: "780d61c5f5894a9db6bdde015811ac09" member_type: VOTER last_known_addr { host: "127.5.185.65" port: 42625 } } peers { permanent_uuid: "193dd6c24e454f069d994347b23f43fb" member_type: VOTER last_known_addr { host: "127.5.185.66" port: 36025 } } peers { permanent_uuid: "309e6b7dc5704a3fa1c19e294da91562" member_type: VOTER last_known_addr { host: "127.5.185.67" port: 40575 } }
I20260709 13:14:11.347048  7123 raft_consensus.cc:2393] T b42690e7528648ee80ca9acef9d00718 P 309e6b7dc5704a3fa1c19e294da91562 [term 1 FOLLOWER]: Leader election vote request: Denying vote to candidate 780d61c5f5894a9db6bdde015811ac09 in current term 1: Already voted for candidate 309e6b7dc5704a3fa1c19e294da91562 in this term.
W20260709 13:14:11.356732  7325 log.cc:927] Time spent T 4c05cb2b98074429a4aecbf2aa48970d P 780d61c5f5894a9db6bdde015811ac09: Append to log took a long time: real 0.139s	user 0.000s	sys 0.001s
I20260709 13:14:11.356848  7049 raft_consensus.cc:2468] T 48686bfca2ca4f07bd3b4b471df96ef1 P 193dd6c24e454f069d994347b23f43fb [term 2 FOLLOWER]: Leader election vote request: Granting yes vote for candidate 309e6b7dc5704a3fa1c19e294da91562 in term 2.
I20260709 13:14:11.357180  7053 tablet_service.cc:1917] Received RequestConsensusVote() RPC: tablet_id: "b42690e7528648ee80ca9acef9d00718" candidate_uuid: "309e6b7dc5704a3fa1c19e294da91562" candidate_term: 1 candidate_status { last_received { term: 0 index: 0 } } ignore_live_leader: false dest_uuid: "193dd6c24e454f069d994347b23f43fb"
I20260709 13:14:11.352018  7257 leader_election.cc:290] T 2f447f213dbb43f8a26ab7254ea2d2ca P 193dd6c24e454f069d994347b23f43fb [CANDIDATE]: Term 1 pre-election: Requested pre-vote from peers 780d61c5f5894a9db6bdde015811ac09 (127.5.185.65:42625), 309e6b7dc5704a3fa1c19e294da91562 (127.5.185.67:40575)
I20260709 13:14:11.352595  7316 raft_consensus.cc:493] T 6e4caa0f148641179b7235c086db52cc P 780d61c5f5894a9db6bdde015811ac09 [term 0 FOLLOWER]: Starting pre-election (no leader contacted us within the election timeout)
I20260709 13:14:11.359635  7306 leader_election.cc:290] T b42690e7528648ee80ca9acef9d00718 P 309e6b7dc5704a3fa1c19e294da91562 [CANDIDATE]: Term 1 election: Requested vote from peers 780d61c5f5894a9db6bdde015811ac09 (127.5.185.65:42625), 193dd6c24e454f069d994347b23f43fb (127.5.185.66:36025)
I20260709 13:14:11.361065  7316 raft_consensus.cc:515] T 6e4caa0f148641179b7235c086db52cc P 780d61c5f5894a9db6bdde015811ac09 [term 0 FOLLOWER]: Starting pre-election with config: opid_index: -1 OBSOLETE_local: false peers { permanent_uuid: "780d61c5f5894a9db6bdde015811ac09" member_type: VOTER last_known_addr { host: "127.5.185.65" port: 42625 } } peers { permanent_uuid: "193dd6c24e454f069d994347b23f43fb" member_type: VOTER last_known_addr { host: "127.5.185.66" port: 36025 } } peers { permanent_uuid: "309e6b7dc5704a3fa1c19e294da91562" member_type: VOTER last_known_addr { host: "127.5.185.67" port: 40575 } }
I20260709 13:14:11.358407  7091 leader_election.cc:304] T 48686bfca2ca4f07bd3b4b471df96ef1 P 309e6b7dc5704a3fa1c19e294da91562 [CANDIDATE]: Term 2 election: Election decided. Result: candidate won. Election summary: received 2 responses out of 3 voters: 2 yes votes; 0 no votes. yes voters: 193dd6c24e454f069d994347b23f43fb, 309e6b7dc5704a3fa1c19e294da91562; no voters: 
W20260709 13:14:11.366040  7090 leader_election.cc:343] T ee5df37b5e254f508d5342cc741ad65b P 309e6b7dc5704a3fa1c19e294da91562 [CANDIDATE]: Term 1 pre-election: Tablet error from VoteRequest() call to peer 780d61c5f5894a9db6bdde015811ac09 (127.5.185.65:42625): Illegal state: must be running to vote when last-logged opid is not known
I20260709 13:14:11.368479  6975 tablet_service.cc:1917] Received RequestConsensusVote() RPC: tablet_id: "014f4c51c1ae49aab2413d6c2a2a1845" candidate_uuid: "309e6b7dc5704a3fa1c19e294da91562" candidate_term: 1 candidate_status { last_received { term: 0 index: 0 } } ignore_live_leader: false dest_uuid: "780d61c5f5894a9db6bdde015811ac09" is_pre_election: true
I20260709 13:14:11.369122  7201 leader_election.cc:290] T 014f4c51c1ae49aab2413d6c2a2a1845 P 309e6b7dc5704a3fa1c19e294da91562 [CANDIDATE]: Term 1 pre-election: Requested pre-vote from peers 780d61c5f5894a9db6bdde015811ac09 (127.5.185.65:42625), 193dd6c24e454f069d994347b23f43fb (127.5.185.66:36025)
I20260709 13:14:11.369642  7201 raft_consensus.cc:2804] T 48686bfca2ca4f07bd3b4b471df96ef1 P 309e6b7dc5704a3fa1c19e294da91562 [term 2 FOLLOWER]: Leader election won for term 2
I20260709 13:14:11.370064  7201 raft_consensus.cc:697] T 48686bfca2ca4f07bd3b4b471df96ef1 P 309e6b7dc5704a3fa1c19e294da91562 [term 2 LEADER]: Becoming Leader. State: Replica: 309e6b7dc5704a3fa1c19e294da91562, State: Running, Role: LEADER
I20260709 13:14:11.370584  6974 tablet_service.cc:1917] Received RequestConsensusVote() RPC: tablet_id: "b42690e7528648ee80ca9acef9d00718" candidate_uuid: "309e6b7dc5704a3fa1c19e294da91562" candidate_term: 1 candidate_status { last_received { term: 0 index: 0 } } ignore_live_leader: false dest_uuid: "780d61c5f5894a9db6bdde015811ac09"
I20260709 13:14:11.371336  6974 raft_consensus.cc:2393] T b42690e7528648ee80ca9acef9d00718 P 780d61c5f5894a9db6bdde015811ac09 [term 1 FOLLOWER]: Leader election vote request: Denying vote to candidate 309e6b7dc5704a3fa1c19e294da91562 in current term 1: Already voted for candidate 780d61c5f5894a9db6bdde015811ac09 in this term.
I20260709 13:14:11.366472  7090 leader_election.cc:304] T ee5df37b5e254f508d5342cc741ad65b P 309e6b7dc5704a3fa1c19e294da91562 [CANDIDATE]: Term 1 pre-election: Election decided. Result: candidate lost. Election summary: received 3 responses out of 3 voters: 1 yes votes; 2 no votes. yes voters: 309e6b7dc5704a3fa1c19e294da91562; no voters: 193dd6c24e454f069d994347b23f43fb, 780d61c5f5894a9db6bdde015811ac09
I20260709 13:14:11.370872  7201 consensus_queue.cc:237] T 48686bfca2ca4f07bd3b4b471df96ef1 P 309e6b7dc5704a3fa1c19e294da91562 [LEADER]: Queue going to LEADER mode. State: All replicated index: 0, Majority replicated index: 0, Committed index: 0, Last appended: 0.0, Last appended by leader: 0, Current term: 2, Majority size: 2, State: 0, Mode: LEADER, active raft config: opid_index: -1 OBSOLETE_local: false peers { permanent_uuid: "780d61c5f5894a9db6bdde015811ac09" member_type: VOTER last_known_addr { host: "127.5.185.65" port: 42625 } } peers { permanent_uuid: "193dd6c24e454f069d994347b23f43fb" member_type: VOTER last_known_addr { host: "127.5.185.66" port: 36025 } } peers { permanent_uuid: "309e6b7dc5704a3fa1c19e294da91562" member_type: VOTER last_known_addr { host: "127.5.185.67" port: 40575 } }
I20260709 13:14:11.375928  7316 leader_election.cc:290] T 6e4caa0f148641179b7235c086db52cc P 780d61c5f5894a9db6bdde015811ac09 [CANDIDATE]: Term 1 pre-election: Requested pre-vote from peers 193dd6c24e454f069d994347b23f43fb (127.5.185.66:36025), 309e6b7dc5704a3fa1c19e294da91562 (127.5.185.67:40575)
I20260709 13:14:11.380187  7304 raft_consensus.cc:515] T b42690e7528648ee80ca9acef9d00718 P 193dd6c24e454f069d994347b23f43fb [term 1 FOLLOWER]: Starting leader election with config: opid_index: -1 OBSOLETE_local: false peers { permanent_uuid: "780d61c5f5894a9db6bdde015811ac09" member_type: VOTER last_known_addr { host: "127.5.185.65" port: 42625 } } peers { permanent_uuid: "193dd6c24e454f069d994347b23f43fb" member_type: VOTER last_known_addr { host: "127.5.185.66" port: 36025 } } peers { permanent_uuid: "309e6b7dc5704a3fa1c19e294da91562" member_type: VOTER last_known_addr { host: "127.5.185.67" port: 40575 } }
I20260709 13:14:11.382246  7304 leader_election.cc:290] T b42690e7528648ee80ca9acef9d00718 P 193dd6c24e454f069d994347b23f43fb [CANDIDATE]: Term 1 election: Requested vote from peers 780d61c5f5894a9db6bdde015811ac09 (127.5.185.65:42625), 309e6b7dc5704a3fa1c19e294da91562 (127.5.185.67:40575)
W20260709 13:14:11.383332  7090 leader_election.cc:343] T 014f4c51c1ae49aab2413d6c2a2a1845 P 309e6b7dc5704a3fa1c19e294da91562 [CANDIDATE]: Term 1 pre-election: Tablet error from VoteRequest() call to peer 780d61c5f5894a9db6bdde015811ac09 (127.5.185.65:42625): Illegal state: must be running to vote when last-logged opid is not known
I20260709 13:14:11.383412  7123 tablet_service.cc:1917] Received RequestConsensusVote() RPC: tablet_id: "6e4caa0f148641179b7235c086db52cc" candidate_uuid: "780d61c5f5894a9db6bdde015811ac09" candidate_term: 1 candidate_status { last_received { term: 0 index: 0 } } ignore_live_leader: false dest_uuid: "309e6b7dc5704a3fa1c19e294da91562" is_pre_election: true
I20260709 13:14:11.384104  7090 leader_election.cc:304] T b42690e7528648ee80ca9acef9d00718 P 309e6b7dc5704a3fa1c19e294da91562 [CANDIDATE]: Term 1 election: Election decided. Result: candidate lost. Election summary: received 3 responses out of 3 voters: 1 yes votes; 2 no votes. yes voters: 309e6b7dc5704a3fa1c19e294da91562; no voters: 193dd6c24e454f069d994347b23f43fb, 780d61c5f5894a9db6bdde015811ac09
I20260709 13:14:11.384860  7253 raft_consensus.cc:2749] T ee5df37b5e254f508d5342cc741ad65b P 309e6b7dc5704a3fa1c19e294da91562 [term 0 FOLLOWER]: Leader pre-election lost for term 1. Reason: could not achieve majority
W20260709 13:14:11.385393  6941 leader_election.cc:343] T 6e4caa0f148641179b7235c086db52cc P 780d61c5f5894a9db6bdde015811ac09 [CANDIDATE]: Term 1 pre-election: Tablet error from VoteRequest() call to peer 309e6b7dc5704a3fa1c19e294da91562 (127.5.185.67:40575): Illegal state: must be running to vote when last-logged opid is not known
I20260709 13:14:11.385512  7253 raft_consensus.cc:2749] T b42690e7528648ee80ca9acef9d00718 P 309e6b7dc5704a3fa1c19e294da91562 [term 1 FOLLOWER]: Leader election lost for term 1. Reason: could not achieve majority
I20260709 13:14:11.385919  7049 tablet_service.cc:1917] Received RequestConsensusVote() RPC: tablet_id: "014f4c51c1ae49aab2413d6c2a2a1845" candidate_uuid: "309e6b7dc5704a3fa1c19e294da91562" candidate_term: 1 candidate_status { last_received { term: 0 index: 0 } } ignore_live_leader: false dest_uuid: "193dd6c24e454f069d994347b23f43fb" is_pre_election: true
I20260709 13:14:11.388337  7127 raft_consensus.cc:2468] T 2f447f213dbb43f8a26ab7254ea2d2ca P 309e6b7dc5704a3fa1c19e294da91562 [term 1 FOLLOWER]: Leader election vote request: Granting yes vote for candidate 780d61c5f5894a9db6bdde015811ac09 in term 1.
I20260709 13:14:11.388700  7050 raft_consensus.cc:2393] T b42690e7528648ee80ca9acef9d00718 P 193dd6c24e454f069d994347b23f43fb [term 1 FOLLOWER]: Leader election vote request: Denying vote to candidate 780d61c5f5894a9db6bdde015811ac09 in current term 1: Already voted for candidate 193dd6c24e454f069d994347b23f43fb in this term.
I20260709 13:14:11.388856  7052 raft_consensus.cc:2468] T 2f447f213dbb43f8a26ab7254ea2d2ca P 193dd6c24e454f069d994347b23f43fb [term 1 FOLLOWER]: Leader election vote request: Granting yes vote for candidate 780d61c5f5894a9db6bdde015811ac09 in term 1.
W20260709 13:14:11.391047  7091 leader_election.cc:343] T 014f4c51c1ae49aab2413d6c2a2a1845 P 309e6b7dc5704a3fa1c19e294da91562 [CANDIDATE]: Term 1 pre-election: Tablet error from VoteRequest() call to peer 193dd6c24e454f069d994347b23f43fb (127.5.185.66:36025): Illegal state: must be running to vote when last-logged opid is not known
I20260709 13:14:11.391387  6942 leader_election.cc:304] T b42690e7528648ee80ca9acef9d00718 P 780d61c5f5894a9db6bdde015811ac09 [CANDIDATE]: Term 1 election: Election decided. Result: candidate lost. Election summary: received 3 responses out of 3 voters: 1 yes votes; 2 no votes. yes voters: 780d61c5f5894a9db6bdde015811ac09; no voters: 193dd6c24e454f069d994347b23f43fb, 309e6b7dc5704a3fa1c19e294da91562
I20260709 13:14:11.391477  7091 leader_election.cc:304] T 014f4c51c1ae49aab2413d6c2a2a1845 P 309e6b7dc5704a3fa1c19e294da91562 [CANDIDATE]: Term 1 pre-election: Election decided. Result: candidate lost. Election summary: received 3 responses out of 3 voters: 1 yes votes; 2 no votes. yes voters: 309e6b7dc5704a3fa1c19e294da91562; no voters: 193dd6c24e454f069d994347b23f43fb, 780d61c5f5894a9db6bdde015811ac09
I20260709 13:14:11.392190  7172 raft_consensus.cc:2749] T b42690e7528648ee80ca9acef9d00718 P 780d61c5f5894a9db6bdde015811ac09 [term 1 FOLLOWER]: Leader election lost for term 1. Reason: could not achieve majority
I20260709 13:14:11.392302  7253 raft_consensus.cc:2749] T 014f4c51c1ae49aab2413d6c2a2a1845 P 309e6b7dc5704a3fa1c19e294da91562 [term 0 FOLLOWER]: Leader pre-election lost for term 1. Reason: could not achieve majority
I20260709 13:14:11.392617  6942 leader_election.cc:304] T 2f447f213dbb43f8a26ab7254ea2d2ca P 780d61c5f5894a9db6bdde015811ac09 [CANDIDATE]: Term 1 election: Election decided. Result: candidate won. Election summary: received 2 responses out of 3 voters: 2 yes votes; 0 no votes. yes voters: 193dd6c24e454f069d994347b23f43fb, 780d61c5f5894a9db6bdde015811ac09; no voters: 
I20260709 13:14:11.393415  7172 raft_consensus.cc:2804] T 2f447f213dbb43f8a26ab7254ea2d2ca P 780d61c5f5894a9db6bdde015811ac09 [term 1 FOLLOWER]: Leader election won for term 1
I20260709 13:14:11.393859  7172 raft_consensus.cc:697] T 2f447f213dbb43f8a26ab7254ea2d2ca P 780d61c5f5894a9db6bdde015811ac09 [term 1 LEADER]: Becoming Leader. State: Replica: 780d61c5f5894a9db6bdde015811ac09, State: Running, Role: LEADER
I20260709 13:14:11.394677  7172 consensus_queue.cc:237] T 2f447f213dbb43f8a26ab7254ea2d2ca P 780d61c5f5894a9db6bdde015811ac09 [LEADER]: Queue going to LEADER mode. State: All replicated index: 0, Majority replicated index: 0, Committed index: 0, Last appended: 0.0, Last appended by leader: 0, Current term: 1, Majority size: 2, State: 0, Mode: LEADER, active raft config: opid_index: -1 OBSOLETE_local: false peers { permanent_uuid: "780d61c5f5894a9db6bdde015811ac09" member_type: VOTER last_known_addr { host: "127.5.185.65" port: 42625 } } peers { permanent_uuid: "193dd6c24e454f069d994347b23f43fb" member_type: VOTER last_known_addr { host: "127.5.185.66" port: 36025 } } peers { permanent_uuid: "309e6b7dc5704a3fa1c19e294da91562" member_type: VOTER last_known_addr { host: "127.5.185.67" port: 40575 } }
I20260709 13:14:11.395848  7123 tablet_service.cc:1917] Received RequestConsensusVote() RPC: tablet_id: "6e4caa0f148641179b7235c086db52cc" candidate_uuid: "193dd6c24e454f069d994347b23f43fb" candidate_term: 1 candidate_status { last_received { term: 0 index: 0 } } ignore_live_leader: false dest_uuid: "309e6b7dc5704a3fa1c19e294da91562" is_pre_election: true
I20260709 13:14:11.396544  7125 tablet_service.cc:1917] Received RequestConsensusVote() RPC: tablet_id: "2f447f213dbb43f8a26ab7254ea2d2ca" candidate_uuid: "193dd6c24e454f069d994347b23f43fb" candidate_term: 1 candidate_status { last_received { term: 0 index: 0 } } ignore_live_leader: false dest_uuid: "309e6b7dc5704a3fa1c19e294da91562" is_pre_election: true
I20260709 13:14:11.396762  6978 tablet_service.cc:1917] Received RequestConsensusVote() RPC: tablet_id: "6e4caa0f148641179b7235c086db52cc" candidate_uuid: "193dd6c24e454f069d994347b23f43fb" candidate_term: 1 candidate_status { last_received { term: 0 index: 0 } } ignore_live_leader: false dest_uuid: "780d61c5f5894a9db6bdde015811ac09" is_pre_election: true
I20260709 13:14:11.397053  6975 tablet_service.cc:1917] Received RequestConsensusVote() RPC: tablet_id: "2f447f213dbb43f8a26ab7254ea2d2ca" candidate_uuid: "193dd6c24e454f069d994347b23f43fb" candidate_term: 1 candidate_status { last_received { term: 0 index: 0 } } ignore_live_leader: false dest_uuid: "780d61c5f5894a9db6bdde015811ac09" is_pre_election: true
I20260709 13:14:11.397264  7125 raft_consensus.cc:2393] T 2f447f213dbb43f8a26ab7254ea2d2ca P 309e6b7dc5704a3fa1c19e294da91562 [term 1 FOLLOWER]: Leader pre-election vote request: Denying vote to candidate 193dd6c24e454f069d994347b23f43fb in current term 1: Already voted for candidate 780d61c5f5894a9db6bdde015811ac09 in this term.
I20260709 13:14:11.397321  6978 raft_consensus.cc:2468] T 6e4caa0f148641179b7235c086db52cc P 780d61c5f5894a9db6bdde015811ac09 [term 0 FOLLOWER]: Leader pre-election vote request: Granting yes vote for candidate 193dd6c24e454f069d994347b23f43fb in term 0.
I20260709 13:14:11.391067  7053 tablet_service.cc:1917] Received RequestConsensusVote() RPC: tablet_id: "6e4caa0f148641179b7235c086db52cc" candidate_uuid: "780d61c5f5894a9db6bdde015811ac09" candidate_term: 1 candidate_status { last_received { term: 0 index: 0 } } ignore_live_leader: false dest_uuid: "193dd6c24e454f069d994347b23f43fb" is_pre_election: true
I20260709 13:14:11.400889  7053 raft_consensus.cc:2468] T 6e4caa0f148641179b7235c086db52cc P 193dd6c24e454f069d994347b23f43fb [term 0 FOLLOWER]: Leader pre-election vote request: Granting yes vote for candidate 780d61c5f5894a9db6bdde015811ac09 in term 0.
I20260709 13:14:11.400974  7125 tablet_service.cc:1917] Received RequestConsensusVote() RPC: tablet_id: "b42690e7528648ee80ca9acef9d00718" candidate_uuid: "193dd6c24e454f069d994347b23f43fb" candidate_term: 1 candidate_status { last_received { term: 0 index: 0 } } ignore_live_leader: false dest_uuid: "309e6b7dc5704a3fa1c19e294da91562"
I20260709 13:14:11.401712  7125 raft_consensus.cc:2393] T b42690e7528648ee80ca9acef9d00718 P 309e6b7dc5704a3fa1c19e294da91562 [term 1 FOLLOWER]: Leader election vote request: Denying vote to candidate 193dd6c24e454f069d994347b23f43fb in current term 1: Already voted for candidate 309e6b7dc5704a3fa1c19e294da91562 in this term.
I20260709 13:14:11.403540  6978 tablet_service.cc:1917] Received RequestConsensusVote() RPC: tablet_id: "b42690e7528648ee80ca9acef9d00718" candidate_uuid: "193dd6c24e454f069d994347b23f43fb" candidate_term: 1 candidate_status { last_received { term: 0 index: 0 } } ignore_live_leader: false dest_uuid: "780d61c5f5894a9db6bdde015811ac09"
I20260709 13:14:11.404381  6978 raft_consensus.cc:2393] T b42690e7528648ee80ca9acef9d00718 P 780d61c5f5894a9db6bdde015811ac09 [term 1 FOLLOWER]: Leader election vote request: Denying vote to candidate 193dd6c24e454f069d994347b23f43fb in current term 1: Already voted for candidate 780d61c5f5894a9db6bdde015811ac09 in this term.
I20260709 13:14:11.418085  7199 raft_consensus.cc:493] T 96f486de02fc469ea28e425231b6ec92 P 780d61c5f5894a9db6bdde015811ac09 [term 0 FOLLOWER]: Starting pre-election (no leader contacted us within the election timeout)
I20260709 13:14:11.431293  7168 tablet_bootstrap.cc:654] T 96f486de02fc469ea28e425231b6ec92 P 309e6b7dc5704a3fa1c19e294da91562: Neither blocks nor log segments found. Creating new log.
I20260709 13:14:11.432416  7167 tablet_bootstrap.cc:492] T 014f4c51c1ae49aab2413d6c2a2a1845 P 780d61c5f5894a9db6bdde015811ac09: No bootstrap required, opened a new log
I20260709 13:14:11.432741  7167 ts_tablet_manager.cc:1403] T 014f4c51c1ae49aab2413d6c2a2a1845 P 780d61c5f5894a9db6bdde015811ac09: Time spent bootstrapping tablet: real 0.307s	user 0.023s	sys 0.017s
I20260709 13:14:11.425448  7199 raft_consensus.cc:515] T 96f486de02fc469ea28e425231b6ec92 P 780d61c5f5894a9db6bdde015811ac09 [term 0 FOLLOWER]: Starting pre-election with config: opid_index: -1 OBSOLETE_local: false peers { permanent_uuid: "780d61c5f5894a9db6bdde015811ac09" member_type: VOTER last_known_addr { host: "127.5.185.65" port: 42625 } } peers { permanent_uuid: "193dd6c24e454f069d994347b23f43fb" member_type: VOTER last_known_addr { host: "127.5.185.66" port: 36025 } } peers { permanent_uuid: "309e6b7dc5704a3fa1c19e294da91562" member_type: VOTER last_known_addr { host: "127.5.185.67" port: 40575 } }
I20260709 13:14:11.435412  6942 leader_election.cc:304] T 6e4caa0f148641179b7235c086db52cc P 780d61c5f5894a9db6bdde015811ac09 [CANDIDATE]: Term 1 pre-election: Election decided. Result: candidate won. Election summary: received 3 responses out of 3 voters: 2 yes votes; 1 no votes. yes voters: 193dd6c24e454f069d994347b23f43fb, 780d61c5f5894a9db6bdde015811ac09; no voters: 309e6b7dc5704a3fa1c19e294da91562
I20260709 13:14:11.440375  7199 leader_election.cc:290] T 96f486de02fc469ea28e425231b6ec92 P 780d61c5f5894a9db6bdde015811ac09 [CANDIDATE]: Term 1 pre-election: Requested pre-vote from peers 193dd6c24e454f069d994347b23f43fb (127.5.185.66:36025), 309e6b7dc5704a3fa1c19e294da91562 (127.5.185.67:40575)
I20260709 13:14:11.444516  7125 tablet_service.cc:1917] Received RequestConsensusVote() RPC: tablet_id: "96f486de02fc469ea28e425231b6ec92" candidate_uuid: "780d61c5f5894a9db6bdde015811ac09" candidate_term: 1 candidate_status { last_received { term: 0 index: 0 } } ignore_live_leader: false dest_uuid: "309e6b7dc5704a3fa1c19e294da91562" is_pre_election: true
I20260709 13:14:11.446164  7170 tablet_bootstrap.cc:492] T d1902cbe469345e6b5abe13c180de03a P 193dd6c24e454f069d994347b23f43fb: No bootstrap required, opened a new log
I20260709 13:14:11.446643  7170 ts_tablet_manager.cc:1403] T d1902cbe469345e6b5abe13c180de03a P 193dd6c24e454f069d994347b23f43fb: Time spent bootstrapping tablet: real 0.336s	user 0.015s	sys 0.014s
I20260709 13:14:11.442128  7167 raft_consensus.cc:359] T 014f4c51c1ae49aab2413d6c2a2a1845 P 780d61c5f5894a9db6bdde015811ac09 [term 0 FOLLOWER]: Replica starting. Triggering 0 pending ops. Active config: opid_index: -1 OBSOLETE_local: false peers { permanent_uuid: "780d61c5f5894a9db6bdde015811ac09" member_type: VOTER last_known_addr { host: "127.5.185.65" port: 42625 } } peers { permanent_uuid: "193dd6c24e454f069d994347b23f43fb" member_type: VOTER last_known_addr { host: "127.5.185.66" port: 36025 } } peers { permanent_uuid: "309e6b7dc5704a3fa1c19e294da91562" member_type: VOTER last_known_addr { host: "127.5.185.67" port: 40575 } }
I20260709 13:14:11.447597  7167 raft_consensus.cc:385] T 014f4c51c1ae49aab2413d6c2a2a1845 P 780d61c5f5894a9db6bdde015811ac09 [term 0 FOLLOWER]: Consensus starting up: Expiring failure detector timer to make a prompt election more likely
I20260709 13:14:11.447849  7167 raft_consensus.cc:740] T 014f4c51c1ae49aab2413d6c2a2a1845 P 780d61c5f5894a9db6bdde015811ac09 [term 0 FOLLOWER]: Becoming Follower/Learner. State: Replica: 780d61c5f5894a9db6bdde015811ac09, State: Initialized, Role: FOLLOWER
I20260709 13:14:11.448415  7167 consensus_queue.cc:260] T 014f4c51c1ae49aab2413d6c2a2a1845 P 780d61c5f5894a9db6bdde015811ac09 [NON_LEADER]: Queue going to NON_LEADER mode. State: All replicated index: 0, Majority replicated index: 0, Committed index: 0, Last appended: 0.0, Last appended by leader: 0, Current term: 0, Majority size: -1, State: 0, Mode: NON_LEADER, active raft config: opid_index: -1 OBSOLETE_local: false peers { permanent_uuid: "780d61c5f5894a9db6bdde015811ac09" member_type: VOTER last_known_addr { host: "127.5.185.65" port: 42625 } } peers { permanent_uuid: "193dd6c24e454f069d994347b23f43fb" member_type: VOTER last_known_addr { host: "127.5.185.66" port: 36025 } } peers { permanent_uuid: "309e6b7dc5704a3fa1c19e294da91562" member_type: VOTER last_known_addr { host: "127.5.185.67" port: 40575 } }
W20260709 13:14:11.449882  6941 leader_election.cc:343] T 96f486de02fc469ea28e425231b6ec92 P 780d61c5f5894a9db6bdde015811ac09 [CANDIDATE]: Term 1 pre-election: Tablet error from VoteRequest() call to peer 309e6b7dc5704a3fa1c19e294da91562 (127.5.185.67:40575): Illegal state: must be running to vote when last-logged opid is not known
