I20260709 13:14:02.497229  9074 consensus_queue.cc:260] T f7fbfa40c1014057a4b8fb5ba0822eb0 P e50f446df70a4c59b5a72fe850374c7b [NON_LEADER]: Queue going to NON_LEADER mode. State: All replicated index: 0, Majority replicated index: 4, Committed index: 4, Last appended: 4.4, Last appended by leader: 4, Current term: 4, Majority size: -1, State: 0, Mode: NON_LEADER, active raft config: opid_index: -1 OBSOLETE_local: false peers { permanent_uuid: "e50f446df70a4c59b5a72fe850374c7b" member_type: VOTER last_known_addr { host: "127.8.68.1" port: 37009 } } peers { permanent_uuid: "eb7ada77bfbd4d97b0ffd647deaa4af7" member_type: VOTER last_known_addr { host: "127.8.68.2" port: 35761 } } peers { permanent_uuid: "db34d34e30aa46329e572d947e109c64" member_type: VOTER last_known_addr { host: "127.8.68.3" port: 36079 } }
I20260709 13:14:02.497571  9154 tablet_service.cc:1917] Received RequestConsensusVote() RPC: tablet_id: "ea800a43ab7d4eee873538bf9ce562fd" candidate_uuid: "db34d34e30aa46329e572d947e109c64" candidate_term: 3 candidate_status { last_received { term: 2 index: 2 } } ignore_live_leader: true dest_uuid: "eb7ada77bfbd4d97b0ffd647deaa4af7"
I20260709 13:14:02.498163  9154 raft_consensus.cc:3060] T ea800a43ab7d4eee873538bf9ce562fd P eb7ada77bfbd4d97b0ffd647deaa4af7 [term 2 FOLLOWER]: Advancing to term 3
I20260709 13:14:02.497961  9076 tablet_service.cc:1917] Received RequestConsensusVote() RPC: tablet_id: "ea800a43ab7d4eee873538bf9ce562fd" candidate_uuid: "db34d34e30aa46329e572d947e109c64" candidate_term: 3 candidate_status { last_received { term: 2 index: 2 } } ignore_live_leader: true dest_uuid: "e50f446df70a4c59b5a72fe850374c7b"
I20260709 13:14:02.498375  9074 raft_consensus.cc:3060] T f7fbfa40c1014057a4b8fb5ba0822eb0 P e50f446df70a4c59b5a72fe850374c7b [term 4 FOLLOWER]: Advancing to term 5
I20260709 13:14:02.498894  9076 raft_consensus.cc:3055] T ea800a43ab7d4eee873538bf9ce562fd P e50f446df70a4c59b5a72fe850374c7b [term 2 LEADER]: Stepping down as leader of term 2
I20260709 13:14:02.499363  9076 raft_consensus.cc:740] T ea800a43ab7d4eee873538bf9ce562fd P e50f446df70a4c59b5a72fe850374c7b [term 2 LEADER]: Becoming Follower/Learner. State: Replica: e50f446df70a4c59b5a72fe850374c7b, State: Running, Role: LEADER
I20260709 13:14:02.500380  9076 consensus_queue.cc:260] T ea800a43ab7d4eee873538bf9ce562fd P e50f446df70a4c59b5a72fe850374c7b [NON_LEADER]: Queue going to NON_LEADER mode. State: All replicated index: 0, Majority replicated index: 2, Committed index: 2, Last appended: 2.2, Last appended by leader: 2, Current term: 2, Majority size: -1, State: 0, Mode: NON_LEADER, active raft config: opid_index: -1 OBSOLETE_local: false peers { permanent_uuid: "e50f446df70a4c59b5a72fe850374c7b" member_type: VOTER last_known_addr { host: "127.8.68.1" port: 37009 } } peers { permanent_uuid: "eb7ada77bfbd4d97b0ffd647deaa4af7" member_type: VOTER last_known_addr { host: "127.8.68.2" port: 35761 } } peers { permanent_uuid: "db34d34e30aa46329e572d947e109c64" member_type: VOTER last_known_addr { host: "127.8.68.3" port: 36079 } }
I20260709 13:14:02.502048  9076 raft_consensus.cc:3060] T ea800a43ab7d4eee873538bf9ce562fd P e50f446df70a4c59b5a72fe850374c7b [term 2 FOLLOWER]: Advancing to term 3
I20260709 13:14:02.504225  9074 raft_consensus.cc:2468] T f7fbfa40c1014057a4b8fb5ba0822eb0 P e50f446df70a4c59b5a72fe850374c7b [term 5 FOLLOWER]: Leader election vote request: Granting yes vote for candidate eb7ada77bfbd4d97b0ffd647deaa4af7 in term 5.
I20260709 13:14:02.504503  9154 raft_consensus.cc:2468] T ea800a43ab7d4eee873538bf9ce562fd P eb7ada77bfbd4d97b0ffd647deaa4af7 [term 3 FOLLOWER]: Leader election vote request: Granting yes vote for candidate db34d34e30aa46329e572d947e109c64 in term 3.
I20260709 13:14:02.505563  9121 leader_election.cc:304] T f7fbfa40c1014057a4b8fb5ba0822eb0 P eb7ada77bfbd4d97b0ffd647deaa4af7 [CANDIDATE]: Term 5 election: Election decided. Result: candidate won. Election summary: received 2 responses out of 3 voters: 2 yes votes; 0 no votes. yes voters: e50f446df70a4c59b5a72fe850374c7b, eb7ada77bfbd4d97b0ffd647deaa4af7; no voters: 
I20260709 13:14:02.506552  9386 raft_consensus.cc:2804] T f7fbfa40c1014057a4b8fb5ba0822eb0 P eb7ada77bfbd4d97b0ffd647deaa4af7 [term 5 FOLLOWER]: Leader election won for term 5
I20260709 13:14:02.507043  9386 raft_consensus.cc:697] T f7fbfa40c1014057a4b8fb5ba0822eb0 P eb7ada77bfbd4d97b0ffd647deaa4af7 [term 5 LEADER]: Becoming Leader. State: Replica: eb7ada77bfbd4d97b0ffd647deaa4af7, State: Running, Role: LEADER
I20260709 13:14:02.508186  9416 raft_consensus.cc:993] T 0535ce72af8549e0809089d0278aa8c4 P e50f446df70a4c59b5a72fe850374c7b: : Instructing follower db34d34e30aa46329e572d947e109c64 to start an election
I20260709 13:14:02.507951  9386 consensus_queue.cc:237] T f7fbfa40c1014057a4b8fb5ba0822eb0 P eb7ada77bfbd4d97b0ffd647deaa4af7 [LEADER]: Queue going to LEADER mode. State: All replicated index: 0, Majority replicated index: 4, Committed index: 4, Last appended: 4.4, Last appended by leader: 4, Current term: 5, Majority size: 2, State: 0, Mode: LEADER, active raft config: opid_index: -1 OBSOLETE_local: false peers { permanent_uuid: "e50f446df70a4c59b5a72fe850374c7b" member_type: VOTER last_known_addr { host: "127.8.68.1" port: 37009 } } peers { permanent_uuid: "eb7ada77bfbd4d97b0ffd647deaa4af7" member_type: VOTER last_known_addr { host: "127.8.68.2" port: 35761 } } peers { permanent_uuid: "db34d34e30aa46329e572d947e109c64" member_type: VOTER last_known_addr { host: "127.8.68.3" port: 36079 } }
I20260709 13:14:02.508527  9195 leader_election.cc:304] T ea800a43ab7d4eee873538bf9ce562fd P db34d34e30aa46329e572d947e109c64 [CANDIDATE]: Term 3 election: Election decided. Result: candidate won. Election summary: received 2 responses out of 3 voters: 2 yes votes; 0 no votes. yes voters: db34d34e30aa46329e572d947e109c64, eb7ada77bfbd4d97b0ffd647deaa4af7; no voters: 
I20260709 13:14:02.508730  9416 raft_consensus.cc:1081] T 0535ce72af8549e0809089d0278aa8c4 P e50f446df70a4c59b5a72fe850374c7b [term 2 LEADER]: Signalling peer db34d34e30aa46329e572d947e109c64 to start an election
I20260709 13:14:02.509479  9414 raft_consensus.cc:2804] T ea800a43ab7d4eee873538bf9ce562fd P db34d34e30aa46329e572d947e109c64 [term 3 FOLLOWER]: Leader election won for term 3
I20260709 13:14:02.519135  9225 tablet_service.cc:2044] Received Run Leader Election RPC: tablet_id: "0535ce72af8549e0809089d0278aa8c4"
dest_uuid: "db34d34e30aa46329e572d947e109c64"
 from {username='slave'} at 127.0.0.1:42422
I20260709 13:14:02.519799  9225 raft_consensus.cc:493] T 0535ce72af8549e0809089d0278aa8c4 P db34d34e30aa46329e572d947e109c64 [term 2 FOLLOWER]: Starting forced leader election (received explicit request)
I20260709 13:14:02.520227  9225 raft_consensus.cc:3060] T 0535ce72af8549e0809089d0278aa8c4 P db34d34e30aa46329e572d947e109c64 [term 2 FOLLOWER]: Advancing to term 3
I20260709 13:14:02.525066  9414 raft_consensus.cc:697] T ea800a43ab7d4eee873538bf9ce562fd P db34d34e30aa46329e572d947e109c64 [term 3 LEADER]: Becoming Leader. State: Replica: db34d34e30aa46329e572d947e109c64, State: Running, Role: LEADER
I20260709 13:14:02.525373  9225 raft_consensus.cc:515] T 0535ce72af8549e0809089d0278aa8c4 P db34d34e30aa46329e572d947e109c64 [term 3 FOLLOWER]: Starting forced leader election with config: opid_index: -1 OBSOLETE_local: false peers { permanent_uuid: "e50f446df70a4c59b5a72fe850374c7b" member_type: VOTER last_known_addr { host: "127.8.68.1" port: 37009 } } peers { permanent_uuid: "eb7ada77bfbd4d97b0ffd647deaa4af7" member_type: VOTER last_known_addr { host: "127.8.68.2" port: 35761 } } peers { permanent_uuid: "db34d34e30aa46329e572d947e109c64" member_type: VOTER last_known_addr { host: "127.8.68.3" port: 36079 } }
I20260709 13:14:02.526203  9414 consensus_queue.cc:237] T ea800a43ab7d4eee873538bf9ce562fd P db34d34e30aa46329e572d947e109c64 [LEADER]: Queue going to LEADER mode. State: All replicated index: 0, Majority replicated index: 2, Committed index: 2, Last appended: 2.2, Last appended by leader: 2, Current term: 3, Majority size: 2, State: 0, Mode: LEADER, active raft config: opid_index: -1 OBSOLETE_local: false peers { permanent_uuid: "e50f446df70a4c59b5a72fe850374c7b" member_type: VOTER last_known_addr { host: "127.8.68.1" port: 37009 } } peers { permanent_uuid: "eb7ada77bfbd4d97b0ffd647deaa4af7" member_type: VOTER last_known_addr { host: "127.8.68.2" port: 35761 } } peers { permanent_uuid: "db34d34e30aa46329e572d947e109c64" member_type: VOTER last_known_addr { host: "127.8.68.3" port: 36079 } }
I20260709 13:14:02.528048  9074 tablet_service.cc:1917] Received RequestConsensusVote() RPC: tablet_id: "0535ce72af8549e0809089d0278aa8c4" candidate_uuid: "db34d34e30aa46329e572d947e109c64" candidate_term: 3 candidate_status { last_received { term: 2 index: 2 } } ignore_live_leader: true dest_uuid: "e50f446df70a4c59b5a72fe850374c7b"
I20260709 13:14:02.528573  9074 raft_consensus.cc:3055] T 0535ce72af8549e0809089d0278aa8c4 P e50f446df70a4c59b5a72fe850374c7b [term 2 LEADER]: Stepping down as leader of term 2
I20260709 13:14:02.528846  9074 raft_consensus.cc:740] T 0535ce72af8549e0809089d0278aa8c4 P e50f446df70a4c59b5a72fe850374c7b [term 2 LEADER]: Becoming Follower/Learner. State: Replica: e50f446df70a4c59b5a72fe850374c7b, State: Running, Role: LEADER
I20260709 13:14:02.529036  9225 leader_election.cc:290] T 0535ce72af8549e0809089d0278aa8c4 P db34d34e30aa46329e572d947e109c64 [CANDIDATE]: Term 3 election: Requested vote from peers e50f446df70a4c59b5a72fe850374c7b (127.8.68.1:37009), eb7ada77bfbd4d97b0ffd647deaa4af7 (127.8.68.2:35761)
I20260709 13:14:02.529538  9074 consensus_queue.cc:260] T 0535ce72af8549e0809089d0278aa8c4 P e50f446df70a4c59b5a72fe850374c7b [NON_LEADER]: Queue going to NON_LEADER mode. State: All replicated index: 0, Majority replicated index: 2, Committed index: 2, Last appended: 2.2, Last appended by leader: 2, Current term: 2, Majority size: -1, State: 0, Mode: NON_LEADER, active raft config: opid_index: -1 OBSOLETE_local: false peers { permanent_uuid: "e50f446df70a4c59b5a72fe850374c7b" member_type: VOTER last_known_addr { host: "127.8.68.1" port: 37009 } } peers { permanent_uuid: "eb7ada77bfbd4d97b0ffd647deaa4af7" member_type: VOTER last_known_addr { host: "127.8.68.2" port: 35761 } } peers { permanent_uuid: "db34d34e30aa46329e572d947e109c64" member_type: VOTER last_known_addr { host: "127.8.68.3" port: 36079 } }
I20260709 13:14:02.530843  9074 raft_consensus.cc:3060] T 0535ce72af8549e0809089d0278aa8c4 P e50f446df70a4c59b5a72fe850374c7b [term 2 FOLLOWER]: Advancing to term 3
I20260709 13:14:02.532991  9154 tablet_service.cc:1917] Received RequestConsensusVote() RPC: tablet_id: "0535ce72af8549e0809089d0278aa8c4" candidate_uuid: "db34d34e30aa46329e572d947e109c64" candidate_term: 3 candidate_status { last_received { term: 2 index: 2 } } ignore_live_leader: true dest_uuid: "eb7ada77bfbd4d97b0ffd647deaa4af7"
I20260709 13:14:02.536762  9074 raft_consensus.cc:2468] T 0535ce72af8549e0809089d0278aa8c4 P e50f446df70a4c59b5a72fe850374c7b [term 3 FOLLOWER]: Leader election vote request: Granting yes vote for candidate db34d34e30aa46329e572d947e109c64 in term 3.
I20260709 13:14:02.538208  9229 raft_consensus.cc:2468] T f7fbfa40c1014057a4b8fb5ba0822eb0 P db34d34e30aa46329e572d947e109c64 [term 5 FOLLOWER]: Leader election vote request: Granting yes vote for candidate eb7ada77bfbd4d97b0ffd647deaa4af7 in term 5.
I20260709 13:14:02.539301  9154 raft_consensus.cc:3060] T 0535ce72af8549e0809089d0278aa8c4 P eb7ada77bfbd4d97b0ffd647deaa4af7 [term 2 FOLLOWER]: Advancing to term 3
I20260709 13:14:02.541476  9195 leader_election.cc:304] T 0535ce72af8549e0809089d0278aa8c4 P db34d34e30aa46329e572d947e109c64 [CANDIDATE]: Term 3 election: Election decided. Result: candidate won. Election summary: received 2 responses out of 3 voters: 2 yes votes; 0 no votes. yes voters: db34d34e30aa46329e572d947e109c64, e50f446df70a4c59b5a72fe850374c7b; no voters: 
I20260709 13:14:02.543684  9414 raft_consensus.cc:2804] T 0535ce72af8549e0809089d0278aa8c4 P db34d34e30aa46329e572d947e109c64 [term 3 FOLLOWER]: Leader election won for term 3
I20260709 13:14:02.544382  9414 raft_consensus.cc:697] T 0535ce72af8549e0809089d0278aa8c4 P db34d34e30aa46329e572d947e109c64 [term 3 LEADER]: Becoming Leader. State: Replica: db34d34e30aa46329e572d947e109c64, State: Running, Role: LEADER
I20260709 13:14:02.545405  9414 consensus_queue.cc:237] T 0535ce72af8549e0809089d0278aa8c4 P db34d34e30aa46329e572d947e109c64 [LEADER]: Queue going to LEADER mode. State: All replicated index: 0, Majority replicated index: 2, Committed index: 2, Last appended: 2.2, Last appended by leader: 2, Current term: 3, Majority size: 2, State: 0, Mode: LEADER, active raft config: opid_index: -1 OBSOLETE_local: false peers { permanent_uuid: "e50f446df70a4c59b5a72fe850374c7b" member_type: VOTER last_known_addr { host: "127.8.68.1" port: 37009 } } peers { permanent_uuid: "eb7ada77bfbd4d97b0ffd647deaa4af7" member_type: VOTER last_known_addr { host: "127.8.68.2" port: 35761 } } peers { permanent_uuid: "db34d34e30aa46329e572d947e109c64" member_type: VOTER last_known_addr { host: "127.8.68.3" port: 36079 } }
I20260709 13:14:02.548210  9076 raft_consensus.cc:2468] T ea800a43ab7d4eee873538bf9ce562fd P e50f446df70a4c59b5a72fe850374c7b [term 3 FOLLOWER]: Leader election vote request: Granting yes vote for candidate db34d34e30aa46329e572d947e109c64 in term 3.
I20260709 13:14:02.549803  8977 catalog_manager.cc:5697] T ea800a43ab7d4eee873538bf9ce562fd P db34d34e30aa46329e572d947e109c64 reported cstate change: term changed from 2 to 3, leader changed from e50f446df70a4c59b5a72fe850374c7b (127.8.68.1) to db34d34e30aa46329e572d947e109c64 (127.8.68.3). New cstate: current_term: 3 leader_uuid: "db34d34e30aa46329e572d947e109c64" committed_config { opid_index: -1 OBSOLETE_local: false peers { permanent_uuid: "e50f446df70a4c59b5a72fe850374c7b" member_type: VOTER last_known_addr { host: "127.8.68.1" port: 37009 } health_report { overall_health: UNKNOWN } } peers { permanent_uuid: "eb7ada77bfbd4d97b0ffd647deaa4af7" member_type: VOTER last_known_addr { host: "127.8.68.2" port: 35761 } health_report { overall_health: UNKNOWN } } peers { permanent_uuid: "db34d34e30aa46329e572d947e109c64" member_type: VOTER last_known_addr { host: "127.8.68.3" port: 36079 } health_report { overall_health: HEALTHY } } }
I20260709 13:14:02.552899  8974 catalog_manager.cc:5697] T f7fbfa40c1014057a4b8fb5ba0822eb0 P eb7ada77bfbd4d97b0ffd647deaa4af7 reported cstate change: term changed from 4 to 5, leader changed from e50f446df70a4c59b5a72fe850374c7b (127.8.68.1) to eb7ada77bfbd4d97b0ffd647deaa4af7 (127.8.68.2). New cstate: current_term: 5 leader_uuid: "eb7ada77bfbd4d97b0ffd647deaa4af7" committed_config { opid_index: -1 OBSOLETE_local: false peers { permanent_uuid: "e50f446df70a4c59b5a72fe850374c7b" member_type: VOTER last_known_addr { host: "127.8.68.1" port: 37009 } health_report { overall_health: UNKNOWN } } peers { permanent_uuid: "eb7ada77bfbd4d97b0ffd647deaa4af7" member_type: VOTER last_known_addr { host: "127.8.68.2" port: 35761 } health_report { overall_health: HEALTHY } } peers { permanent_uuid: "db34d34e30aa46329e572d947e109c64" member_type: VOTER last_known_addr { host: "127.8.68.3" port: 36079 } health_report { overall_health: UNKNOWN } } }
I20260709 13:14:02.553862  9154 raft_consensus.cc:2468] T 0535ce72af8549e0809089d0278aa8c4 P eb7ada77bfbd4d97b0ffd647deaa4af7 [term 3 FOLLOWER]: Leader election vote request: Granting yes vote for candidate db34d34e30aa46329e572d947e109c64 in term 3.
I20260709 13:14:02.567878  8974 catalog_manager.cc:5697] T 0535ce72af8549e0809089d0278aa8c4 P db34d34e30aa46329e572d947e109c64 reported cstate change: term changed from 2 to 3, leader changed from e50f446df70a4c59b5a72fe850374c7b (127.8.68.1) to db34d34e30aa46329e572d947e109c64 (127.8.68.3). New cstate: current_term: 3 leader_uuid: "db34d34e30aa46329e572d947e109c64" committed_config { opid_index: -1 OBSOLETE_local: false peers { permanent_uuid: "e50f446df70a4c59b5a72fe850374c7b" member_type: VOTER last_known_addr { host: "127.8.68.1" port: 37009 } health_report { overall_health: UNKNOWN } } peers { permanent_uuid: "eb7ada77bfbd4d97b0ffd647deaa4af7" member_type: VOTER last_known_addr { host: "127.8.68.2" port: 35761 } health_report { overall_health: UNKNOWN } } peers { permanent_uuid: "db34d34e30aa46329e572d947e109c64" member_type: VOTER last_known_addr { host: "127.8.68.3" port: 36079 } health_report { overall_health: HEALTHY } } }
I20260709 13:14:02.926002  9076 raft_consensus.cc:1275] T f7fbfa40c1014057a4b8fb5ba0822eb0 P e50f446df70a4c59b5a72fe850374c7b [term 5 FOLLOWER]: Refusing update from remote peer eb7ada77bfbd4d97b0ffd647deaa4af7: Log matching property violated. Preceding OpId in replica: term: 4 index: 4. Preceding OpId from leader: term: 5 index: 5. (index mismatch)
I20260709 13:14:02.927270  9386 consensus_queue.cc:1048] T f7fbfa40c1014057a4b8fb5ba0822eb0 P eb7ada77bfbd4d97b0ffd647deaa4af7 [LEADER]: Connected to new peer: Peer: permanent_uuid: "e50f446df70a4c59b5a72fe850374c7b" member_type: VOTER last_known_addr { host: "127.8.68.1" port: 37009 }, Status: LMP_MISMATCH, Last received: 0.0, Next index: 5, Last known committed idx: 4, Time since last communication: 0.000s
I20260709 13:14:02.939158  9229 raft_consensus.cc:1275] T f7fbfa40c1014057a4b8fb5ba0822eb0 P db34d34e30aa46329e572d947e109c64 [term 5 FOLLOWER]: Refusing update from remote peer eb7ada77bfbd4d97b0ffd647deaa4af7: Log matching property violated. Preceding OpId in replica: term: 4 index: 4. Preceding OpId from leader: term: 5 index: 5. (index mismatch)
I20260709 13:14:02.941854  9429 consensus_queue.cc:1048] T f7fbfa40c1014057a4b8fb5ba0822eb0 P eb7ada77bfbd4d97b0ffd647deaa4af7 [LEADER]: Connected to new peer: Peer: permanent_uuid: "db34d34e30aa46329e572d947e109c64" member_type: VOTER last_known_addr { host: "127.8.68.3" port: 36079 }, Status: LMP_MISMATCH, Last received: 0.0, Next index: 5, Last known committed idx: 4, Time since last communication: 0.001s
I20260709 13:14:03.008718  9076 raft_consensus.cc:1275] T ea800a43ab7d4eee873538bf9ce562fd P e50f446df70a4c59b5a72fe850374c7b [term 3 FOLLOWER]: Refusing update from remote peer db34d34e30aa46329e572d947e109c64: Log matching property violated. Preceding OpId in replica: term: 2 index: 2. Preceding OpId from leader: term: 3 index: 3. (index mismatch)
I20260709 13:14:03.009914  9414 consensus_queue.cc:1048] T ea800a43ab7d4eee873538bf9ce562fd P db34d34e30aa46329e572d947e109c64 [LEADER]: Connected to new peer: Peer: permanent_uuid: "e50f446df70a4c59b5a72fe850374c7b" member_type: VOTER last_known_addr { host: "127.8.68.1" port: 37009 }, Status: LMP_MISMATCH, Last received: 0.0, Next index: 3, Last known committed idx: 2, Time since last communication: 0.000s
I20260709 13:14:03.011291  9076 raft_consensus.cc:1275] T 4be4e88f3b9d407d917b09cae52e38c7 P e50f446df70a4c59b5a72fe850374c7b [term 3 FOLLOWER]: Refusing update from remote peer eb7ada77bfbd4d97b0ffd647deaa4af7: Log matching property violated. Preceding OpId in replica: term: 2 index: 2. Preceding OpId from leader: term: 3 index: 3. (index mismatch)
I20260709 13:14:03.012642  9429 consensus_queue.cc:1048] T 4be4e88f3b9d407d917b09cae52e38c7 P eb7ada77bfbd4d97b0ffd647deaa4af7 [LEADER]: Connected to new peer: Peer: permanent_uuid: "e50f446df70a4c59b5a72fe850374c7b" member_type: VOTER last_known_addr { host: "127.8.68.1" port: 37009 }, Status: LMP_MISMATCH, Last received: 0.0, Next index: 3, Last known committed idx: 2, Time since last communication: 0.000s
I20260709 13:14:03.020008  9154 raft_consensus.cc:1275] T ea800a43ab7d4eee873538bf9ce562fd P eb7ada77bfbd4d97b0ffd647deaa4af7 [term 3 FOLLOWER]: Refusing update from remote peer db34d34e30aa46329e572d947e109c64: Log matching property violated. Preceding OpId in replica: term: 2 index: 2. Preceding OpId from leader: term: 3 index: 3. (index mismatch)
I20260709 13:14:03.021453  9422 consensus_queue.cc:1048] T ea800a43ab7d4eee873538bf9ce562fd P db34d34e30aa46329e572d947e109c64 [LEADER]: Connected to new peer: Peer: permanent_uuid: "eb7ada77bfbd4d97b0ffd647deaa4af7" member_type: VOTER last_known_addr { host: "127.8.68.2" port: 35761 }, Status: LMP_MISMATCH, Last received: 0.0, Next index: 3, Last known committed idx: 2, Time since last communication: 0.000s
I20260709 13:14:03.031009  9229 raft_consensus.cc:1275] T 4be4e88f3b9d407d917b09cae52e38c7 P db34d34e30aa46329e572d947e109c64 [term 3 FOLLOWER]: Refusing update from remote peer eb7ada77bfbd4d97b0ffd647deaa4af7: Log matching property violated. Preceding OpId in replica: term: 2 index: 2. Preceding OpId from leader: term: 3 index: 3. (index mismatch)
I20260709 13:14:03.032557  9417 consensus_queue.cc:1048] T 4be4e88f3b9d407d917b09cae52e38c7 P eb7ada77bfbd4d97b0ffd647deaa4af7 [LEADER]: Connected to new peer: Peer: permanent_uuid: "db34d34e30aa46329e572d947e109c64" member_type: VOTER last_known_addr { host: "127.8.68.3" port: 36079 }, Status: LMP_MISMATCH, Last received: 0.0, Next index: 3, Last known committed idx: 2, Time since last communication: 0.001s
I20260709 13:14:03.093632  9154 raft_consensus.cc:1275] T 0535ce72af8549e0809089d0278aa8c4 P eb7ada77bfbd4d97b0ffd647deaa4af7 [term 3 FOLLOWER]: Refusing update from remote peer db34d34e30aa46329e572d947e109c64: Log matching property violated. Preceding OpId in replica: term: 2 index: 2. Preceding OpId from leader: term: 3 index: 3. (index mismatch)
I20260709 13:14:03.094843  9422 consensus_queue.cc:1048] T 0535ce72af8549e0809089d0278aa8c4 P db34d34e30aa46329e572d947e109c64 [LEADER]: Connected to new peer: Peer: permanent_uuid: "eb7ada77bfbd4d97b0ffd647deaa4af7" member_type: VOTER last_known_addr { host: "127.8.68.2" port: 35761 }, Status: LMP_MISMATCH, Last received: 0.0, Next index: 3, Last known committed idx: 2, Time since last communication: 0.000s
I20260709 13:14:03.103308  9076 raft_consensus.cc:1275] T 0535ce72af8549e0809089d0278aa8c4 P e50f446df70a4c59b5a72fe850374c7b [term 3 FOLLOWER]: Refusing update from remote peer db34d34e30aa46329e572d947e109c64: Log matching property violated. Preceding OpId in replica: term: 2 index: 2. Preceding OpId from leader: term: 3 index: 3. (index mismatch)
I20260709 13:14:03.105118  9422 consensus_queue.cc:1048] T 0535ce72af8549e0809089d0278aa8c4 P db34d34e30aa46329e572d947e109c64 [LEADER]: Connected to new peer: Peer: permanent_uuid: "e50f446df70a4c59b5a72fe850374c7b" member_type: VOTER last_known_addr { host: "127.8.68.1" port: 37009 }, Status: LMP_MISMATCH, Last received: 0.0, Next index: 3, Last known committed idx: 2, Time since last communication: 0.000s
I20260709 13:14:03.115530  8464 auto_leader_rebalancer.cc:141] leader rebalance for table test-workload
I20260709 13:14:03.122179  8464 tablet_server.cc:179] TabletServer@127.8.68.1:0 shutting down...
I20260709 13:14:03.148725  8464 ts_tablet_manager.cc:1507] Shutting down tablet manager...
I20260709 13:14:03.149832  8464 tablet_replica.cc:333] T 1ea5d8b223654429bfec6b16bbd05b76 P e50f446df70a4c59b5a72fe850374c7b: stopping tablet replica
I20260709 13:14:03.150552  8464 raft_consensus.cc:2243] T 1ea5d8b223654429bfec6b16bbd05b76 P e50f446df70a4c59b5a72fe850374c7b [term 2 FOLLOWER]: Raft consensus shutting down.
I20260709 13:14:03.151134  8464 raft_consensus.cc:2272] T 1ea5d8b223654429bfec6b16bbd05b76 P e50f446df70a4c59b5a72fe850374c7b [term 2 FOLLOWER]: Raft consensus is shut down!
I20260709 13:14:03.153172  8464 tablet_replica.cc:333] T a6d4bcd341be4f00846861a5f90b6930 P e50f446df70a4c59b5a72fe850374c7b: stopping tablet replica
I20260709 13:14:03.153735  8464 raft_consensus.cc:2243] T a6d4bcd341be4f00846861a5f90b6930 P e50f446df70a4c59b5a72fe850374c7b [term 1 LEADER]: Raft consensus shutting down.
I20260709 13:14:03.154518  8464 raft_consensus.cc:2272] T a6d4bcd341be4f00846861a5f90b6930 P e50f446df70a4c59b5a72fe850374c7b [term 1 FOLLOWER]: Raft consensus is shut down!
I20260709 13:14:03.156387  8464 tablet_replica.cc:333] T d60087a048c64af2847c240ba97bc4de P e50f446df70a4c59b5a72fe850374c7b: stopping tablet replica
I20260709 13:14:03.156916  8464 raft_consensus.cc:2243] T d60087a048c64af2847c240ba97bc4de P e50f446df70a4c59b5a72fe850374c7b [term 2 FOLLOWER]: Raft consensus shutting down.
I20260709 13:14:03.157377  8464 raft_consensus.cc:2272] T d60087a048c64af2847c240ba97bc4de P e50f446df70a4c59b5a72fe850374c7b [term 2 FOLLOWER]: Raft consensus is shut down!
I20260709 13:14:03.159133  8464 tablet_replica.cc:333] T 0535ce72af8549e0809089d0278aa8c4 P e50f446df70a4c59b5a72fe850374c7b: stopping tablet replica
I20260709 13:14:03.159646  8464 raft_consensus.cc:2243] T 0535ce72af8549e0809089d0278aa8c4 P e50f446df70a4c59b5a72fe850374c7b [term 3 FOLLOWER]: Raft consensus shutting down.
I20260709 13:14:03.160051  8464 raft_consensus.cc:2272] T 0535ce72af8549e0809089d0278aa8c4 P e50f446df70a4c59b5a72fe850374c7b [term 3 FOLLOWER]: Raft consensus is shut down!
I20260709 13:14:03.162407  8464 tablet_replica.cc:333] T 74089497f09342f7a1ed2990a3aa105d P e50f446df70a4c59b5a72fe850374c7b: stopping tablet replica
I20260709 13:14:03.163046  8464 raft_consensus.cc:2243] T 74089497f09342f7a1ed2990a3aa105d P e50f446df70a4c59b5a72fe850374c7b [term 4 LEADER]: Raft consensus shutting down.
I20260709 13:14:03.163878  8464 raft_consensus.cc:2272] T 74089497f09342f7a1ed2990a3aa105d P e50f446df70a4c59b5a72fe850374c7b [term 4 FOLLOWER]: Raft consensus is shut down!
I20260709 13:14:03.165637  8464 tablet_replica.cc:333] T f7fbfa40c1014057a4b8fb5ba0822eb0 P e50f446df70a4c59b5a72fe850374c7b: stopping tablet replica
I20260709 13:14:03.166216  8464 raft_consensus.cc:2243] T f7fbfa40c1014057a4b8fb5ba0822eb0 P e50f446df70a4c59b5a72fe850374c7b [term 5 FOLLOWER]: Raft consensus shutting down.
I20260709 13:14:03.166632  8464 raft_consensus.cc:2272] T f7fbfa40c1014057a4b8fb5ba0822eb0 P e50f446df70a4c59b5a72fe850374c7b [term 5 FOLLOWER]: Raft consensus is shut down!
I20260709 13:14:03.168614  8464 tablet_replica.cc:333] T ea800a43ab7d4eee873538bf9ce562fd P e50f446df70a4c59b5a72fe850374c7b: stopping tablet replica
I20260709 13:14:03.169134  8464 raft_consensus.cc:2243] T ea800a43ab7d4eee873538bf9ce562fd P e50f446df70a4c59b5a72fe850374c7b [term 3 FOLLOWER]: Raft consensus shutting down.
I20260709 13:14:03.169548  8464 raft_consensus.cc:2272] T ea800a43ab7d4eee873538bf9ce562fd P e50f446df70a4c59b5a72fe850374c7b [term 3 FOLLOWER]: Raft consensus is shut down!
I20260709 13:14:03.171808  8464 tablet_replica.cc:333] T a65e54ed1a4247618217a31d40158dda P e50f446df70a4c59b5a72fe850374c7b: stopping tablet replica
I20260709 13:14:03.172324  8464 raft_consensus.cc:2243] T a65e54ed1a4247618217a31d40158dda P e50f446df70a4c59b5a72fe850374c7b [term 2 LEADER]: Raft consensus shutting down.
I20260709 13:14:03.173101  8464 raft_consensus.cc:2272] T a65e54ed1a4247618217a31d40158dda P e50f446df70a4c59b5a72fe850374c7b [term 2 FOLLOWER]: Raft consensus is shut down!
I20260709 13:14:03.175138  8464 tablet_replica.cc:333] T 4be4e88f3b9d407d917b09cae52e38c7 P e50f446df70a4c59b5a72fe850374c7b: stopping tablet replica
I20260709 13:14:03.175617  8464 raft_consensus.cc:2243] T 4be4e88f3b9d407d917b09cae52e38c7 P e50f446df70a4c59b5a72fe850374c7b [term 3 FOLLOWER]: Raft consensus shutting down.
I20260709 13:14:03.176018  8464 raft_consensus.cc:2272] T 4be4e88f3b9d407d917b09cae52e38c7 P e50f446df70a4c59b5a72fe850374c7b [term 3 FOLLOWER]: Raft consensus is shut down!
I20260709 13:14:03.177959  8464 tablet_replica.cc:333] T 865b12bc550440ba8705269ae37e4543 P e50f446df70a4c59b5a72fe850374c7b: stopping tablet replica
I20260709 13:14:03.178733  8464 raft_consensus.cc:2243] T 865b12bc550440ba8705269ae37e4543 P e50f446df70a4c59b5a72fe850374c7b [term 2 LEADER]: Raft consensus shutting down.
I20260709 13:14:03.179535  8464 raft_consensus.cc:2272] T 865b12bc550440ba8705269ae37e4543 P e50f446df70a4c59b5a72fe850374c7b [term 2 FOLLOWER]: Raft consensus is shut down!
I20260709 13:14:03.198966  8464 tablet_server.cc:196] TabletServer@127.8.68.1:0 shutdown complete.
W20260709 13:14:03.218843  9195 proxy.cc:239] Call had error, refreshing address and retrying: Network error: Client connection negotiation failed: client connection to 127.8.68.1:37009: connect: Connection refused (error 111) [suppressed 2 similar messages]
I20260709 13:14:03.219223  8464 tablet_server.cc:179] TabletServer@127.8.68.2:0 shutting down...
W20260709 13:14:03.225431  9195 consensus_peers.cc:597] T d60087a048c64af2847c240ba97bc4de P db34d34e30aa46329e572d947e109c64 -> Peer e50f446df70a4c59b5a72fe850374c7b (127.8.68.1:37009): Couldn't send request to peer e50f446df70a4c59b5a72fe850374c7b. Status: Network error: Client connection negotiation failed: client connection to 127.8.68.1:37009: connect: Connection refused (error 111). This is attempt 1: this message will repeat every 5th retry.
I20260709 13:14:03.245644  8464 ts_tablet_manager.cc:1507] Shutting down tablet manager...
I20260709 13:14:03.246284  8464 tablet_replica.cc:333] T 1ea5d8b223654429bfec6b16bbd05b76 P eb7ada77bfbd4d97b0ffd647deaa4af7: stopping tablet replica
I20260709 13:14:03.246874  8464 raft_consensus.cc:2243] T 1ea5d8b223654429bfec6b16bbd05b76 P eb7ada77bfbd4d97b0ffd647deaa4af7 [term 2 LEADER]: Raft consensus shutting down.
I20260709 13:14:03.247605  8464 raft_consensus.cc:2272] T 1ea5d8b223654429bfec6b16bbd05b76 P eb7ada77bfbd4d97b0ffd647deaa4af7 [term 2 FOLLOWER]: Raft consensus is shut down!
I20260709 13:14:03.249326  8464 tablet_replica.cc:333] T a6d4bcd341be4f00846861a5f90b6930 P eb7ada77bfbd4d97b0ffd647deaa4af7: stopping tablet replica
I20260709 13:14:03.249782  8464 raft_consensus.cc:2243] T a6d4bcd341be4f00846861a5f90b6930 P eb7ada77bfbd4d97b0ffd647deaa4af7 [term 1 FOLLOWER]: Raft consensus shutting down.
I20260709 13:14:03.250149  8464 raft_consensus.cc:2272] T a6d4bcd341be4f00846861a5f90b6930 P eb7ada77bfbd4d97b0ffd647deaa4af7 [term 1 FOLLOWER]: Raft consensus is shut down!
I20260709 13:14:03.251868  8464 tablet_replica.cc:333] T 865b12bc550440ba8705269ae37e4543 P eb7ada77bfbd4d97b0ffd647deaa4af7: stopping tablet replica
I20260709 13:14:03.252400  8464 raft_consensus.cc:2243] T 865b12bc550440ba8705269ae37e4543 P eb7ada77bfbd4d97b0ffd647deaa4af7 [term 2 FOLLOWER]: Raft consensus shutting down.
I20260709 13:14:03.252760  8464 raft_consensus.cc:2272] T 865b12bc550440ba8705269ae37e4543 P eb7ada77bfbd4d97b0ffd647deaa4af7 [term 2 FOLLOWER]: Raft consensus is shut down!
I20260709 13:14:03.254345  8464 tablet_replica.cc:333] T 4be4e88f3b9d407d917b09cae52e38c7 P eb7ada77bfbd4d97b0ffd647deaa4af7: stopping tablet replica
I20260709 13:14:03.254855  8464 raft_consensus.cc:2243] T 4be4e88f3b9d407d917b09cae52e38c7 P eb7ada77bfbd4d97b0ffd647deaa4af7 [term 3 LEADER]: Raft consensus shutting down.
I20260709 13:14:03.255656  8464 raft_consensus.cc:2272] T 4be4e88f3b9d407d917b09cae52e38c7 P eb7ada77bfbd4d97b0ffd647deaa4af7 [term 3 FOLLOWER]: Raft consensus is shut down!
I20260709 13:14:03.258033  8464 tablet_replica.cc:333] T f7fbfa40c1014057a4b8fb5ba0822eb0 P eb7ada77bfbd4d97b0ffd647deaa4af7: stopping tablet replica
I20260709 13:14:03.258491  8464 raft_consensus.cc:2243] T f7fbfa40c1014057a4b8fb5ba0822eb0 P eb7ada77bfbd4d97b0ffd647deaa4af7 [term 5 LEADER]: Raft consensus shutting down.
I20260709 13:14:03.259167  8464 raft_consensus.cc:2272] T f7fbfa40c1014057a4b8fb5ba0822eb0 P eb7ada77bfbd4d97b0ffd647deaa4af7 [term 5 FOLLOWER]: Raft consensus is shut down!
I20260709 13:14:03.261001  8464 tablet_replica.cc:333] T 74089497f09342f7a1ed2990a3aa105d P eb7ada77bfbd4d97b0ffd647deaa4af7: stopping tablet replica
I20260709 13:14:03.261456  8464 raft_consensus.cc:2243] T 74089497f09342f7a1ed2990a3aa105d P eb7ada77bfbd4d97b0ffd647deaa4af7 [term 4 FOLLOWER]: Raft consensus shutting down.
I20260709 13:14:03.261819  8464 raft_consensus.cc:2272] T 74089497f09342f7a1ed2990a3aa105d P eb7ada77bfbd4d97b0ffd647deaa4af7 [term 4 FOLLOWER]: Raft consensus is shut down!
I20260709 13:14:03.263343  8464 tablet_replica.cc:333] T ea800a43ab7d4eee873538bf9ce562fd P eb7ada77bfbd4d97b0ffd647deaa4af7: stopping tablet replica
I20260709 13:14:03.263767  8464 raft_consensus.cc:2243] T ea800a43ab7d4eee873538bf9ce562fd P eb7ada77bfbd4d97b0ffd647deaa4af7 [term 3 FOLLOWER]: Raft consensus shutting down.
I20260709 13:14:03.264083  8464 raft_consensus.cc:2272] T ea800a43ab7d4eee873538bf9ce562fd P eb7ada77bfbd4d97b0ffd647deaa4af7 [term 3 FOLLOWER]: Raft consensus is shut down!
I20260709 13:14:03.265985  8464 tablet_replica.cc:333] T a65e54ed1a4247618217a31d40158dda P eb7ada77bfbd4d97b0ffd647deaa4af7: stopping tablet replica
I20260709 13:14:03.266482  8464 raft_consensus.cc:2243] T a65e54ed1a4247618217a31d40158dda P eb7ada77bfbd4d97b0ffd647deaa4af7 [term 2 FOLLOWER]: Raft consensus shutting down.
I20260709 13:14:03.266893  8464 raft_consensus.cc:2272] T a65e54ed1a4247618217a31d40158dda P eb7ada77bfbd4d97b0ffd647deaa4af7 [term 2 FOLLOWER]: Raft consensus is shut down!
I20260709 13:14:03.268416  8464 tablet_replica.cc:333] T d60087a048c64af2847c240ba97bc4de P eb7ada77bfbd4d97b0ffd647deaa4af7: stopping tablet replica
I20260709 13:14:03.268853  8464 raft_consensus.cc:2243] T d60087a048c64af2847c240ba97bc4de P eb7ada77bfbd4d97b0ffd647deaa4af7 [term 2 FOLLOWER]: Raft consensus shutting down.
I20260709 13:14:03.269258  8464 raft_consensus.cc:2272] T d60087a048c64af2847c240ba97bc4de P eb7ada77bfbd4d97b0ffd647deaa4af7 [term 2 FOLLOWER]: Raft consensus is shut down!
I20260709 13:14:03.270757  8464 tablet_replica.cc:333] T 0535ce72af8549e0809089d0278aa8c4 P eb7ada77bfbd4d97b0ffd647deaa4af7: stopping tablet replica
I20260709 13:14:03.271198  8464 raft_consensus.cc:2243] T 0535ce72af8549e0809089d0278aa8c4 P eb7ada77bfbd4d97b0ffd647deaa4af7 [term 3 FOLLOWER]: Raft consensus shutting down.
I20260709 13:14:03.271595  8464 raft_consensus.cc:2272] T 0535ce72af8549e0809089d0278aa8c4 P eb7ada77bfbd4d97b0ffd647deaa4af7 [term 3 FOLLOWER]: Raft consensus is shut down!
I20260709 13:14:03.299937  8464 tablet_server.cc:196] TabletServer@127.8.68.2:0 shutdown complete.
I20260709 13:14:03.317615  8464 tablet_server.cc:179] TabletServer@127.8.68.3:0 shutting down...
I20260709 13:14:03.338732  8464 ts_tablet_manager.cc:1507] Shutting down tablet manager...
I20260709 13:14:03.339509  8464 tablet_replica.cc:333] T d60087a048c64af2847c240ba97bc4de P db34d34e30aa46329e572d947e109c64: stopping tablet replica
I20260709 13:14:03.340214  8464 raft_consensus.cc:2243] T d60087a048c64af2847c240ba97bc4de P db34d34e30aa46329e572d947e109c64 [term 2 LEADER]: Raft consensus shutting down.
I20260709 13:14:03.340958  8464 raft_consensus.cc:2272] T d60087a048c64af2847c240ba97bc4de P db34d34e30aa46329e572d947e109c64 [term 2 FOLLOWER]: Raft consensus is shut down!
I20260709 13:14:03.342589  8464 tablet_replica.cc:333] T 0535ce72af8549e0809089d0278aa8c4 P db34d34e30aa46329e572d947e109c64: stopping tablet replica
I20260709 13:14:03.343142  8464 raft_consensus.cc:2243] T 0535ce72af8549e0809089d0278aa8c4 P db34d34e30aa46329e572d947e109c64 [term 3 LEADER]: Raft consensus shutting down.
I20260709 13:14:03.343823  8464 raft_consensus.cc:2272] T 0535ce72af8549e0809089d0278aa8c4 P db34d34e30aa46329e572d947e109c64 [term 3 FOLLOWER]: Raft consensus is shut down!
I20260709 13:14:03.345592  8464 tablet_replica.cc:333] T a6d4bcd341be4f00846861a5f90b6930 P db34d34e30aa46329e572d947e109c64: stopping tablet replica
I20260709 13:14:03.346088  8464 raft_consensus.cc:2243] T a6d4bcd341be4f00846861a5f90b6930 P db34d34e30aa46329e572d947e109c64 [term 1 FOLLOWER]: Raft consensus shutting down.
I20260709 13:14:03.346468  8464 raft_consensus.cc:2272] T a6d4bcd341be4f00846861a5f90b6930 P db34d34e30aa46329e572d947e109c64 [term 1 FOLLOWER]: Raft consensus is shut down!
I20260709 13:14:03.348055  8464 tablet_replica.cc:333] T ea800a43ab7d4eee873538bf9ce562fd P db34d34e30aa46329e572d947e109c64: stopping tablet replica
I20260709 13:14:03.348546  8464 raft_consensus.cc:2243] T ea800a43ab7d4eee873538bf9ce562fd P db34d34e30aa46329e572d947e109c64 [term 3 LEADER]: Raft consensus shutting down.
I20260709 13:14:03.349195  8464 raft_consensus.cc:2272] T ea800a43ab7d4eee873538bf9ce562fd P db34d34e30aa46329e572d947e109c64 [term 3 FOLLOWER]: Raft consensus is shut down!
I20260709 13:14:03.351022  8464 tablet_replica.cc:333] T a65e54ed1a4247618217a31d40158dda P db34d34e30aa46329e572d947e109c64: stopping tablet replica
I20260709 13:14:03.351503  8464 raft_consensus.cc:2243] T a65e54ed1a4247618217a31d40158dda P db34d34e30aa46329e572d947e109c64 [term 2 FOLLOWER]: Raft consensus shutting down.
I20260709 13:14:03.351907  8464 raft_consensus.cc:2272] T a65e54ed1a4247618217a31d40158dda P db34d34e30aa46329e572d947e109c64 [term 2 FOLLOWER]: Raft consensus is shut down!
I20260709 13:14:03.353391  8464 tablet_replica.cc:333] T 74089497f09342f7a1ed2990a3aa105d P db34d34e30aa46329e572d947e109c64: stopping tablet replica
I20260709 13:14:03.353848  8464 raft_consensus.cc:2243] T 74089497f09342f7a1ed2990a3aa105d P db34d34e30aa46329e572d947e109c64 [term 4 FOLLOWER]: Raft consensus shutting down.
I20260709 13:14:03.354203  8464 raft_consensus.cc:2272] T 74089497f09342f7a1ed2990a3aa105d P db34d34e30aa46329e572d947e109c64 [term 4 FOLLOWER]: Raft consensus is shut down!
I20260709 13:14:03.355876  8464 tablet_replica.cc:333] T f7fbfa40c1014057a4b8fb5ba0822eb0 P db34d34e30aa46329e572d947e109c64: stopping tablet replica
I20260709 13:14:03.356287  8464 raft_consensus.cc:2243] T f7fbfa40c1014057a4b8fb5ba0822eb0 P db34d34e30aa46329e572d947e109c64 [term 5 FOLLOWER]: Raft consensus shutting down.
I20260709 13:14:03.356629  8464 raft_consensus.cc:2272] T f7fbfa40c1014057a4b8fb5ba0822eb0 P db34d34e30aa46329e572d947e109c64 [term 5 FOLLOWER]: Raft consensus is shut down!
I20260709 13:14:03.358448  8464 tablet_replica.cc:333] T 4be4e88f3b9d407d917b09cae52e38c7 P db34d34e30aa46329e572d947e109c64: stopping tablet replica
I20260709 13:14:03.358934  8464 raft_consensus.cc:2243] T 4be4e88f3b9d407d917b09cae52e38c7 P db34d34e30aa46329e572d947e109c64 [term 3 FOLLOWER]: Raft consensus shutting down.
I20260709 13:14:03.359277  8464 raft_consensus.cc:2272] T 4be4e88f3b9d407d917b09cae52e38c7 P db34d34e30aa46329e572d947e109c64 [term 3 FOLLOWER]: Raft consensus is shut down!
I20260709 13:14:03.361056  8464 tablet_replica.cc:333] T 865b12bc550440ba8705269ae37e4543 P db34d34e30aa46329e572d947e109c64: stopping tablet replica
I20260709 13:14:03.361457  8464 raft_consensus.cc:2243] T 865b12bc550440ba8705269ae37e4543 P db34d34e30aa46329e572d947e109c64 [term 2 FOLLOWER]: Raft consensus shutting down.
I20260709 13:14:03.361810  8464 raft_consensus.cc:2272] T 865b12bc550440ba8705269ae37e4543 P db34d34e30aa46329e572d947e109c64 [term 2 FOLLOWER]: Raft consensus is shut down!
I20260709 13:14:03.363386  8464 tablet_replica.cc:333] T 1ea5d8b223654429bfec6b16bbd05b76 P db34d34e30aa46329e572d947e109c64: stopping tablet replica
I20260709 13:14:03.363757  8464 raft_consensus.cc:2243] T 1ea5d8b223654429bfec6b16bbd05b76 P db34d34e30aa46329e572d947e109c64 [term 2 FOLLOWER]: Raft consensus shutting down.
I20260709 13:14:03.364109  8464 raft_consensus.cc:2272] T 1ea5d8b223654429bfec6b16bbd05b76 P db34d34e30aa46329e572d947e109c64 [term 2 FOLLOWER]: Raft consensus is shut down!
I20260709 13:14:03.391165  8464 tablet_server.cc:196] TabletServer@127.8.68.3:0 shutdown complete.
I20260709 13:14:03.409068  8464 master.cc:562] Master@127.8.68.62:46033 shutting down...
I20260709 13:14:03.427752  8464 raft_consensus.cc:2243] T 00000000000000000000000000000000 P 71123b7ef5eb4dbfa1251848af3d71e5 [term 1 LEADER]: Raft consensus shutting down.
I20260709 13:14:03.428241  8464 raft_consensus.cc:2272] T 00000000000000000000000000000000 P 71123b7ef5eb4dbfa1251848af3d71e5 [term 1 FOLLOWER]: Raft consensus is shut down!
I20260709 13:14:03.428524  8464 tablet_replica.cc:333] T 00000000000000000000000000000000 P 71123b7ef5eb4dbfa1251848af3d71e5: stopping tablet replica
I20260709 13:14:03.449265  8464 master.cc:584] Master@127.8.68.62:46033 shutdown complete.
db34d34e30aa46329e572d947e109c64  1
e50f446df70a4c59b5a72fe850374c7b  5
eb7ada77bfbd4d97b0ffd647deaa4af7  4
[       OK ] LeaderRebalancerTest.FunctionalTestForNotDivided (10123 ms)
[ RUN      ] LeaderRebalancerTest.AddTserver
I20260709 13:14:03.488878  8464 internal_mini_cluster.cc:156] Creating distributed mini masters. Addrs: 127.8.68.62:32935
I20260709 13:14:03.489984  8464 file_cache.cc:504] Constructed file cache file cache with capacity 419430
W20260709 13:14:03.497570  9442 instance_detector.cc:116] could not retrieve AWS instance metadata: Network error: curl error: HTTP response code said error: The requested URL returned error: 404
W20260709 13:14:03.497613  9443 instance_detector.cc:116] could not retrieve Azure instance metadata: Network error: curl error: HTTP response code said error: The requested URL returned error: 404
W20260709 13:14:03.497931  9445 instance_detector.cc:116] could not retrieve OpenStack instance metadata: Network error: curl error: HTTP response code said error: The requested URL returned error: 404
I20260709 13:14:03.499115  8464 server_base.cc:1061] running on GCE node
I20260709 13:14:03.499924  8464 hybrid_clock.cc:584] initializing the hybrid clock with 'system_unsync' time source
W20260709 13:14:03.500100  8464 system_unsync_time.cc:38] NTP support is disabled. Clock error bounds will not be accurate. This configuration is not suitable for distributed clusters.
I20260709 13:14:03.500216  8464 hybrid_clock.cc:648] HybridClock initialized: now 1783602843500205 us; error 0 us; skew 500 ppm
I20260709 13:14:03.500670  8464 server_base.cc:861] Flag tcmalloc_max_total_thread_cache_bytes is not working since tcmalloc is not enabled.
I20260709 13:14:03.503060  8464 webserver.cc:533] Webserver started at http://127.8.68.62:44443/ using document root <none> and password file <none>
I20260709 13:14:03.503556  8464 fs_manager.cc:362] Metadata directory not provided
I20260709 13:14:03.503719  8464 fs_manager.cc:368] Using write-ahead log directory (fs_wal_dir) as metadata directory
I20260709 13:14:03.503938  8464 server_base.cc:909] This appears to be a new deployment of Kudu; creating new FS layout
I20260709 13:14:03.505007  8464 fs_manager.cc:1068] Generated new instance metadata in path /tmp/dist-test-taskATXib1/test-tmp/auto_leader_rebalancer-test.0.LeaderRebalancerTest.AddTserver.1783602820852323-8464-0/minicluster-data/master-0-root/instance:
uuid: "41cbb0a2920c435a81cf064884655b27"
format_stamp: "Formatted at 2026-07-09 13:14:03 on dist-test-slave-x7j4"
I20260709 13:14:03.509263  8464 fs_manager.cc:696] Time spent creating directory manager: real 0.004s	user 0.000s	sys 0.006s
I20260709 13:14:03.512480  9450 log_block_manager.cc:4127] Time spent loading block containers with low live blocks: real 0.000s	user 0.000s	sys 0.000s
I20260709 13:14:03.513358  8464 fs_manager.cc:730] Time spent opening block manager: real 0.002s	user 0.001s	sys 0.000s
I20260709 13:14:03.513599  8464 fs_manager.cc:647] Opened local filesystem: /tmp/dist-test-taskATXib1/test-tmp/auto_leader_rebalancer-test.0.LeaderRebalancerTest.AddTserver.1783602820852323-8464-0/minicluster-data/master-0-root
uuid: "41cbb0a2920c435a81cf064884655b27"
format_stamp: "Formatted at 2026-07-09 13:14:03 on dist-test-slave-x7j4"
I20260709 13:14:03.513844  8464 fs_report.cc:389] FS layout report
--------------------
wal directory: /tmp/dist-test-taskATXib1/test-tmp/auto_leader_rebalancer-test.0.LeaderRebalancerTest.AddTserver.1783602820852323-8464-0/minicluster-data/master-0-root
metadata directory: /tmp/dist-test-taskATXib1/test-tmp/auto_leader_rebalancer-test.0.LeaderRebalancerTest.AddTserver.1783602820852323-8464-0/minicluster-data/master-0-root
1 data directories: /tmp/dist-test-taskATXib1/test-tmp/auto_leader_rebalancer-test.0.LeaderRebalancerTest.AddTserver.1783602820852323-8464-0/minicluster-data/master-0-root/data
Total live blocks: 0
Total live bytes: 0
Total live bytes (after alignment): 0
Total number of LBM containers: 0 (0 full)
Did not check for missing blocks
Did not check for orphaned blocks
Total full LBM containers with extra space: 0 (0 repaired)
Total full LBM container extra space in bytes: 0 (0 repaired)
Total incomplete LBM containers: 0 (0 repaired)
Total LBM partial records: 0 (0 repaired)
Total corrupted LBM metadata records in RocksDB: 0 (0 repaired)
I20260709 13:14:03.536077  8464 rpc_server.cc:225] running with OpenSSL 1.1.1  11 Sep 2018
I20260709 13:14:03.537207  8464 kserver.cc:163] Server-wide thread pool size limit: 3276
I20260709 13:14:03.573704  8464 rpc_server.cc:307] RPC server started. Bound to: 127.8.68.62:32935
I20260709 13:14:03.573799  9501 acceptor_pool.cc:272] collecting diagnostics on the listening RPC socket 127.8.68.62:32935 every 8 connection(s)
I20260709 13:14:03.577796  9502 data_dirs.cc:400] Could only allocate 1 dirs of requested 3 for tablet 00000000000000000000000000000000. 1 dirs total, 0 dirs full, 0 dirs failed
I20260709 13:14:03.587136  9502 tablet_bootstrap.cc:492] T 00000000000000000000000000000000 P 41cbb0a2920c435a81cf064884655b27: Bootstrap starting.
I20260709 13:14:03.591594  9502 tablet_bootstrap.cc:654] T 00000000000000000000000000000000 P 41cbb0a2920c435a81cf064884655b27: Neither blocks nor log segments found. Creating new log.
I20260709 13:14:03.596048  9502 tablet_bootstrap.cc:492] T 00000000000000000000000000000000 P 41cbb0a2920c435a81cf064884655b27: No bootstrap required, opened a new log
I20260709 13:14:03.597988  9502 raft_consensus.cc:359] T 00000000000000000000000000000000 P 41cbb0a2920c435a81cf064884655b27 [term 0 FOLLOWER]: Replica starting. Triggering 0 pending ops. Active config: opid_index: -1 OBSOLETE_local: true peers { permanent_uuid: "41cbb0a2920c435a81cf064884655b27" member_type: VOTER }
I20260709 13:14:03.598345  9502 raft_consensus.cc:385] T 00000000000000000000000000000000 P 41cbb0a2920c435a81cf064884655b27 [term 0 FOLLOWER]: Consensus starting up: Expiring failure detector timer to make a prompt election more likely
I20260709 13:14:03.598521  9502 raft_consensus.cc:740] T 00000000000000000000000000000000 P 41cbb0a2920c435a81cf064884655b27 [term 0 FOLLOWER]: Becoming Follower/Learner. State: Replica: 41cbb0a2920c435a81cf064884655b27, State: Initialized, Role: FOLLOWER
I20260709 13:14:03.599052  9502 consensus_queue.cc:260] T 00000000000000000000000000000000 P 41cbb0a2920c435a81cf064884655b27 [NON_LEADER]: Queue going to NON_LEADER mode. State: All replicated index: 0, Majority replicated index: 0, Committed index: 0, Last appended: 0.0, Last appended by leader: 0, Current term: 0, Majority size: -1, State: 0, Mode: NON_LEADER, active raft config: opid_index: -1 OBSOLETE_local: true peers { permanent_uuid: "41cbb0a2920c435a81cf064884655b27" member_type: VOTER }
I20260709 13:14:03.599457  9502 raft_consensus.cc:399] T 00000000000000000000000000000000 P 41cbb0a2920c435a81cf064884655b27 [term 0 FOLLOWER]: Only one voter in the Raft config. Triggering election immediately
I20260709 13:14:03.599644  9502 raft_consensus.cc:493] T 00000000000000000000000000000000 P 41cbb0a2920c435a81cf064884655b27 [term 0 FOLLOWER]: Starting leader election (initial election of a single-replica configuration)
I20260709 13:14:03.599852  9502 raft_consensus.cc:3060] T 00000000000000000000000000000000 P 41cbb0a2920c435a81cf064884655b27 [term 0 FOLLOWER]: Advancing to term 1
I20260709 13:14:03.603790  9502 raft_consensus.cc:515] T 00000000000000000000000000000000 P 41cbb0a2920c435a81cf064884655b27 [term 1 FOLLOWER]: Starting leader election with config: opid_index: -1 OBSOLETE_local: true peers { permanent_uuid: "41cbb0a2920c435a81cf064884655b27" member_type: VOTER }
I20260709 13:14:03.604265  9502 leader_election.cc:304] T 00000000000000000000000000000000 P 41cbb0a2920c435a81cf064884655b27 [CANDIDATE]: Term 1 election: Election decided. Result: candidate won. Election summary: received 1 responses out of 1 voters: 1 yes votes; 0 no votes. yes voters: 41cbb0a2920c435a81cf064884655b27; no voters: 
I20260709 13:14:03.605315  9502 leader_election.cc:290] T 00000000000000000000000000000000 P 41cbb0a2920c435a81cf064884655b27 [CANDIDATE]: Term 1 election: Requested vote from peers 
I20260709 13:14:03.605628  9505 raft_consensus.cc:2804] T 00000000000000000000000000000000 P 41cbb0a2920c435a81cf064884655b27 [term 1 FOLLOWER]: Leader election won for term 1
I20260709 13:14:03.606946  9505 raft_consensus.cc:697] T 00000000000000000000000000000000 P 41cbb0a2920c435a81cf064884655b27 [term 1 LEADER]: Becoming Leader. State: Replica: 41cbb0a2920c435a81cf064884655b27, State: Running, Role: LEADER
I20260709 13:14:03.607645  9505 consensus_queue.cc:237] T 00000000000000000000000000000000 P 41cbb0a2920c435a81cf064884655b27 [LEADER]: Queue going to LEADER mode. State: All replicated index: 0, Majority replicated index: 0, Committed index: 0, Last appended: 0.0, Last appended by leader: 0, Current term: 1, Majority size: 1, State: 0, Mode: LEADER, active raft config: opid_index: -1 OBSOLETE_local: true peers { permanent_uuid: "41cbb0a2920c435a81cf064884655b27" member_type: VOTER }
I20260709 13:14:03.608318  9502 sys_catalog.cc:565] T 00000000000000000000000000000000 P 41cbb0a2920c435a81cf064884655b27 [sys.catalog]: configured and running, proceeding with master startup.
I20260709 13:14:03.612366  9507 sys_catalog.cc:455] T 00000000000000000000000000000000 P 41cbb0a2920c435a81cf064884655b27 [sys.catalog]: SysCatalogTable state changed. Reason: New leader 41cbb0a2920c435a81cf064884655b27. Latest consensus state: current_term: 1 leader_uuid: "41cbb0a2920c435a81cf064884655b27" committed_config { opid_index: -1 OBSOLETE_local: true peers { permanent_uuid: "41cbb0a2920c435a81cf064884655b27" member_type: VOTER } }
