I20260709 13:14:10.335850 10849 leader_election.cc:304] T c6c23bec55d043a18a54e88f678be9b0 P 3cf488e495a645c1b5df046fe51a7918 [CANDIDATE]: Term 1 election: Election decided. Result: candidate won. Election summary: received 2 responses out of 3 voters: 2 yes votes; 0 no votes. yes voters: 3cf488e495a645c1b5df046fe51a7918, b30b0881174440ca9267b1a300bd7d24; no voters: 
I20260709 13:14:10.337823 10924 tablet_bootstrap.cc:654] T e85bd84daf604831a3fec1085586f704 P b30b0881174440ca9267b1a300bd7d24: Neither blocks nor log segments found. Creating new log.
I20260709 13:14:10.339098 10982 raft_consensus.cc:2804] T c6c23bec55d043a18a54e88f678be9b0 P 3cf488e495a645c1b5df046fe51a7918 [term 1 FOLLOWER]: Leader election won for term 1
I20260709 13:14:10.339643 10982 raft_consensus.cc:697] T c6c23bec55d043a18a54e88f678be9b0 P 3cf488e495a645c1b5df046fe51a7918 [term 1 LEADER]: Becoming Leader. State: Replica: 3cf488e495a645c1b5df046fe51a7918, State: Running, Role: LEADER
I20260709 13:14:10.340444 10982 consensus_queue.cc:237] T c6c23bec55d043a18a54e88f678be9b0 P 3cf488e495a645c1b5df046fe51a7918 [LEADER]: Queue going to LEADER mode. State: All replicated index: 0, Majority replicated index: 0, Committed index: 0, Last appended: 0.0, Last appended by leader: 0, Current term: 1, Majority size: 2, State: 0, Mode: LEADER, active raft config: opid_index: -1 OBSOLETE_local: false peers { permanent_uuid: "b30b0881174440ca9267b1a300bd7d24" member_type: VOTER last_known_addr { host: "127.9.100.193" port: 43533 } } peers { permanent_uuid: "80c6757b742945d3b3b7525cdd81d524" member_type: VOTER last_known_addr { host: "127.9.100.194" port: 36901 } } peers { permanent_uuid: "3cf488e495a645c1b5df046fe51a7918" member_type: VOTER last_known_addr { host: "127.9.100.195" port: 33545 } }
I20260709 13:14:10.342310 10927 tablet_bootstrap.cc:492] T e3f477df806a4d918138787c83809b86 P 80c6757b742945d3b3b7525cdd81d524: No bootstrap required, opened a new log
I20260709 13:14:10.342782 10927 ts_tablet_manager.cc:1403] T e3f477df806a4d918138787c83809b86 P 80c6757b742945d3b3b7525cdd81d524: Time spent bootstrapping tablet: real 0.106s	user 0.013s	sys 0.016s
I20260709 13:14:10.343108 10925 tablet_bootstrap.cc:492] T a6466a41475240f993eba082ce600db3 P 3cf488e495a645c1b5df046fe51a7918: No bootstrap required, opened a new log
I20260709 13:14:10.343497 10925 ts_tablet_manager.cc:1403] T a6466a41475240f993eba082ce600db3 P 3cf488e495a645c1b5df046fe51a7918: Time spent bootstrapping tablet: real 0.122s	user 0.007s	sys 0.005s
I20260709 13:14:10.345427 10927 raft_consensus.cc:359] T e3f477df806a4d918138787c83809b86 P 80c6757b742945d3b3b7525cdd81d524 [term 0 FOLLOWER]: Replica starting. Triggering 0 pending ops. Active config: opid_index: -1 OBSOLETE_local: false peers { permanent_uuid: "b30b0881174440ca9267b1a300bd7d24" member_type: VOTER last_known_addr { host: "127.9.100.193" port: 43533 } } peers { permanent_uuid: "80c6757b742945d3b3b7525cdd81d524" member_type: VOTER last_known_addr { host: "127.9.100.194" port: 36901 } } peers { permanent_uuid: "3cf488e495a645c1b5df046fe51a7918" member_type: VOTER last_known_addr { host: "127.9.100.195" port: 33545 } }
I20260709 13:14:10.346103 10927 raft_consensus.cc:385] T e3f477df806a4d918138787c83809b86 P 80c6757b742945d3b3b7525cdd81d524 [term 0 FOLLOWER]: Consensus starting up: Expiring failure detector timer to make a prompt election more likely
I20260709 13:14:10.346380 10927 raft_consensus.cc:740] T e3f477df806a4d918138787c83809b86 P 80c6757b742945d3b3b7525cdd81d524 [term 0 FOLLOWER]: Becoming Follower/Learner. State: Replica: 80c6757b742945d3b3b7525cdd81d524, State: Initialized, Role: FOLLOWER
I20260709 13:14:10.346627 10925 raft_consensus.cc:359] T a6466a41475240f993eba082ce600db3 P 3cf488e495a645c1b5df046fe51a7918 [term 0 FOLLOWER]: Replica starting. Triggering 0 pending ops. Active config: opid_index: -1 OBSOLETE_local: false peers { permanent_uuid: "b30b0881174440ca9267b1a300bd7d24" member_type: VOTER last_known_addr { host: "127.9.100.193" port: 43533 } } peers { permanent_uuid: "80c6757b742945d3b3b7525cdd81d524" member_type: VOTER last_known_addr { host: "127.9.100.194" port: 36901 } } peers { permanent_uuid: "3cf488e495a645c1b5df046fe51a7918" member_type: VOTER last_known_addr { host: "127.9.100.195" port: 33545 } }
I20260709 13:14:10.347012 10927 consensus_queue.cc:260] T e3f477df806a4d918138787c83809b86 P 80c6757b742945d3b3b7525cdd81d524 [NON_LEADER]: Queue going to NON_LEADER mode. State: All replicated index: 0, Majority replicated index: 0, Committed index: 0, Last appended: 0.0, Last appended by leader: 0, Current term: 0, Majority size: -1, State: 0, Mode: NON_LEADER, active raft config: opid_index: -1 OBSOLETE_local: false peers { permanent_uuid: "b30b0881174440ca9267b1a300bd7d24" member_type: VOTER last_known_addr { host: "127.9.100.193" port: 43533 } } peers { permanent_uuid: "80c6757b742945d3b3b7525cdd81d524" member_type: VOTER last_known_addr { host: "127.9.100.194" port: 36901 } } peers { permanent_uuid: "3cf488e495a645c1b5df046fe51a7918" member_type: VOTER last_known_addr { host: "127.9.100.195" port: 33545 } }
I20260709 13:14:10.347483 10925 raft_consensus.cc:385] T a6466a41475240f993eba082ce600db3 P 3cf488e495a645c1b5df046fe51a7918 [term 0 FOLLOWER]: Consensus starting up: Expiring failure detector timer to make a prompt election more likely
I20260709 13:14:10.347764 10925 raft_consensus.cc:740] T a6466a41475240f993eba082ce600db3 P 3cf488e495a645c1b5df046fe51a7918 [term 0 FOLLOWER]: Becoming Follower/Learner. State: Replica: 3cf488e495a645c1b5df046fe51a7918, State: Initialized, Role: FOLLOWER
I20260709 13:14:10.348481 10925 consensus_queue.cc:260] T a6466a41475240f993eba082ce600db3 P 3cf488e495a645c1b5df046fe51a7918 [NON_LEADER]: Queue going to NON_LEADER mode. State: All replicated index: 0, Majority replicated index: 0, Committed index: 0, Last appended: 0.0, Last appended by leader: 0, Current term: 0, Majority size: -1, State: 0, Mode: NON_LEADER, active raft config: opid_index: -1 OBSOLETE_local: false peers { permanent_uuid: "b30b0881174440ca9267b1a300bd7d24" member_type: VOTER last_known_addr { host: "127.9.100.193" port: 43533 } } peers { permanent_uuid: "80c6757b742945d3b3b7525cdd81d524" member_type: VOTER last_known_addr { host: "127.9.100.194" port: 36901 } } peers { permanent_uuid: "3cf488e495a645c1b5df046fe51a7918" member_type: VOTER last_known_addr { host: "127.9.100.195" port: 33545 } }
I20260709 13:14:10.349087 10927 ts_tablet_manager.cc:1434] T e3f477df806a4d918138787c83809b86 P 80c6757b742945d3b3b7525cdd81d524: Time spent starting tablet: real 0.006s	user 0.004s	sys 0.000s
I20260709 13:14:10.350207 10927 tablet_bootstrap.cc:492] T f66320d9e17e44729228aeb2219a5b51 P 80c6757b742945d3b3b7525cdd81d524: Bootstrap starting.
I20260709 13:14:10.350822 10925 ts_tablet_manager.cc:1434] T a6466a41475240f993eba082ce600db3 P 3cf488e495a645c1b5df046fe51a7918: Time spent starting tablet: real 0.007s	user 0.006s	sys 0.000s
I20260709 13:14:10.354800 10925 tablet_bootstrap.cc:492] T 38cd4d943be242f8b3fe9654b0127ebd P 3cf488e495a645c1b5df046fe51a7918: Bootstrap starting.
I20260709 13:14:10.355966 10927 tablet_bootstrap.cc:654] T f66320d9e17e44729228aeb2219a5b51 P 80c6757b742945d3b3b7525cdd81d524: Neither blocks nor log segments found. Creating new log.
I20260709 13:14:10.356374 10629 catalog_manager.cc:5697] T e3c6270d7d554feeb9d894a9253fd9c0 P 80c6757b742945d3b3b7525cdd81d524 reported cstate change: term changed from 0 to 1, leader changed from <none> to 80c6757b742945d3b3b7525cdd81d524 (127.9.100.194). New cstate: current_term: 1 leader_uuid: "80c6757b742945d3b3b7525cdd81d524" committed_config { opid_index: -1 OBSOLETE_local: false peers { permanent_uuid: "b30b0881174440ca9267b1a300bd7d24" member_type: VOTER last_known_addr { host: "127.9.100.193" port: 43533 } health_report { overall_health: UNKNOWN } } peers { permanent_uuid: "80c6757b742945d3b3b7525cdd81d524" member_type: VOTER last_known_addr { host: "127.9.100.194" port: 36901 } health_report { overall_health: HEALTHY } } peers { permanent_uuid: "3cf488e495a645c1b5df046fe51a7918" member_type: VOTER last_known_addr { host: "127.9.100.195" port: 33545 } health_report { overall_health: UNKNOWN } } }
I20260709 13:14:10.360930 10924 tablet_bootstrap.cc:492] T e85bd84daf604831a3fec1085586f704 P b30b0881174440ca9267b1a300bd7d24: No bootstrap required, opened a new log
I20260709 13:14:10.361467 10924 ts_tablet_manager.cc:1403] T e85bd84daf604831a3fec1085586f704 P b30b0881174440ca9267b1a300bd7d24: Time spent bootstrapping tablet: real 0.062s	user 0.005s	sys 0.007s
I20260709 13:14:10.363495 10925 tablet_bootstrap.cc:654] T 38cd4d943be242f8b3fe9654b0127ebd P 3cf488e495a645c1b5df046fe51a7918: Neither blocks nor log segments found. Creating new log.
I20260709 13:14:10.364641 10924 raft_consensus.cc:359] T e85bd84daf604831a3fec1085586f704 P b30b0881174440ca9267b1a300bd7d24 [term 0 FOLLOWER]: Replica starting. Triggering 0 pending ops. Active config: opid_index: -1 OBSOLETE_local: false peers { permanent_uuid: "b30b0881174440ca9267b1a300bd7d24" member_type: VOTER last_known_addr { host: "127.9.100.193" port: 43533 } } peers { permanent_uuid: "80c6757b742945d3b3b7525cdd81d524" member_type: VOTER last_known_addr { host: "127.9.100.194" port: 36901 } } peers { permanent_uuid: "3cf488e495a645c1b5df046fe51a7918" member_type: VOTER last_known_addr { host: "127.9.100.195" port: 33545 } }
I20260709 13:14:10.365347 10924 raft_consensus.cc:385] T e85bd84daf604831a3fec1085586f704 P b30b0881174440ca9267b1a300bd7d24 [term 0 FOLLOWER]: Consensus starting up: Expiring failure detector timer to make a prompt election more likely
I20260709 13:14:10.365622 10924 raft_consensus.cc:740] T e85bd84daf604831a3fec1085586f704 P b30b0881174440ca9267b1a300bd7d24 [term 0 FOLLOWER]: Becoming Follower/Learner. State: Replica: b30b0881174440ca9267b1a300bd7d24, State: Initialized, Role: FOLLOWER
I20260709 13:14:10.366304 10924 consensus_queue.cc:260] T e85bd84daf604831a3fec1085586f704 P b30b0881174440ca9267b1a300bd7d24 [NON_LEADER]: Queue going to NON_LEADER mode. State: All replicated index: 0, Majority replicated index: 0, Committed index: 0, Last appended: 0.0, Last appended by leader: 0, Current term: 0, Majority size: -1, State: 0, Mode: NON_LEADER, active raft config: opid_index: -1 OBSOLETE_local: false peers { permanent_uuid: "b30b0881174440ca9267b1a300bd7d24" member_type: VOTER last_known_addr { host: "127.9.100.193" port: 43533 } } peers { permanent_uuid: "80c6757b742945d3b3b7525cdd81d524" member_type: VOTER last_known_addr { host: "127.9.100.194" port: 36901 } } peers { permanent_uuid: "3cf488e495a645c1b5df046fe51a7918" member_type: VOTER last_known_addr { host: "127.9.100.195" port: 33545 } }
I20260709 13:14:10.368485 10633 catalog_manager.cc:5697] T c6c23bec55d043a18a54e88f678be9b0 P 3cf488e495a645c1b5df046fe51a7918 reported cstate change: term changed from 0 to 1, leader changed from <none> to 3cf488e495a645c1b5df046fe51a7918 (127.9.100.195). New cstate: current_term: 1 leader_uuid: "3cf488e495a645c1b5df046fe51a7918" committed_config { opid_index: -1 OBSOLETE_local: false peers { permanent_uuid: "b30b0881174440ca9267b1a300bd7d24" member_type: VOTER last_known_addr { host: "127.9.100.193" port: 43533 } health_report { overall_health: UNKNOWN } } peers { permanent_uuid: "80c6757b742945d3b3b7525cdd81d524" member_type: VOTER last_known_addr { host: "127.9.100.194" port: 36901 } health_report { overall_health: UNKNOWN } } peers { permanent_uuid: "3cf488e495a645c1b5df046fe51a7918" member_type: VOTER last_known_addr { host: "127.9.100.195" port: 33545 } health_report { overall_health: HEALTHY } } }
I20260709 13:14:10.371709 10927 tablet_bootstrap.cc:492] T f66320d9e17e44729228aeb2219a5b51 P 80c6757b742945d3b3b7525cdd81d524: No bootstrap required, opened a new log
I20260709 13:14:10.372186 10927 ts_tablet_manager.cc:1403] T f66320d9e17e44729228aeb2219a5b51 P 80c6757b742945d3b3b7525cdd81d524: Time spent bootstrapping tablet: real 0.022s	user 0.015s	sys 0.003s
I20260709 13:14:10.374075 11148 raft_consensus.cc:493] T c0b9c749d14148ff8907fc7de8825e5d P b30b0881174440ca9267b1a300bd7d24 [term 0 FOLLOWER]: Starting pre-election (no leader contacted us within the election timeout)
I20260709 13:14:10.374562 11148 raft_consensus.cc:515] T c0b9c749d14148ff8907fc7de8825e5d P b30b0881174440ca9267b1a300bd7d24 [term 0 FOLLOWER]: Starting pre-election with config: opid_index: -1 OBSOLETE_local: false peers { permanent_uuid: "b30b0881174440ca9267b1a300bd7d24" member_type: VOTER last_known_addr { host: "127.9.100.193" port: 43533 } } peers { permanent_uuid: "80c6757b742945d3b3b7525cdd81d524" member_type: VOTER last_known_addr { host: "127.9.100.194" port: 36901 } } peers { permanent_uuid: "3cf488e495a645c1b5df046fe51a7918" member_type: VOTER last_known_addr { host: "127.9.100.195" port: 33545 } }
I20260709 13:14:10.374765 10927 raft_consensus.cc:359] T f66320d9e17e44729228aeb2219a5b51 P 80c6757b742945d3b3b7525cdd81d524 [term 0 FOLLOWER]: Replica starting. Triggering 0 pending ops. Active config: opid_index: -1 OBSOLETE_local: false peers { permanent_uuid: "b30b0881174440ca9267b1a300bd7d24" member_type: VOTER last_known_addr { host: "127.9.100.193" port: 43533 } } peers { permanent_uuid: "80c6757b742945d3b3b7525cdd81d524" member_type: VOTER last_known_addr { host: "127.9.100.194" port: 36901 } } peers { permanent_uuid: "3cf488e495a645c1b5df046fe51a7918" member_type: VOTER last_known_addr { host: "127.9.100.195" port: 33545 } }
I20260709 13:14:10.375471 10927 raft_consensus.cc:385] T f66320d9e17e44729228aeb2219a5b51 P 80c6757b742945d3b3b7525cdd81d524 [term 0 FOLLOWER]: Consensus starting up: Expiring failure detector timer to make a prompt election more likely
I20260709 13:14:10.375756 10927 raft_consensus.cc:740] T f66320d9e17e44729228aeb2219a5b51 P 80c6757b742945d3b3b7525cdd81d524 [term 0 FOLLOWER]: Becoming Follower/Learner. State: Replica: 80c6757b742945d3b3b7525cdd81d524, State: Initialized, Role: FOLLOWER
I20260709 13:14:10.376747 11148 leader_election.cc:290] T c0b9c749d14148ff8907fc7de8825e5d P b30b0881174440ca9267b1a300bd7d24 [CANDIDATE]: Term 1 pre-election: Requested pre-vote from peers 80c6757b742945d3b3b7525cdd81d524 (127.9.100.194:36901), 3cf488e495a645c1b5df046fe51a7918 (127.9.100.195:33545)
I20260709 13:14:10.376713 10927 consensus_queue.cc:260] T f66320d9e17e44729228aeb2219a5b51 P 80c6757b742945d3b3b7525cdd81d524 [NON_LEADER]: Queue going to NON_LEADER mode. State: All replicated index: 0, Majority replicated index: 0, Committed index: 0, Last appended: 0.0, Last appended by leader: 0, Current term: 0, Majority size: -1, State: 0, Mode: NON_LEADER, active raft config: opid_index: -1 OBSOLETE_local: false peers { permanent_uuid: "b30b0881174440ca9267b1a300bd7d24" member_type: VOTER last_known_addr { host: "127.9.100.193" port: 43533 } } peers { permanent_uuid: "80c6757b742945d3b3b7525cdd81d524" member_type: VOTER last_known_addr { host: "127.9.100.194" port: 36901 } } peers { permanent_uuid: "3cf488e495a645c1b5df046fe51a7918" member_type: VOTER last_known_addr { host: "127.9.100.195" port: 33545 } }
I20260709 13:14:10.378016 10810 tablet_service.cc:1917] Received RequestConsensusVote() RPC: tablet_id: "c0b9c749d14148ff8907fc7de8825e5d" candidate_uuid: "b30b0881174440ca9267b1a300bd7d24" candidate_term: 1 candidate_status { last_received { term: 0 index: 0 } } ignore_live_leader: false dest_uuid: "80c6757b742945d3b3b7525cdd81d524" is_pre_election: true
I20260709 13:14:10.378803 10927 ts_tablet_manager.cc:1434] T f66320d9e17e44729228aeb2219a5b51 P 80c6757b742945d3b3b7525cdd81d524: Time spent starting tablet: real 0.006s	user 0.005s	sys 0.000s
I20260709 13:14:10.379485 10924 ts_tablet_manager.cc:1434] T e85bd84daf604831a3fec1085586f704 P b30b0881174440ca9267b1a300bd7d24: Time spent starting tablet: real 0.018s	user 0.006s	sys 0.000s
I20260709 13:14:10.379709 10927 tablet_bootstrap.cc:492] T a6466a41475240f993eba082ce600db3 P 80c6757b742945d3b3b7525cdd81d524: Bootstrap starting.
I20260709 13:14:10.384317 10925 tablet_bootstrap.cc:492] T 38cd4d943be242f8b3fe9654b0127ebd P 3cf488e495a645c1b5df046fe51a7918: No bootstrap required, opened a new log
I20260709 13:14:10.384807 10925 ts_tablet_manager.cc:1403] T 38cd4d943be242f8b3fe9654b0127ebd P 3cf488e495a645c1b5df046fe51a7918: Time spent bootstrapping tablet: real 0.030s	user 0.011s	sys 0.002s
I20260709 13:14:10.386756 10927 tablet_bootstrap.cc:654] T a6466a41475240f993eba082ce600db3 P 80c6757b742945d3b3b7525cdd81d524: Neither blocks nor log segments found. Creating new log.
I20260709 13:14:10.387712 10925 raft_consensus.cc:359] T 38cd4d943be242f8b3fe9654b0127ebd P 3cf488e495a645c1b5df046fe51a7918 [term 0 FOLLOWER]: Replica starting. Triggering 0 pending ops. Active config: opid_index: -1 OBSOLETE_local: false peers { permanent_uuid: "b30b0881174440ca9267b1a300bd7d24" member_type: VOTER last_known_addr { host: "127.9.100.193" port: 43533 } } peers { permanent_uuid: "80c6757b742945d3b3b7525cdd81d524" member_type: VOTER last_known_addr { host: "127.9.100.194" port: 36901 } } peers { permanent_uuid: "3cf488e495a645c1b5df046fe51a7918" member_type: VOTER last_known_addr { host: "127.9.100.195" port: 33545 } }
W20260709 13:14:10.388108 10848 consensus_peers.cc:597] T 8eddad8290cf49548dd1aac0693e960b P 3cf488e495a645c1b5df046fe51a7918 -> Peer 80c6757b742945d3b3b7525cdd81d524 (127.9.100.194:36901): Couldn't send request to peer 80c6757b742945d3b3b7525cdd81d524. Error code: TABLET_NOT_RUNNING (12). Status: Illegal state: Tablet not RUNNING: INITIALIZED. This is attempt 1: this message will repeat every 5th retry.
I20260709 13:14:10.388417 10925 raft_consensus.cc:385] T 38cd4d943be242f8b3fe9654b0127ebd P 3cf488e495a645c1b5df046fe51a7918 [term 0 FOLLOWER]: Consensus starting up: Expiring failure detector timer to make a prompt election more likely
I20260709 13:14:10.388823 10925 raft_consensus.cc:740] T 38cd4d943be242f8b3fe9654b0127ebd P 3cf488e495a645c1b5df046fe51a7918 [term 0 FOLLOWER]: Becoming Follower/Learner. State: Replica: 3cf488e495a645c1b5df046fe51a7918, State: Initialized, Role: FOLLOWER
W20260709 13:14:10.387611 10699 leader_election.cc:343] T c0b9c749d14148ff8907fc7de8825e5d P b30b0881174440ca9267b1a300bd7d24 [CANDIDATE]: Term 1 pre-election: Tablet error from VoteRequest() call to peer 80c6757b742945d3b3b7525cdd81d524 (127.9.100.194:36901): Illegal state: must be running to vote when last-logged opid is not known
I20260709 13:14:10.388827 10878 tablet_service.cc:1917] Received RequestConsensusVote() RPC: tablet_id: "c0b9c749d14148ff8907fc7de8825e5d" candidate_uuid: "b30b0881174440ca9267b1a300bd7d24" candidate_term: 1 candidate_status { last_received { term: 0 index: 0 } } ignore_live_leader: false dest_uuid: "3cf488e495a645c1b5df046fe51a7918" is_pre_election: true
I20260709 13:14:10.389605 10878 raft_consensus.cc:2468] T c0b9c749d14148ff8907fc7de8825e5d P 3cf488e495a645c1b5df046fe51a7918 [term 0 FOLLOWER]: Leader pre-election vote request: Granting yes vote for candidate b30b0881174440ca9267b1a300bd7d24 in term 0.
I20260709 13:14:10.389665 10925 consensus_queue.cc:260] T 38cd4d943be242f8b3fe9654b0127ebd P 3cf488e495a645c1b5df046fe51a7918 [NON_LEADER]: Queue going to NON_LEADER mode. State: All replicated index: 0, Majority replicated index: 0, Committed index: 0, Last appended: 0.0, Last appended by leader: 0, Current term: 0, Majority size: -1, State: 0, Mode: NON_LEADER, active raft config: opid_index: -1 OBSOLETE_local: false peers { permanent_uuid: "b30b0881174440ca9267b1a300bd7d24" member_type: VOTER last_known_addr { host: "127.9.100.193" port: 43533 } } peers { permanent_uuid: "80c6757b742945d3b3b7525cdd81d524" member_type: VOTER last_known_addr { host: "127.9.100.194" port: 36901 } } peers { permanent_uuid: "3cf488e495a645c1b5df046fe51a7918" member_type: VOTER last_known_addr { host: "127.9.100.195" port: 33545 } }
I20260709 13:14:10.391094 10699 leader_election.cc:304] T c0b9c749d14148ff8907fc7de8825e5d P b30b0881174440ca9267b1a300bd7d24 [CANDIDATE]: Term 1 pre-election: Election decided. Result: candidate won. Election summary: received 3 responses out of 3 voters: 2 yes votes; 1 no votes. yes voters: 3cf488e495a645c1b5df046fe51a7918, b30b0881174440ca9267b1a300bd7d24; no voters: 80c6757b742945d3b3b7525cdd81d524
I20260709 13:14:10.392143 11148 raft_consensus.cc:2804] T c0b9c749d14148ff8907fc7de8825e5d P b30b0881174440ca9267b1a300bd7d24 [term 0 FOLLOWER]: Leader pre-election won for term 1
I20260709 13:14:10.392525 11148 raft_consensus.cc:493] T c0b9c749d14148ff8907fc7de8825e5d P b30b0881174440ca9267b1a300bd7d24 [term 0 FOLLOWER]: Starting leader election (no leader contacted us within the election timeout)
I20260709 13:14:10.392870 11148 raft_consensus.cc:3060] T c0b9c749d14148ff8907fc7de8825e5d P b30b0881174440ca9267b1a300bd7d24 [term 0 FOLLOWER]: Advancing to term 1
I20260709 13:14:10.397393 11120 consensus_queue.cc:1048] T 8eddad8290cf49548dd1aac0693e960b P 3cf488e495a645c1b5df046fe51a7918 [LEADER]: Connected to new peer: Peer: permanent_uuid: "b30b0881174440ca9267b1a300bd7d24" member_type: VOTER last_known_addr { host: "127.9.100.193" port: 43533 }, Status: LMP_MISMATCH, Last received: 0.0, Next index: 1, Last known committed idx: 0, Time since last communication: 0.000s
I20260709 13:14:10.392223 10925 ts_tablet_manager.cc:1434] T 38cd4d943be242f8b3fe9654b0127ebd P 3cf488e495a645c1b5df046fe51a7918: Time spent starting tablet: real 0.007s	user 0.006s	sys 0.001s
I20260709 13:14:10.417591 10925 tablet_bootstrap.cc:492] T f66320d9e17e44729228aeb2219a5b51 P 3cf488e495a645c1b5df046fe51a7918: Bootstrap starting.
I20260709 13:14:10.424726 10925 tablet_bootstrap.cc:654] T f66320d9e17e44729228aeb2219a5b51 P 3cf488e495a645c1b5df046fe51a7918: Neither blocks nor log segments found. Creating new log.
I20260709 13:14:10.384786 10924 tablet_bootstrap.cc:492] T e3c6270d7d554feeb9d894a9253fd9c0 P b30b0881174440ca9267b1a300bd7d24: Bootstrap starting.
I20260709 13:14:10.438877 11148 raft_consensus.cc:515] T c0b9c749d14148ff8907fc7de8825e5d P b30b0881174440ca9267b1a300bd7d24 [term 1 FOLLOWER]: Starting leader election with config: opid_index: -1 OBSOLETE_local: false peers { permanent_uuid: "b30b0881174440ca9267b1a300bd7d24" member_type: VOTER last_known_addr { host: "127.9.100.193" port: 43533 } } peers { permanent_uuid: "80c6757b742945d3b3b7525cdd81d524" member_type: VOTER last_known_addr { host: "127.9.100.194" port: 36901 } } peers { permanent_uuid: "3cf488e495a645c1b5df046fe51a7918" member_type: VOTER last_known_addr { host: "127.9.100.195" port: 33545 } }
I20260709 13:14:10.439246 10927 tablet_bootstrap.cc:492] T a6466a41475240f993eba082ce600db3 P 80c6757b742945d3b3b7525cdd81d524: No bootstrap required, opened a new log
I20260709 13:14:10.451426 10927 ts_tablet_manager.cc:1403] T a6466a41475240f993eba082ce600db3 P 80c6757b742945d3b3b7525cdd81d524: Time spent bootstrapping tablet: real 0.072s	user 0.015s	sys 0.032s
I20260709 13:14:10.451751 10810 tablet_service.cc:1917] Received RequestConsensusVote() RPC: tablet_id: "c0b9c749d14148ff8907fc7de8825e5d" candidate_uuid: "b30b0881174440ca9267b1a300bd7d24" candidate_term: 1 candidate_status { last_received { term: 0 index: 0 } } ignore_live_leader: false dest_uuid: "80c6757b742945d3b3b7525cdd81d524"
W20260709 13:14:10.453217 10699 leader_election.cc:343] T c0b9c749d14148ff8907fc7de8825e5d P b30b0881174440ca9267b1a300bd7d24 [CANDIDATE]: Term 1 election: Tablet error from VoteRequest() call to peer 80c6757b742945d3b3b7525cdd81d524 (127.9.100.194:36901): Illegal state: must be running to vote when last-logged opid is not known
I20260709 13:14:10.443432 10924 tablet_bootstrap.cc:654] T e3c6270d7d554feeb9d894a9253fd9c0 P b30b0881174440ca9267b1a300bd7d24: Neither blocks nor log segments found. Creating new log.
I20260709 13:14:10.454120 10927 raft_consensus.cc:359] T a6466a41475240f993eba082ce600db3 P 80c6757b742945d3b3b7525cdd81d524 [term 0 FOLLOWER]: Replica starting. Triggering 0 pending ops. Active config: opid_index: -1 OBSOLETE_local: false peers { permanent_uuid: "b30b0881174440ca9267b1a300bd7d24" member_type: VOTER last_known_addr { host: "127.9.100.193" port: 43533 } } peers { permanent_uuid: "80c6757b742945d3b3b7525cdd81d524" member_type: VOTER last_known_addr { host: "127.9.100.194" port: 36901 } } peers { permanent_uuid: "3cf488e495a645c1b5df046fe51a7918" member_type: VOTER last_known_addr { host: "127.9.100.195" port: 33545 } }
I20260709 13:14:10.454795 10927 raft_consensus.cc:385] T a6466a41475240f993eba082ce600db3 P 80c6757b742945d3b3b7525cdd81d524 [term 0 FOLLOWER]: Consensus starting up: Expiring failure detector timer to make a prompt election more likely
I20260709 13:14:10.455109 10927 raft_consensus.cc:740] T a6466a41475240f993eba082ce600db3 P 80c6757b742945d3b3b7525cdd81d524 [term 0 FOLLOWER]: Becoming Follower/Learner. State: Replica: 80c6757b742945d3b3b7525cdd81d524, State: Initialized, Role: FOLLOWER
I20260709 13:14:10.455777 10927 consensus_queue.cc:260] T a6466a41475240f993eba082ce600db3 P 80c6757b742945d3b3b7525cdd81d524 [NON_LEADER]: Queue going to NON_LEADER mode. State: All replicated index: 0, Majority replicated index: 0, Committed index: 0, Last appended: 0.0, Last appended by leader: 0, Current term: 0, Majority size: -1, State: 0, Mode: NON_LEADER, active raft config: opid_index: -1 OBSOLETE_local: false peers { permanent_uuid: "b30b0881174440ca9267b1a300bd7d24" member_type: VOTER last_known_addr { host: "127.9.100.193" port: 43533 } } peers { permanent_uuid: "80c6757b742945d3b3b7525cdd81d524" member_type: VOTER last_known_addr { host: "127.9.100.194" port: 36901 } } peers { permanent_uuid: "3cf488e495a645c1b5df046fe51a7918" member_type: VOTER last_known_addr { host: "127.9.100.195" port: 33545 } }
I20260709 13:14:10.457756 10927 ts_tablet_manager.cc:1434] T a6466a41475240f993eba082ce600db3 P 80c6757b742945d3b3b7525cdd81d524: Time spent starting tablet: real 0.006s	user 0.004s	sys 0.000s
I20260709 13:14:10.458552 11148 leader_election.cc:290] T c0b9c749d14148ff8907fc7de8825e5d P b30b0881174440ca9267b1a300bd7d24 [CANDIDATE]: Term 1 election: Requested vote from peers 80c6757b742945d3b3b7525cdd81d524 (127.9.100.194:36901), 3cf488e495a645c1b5df046fe51a7918 (127.9.100.195:33545)
I20260709 13:14:10.459095 10927 tablet_bootstrap.cc:492] T 29115ecd6f5241ff949c27b542ab3d1a P 80c6757b742945d3b3b7525cdd81d524: Bootstrap starting.
I20260709 13:14:10.450696 10925 tablet_bootstrap.cc:492] T f66320d9e17e44729228aeb2219a5b51 P 3cf488e495a645c1b5df046fe51a7918: No bootstrap required, opened a new log
I20260709 13:14:10.459648 10878 tablet_service.cc:1917] Received RequestConsensusVote() RPC: tablet_id: "c0b9c749d14148ff8907fc7de8825e5d" candidate_uuid: "b30b0881174440ca9267b1a300bd7d24" candidate_term: 1 candidate_status { last_received { term: 0 index: 0 } } ignore_live_leader: false dest_uuid: "3cf488e495a645c1b5df046fe51a7918"
I20260709 13:14:10.459975 10925 ts_tablet_manager.cc:1403] T f66320d9e17e44729228aeb2219a5b51 P 3cf488e495a645c1b5df046fe51a7918: Time spent bootstrapping tablet: real 0.043s	user 0.010s	sys 0.004s
I20260709 13:14:10.460194 10878 raft_consensus.cc:3060] T c0b9c749d14148ff8907fc7de8825e5d P 3cf488e495a645c1b5df046fe51a7918 [term 0 FOLLOWER]: Advancing to term 1
I20260709 13:14:10.462556 10925 raft_consensus.cc:359] T f66320d9e17e44729228aeb2219a5b51 P 3cf488e495a645c1b5df046fe51a7918 [term 0 FOLLOWER]: Replica starting. Triggering 0 pending ops. Active config: opid_index: -1 OBSOLETE_local: false peers { permanent_uuid: "b30b0881174440ca9267b1a300bd7d24" member_type: VOTER last_known_addr { host: "127.9.100.193" port: 43533 } } peers { permanent_uuid: "80c6757b742945d3b3b7525cdd81d524" member_type: VOTER last_known_addr { host: "127.9.100.194" port: 36901 } } peers { permanent_uuid: "3cf488e495a645c1b5df046fe51a7918" member_type: VOTER last_known_addr { host: "127.9.100.195" port: 33545 } }
I20260709 13:14:10.464326 10927 tablet_bootstrap.cc:654] T 29115ecd6f5241ff949c27b542ab3d1a P 80c6757b742945d3b3b7525cdd81d524: Neither blocks nor log segments found. Creating new log.
I20260709 13:14:10.467391 10878 raft_consensus.cc:2468] T c0b9c749d14148ff8907fc7de8825e5d P 3cf488e495a645c1b5df046fe51a7918 [term 1 FOLLOWER]: Leader election vote request: Granting yes vote for candidate b30b0881174440ca9267b1a300bd7d24 in term 1.
I20260709 13:14:10.463253 10925 raft_consensus.cc:385] T f66320d9e17e44729228aeb2219a5b51 P 3cf488e495a645c1b5df046fe51a7918 [term 0 FOLLOWER]: Consensus starting up: Expiring failure detector timer to make a prompt election more likely
I20260709 13:14:10.468017 10925 raft_consensus.cc:740] T f66320d9e17e44729228aeb2219a5b51 P 3cf488e495a645c1b5df046fe51a7918 [term 0 FOLLOWER]: Becoming Follower/Learner. State: Replica: 3cf488e495a645c1b5df046fe51a7918, State: Initialized, Role: FOLLOWER
I20260709 13:14:10.468568 10699 leader_election.cc:304] T c0b9c749d14148ff8907fc7de8825e5d P b30b0881174440ca9267b1a300bd7d24 [CANDIDATE]: Term 1 election: Election decided. Result: candidate won. Election summary: received 3 responses out of 3 voters: 2 yes votes; 1 no votes. yes voters: 3cf488e495a645c1b5df046fe51a7918, b30b0881174440ca9267b1a300bd7d24; no voters: 80c6757b742945d3b3b7525cdd81d524
I20260709 13:14:10.468799 10925 consensus_queue.cc:260] T f66320d9e17e44729228aeb2219a5b51 P 3cf488e495a645c1b5df046fe51a7918 [NON_LEADER]: Queue going to NON_LEADER mode. State: All replicated index: 0, Majority replicated index: 0, Committed index: 0, Last appended: 0.0, Last appended by leader: 0, Current term: 0, Majority size: -1, State: 0, Mode: NON_LEADER, active raft config: opid_index: -1 OBSOLETE_local: false peers { permanent_uuid: "b30b0881174440ca9267b1a300bd7d24" member_type: VOTER last_known_addr { host: "127.9.100.193" port: 43533 } } peers { permanent_uuid: "80c6757b742945d3b3b7525cdd81d524" member_type: VOTER last_known_addr { host: "127.9.100.194" port: 36901 } } peers { permanent_uuid: "3cf488e495a645c1b5df046fe51a7918" member_type: VOTER last_known_addr { host: "127.9.100.195" port: 33545 } }
I20260709 13:14:10.469481 10927 tablet_bootstrap.cc:492] T 29115ecd6f5241ff949c27b542ab3d1a P 80c6757b742945d3b3b7525cdd81d524: No bootstrap required, opened a new log
I20260709 13:14:10.469981 10927 ts_tablet_manager.cc:1403] T 29115ecd6f5241ff949c27b542ab3d1a P 80c6757b742945d3b3b7525cdd81d524: Time spent bootstrapping tablet: real 0.011s	user 0.008s	sys 0.002s
I20260709 13:14:10.469621 11148 raft_consensus.cc:2804] T c0b9c749d14148ff8907fc7de8825e5d P b30b0881174440ca9267b1a300bd7d24 [term 1 FOLLOWER]: Leader election won for term 1
I20260709 13:14:10.471719 11148 raft_consensus.cc:697] T c0b9c749d14148ff8907fc7de8825e5d P b30b0881174440ca9267b1a300bd7d24 [term 1 LEADER]: Becoming Leader. State: Replica: b30b0881174440ca9267b1a300bd7d24, State: Running, Role: LEADER
I20260709 13:14:10.472513 11148 consensus_queue.cc:237] T c0b9c749d14148ff8907fc7de8825e5d P b30b0881174440ca9267b1a300bd7d24 [LEADER]: Queue going to LEADER mode. State: All replicated index: 0, Majority replicated index: 0, Committed index: 0, Last appended: 0.0, Last appended by leader: 0, Current term: 1, Majority size: 2, State: 0, Mode: LEADER, active raft config: opid_index: -1 OBSOLETE_local: false peers { permanent_uuid: "b30b0881174440ca9267b1a300bd7d24" member_type: VOTER last_known_addr { host: "127.9.100.193" port: 43533 } } peers { permanent_uuid: "80c6757b742945d3b3b7525cdd81d524" member_type: VOTER last_known_addr { host: "127.9.100.194" port: 36901 } } peers { permanent_uuid: "3cf488e495a645c1b5df046fe51a7918" member_type: VOTER last_known_addr { host: "127.9.100.195" port: 33545 } }
I20260709 13:14:10.471091 10960 raft_consensus.cc:493] T a6466a41475240f993eba082ce600db3 P b30b0881174440ca9267b1a300bd7d24 [term 0 FOLLOWER]: Starting pre-election (no leader contacted us within the election timeout)
I20260709 13:14:10.475261 10960 raft_consensus.cc:515] T a6466a41475240f993eba082ce600db3 P b30b0881174440ca9267b1a300bd7d24 [term 0 FOLLOWER]: Starting pre-election with config: opid_index: -1 OBSOLETE_local: false peers { permanent_uuid: "b30b0881174440ca9267b1a300bd7d24" member_type: VOTER last_known_addr { host: "127.9.100.193" port: 43533 } } peers { permanent_uuid: "80c6757b742945d3b3b7525cdd81d524" member_type: VOTER last_known_addr { host: "127.9.100.194" port: 36901 } } peers { permanent_uuid: "3cf488e495a645c1b5df046fe51a7918" member_type: VOTER last_known_addr { host: "127.9.100.195" port: 33545 } }
I20260709 13:14:10.476169 10924 tablet_bootstrap.cc:492] T e3c6270d7d554feeb9d894a9253fd9c0 P b30b0881174440ca9267b1a300bd7d24: No bootstrap required, opened a new log
I20260709 13:14:10.477027 10960 leader_election.cc:290] T a6466a41475240f993eba082ce600db3 P b30b0881174440ca9267b1a300bd7d24 [CANDIDATE]: Term 1 pre-election: Requested pre-vote from peers 80c6757b742945d3b3b7525cdd81d524 (127.9.100.194:36901), 3cf488e495a645c1b5df046fe51a7918 (127.9.100.195:33545)
I20260709 13:14:10.471132 10925 ts_tablet_manager.cc:1434] T f66320d9e17e44729228aeb2219a5b51 P 3cf488e495a645c1b5df046fe51a7918: Time spent starting tablet: real 0.011s	user 0.006s	sys 0.001s
I20260709 13:14:10.476295 10927 raft_consensus.cc:359] T 29115ecd6f5241ff949c27b542ab3d1a P 80c6757b742945d3b3b7525cdd81d524 [term 0 FOLLOWER]: Replica starting. Triggering 0 pending ops. Active config: opid_index: -1 OBSOLETE_local: false peers { permanent_uuid: "b30b0881174440ca9267b1a300bd7d24" member_type: VOTER last_known_addr { host: "127.9.100.193" port: 43533 } } peers { permanent_uuid: "80c6757b742945d3b3b7525cdd81d524" member_type: VOTER last_known_addr { host: "127.9.100.194" port: 36901 } } peers { permanent_uuid: "3cf488e495a645c1b5df046fe51a7918" member_type: VOTER last_known_addr { host: "127.9.100.195" port: 33545 } }
I20260709 13:14:10.478519 10810 tablet_service.cc:1917] Received RequestConsensusVote() RPC: tablet_id: "a6466a41475240f993eba082ce600db3" candidate_uuid: "b30b0881174440ca9267b1a300bd7d24" candidate_term: 1 candidate_status { last_received { term: 0 index: 0 } } ignore_live_leader: false dest_uuid: "80c6757b742945d3b3b7525cdd81d524" is_pre_election: true
I20260709 13:14:10.480521 10927 raft_consensus.cc:385] T 29115ecd6f5241ff949c27b542ab3d1a P 80c6757b742945d3b3b7525cdd81d524 [term 0 FOLLOWER]: Consensus starting up: Expiring failure detector timer to make a prompt election more likely
I20260709 13:14:10.480679 10810 raft_consensus.cc:2468] T a6466a41475240f993eba082ce600db3 P 80c6757b742945d3b3b7525cdd81d524 [term 0 FOLLOWER]: Leader pre-election vote request: Granting yes vote for candidate b30b0881174440ca9267b1a300bd7d24 in term 0.
I20260709 13:14:10.480866 10927 raft_consensus.cc:740] T 29115ecd6f5241ff949c27b542ab3d1a P 80c6757b742945d3b3b7525cdd81d524 [term 0 FOLLOWER]: Becoming Follower/Learner. State: Replica: 80c6757b742945d3b3b7525cdd81d524, State: Initialized, Role: FOLLOWER
I20260709 13:14:10.476624 10924 ts_tablet_manager.cc:1403] T e3c6270d7d554feeb9d894a9253fd9c0 P b30b0881174440ca9267b1a300bd7d24: Time spent bootstrapping tablet: real 0.092s	user 0.010s	sys 0.000s
I20260709 13:14:10.481930 10927 consensus_queue.cc:260] T 29115ecd6f5241ff949c27b542ab3d1a P 80c6757b742945d3b3b7525cdd81d524 [NON_LEADER]: Queue going to NON_LEADER mode. State: All replicated index: 0, Majority replicated index: 0, Committed index: 0, Last appended: 0.0, Last appended by leader: 0, Current term: 0, Majority size: -1, State: 0, Mode: NON_LEADER, active raft config: opid_index: -1 OBSOLETE_local: false peers { permanent_uuid: "b30b0881174440ca9267b1a300bd7d24" member_type: VOTER last_known_addr { host: "127.9.100.193" port: 43533 } } peers { permanent_uuid: "80c6757b742945d3b3b7525cdd81d524" member_type: VOTER last_known_addr { host: "127.9.100.194" port: 36901 } } peers { permanent_uuid: "3cf488e495a645c1b5df046fe51a7918" member_type: VOTER last_known_addr { host: "127.9.100.195" port: 33545 } }
I20260709 13:14:10.482390 10699 leader_election.cc:304] T a6466a41475240f993eba082ce600db3 P b30b0881174440ca9267b1a300bd7d24 [CANDIDATE]: Term 1 pre-election: Election decided. Result: candidate won. Election summary: received 2 responses out of 3 voters: 2 yes votes; 0 no votes. yes voters: 80c6757b742945d3b3b7525cdd81d524, b30b0881174440ca9267b1a300bd7d24; no voters: 
I20260709 13:14:10.483244 10960 raft_consensus.cc:2804] T a6466a41475240f993eba082ce600db3 P b30b0881174440ca9267b1a300bd7d24 [term 0 FOLLOWER]: Leader pre-election won for term 1
I20260709 13:14:10.483578 10960 raft_consensus.cc:493] T a6466a41475240f993eba082ce600db3 P b30b0881174440ca9267b1a300bd7d24 [term 0 FOLLOWER]: Starting leader election (no leader contacted us within the election timeout)
I20260709 13:14:10.483780 10924 raft_consensus.cc:359] T e3c6270d7d554feeb9d894a9253fd9c0 P b30b0881174440ca9267b1a300bd7d24 [term 0 FOLLOWER]: Replica starting. Triggering 0 pending ops. Active config: opid_index: -1 OBSOLETE_local: false peers { permanent_uuid: "b30b0881174440ca9267b1a300bd7d24" member_type: VOTER last_known_addr { host: "127.9.100.193" port: 43533 } } peers { permanent_uuid: "80c6757b742945d3b3b7525cdd81d524" member_type: VOTER last_known_addr { host: "127.9.100.194" port: 36901 } } peers { permanent_uuid: "3cf488e495a645c1b5df046fe51a7918" member_type: VOTER last_known_addr { host: "127.9.100.195" port: 33545 } }
I20260709 13:14:10.481047 10925 tablet_bootstrap.cc:492] T 6e3239c711eb421987dbccb0d8f17cef P 3cf488e495a645c1b5df046fe51a7918: Bootstrap starting.
I20260709 13:14:10.484305 10927 ts_tablet_manager.cc:1434] T 29115ecd6f5241ff949c27b542ab3d1a P 80c6757b742945d3b3b7525cdd81d524: Time spent starting tablet: real 0.014s	user 0.008s	sys 0.000s
I20260709 13:14:10.483865 10960 raft_consensus.cc:3060] T a6466a41475240f993eba082ce600db3 P b30b0881174440ca9267b1a300bd7d24 [term 0 FOLLOWER]: Advancing to term 1
I20260709 13:14:10.484462 10924 raft_consensus.cc:385] T e3c6270d7d554feeb9d894a9253fd9c0 P b30b0881174440ca9267b1a300bd7d24 [term 0 FOLLOWER]: Consensus starting up: Expiring failure detector timer to make a prompt election more likely
I20260709 13:14:10.485080 10924 raft_consensus.cc:740] T e3c6270d7d554feeb9d894a9253fd9c0 P b30b0881174440ca9267b1a300bd7d24 [term 0 FOLLOWER]: Becoming Follower/Learner. State: Replica: b30b0881174440ca9267b1a300bd7d24, State: Initialized, Role: FOLLOWER
I20260709 13:14:10.485960 10924 consensus_queue.cc:260] T e3c6270d7d554feeb9d894a9253fd9c0 P b30b0881174440ca9267b1a300bd7d24 [NON_LEADER]: Queue going to NON_LEADER mode. State: All replicated index: 0, Majority replicated index: 0, Committed index: 0, Last appended: 0.0, Last appended by leader: 0, Current term: 0, Majority size: -1, State: 0, Mode: NON_LEADER, active raft config: opid_index: -1 OBSOLETE_local: false peers { permanent_uuid: "b30b0881174440ca9267b1a300bd7d24" member_type: VOTER last_known_addr { host: "127.9.100.193" port: 43533 } } peers { permanent_uuid: "80c6757b742945d3b3b7525cdd81d524" member_type: VOTER last_known_addr { host: "127.9.100.194" port: 36901 } } peers { permanent_uuid: "3cf488e495a645c1b5df046fe51a7918" member_type: VOTER last_known_addr { host: "127.9.100.195" port: 33545 } }
I20260709 13:14:10.488303 10924 ts_tablet_manager.cc:1434] T e3c6270d7d554feeb9d894a9253fd9c0 P b30b0881174440ca9267b1a300bd7d24: Time spent starting tablet: real 0.007s	user 0.006s	sys 0.000s
I20260709 13:14:10.489284 10924 tablet_bootstrap.cc:492] T e3f477df806a4d918138787c83809b86 P b30b0881174440ca9267b1a300bd7d24: Bootstrap starting.
I20260709 13:14:10.492977 10927 tablet_bootstrap.cc:492] T 3e3de31fd2634e91bb7d9b356d6c3f63 P 80c6757b742945d3b3b7525cdd81d524: Bootstrap starting.
I20260709 13:14:10.494138 10925 tablet_bootstrap.cc:654] T 6e3239c711eb421987dbccb0d8f17cef P 3cf488e495a645c1b5df046fe51a7918: Neither blocks nor log segments found. Creating new log.
I20260709 13:14:10.495182 10878 tablet_service.cc:1917] Received RequestConsensusVote() RPC: tablet_id: "a6466a41475240f993eba082ce600db3" candidate_uuid: "b30b0881174440ca9267b1a300bd7d24" candidate_term: 1 candidate_status { last_received { term: 0 index: 0 } } ignore_live_leader: false dest_uuid: "3cf488e495a645c1b5df046fe51a7918" is_pre_election: true
I20260709 13:14:10.499919 10927 tablet_bootstrap.cc:654] T 3e3de31fd2634e91bb7d9b356d6c3f63 P 80c6757b742945d3b3b7525cdd81d524: Neither blocks nor log segments found. Creating new log.
I20260709 13:14:10.499936 10924 tablet_bootstrap.cc:654] T e3f477df806a4d918138787c83809b86 P b30b0881174440ca9267b1a300bd7d24: Neither blocks nor log segments found. Creating new log.
I20260709 13:14:10.513558 10927 tablet_bootstrap.cc:492] T 3e3de31fd2634e91bb7d9b356d6c3f63 P 80c6757b742945d3b3b7525cdd81d524: No bootstrap required, opened a new log
I20260709 13:14:10.514140 10927 ts_tablet_manager.cc:1403] T 3e3de31fd2634e91bb7d9b356d6c3f63 P 80c6757b742945d3b3b7525cdd81d524: Time spent bootstrapping tablet: real 0.021s	user 0.008s	sys 0.003s
I20260709 13:14:10.517146 10927 raft_consensus.cc:359] T 3e3de31fd2634e91bb7d9b356d6c3f63 P 80c6757b742945d3b3b7525cdd81d524 [term 0 FOLLOWER]: Replica starting. Triggering 0 pending ops. Active config: opid_index: -1 OBSOLETE_local: false peers { permanent_uuid: "b30b0881174440ca9267b1a300bd7d24" member_type: VOTER last_known_addr { host: "127.9.100.193" port: 43533 } } peers { permanent_uuid: "80c6757b742945d3b3b7525cdd81d524" member_type: VOTER last_known_addr { host: "127.9.100.194" port: 36901 } } peers { permanent_uuid: "3cf488e495a645c1b5df046fe51a7918" member_type: VOTER last_known_addr { host: "127.9.100.195" port: 33545 } }
I20260709 13:14:10.518007 10927 raft_consensus.cc:385] T 3e3de31fd2634e91bb7d9b356d6c3f63 P 80c6757b742945d3b3b7525cdd81d524 [term 0 FOLLOWER]: Consensus starting up: Expiring failure detector timer to make a prompt election more likely
I20260709 13:14:10.518330 10927 raft_consensus.cc:740] T 3e3de31fd2634e91bb7d9b356d6c3f63 P 80c6757b742945d3b3b7525cdd81d524 [term 0 FOLLOWER]: Becoming Follower/Learner. State: Replica: 80c6757b742945d3b3b7525cdd81d524, State: Initialized, Role: FOLLOWER
I20260709 13:14:10.517220 10925 tablet_bootstrap.cc:492] T 6e3239c711eb421987dbccb0d8f17cef P 3cf488e495a645c1b5df046fe51a7918: No bootstrap required, opened a new log
I20260709 13:14:10.519539 10925 ts_tablet_manager.cc:1403] T 6e3239c711eb421987dbccb0d8f17cef P 3cf488e495a645c1b5df046fe51a7918: Time spent bootstrapping tablet: real 0.039s	user 0.006s	sys 0.007s
I20260709 13:14:10.519333 10927 consensus_queue.cc:260] T 3e3de31fd2634e91bb7d9b356d6c3f63 P 80c6757b742945d3b3b7525cdd81d524 [NON_LEADER]: Queue going to NON_LEADER mode. State: All replicated index: 0, Majority replicated index: 0, Committed index: 0, Last appended: 0.0, Last appended by leader: 0, Current term: 0, Majority size: -1, State: 0, Mode: NON_LEADER, active raft config: opid_index: -1 OBSOLETE_local: false peers { permanent_uuid: "b30b0881174440ca9267b1a300bd7d24" member_type: VOTER last_known_addr { host: "127.9.100.193" port: 43533 } } peers { permanent_uuid: "80c6757b742945d3b3b7525cdd81d524" member_type: VOTER last_known_addr { host: "127.9.100.194" port: 36901 } } peers { permanent_uuid: "3cf488e495a645c1b5df046fe51a7918" member_type: VOTER last_known_addr { host: "127.9.100.195" port: 33545 } }
I20260709 13:14:10.521672 10927 ts_tablet_manager.cc:1434] T 3e3de31fd2634e91bb7d9b356d6c3f63 P 80c6757b742945d3b3b7525cdd81d524: Time spent starting tablet: real 0.007s	user 0.007s	sys 0.000s
I20260709 13:14:10.522863 10927 tablet_bootstrap.cc:492] T e85bd84daf604831a3fec1085586f704 P 80c6757b742945d3b3b7525cdd81d524: Bootstrap starting.
I20260709 13:14:10.523731 10878 raft_consensus.cc:2468] T a6466a41475240f993eba082ce600db3 P 3cf488e495a645c1b5df046fe51a7918 [term 0 FOLLOWER]: Leader pre-election vote request: Granting yes vote for candidate b30b0881174440ca9267b1a300bd7d24 in term 0.
I20260709 13:14:10.526161 10960 raft_consensus.cc:515] T a6466a41475240f993eba082ce600db3 P b30b0881174440ca9267b1a300bd7d24 [term 1 FOLLOWER]: Starting leader election with config: opid_index: -1 OBSOLETE_local: false peers { permanent_uuid: "b30b0881174440ca9267b1a300bd7d24" member_type: VOTER last_known_addr { host: "127.9.100.193" port: 43533 } } peers { permanent_uuid: "80c6757b742945d3b3b7525cdd81d524" member_type: VOTER last_known_addr { host: "127.9.100.194" port: 36901 } } peers { permanent_uuid: "3cf488e495a645c1b5df046fe51a7918" member_type: VOTER last_known_addr { host: "127.9.100.195" port: 33545 } }
I20260709 13:14:10.523483 10925 raft_consensus.cc:359] T 6e3239c711eb421987dbccb0d8f17cef P 3cf488e495a645c1b5df046fe51a7918 [term 0 FOLLOWER]: Replica starting. Triggering 0 pending ops. Active config: opid_index: -1 OBSOLETE_local: false peers { permanent_uuid: "b30b0881174440ca9267b1a300bd7d24" member_type: VOTER last_known_addr { host: "127.9.100.193" port: 43533 } } peers { permanent_uuid: "80c6757b742945d3b3b7525cdd81d524" member_type: VOTER last_known_addr { host: "127.9.100.194" port: 36901 } } peers { permanent_uuid: "3cf488e495a645c1b5df046fe51a7918" member_type: VOTER last_known_addr { host: "127.9.100.195" port: 33545 } }
I20260709 13:14:10.527431 10925 raft_consensus.cc:385] T 6e3239c711eb421987dbccb0d8f17cef P 3cf488e495a645c1b5df046fe51a7918 [term 0 FOLLOWER]: Consensus starting up: Expiring failure detector timer to make a prompt election more likely
I20260709 13:14:10.527724 10925 raft_consensus.cc:740] T 6e3239c711eb421987dbccb0d8f17cef P 3cf488e495a645c1b5df046fe51a7918 [term 0 FOLLOWER]: Becoming Follower/Learner. State: Replica: 3cf488e495a645c1b5df046fe51a7918, State: Initialized, Role: FOLLOWER
I20260709 13:14:10.530725 10810 tablet_service.cc:1917] Received RequestConsensusVote() RPC: tablet_id: "a6466a41475240f993eba082ce600db3" candidate_uuid: "b30b0881174440ca9267b1a300bd7d24" candidate_term: 1 candidate_status { last_received { term: 0 index: 0 } } ignore_live_leader: false dest_uuid: "80c6757b742945d3b3b7525cdd81d524"
I20260709 13:14:10.531888 10810 raft_consensus.cc:3060] T a6466a41475240f993eba082ce600db3 P 80c6757b742945d3b3b7525cdd81d524 [term 0 FOLLOWER]: Advancing to term 1
I20260709 13:14:10.534245 10927 tablet_bootstrap.cc:654] T e85bd84daf604831a3fec1085586f704 P 80c6757b742945d3b3b7525cdd81d524: Neither blocks nor log segments found. Creating new log.
I20260709 13:14:10.536633 10924 tablet_bootstrap.cc:492] T e3f477df806a4d918138787c83809b86 P b30b0881174440ca9267b1a300bd7d24: No bootstrap required, opened a new log
I20260709 13:14:10.537156 10924 ts_tablet_manager.cc:1403] T e3f477df806a4d918138787c83809b86 P b30b0881174440ca9267b1a300bd7d24: Time spent bootstrapping tablet: real 0.048s	user 0.015s	sys 0.007s
I20260709 13:14:10.540786 10924 raft_consensus.cc:359] T e3f477df806a4d918138787c83809b86 P b30b0881174440ca9267b1a300bd7d24 [term 0 FOLLOWER]: Replica starting. Triggering 0 pending ops. Active config: opid_index: -1 OBSOLETE_local: false peers { permanent_uuid: "b30b0881174440ca9267b1a300bd7d24" member_type: VOTER last_known_addr { host: "127.9.100.193" port: 43533 } } peers { permanent_uuid: "80c6757b742945d3b3b7525cdd81d524" member_type: VOTER last_known_addr { host: "127.9.100.194" port: 36901 } } peers { permanent_uuid: "3cf488e495a645c1b5df046fe51a7918" member_type: VOTER last_known_addr { host: "127.9.100.195" port: 33545 } }
I20260709 13:14:10.541666 10924 raft_consensus.cc:385] T e3f477df806a4d918138787c83809b86 P b30b0881174440ca9267b1a300bd7d24 [term 0 FOLLOWER]: Consensus starting up: Expiring failure detector timer to make a prompt election more likely
I20260709 13:14:10.541958 10924 raft_consensus.cc:740] T e3f477df806a4d918138787c83809b86 P b30b0881174440ca9267b1a300bd7d24 [term 0 FOLLOWER]: Becoming Follower/Learner. State: Replica: b30b0881174440ca9267b1a300bd7d24, State: Initialized, Role: FOLLOWER
I20260709 13:14:10.542888 10924 consensus_queue.cc:260] T e3f477df806a4d918138787c83809b86 P b30b0881174440ca9267b1a300bd7d24 [NON_LEADER]: Queue going to NON_LEADER mode. State: All replicated index: 0, Majority replicated index: 0, Committed index: 0, Last appended: 0.0, Last appended by leader: 0, Current term: 0, Majority size: -1, State: 0, Mode: NON_LEADER, active raft config: opid_index: -1 OBSOLETE_local: false peers { permanent_uuid: "b30b0881174440ca9267b1a300bd7d24" member_type: VOTER last_known_addr { host: "127.9.100.193" port: 43533 } } peers { permanent_uuid: "80c6757b742945d3b3b7525cdd81d524" member_type: VOTER last_known_addr { host: "127.9.100.194" port: 36901 } } peers { permanent_uuid: "3cf488e495a645c1b5df046fe51a7918" member_type: VOTER last_known_addr { host: "127.9.100.195" port: 33545 } }
I20260709 13:14:10.528385 10925 consensus_queue.cc:260] T 6e3239c711eb421987dbccb0d8f17cef P 3cf488e495a645c1b5df046fe51a7918 [NON_LEADER]: Queue going to NON_LEADER mode. State: All replicated index: 0, Majority replicated index: 0, Committed index: 0, Last appended: 0.0, Last appended by leader: 0, Current term: 0, Majority size: -1, State: 0, Mode: NON_LEADER, active raft config: opid_index: -1 OBSOLETE_local: false peers { permanent_uuid: "b30b0881174440ca9267b1a300bd7d24" member_type: VOTER last_known_addr { host: "127.9.100.193" port: 43533 } } peers { permanent_uuid: "80c6757b742945d3b3b7525cdd81d524" member_type: VOTER last_known_addr { host: "127.9.100.194" port: 36901 } } peers { permanent_uuid: "3cf488e495a645c1b5df046fe51a7918" member_type: VOTER last_known_addr { host: "127.9.100.195" port: 33545 } }
I20260709 13:14:10.545790 10924 ts_tablet_manager.cc:1434] T e3f477df806a4d918138787c83809b86 P b30b0881174440ca9267b1a300bd7d24: Time spent starting tablet: real 0.008s	user 0.007s	sys 0.000s
I20260709 13:14:10.546520 10925 ts_tablet_manager.cc:1434] T 6e3239c711eb421987dbccb0d8f17cef P 3cf488e495a645c1b5df046fe51a7918: Time spent starting tablet: real 0.027s	user 0.005s	sys 0.000s
I20260709 13:14:10.546975 10924 tablet_bootstrap.cc:492] T f538bca857244925bed1201dffdefdff P b30b0881174440ca9267b1a300bd7d24: Bootstrap starting.
