I20260709 13:14:09.175056  3618 raft_consensus.cc:385] T e7ff73c62ebb4e8388d68d5605cb0633 P 8d7233a4bc284663a134ec39a5d0c305 [term 0 FOLLOWER]: Consensus starting up: Expiring failure detector timer to make a prompt election more likely
I20260709 13:14:09.175343  3618 raft_consensus.cc:740] T e7ff73c62ebb4e8388d68d5605cb0633 P 8d7233a4bc284663a134ec39a5d0c305 [term 0 FOLLOWER]: Becoming Follower/Learner. State: Replica: 8d7233a4bc284663a134ec39a5d0c305, State: Initialized, Role: FOLLOWER
I20260709 13:14:09.175971  3618 consensus_queue.cc:260] T e7ff73c62ebb4e8388d68d5605cb0633 P 8d7233a4bc284663a134ec39a5d0c305 [NON_LEADER]: Queue going to NON_LEADER mode. State: All replicated index: 0, Majority replicated index: 0, Committed index: 0, Last appended: 0.0, Last appended by leader: 0, Current term: 0, Majority size: -1, State: 0, Mode: NON_LEADER, active raft config: opid_index: -1 OBSOLETE_local: false peers { permanent_uuid: "8d7233a4bc284663a134ec39a5d0c305" member_type: VOTER last_known_addr { host: "127.2.61.65" port: 37999 } } peers { permanent_uuid: "b437bc472ffb42389753402620551582" member_type: VOTER last_known_addr { host: "127.2.61.66" port: 44873 } } peers { permanent_uuid: "6f8cc842cc7c4cf39a3da776fb52198c" member_type: VOTER last_known_addr { host: "127.2.61.67" port: 44525 } }
I20260709 13:14:09.177983  3618 ts_tablet_manager.cc:1434] T e7ff73c62ebb4e8388d68d5605cb0633 P 8d7233a4bc284663a134ec39a5d0c305: Time spent starting tablet: real 0.006s	user 0.007s	sys 0.000s
I20260709 13:14:09.178932  3616 tablet_bootstrap.cc:492] T 599c10a575ce419096a9be790525edb5 P 6f8cc842cc7c4cf39a3da776fb52198c: No bootstrap required, opened a new log
I20260709 13:14:09.179348  3616 ts_tablet_manager.cc:1403] T 599c10a575ce419096a9be790525edb5 P 6f8cc842cc7c4cf39a3da776fb52198c: Time spent bootstrapping tablet: real 0.044s	user 0.009s	sys 0.005s
I20260709 13:14:09.180848  3618 tablet_bootstrap.cc:492] T 6d5ff7df50d249d7826f69a386047aaa P 8d7233a4bc284663a134ec39a5d0c305: Bootstrap starting.
I20260709 13:14:09.183986  3616 raft_consensus.cc:359] T 599c10a575ce419096a9be790525edb5 P 6f8cc842cc7c4cf39a3da776fb52198c [term 0 FOLLOWER]: Replica starting. Triggering 0 pending ops. Active config: opid_index: -1 OBSOLETE_local: false peers { permanent_uuid: "8d7233a4bc284663a134ec39a5d0c305" member_type: VOTER last_known_addr { host: "127.2.61.65" port: 37999 } } peers { permanent_uuid: "b437bc472ffb42389753402620551582" member_type: VOTER last_known_addr { host: "127.2.61.66" port: 44873 } } peers { permanent_uuid: "6f8cc842cc7c4cf39a3da776fb52198c" member_type: VOTER last_known_addr { host: "127.2.61.67" port: 44525 } }
I20260709 13:14:09.184655  3616 raft_consensus.cc:385] T 599c10a575ce419096a9be790525edb5 P 6f8cc842cc7c4cf39a3da776fb52198c [term 0 FOLLOWER]: Consensus starting up: Expiring failure detector timer to make a prompt election more likely
I20260709 13:14:09.184921  3616 raft_consensus.cc:740] T 599c10a575ce419096a9be790525edb5 P 6f8cc842cc7c4cf39a3da776fb52198c [term 0 FOLLOWER]: Becoming Follower/Learner. State: Replica: 6f8cc842cc7c4cf39a3da776fb52198c, State: Initialized, Role: FOLLOWER
I20260709 13:14:09.185586  3616 consensus_queue.cc:260] T 599c10a575ce419096a9be790525edb5 P 6f8cc842cc7c4cf39a3da776fb52198c [NON_LEADER]: Queue going to NON_LEADER mode. State: All replicated index: 0, Majority replicated index: 0, Committed index: 0, Last appended: 0.0, Last appended by leader: 0, Current term: 0, Majority size: -1, State: 0, Mode: NON_LEADER, active raft config: opid_index: -1 OBSOLETE_local: false peers { permanent_uuid: "8d7233a4bc284663a134ec39a5d0c305" member_type: VOTER last_known_addr { host: "127.2.61.65" port: 37999 } } peers { permanent_uuid: "b437bc472ffb42389753402620551582" member_type: VOTER last_known_addr { host: "127.2.61.66" port: 44873 } } peers { permanent_uuid: "6f8cc842cc7c4cf39a3da776fb52198c" member_type: VOTER last_known_addr { host: "127.2.61.67" port: 44525 } }
I20260709 13:14:09.188905  3616 ts_tablet_manager.cc:1434] T 599c10a575ce419096a9be790525edb5 P 6f8cc842cc7c4cf39a3da776fb52198c: Time spent starting tablet: real 0.009s	user 0.006s	sys 0.001s
I20260709 13:14:09.185650  3681 raft_consensus.cc:515] T 7258372f67cf4c3a8e1385501be4a23c P b437bc472ffb42389753402620551582 [term 1 FOLLOWER]: Starting leader election with config: opid_index: -1 OBSOLETE_local: false peers { permanent_uuid: "8d7233a4bc284663a134ec39a5d0c305" member_type: VOTER last_known_addr { host: "127.2.61.65" port: 37999 } } peers { permanent_uuid: "b437bc472ffb42389753402620551582" member_type: VOTER last_known_addr { host: "127.2.61.66" port: 44873 } } peers { permanent_uuid: "6f8cc842cc7c4cf39a3da776fb52198c" member_type: VOTER last_known_addr { host: "127.2.61.67" port: 44525 } }
I20260709 13:14:09.192848  3618 tablet_bootstrap.cc:654] T 6d5ff7df50d249d7826f69a386047aaa P 8d7233a4bc284663a134ec39a5d0c305: Neither blocks nor log segments found. Creating new log.
I20260709 13:14:09.192653  3425 tablet_service.cc:1917] Received RequestConsensusVote() RPC: tablet_id: "7258372f67cf4c3a8e1385501be4a23c" candidate_uuid: "b437bc472ffb42389753402620551582" candidate_term: 1 candidate_status { last_received { term: 0 index: 0 } } ignore_live_leader: false dest_uuid: "8d7233a4bc284663a134ec39a5d0c305"
I20260709 13:14:09.193928  3576 tablet_service.cc:1917] Received RequestConsensusVote() RPC: tablet_id: "7258372f67cf4c3a8e1385501be4a23c" candidate_uuid: "b437bc472ffb42389753402620551582" candidate_term: 1 candidate_status { last_received { term: 0 index: 0 } } ignore_live_leader: false dest_uuid: "6f8cc842cc7c4cf39a3da776fb52198c"
W20260709 13:14:09.195286  3467 leader_election.cc:343] T 7258372f67cf4c3a8e1385501be4a23c P b437bc472ffb42389753402620551582 [CANDIDATE]: Term 1 election: Tablet error from VoteRequest() call to peer 6f8cc842cc7c4cf39a3da776fb52198c (127.2.61.67:44525): Illegal state: must be running to vote when last-logged opid is not known
I20260709 13:14:09.193317  3681 leader_election.cc:290] T 7258372f67cf4c3a8e1385501be4a23c P b437bc472ffb42389753402620551582 [CANDIDATE]: Term 1 election: Requested vote from peers 8d7233a4bc284663a134ec39a5d0c305 (127.2.61.65:37999), 6f8cc842cc7c4cf39a3da776fb52198c (127.2.61.67:44525)
I20260709 13:14:09.193960  3425 raft_consensus.cc:3060] T 7258372f67cf4c3a8e1385501be4a23c P 8d7233a4bc284663a134ec39a5d0c305 [term 0 FOLLOWER]: Advancing to term 1
I20260709 13:14:09.203223  3425 raft_consensus.cc:2468] T 7258372f67cf4c3a8e1385501be4a23c P 8d7233a4bc284663a134ec39a5d0c305 [term 1 FOLLOWER]: Leader election vote request: Granting yes vote for candidate b437bc472ffb42389753402620551582 in term 1.
I20260709 13:14:09.204502  3468 leader_election.cc:304] T 7258372f67cf4c3a8e1385501be4a23c P b437bc472ffb42389753402620551582 [CANDIDATE]: Term 1 election: Election decided. Result: candidate won. Election summary: received 3 responses out of 3 voters: 2 yes votes; 1 no votes. yes voters: 8d7233a4bc284663a134ec39a5d0c305, b437bc472ffb42389753402620551582; no voters: 6f8cc842cc7c4cf39a3da776fb52198c
I20260709 13:14:09.204627  3616 tablet_bootstrap.cc:492] T cc857dcffab74d72a77f1928511d16a7 P 6f8cc842cc7c4cf39a3da776fb52198c: Bootstrap starting.
I20260709 13:14:09.206401  3681 raft_consensus.cc:2804] T 7258372f67cf4c3a8e1385501be4a23c P b437bc472ffb42389753402620551582 [term 1 FOLLOWER]: Leader election won for term 1
I20260709 13:14:09.207125  3681 raft_consensus.cc:697] T 7258372f67cf4c3a8e1385501be4a23c P b437bc472ffb42389753402620551582 [term 1 LEADER]: Becoming Leader. State: Replica: b437bc472ffb42389753402620551582, State: Running, Role: LEADER
I20260709 13:14:09.208228  3681 consensus_queue.cc:237] T 7258372f67cf4c3a8e1385501be4a23c P b437bc472ffb42389753402620551582 [LEADER]: Queue going to LEADER mode. State: All replicated index: 0, Majority replicated index: 0, Committed index: 0, Last appended: 0.0, Last appended by leader: 0, Current term: 1, Majority size: 2, State: 0, Mode: LEADER, active raft config: opid_index: -1 OBSOLETE_local: false peers { permanent_uuid: "8d7233a4bc284663a134ec39a5d0c305" member_type: VOTER last_known_addr { host: "127.2.61.65" port: 37999 } } peers { permanent_uuid: "b437bc472ffb42389753402620551582" member_type: VOTER last_known_addr { host: "127.2.61.66" port: 44873 } } peers { permanent_uuid: "6f8cc842cc7c4cf39a3da776fb52198c" member_type: VOTER last_known_addr { host: "127.2.61.67" port: 44525 } }
I20260709 13:14:09.213953  3616 tablet_bootstrap.cc:654] T cc857dcffab74d72a77f1928511d16a7 P 6f8cc842cc7c4cf39a3da776fb52198c: Neither blocks nor log segments found. Creating new log.
I20260709 13:14:09.217695  3617 tablet_bootstrap.cc:492] T 7d037bd62ac7483daa4046062650a472 P b437bc472ffb42389753402620551582: No bootstrap required, opened a new log
I20260709 13:14:09.218135  3617 ts_tablet_manager.cc:1403] T 7d037bd62ac7483daa4046062650a472 P b437bc472ffb42389753402620551582: Time spent bootstrapping tablet: real 0.074s	user 0.019s	sys 0.007s
I20260709 13:14:09.221710  3618 tablet_bootstrap.cc:492] T 6d5ff7df50d249d7826f69a386047aaa P 8d7233a4bc284663a134ec39a5d0c305: No bootstrap required, opened a new log
I20260709 13:14:09.221390  3617 raft_consensus.cc:359] T 7d037bd62ac7483daa4046062650a472 P b437bc472ffb42389753402620551582 [term 0 FOLLOWER]: Replica starting. Triggering 0 pending ops. Active config: opid_index: -1 OBSOLETE_local: false peers { permanent_uuid: "8d7233a4bc284663a134ec39a5d0c305" member_type: VOTER last_known_addr { host: "127.2.61.65" port: 37999 } } peers { permanent_uuid: "b437bc472ffb42389753402620551582" member_type: VOTER last_known_addr { host: "127.2.61.66" port: 44873 } } peers { permanent_uuid: "6f8cc842cc7c4cf39a3da776fb52198c" member_type: VOTER last_known_addr { host: "127.2.61.67" port: 44525 } }
I20260709 13:14:09.222141  3618 ts_tablet_manager.cc:1403] T 6d5ff7df50d249d7826f69a386047aaa P 8d7233a4bc284663a134ec39a5d0c305: Time spent bootstrapping tablet: real 0.041s	user 0.016s	sys 0.000s
I20260709 13:14:09.222259  3617 raft_consensus.cc:385] T 7d037bd62ac7483daa4046062650a472 P b437bc472ffb42389753402620551582 [term 0 FOLLOWER]: Consensus starting up: Expiring failure detector timer to make a prompt election more likely
I20260709 13:14:09.222664  3617 raft_consensus.cc:740] T 7d037bd62ac7483daa4046062650a472 P b437bc472ffb42389753402620551582 [term 0 FOLLOWER]: Becoming Follower/Learner. State: Replica: b437bc472ffb42389753402620551582, State: Initialized, Role: FOLLOWER
I20260709 13:14:09.223654  3617 consensus_queue.cc:260] T 7d037bd62ac7483daa4046062650a472 P b437bc472ffb42389753402620551582 [NON_LEADER]: Queue going to NON_LEADER mode. State: All replicated index: 0, Majority replicated index: 0, Committed index: 0, Last appended: 0.0, Last appended by leader: 0, Current term: 0, Majority size: -1, State: 0, Mode: NON_LEADER, active raft config: opid_index: -1 OBSOLETE_local: false peers { permanent_uuid: "8d7233a4bc284663a134ec39a5d0c305" member_type: VOTER last_known_addr { host: "127.2.61.65" port: 37999 } } peers { permanent_uuid: "b437bc472ffb42389753402620551582" member_type: VOTER last_known_addr { host: "127.2.61.66" port: 44873 } } peers { permanent_uuid: "6f8cc842cc7c4cf39a3da776fb52198c" member_type: VOTER last_known_addr { host: "127.2.61.67" port: 44525 } }
I20260709 13:14:09.225162  3618 raft_consensus.cc:359] T 6d5ff7df50d249d7826f69a386047aaa P 8d7233a4bc284663a134ec39a5d0c305 [term 0 FOLLOWER]: Replica starting. Triggering 0 pending ops. Active config: opid_index: -1 OBSOLETE_local: false peers { permanent_uuid: "8d7233a4bc284663a134ec39a5d0c305" member_type: VOTER last_known_addr { host: "127.2.61.65" port: 37999 } } peers { permanent_uuid: "b437bc472ffb42389753402620551582" member_type: VOTER last_known_addr { host: "127.2.61.66" port: 44873 } } peers { permanent_uuid: "6f8cc842cc7c4cf39a3da776fb52198c" member_type: VOTER last_known_addr { host: "127.2.61.67" port: 44525 } }
I20260709 13:14:09.225878  3618 raft_consensus.cc:385] T 6d5ff7df50d249d7826f69a386047aaa P 8d7233a4bc284663a134ec39a5d0c305 [term 0 FOLLOWER]: Consensus starting up: Expiring failure detector timer to make a prompt election more likely
I20260709 13:14:09.226123  3680 raft_consensus.cc:493] T f1c9ce0ec6bf4921a8b0ea35f6d69e2f P b437bc472ffb42389753402620551582 [term 0 FOLLOWER]: Starting pre-election (no leader contacted us within the election timeout)
I20260709 13:14:09.226631  3617 ts_tablet_manager.cc:1434] T 7d037bd62ac7483daa4046062650a472 P b437bc472ffb42389753402620551582: Time spent starting tablet: real 0.008s	user 0.007s	sys 0.000s
I20260709 13:14:09.226744  3680 raft_consensus.cc:515] T f1c9ce0ec6bf4921a8b0ea35f6d69e2f P b437bc472ffb42389753402620551582 [term 0 FOLLOWER]: Starting pre-election with config: opid_index: -1 OBSOLETE_local: false peers { permanent_uuid: "8d7233a4bc284663a134ec39a5d0c305" member_type: VOTER last_known_addr { host: "127.2.61.65" port: 37999 } } peers { permanent_uuid: "b437bc472ffb42389753402620551582" member_type: VOTER last_known_addr { host: "127.2.61.66" port: 44873 } } peers { permanent_uuid: "6f8cc842cc7c4cf39a3da776fb52198c" member_type: VOTER last_known_addr { host: "127.2.61.67" port: 44525 } }
I20260709 13:14:09.227718  3617 tablet_bootstrap.cc:492] T 07c4786d1e4c4aafac45c761f491a1ba P b437bc472ffb42389753402620551582: Bootstrap starting.
I20260709 13:14:09.231688  3425 tablet_service.cc:1917] Received RequestConsensusVote() RPC: tablet_id: "f1c9ce0ec6bf4921a8b0ea35f6d69e2f" candidate_uuid: "b437bc472ffb42389753402620551582" candidate_term: 1 candidate_status { last_received { term: 0 index: 0 } } ignore_live_leader: false dest_uuid: "8d7233a4bc284663a134ec39a5d0c305" is_pre_election: true
I20260709 13:14:09.223986  3324 catalog_manager.cc:5697] T 7258372f67cf4c3a8e1385501be4a23c P b437bc472ffb42389753402620551582 reported cstate change: term changed from 0 to 1, leader changed from <none> to b437bc472ffb42389753402620551582 (127.2.61.66). New cstate: current_term: 1 leader_uuid: "b437bc472ffb42389753402620551582" committed_config { opid_index: -1 OBSOLETE_local: false peers { permanent_uuid: "8d7233a4bc284663a134ec39a5d0c305" member_type: VOTER last_known_addr { host: "127.2.61.65" port: 37999 } health_report { overall_health: UNKNOWN } } peers { permanent_uuid: "b437bc472ffb42389753402620551582" member_type: VOTER last_known_addr { host: "127.2.61.66" port: 44873 } health_report { overall_health: HEALTHY } } peers { permanent_uuid: "6f8cc842cc7c4cf39a3da776fb52198c" member_type: VOTER last_known_addr { host: "127.2.61.67" port: 44525 } health_report { overall_health: UNKNOWN } } }
I20260709 13:14:09.234189  3680 leader_election.cc:290] T f1c9ce0ec6bf4921a8b0ea35f6d69e2f P b437bc472ffb42389753402620551582 [CANDIDATE]: Term 1 pre-election: Requested pre-vote from peers 8d7233a4bc284663a134ec39a5d0c305 (127.2.61.65:37999), 6f8cc842cc7c4cf39a3da776fb52198c (127.2.61.67:44525)
I20260709 13:14:09.234807  3617 tablet_bootstrap.cc:654] T 07c4786d1e4c4aafac45c761f491a1ba P b437bc472ffb42389753402620551582: Neither blocks nor log segments found. Creating new log.
I20260709 13:14:09.235443  3576 tablet_service.cc:1917] Received RequestConsensusVote() RPC: tablet_id: "f1c9ce0ec6bf4921a8b0ea35f6d69e2f" candidate_uuid: "b437bc472ffb42389753402620551582" candidate_term: 1 candidate_status { last_received { term: 0 index: 0 } } ignore_live_leader: false dest_uuid: "6f8cc842cc7c4cf39a3da776fb52198c" is_pre_election: true
I20260709 13:14:09.236203  3576 raft_consensus.cc:2393] T f1c9ce0ec6bf4921a8b0ea35f6d69e2f P 6f8cc842cc7c4cf39a3da776fb52198c [term 1 FOLLOWER]: Leader pre-election vote request: Denying vote to candidate b437bc472ffb42389753402620551582 in current term 1: Already voted for candidate 8d7233a4bc284663a134ec39a5d0c305 in this term.
I20260709 13:14:09.237370  3467 leader_election.cc:304] T f1c9ce0ec6bf4921a8b0ea35f6d69e2f P b437bc472ffb42389753402620551582 [CANDIDATE]: Term 1 pre-election: Election decided. Result: candidate lost. Election summary: received 3 responses out of 3 voters: 1 yes votes; 2 no votes. yes voters: b437bc472ffb42389753402620551582; no voters: 6f8cc842cc7c4cf39a3da776fb52198c, 8d7233a4bc284663a134ec39a5d0c305
I20260709 13:14:09.237766  3616 tablet_bootstrap.cc:492] T cc857dcffab74d72a77f1928511d16a7 P 6f8cc842cc7c4cf39a3da776fb52198c: No bootstrap required, opened a new log
I20260709 13:14:09.226142  3618 raft_consensus.cc:740] T 6d5ff7df50d249d7826f69a386047aaa P 8d7233a4bc284663a134ec39a5d0c305 [term 0 FOLLOWER]: Becoming Follower/Learner. State: Replica: 8d7233a4bc284663a134ec39a5d0c305, State: Initialized, Role: FOLLOWER
I20260709 13:14:09.238343  3616 ts_tablet_manager.cc:1403] T cc857dcffab74d72a77f1928511d16a7 P 6f8cc842cc7c4cf39a3da776fb52198c: Time spent bootstrapping tablet: real 0.034s	user 0.013s	sys 0.004s
I20260709 13:14:09.238633  3618 consensus_queue.cc:260] T 6d5ff7df50d249d7826f69a386047aaa P 8d7233a4bc284663a134ec39a5d0c305 [NON_LEADER]: Queue going to NON_LEADER mode. State: All replicated index: 0, Majority replicated index: 0, Committed index: 0, Last appended: 0.0, Last appended by leader: 0, Current term: 0, Majority size: -1, State: 0, Mode: NON_LEADER, active raft config: opid_index: -1 OBSOLETE_local: false peers { permanent_uuid: "8d7233a4bc284663a134ec39a5d0c305" member_type: VOTER last_known_addr { host: "127.2.61.65" port: 37999 } } peers { permanent_uuid: "b437bc472ffb42389753402620551582" member_type: VOTER last_known_addr { host: "127.2.61.66" port: 44873 } } peers { permanent_uuid: "6f8cc842cc7c4cf39a3da776fb52198c" member_type: VOTER last_known_addr { host: "127.2.61.67" port: 44525 } }
I20260709 13:14:09.241120  3618 ts_tablet_manager.cc:1434] T 6d5ff7df50d249d7826f69a386047aaa P 8d7233a4bc284663a134ec39a5d0c305: Time spent starting tablet: real 0.019s	user 0.005s	sys 0.000s
I20260709 13:14:09.241191  3681 raft_consensus.cc:3060] T f1c9ce0ec6bf4921a8b0ea35f6d69e2f P b437bc472ffb42389753402620551582 [term 0 FOLLOWER]: Advancing to term 1
I20260709 13:14:09.241382  3616 raft_consensus.cc:359] T cc857dcffab74d72a77f1928511d16a7 P 6f8cc842cc7c4cf39a3da776fb52198c [term 0 FOLLOWER]: Replica starting. Triggering 0 pending ops. Active config: opid_index: -1 OBSOLETE_local: false peers { permanent_uuid: "8d7233a4bc284663a134ec39a5d0c305" member_type: VOTER last_known_addr { host: "127.2.61.65" port: 37999 } } peers { permanent_uuid: "b437bc472ffb42389753402620551582" member_type: VOTER last_known_addr { host: "127.2.61.66" port: 44873 } } peers { permanent_uuid: "6f8cc842cc7c4cf39a3da776fb52198c" member_type: VOTER last_known_addr { host: "127.2.61.67" port: 44525 } }
I20260709 13:14:09.242079  3616 raft_consensus.cc:385] T cc857dcffab74d72a77f1928511d16a7 P 6f8cc842cc7c4cf39a3da776fb52198c [term 0 FOLLOWER]: Consensus starting up: Expiring failure detector timer to make a prompt election more likely
I20260709 13:14:09.242326  3616 raft_consensus.cc:740] T cc857dcffab74d72a77f1928511d16a7 P 6f8cc842cc7c4cf39a3da776fb52198c [term 0 FOLLOWER]: Becoming Follower/Learner. State: Replica: 6f8cc842cc7c4cf39a3da776fb52198c, State: Initialized, Role: FOLLOWER
I20260709 13:14:09.242424  3618 tablet_bootstrap.cc:492] T 2628430761634402a8b5143fd7d594f3 P 8d7233a4bc284663a134ec39a5d0c305: Bootstrap starting.
I20260709 13:14:09.242960  3616 consensus_queue.cc:260] T cc857dcffab74d72a77f1928511d16a7 P 6f8cc842cc7c4cf39a3da776fb52198c [NON_LEADER]: Queue going to NON_LEADER mode. State: All replicated index: 0, Majority replicated index: 0, Committed index: 0, Last appended: 0.0, Last appended by leader: 0, Current term: 0, Majority size: -1, State: 0, Mode: NON_LEADER, active raft config: opid_index: -1 OBSOLETE_local: false peers { permanent_uuid: "8d7233a4bc284663a134ec39a5d0c305" member_type: VOTER last_known_addr { host: "127.2.61.65" port: 37999 } } peers { permanent_uuid: "b437bc472ffb42389753402620551582" member_type: VOTER last_known_addr { host: "127.2.61.66" port: 44873 } } peers { permanent_uuid: "6f8cc842cc7c4cf39a3da776fb52198c" member_type: VOTER last_known_addr { host: "127.2.61.67" port: 44525 } }
I20260709 13:14:09.244767  3616 ts_tablet_manager.cc:1434] T cc857dcffab74d72a77f1928511d16a7 P 6f8cc842cc7c4cf39a3da776fb52198c: Time spent starting tablet: real 0.006s	user 0.002s	sys 0.000s
I20260709 13:14:09.245498  3713 consensus_queue.cc:1048] T 8578c9aabbaf4912b4df01301d6f61ba P 8d7233a4bc284663a134ec39a5d0c305 [LEADER]: Connected to new peer: Peer: permanent_uuid: "b437bc472ffb42389753402620551582" member_type: VOTER last_known_addr { host: "127.2.61.66" port: 44873 }, Status: LMP_MISMATCH, Last received: 0.0, Next index: 1, Last known committed idx: 0, Time since last communication: 0.000s
I20260709 13:14:09.248404  3618 tablet_bootstrap.cc:654] T 2628430761634402a8b5143fd7d594f3 P 8d7233a4bc284663a134ec39a5d0c305: Neither blocks nor log segments found. Creating new log.
I20260709 13:14:09.249557  3680 raft_consensus.cc:493] T e7ff73c62ebb4e8388d68d5605cb0633 P b437bc472ffb42389753402620551582 [term 0 FOLLOWER]: Starting pre-election (no leader contacted us within the election timeout)
I20260709 13:14:09.250003  3680 raft_consensus.cc:515] T e7ff73c62ebb4e8388d68d5605cb0633 P b437bc472ffb42389753402620551582 [term 0 FOLLOWER]: Starting pre-election with config: opid_index: -1 OBSOLETE_local: false peers { permanent_uuid: "8d7233a4bc284663a134ec39a5d0c305" member_type: VOTER last_known_addr { host: "127.2.61.65" port: 37999 } } peers { permanent_uuid: "b437bc472ffb42389753402620551582" member_type: VOTER last_known_addr { host: "127.2.61.66" port: 44873 } } peers { permanent_uuid: "6f8cc842cc7c4cf39a3da776fb52198c" member_type: VOTER last_known_addr { host: "127.2.61.67" port: 44525 } }
I20260709 13:14:09.251987  3680 leader_election.cc:290] T e7ff73c62ebb4e8388d68d5605cb0633 P b437bc472ffb42389753402620551582 [CANDIDATE]: Term 1 pre-election: Requested pre-vote from peers 8d7233a4bc284663a134ec39a5d0c305 (127.2.61.65:37999), 6f8cc842cc7c4cf39a3da776fb52198c (127.2.61.67:44525)
I20260709 13:14:09.253947  3425 tablet_service.cc:1917] Received RequestConsensusVote() RPC: tablet_id: "e7ff73c62ebb4e8388d68d5605cb0633" candidate_uuid: "b437bc472ffb42389753402620551582" candidate_term: 1 candidate_status { last_received { term: 0 index: 0 } } ignore_live_leader: false dest_uuid: "8d7233a4bc284663a134ec39a5d0c305" is_pre_election: true
I20260709 13:14:09.254840  3425 raft_consensus.cc:2468] T e7ff73c62ebb4e8388d68d5605cb0633 P 8d7233a4bc284663a134ec39a5d0c305 [term 0 FOLLOWER]: Leader pre-election vote request: Granting yes vote for candidate b437bc472ffb42389753402620551582 in term 0.
I20260709 13:14:09.258298  3576 tablet_service.cc:1917] Received RequestConsensusVote() RPC: tablet_id: "e7ff73c62ebb4e8388d68d5605cb0633" candidate_uuid: "b437bc472ffb42389753402620551582" candidate_term: 1 candidate_status { last_received { term: 0 index: 0 } } ignore_live_leader: false dest_uuid: "6f8cc842cc7c4cf39a3da776fb52198c" is_pre_election: true
I20260709 13:14:09.258950  3576 raft_consensus.cc:2468] T e7ff73c62ebb4e8388d68d5605cb0633 P 6f8cc842cc7c4cf39a3da776fb52198c [term 0 FOLLOWER]: Leader pre-election vote request: Granting yes vote for candidate b437bc472ffb42389753402620551582 in term 0.
I20260709 13:14:09.260635  3616 tablet_bootstrap.cc:492] T 6d5ff7df50d249d7826f69a386047aaa P 6f8cc842cc7c4cf39a3da776fb52198c: Bootstrap starting.
I20260709 13:14:09.258178  3468 leader_election.cc:304] T e7ff73c62ebb4e8388d68d5605cb0633 P b437bc472ffb42389753402620551582 [CANDIDATE]: Term 1 pre-election: Election decided. Result: candidate won. Election summary: received 2 responses out of 3 voters: 2 yes votes; 0 no votes. yes voters: 8d7233a4bc284663a134ec39a5d0c305, b437bc472ffb42389753402620551582; no voters: 
I20260709 13:14:09.264215  3680 raft_consensus.cc:2804] T e7ff73c62ebb4e8388d68d5605cb0633 P b437bc472ffb42389753402620551582 [term 0 FOLLOWER]: Leader pre-election won for term 1
I20260709 13:14:09.264744  3680 raft_consensus.cc:493] T e7ff73c62ebb4e8388d68d5605cb0633 P b437bc472ffb42389753402620551582 [term 0 FOLLOWER]: Starting leader election (no leader contacted us within the election timeout)
I20260709 13:14:09.265169  3680 raft_consensus.cc:3060] T e7ff73c62ebb4e8388d68d5605cb0633 P b437bc472ffb42389753402620551582 [term 0 FOLLOWER]: Advancing to term 1
I20260709 13:14:09.266824  3616 tablet_bootstrap.cc:654] T 6d5ff7df50d249d7826f69a386047aaa P 6f8cc842cc7c4cf39a3da776fb52198c: Neither blocks nor log segments found. Creating new log.
I20260709 13:14:09.270576  3617 tablet_bootstrap.cc:492] T 07c4786d1e4c4aafac45c761f491a1ba P b437bc472ffb42389753402620551582: No bootstrap required, opened a new log
I20260709 13:14:09.270993  3617 ts_tablet_manager.cc:1403] T 07c4786d1e4c4aafac45c761f491a1ba P b437bc472ffb42389753402620551582: Time spent bootstrapping tablet: real 0.043s	user 0.010s	sys 0.000s
I20260709 13:14:09.273451  3617 raft_consensus.cc:359] T 07c4786d1e4c4aafac45c761f491a1ba P b437bc472ffb42389753402620551582 [term 0 FOLLOWER]: Replica starting. Triggering 0 pending ops. Active config: opid_index: -1 OBSOLETE_local: false peers { permanent_uuid: "8d7233a4bc284663a134ec39a5d0c305" member_type: VOTER last_known_addr { host: "127.2.61.65" port: 37999 } } peers { permanent_uuid: "b437bc472ffb42389753402620551582" member_type: VOTER last_known_addr { host: "127.2.61.66" port: 44873 } } peers { permanent_uuid: "6f8cc842cc7c4cf39a3da776fb52198c" member_type: VOTER last_known_addr { host: "127.2.61.67" port: 44525 } }
I20260709 13:14:09.273949  3617 raft_consensus.cc:385] T 07c4786d1e4c4aafac45c761f491a1ba P b437bc472ffb42389753402620551582 [term 0 FOLLOWER]: Consensus starting up: Expiring failure detector timer to make a prompt election more likely
I20260709 13:14:09.274206  3617 raft_consensus.cc:740] T 07c4786d1e4c4aafac45c761f491a1ba P b437bc472ffb42389753402620551582 [term 0 FOLLOWER]: Becoming Follower/Learner. State: Replica: b437bc472ffb42389753402620551582, State: Initialized, Role: FOLLOWER
I20260709 13:14:09.274788  3617 consensus_queue.cc:260] T 07c4786d1e4c4aafac45c761f491a1ba P b437bc472ffb42389753402620551582 [NON_LEADER]: Queue going to NON_LEADER mode. State: All replicated index: 0, Majority replicated index: 0, Committed index: 0, Last appended: 0.0, Last appended by leader: 0, Current term: 0, Majority size: -1, State: 0, Mode: NON_LEADER, active raft config: opid_index: -1 OBSOLETE_local: false peers { permanent_uuid: "8d7233a4bc284663a134ec39a5d0c305" member_type: VOTER last_known_addr { host: "127.2.61.65" port: 37999 } } peers { permanent_uuid: "b437bc472ffb42389753402620551582" member_type: VOTER last_known_addr { host: "127.2.61.66" port: 44873 } } peers { permanent_uuid: "6f8cc842cc7c4cf39a3da776fb52198c" member_type: VOTER last_known_addr { host: "127.2.61.67" port: 44525 } }
I20260709 13:14:09.276702  3617 ts_tablet_manager.cc:1434] T 07c4786d1e4c4aafac45c761f491a1ba P b437bc472ffb42389753402620551582: Time spent starting tablet: real 0.005s	user 0.003s	sys 0.000s
I20260709 13:14:09.277509  3617 tablet_bootstrap.cc:492] T 18e8763265e745a8bf0fc633de7aa4a0 P b437bc472ffb42389753402620551582: Bootstrap starting.
I20260709 13:14:09.284720  3617 tablet_bootstrap.cc:654] T 18e8763265e745a8bf0fc633de7aa4a0 P b437bc472ffb42389753402620551582: Neither blocks nor log segments found. Creating new log.
I20260709 13:14:09.286332  3681 raft_consensus.cc:2749] T f1c9ce0ec6bf4921a8b0ea35f6d69e2f P b437bc472ffb42389753402620551582 [term 1 FOLLOWER]: Leader pre-election lost for term 1. Reason: could not achieve majority
I20260709 13:14:09.287038  3680 raft_consensus.cc:515] T e7ff73c62ebb4e8388d68d5605cb0633 P b437bc472ffb42389753402620551582 [term 1 FOLLOWER]: Starting leader election with config: opid_index: -1 OBSOLETE_local: false peers { permanent_uuid: "8d7233a4bc284663a134ec39a5d0c305" member_type: VOTER last_known_addr { host: "127.2.61.65" port: 37999 } } peers { permanent_uuid: "b437bc472ffb42389753402620551582" member_type: VOTER last_known_addr { host: "127.2.61.66" port: 44873 } } peers { permanent_uuid: "6f8cc842cc7c4cf39a3da776fb52198c" member_type: VOTER last_known_addr { host: "127.2.61.67" port: 44525 } }
I20260709 13:14:09.289170  3680 leader_election.cc:290] T e7ff73c62ebb4e8388d68d5605cb0633 P b437bc472ffb42389753402620551582 [CANDIDATE]: Term 1 election: Requested vote from peers 8d7233a4bc284663a134ec39a5d0c305 (127.2.61.65:37999), 6f8cc842cc7c4cf39a3da776fb52198c (127.2.61.67:44525)
I20260709 13:14:09.290073  3618 tablet_bootstrap.cc:492] T 2628430761634402a8b5143fd7d594f3 P 8d7233a4bc284663a134ec39a5d0c305: No bootstrap required, opened a new log
I20260709 13:14:09.290395  3618 ts_tablet_manager.cc:1403] T 2628430761634402a8b5143fd7d594f3 P 8d7233a4bc284663a134ec39a5d0c305: Time spent bootstrapping tablet: real 0.048s	user 0.028s	sys 0.016s
I20260709 13:14:09.291047  3617 tablet_bootstrap.cc:492] T 18e8763265e745a8bf0fc633de7aa4a0 P b437bc472ffb42389753402620551582: No bootstrap required, opened a new log
I20260709 13:14:09.291407  3617 ts_tablet_manager.cc:1403] T 18e8763265e745a8bf0fc633de7aa4a0 P b437bc472ffb42389753402620551582: Time spent bootstrapping tablet: real 0.014s	user 0.006s	sys 0.003s
I20260709 13:14:09.292136  3618 raft_consensus.cc:359] T 2628430761634402a8b5143fd7d594f3 P 8d7233a4bc284663a134ec39a5d0c305 [term 0 FOLLOWER]: Replica starting. Triggering 0 pending ops. Active config: opid_index: -1 OBSOLETE_local: false peers { permanent_uuid: "8d7233a4bc284663a134ec39a5d0c305" member_type: VOTER last_known_addr { host: "127.2.61.65" port: 37999 } } peers { permanent_uuid: "b437bc472ffb42389753402620551582" member_type: VOTER last_known_addr { host: "127.2.61.66" port: 44873 } } peers { permanent_uuid: "6f8cc842cc7c4cf39a3da776fb52198c" member_type: VOTER last_known_addr { host: "127.2.61.67" port: 44525 } }
I20260709 13:14:09.292583  3618 raft_consensus.cc:385] T 2628430761634402a8b5143fd7d594f3 P 8d7233a4bc284663a134ec39a5d0c305 [term 0 FOLLOWER]: Consensus starting up: Expiring failure detector timer to make a prompt election more likely
I20260709 13:14:09.292745  3618 raft_consensus.cc:740] T 2628430761634402a8b5143fd7d594f3 P 8d7233a4bc284663a134ec39a5d0c305 [term 0 FOLLOWER]: Becoming Follower/Learner. State: Replica: 8d7233a4bc284663a134ec39a5d0c305, State: Initialized, Role: FOLLOWER
I20260709 13:14:09.293152  3618 consensus_queue.cc:260] T 2628430761634402a8b5143fd7d594f3 P 8d7233a4bc284663a134ec39a5d0c305 [NON_LEADER]: Queue going to NON_LEADER mode. State: All replicated index: 0, Majority replicated index: 0, Committed index: 0, Last appended: 0.0, Last appended by leader: 0, Current term: 0, Majority size: -1, State: 0, Mode: NON_LEADER, active raft config: opid_index: -1 OBSOLETE_local: false peers { permanent_uuid: "8d7233a4bc284663a134ec39a5d0c305" member_type: VOTER last_known_addr { host: "127.2.61.65" port: 37999 } } peers { permanent_uuid: "b437bc472ffb42389753402620551582" member_type: VOTER last_known_addr { host: "127.2.61.66" port: 44873 } } peers { permanent_uuid: "6f8cc842cc7c4cf39a3da776fb52198c" member_type: VOTER last_known_addr { host: "127.2.61.67" port: 44525 } }
I20260709 13:14:09.293761  3617 raft_consensus.cc:359] T 18e8763265e745a8bf0fc633de7aa4a0 P b437bc472ffb42389753402620551582 [term 0 FOLLOWER]: Replica starting. Triggering 0 pending ops. Active config: opid_index: -1 OBSOLETE_local: false peers { permanent_uuid: "8d7233a4bc284663a134ec39a5d0c305" member_type: VOTER last_known_addr { host: "127.2.61.65" port: 37999 } } peers { permanent_uuid: "b437bc472ffb42389753402620551582" member_type: VOTER last_known_addr { host: "127.2.61.66" port: 44873 } } peers { permanent_uuid: "6f8cc842cc7c4cf39a3da776fb52198c" member_type: VOTER last_known_addr { host: "127.2.61.67" port: 44525 } }
I20260709 13:14:09.294224  3617 raft_consensus.cc:385] T 18e8763265e745a8bf0fc633de7aa4a0 P b437bc472ffb42389753402620551582 [term 0 FOLLOWER]: Consensus starting up: Expiring failure detector timer to make a prompt election more likely
I20260709 13:14:09.294437  3617 raft_consensus.cc:740] T 18e8763265e745a8bf0fc633de7aa4a0 P b437bc472ffb42389753402620551582 [term 0 FOLLOWER]: Becoming Follower/Learner. State: Replica: b437bc472ffb42389753402620551582, State: Initialized, Role: FOLLOWER
I20260709 13:14:09.294906  3618 ts_tablet_manager.cc:1434] T 2628430761634402a8b5143fd7d594f3 P 8d7233a4bc284663a134ec39a5d0c305: Time spent starting tablet: real 0.004s	user 0.004s	sys 0.000s
I20260709 13:14:09.294929  3617 consensus_queue.cc:260] T 18e8763265e745a8bf0fc633de7aa4a0 P b437bc472ffb42389753402620551582 [NON_LEADER]: Queue going to NON_LEADER mode. State: All replicated index: 0, Majority replicated index: 0, Committed index: 0, Last appended: 0.0, Last appended by leader: 0, Current term: 0, Majority size: -1, State: 0, Mode: NON_LEADER, active raft config: opid_index: -1 OBSOLETE_local: false peers { permanent_uuid: "8d7233a4bc284663a134ec39a5d0c305" member_type: VOTER last_known_addr { host: "127.2.61.65" port: 37999 } } peers { permanent_uuid: "b437bc472ffb42389753402620551582" member_type: VOTER last_known_addr { host: "127.2.61.66" port: 44873 } } peers { permanent_uuid: "6f8cc842cc7c4cf39a3da776fb52198c" member_type: VOTER last_known_addr { host: "127.2.61.67" port: 44525 } }
I20260709 13:14:09.295625  3618 tablet_bootstrap.cc:492] T d6096a3e6d2e41cd85abd1a381530f37 P 8d7233a4bc284663a134ec39a5d0c305: Bootstrap starting.
I20260709 13:14:09.296442  3617 ts_tablet_manager.cc:1434] T 18e8763265e745a8bf0fc633de7aa4a0 P b437bc472ffb42389753402620551582: Time spent starting tablet: real 0.005s	user 0.003s	sys 0.002s
I20260709 13:14:09.297101  3617 tablet_bootstrap.cc:492] T eb3859abeffc4e7b88c21e67777e800f P b437bc472ffb42389753402620551582: Bootstrap starting.
I20260709 13:14:09.333843  3683 raft_consensus.cc:493] T a3ffcfbb3c104b65a2dd03eed4e1465c P 6f8cc842cc7c4cf39a3da776fb52198c [term 0 FOLLOWER]: Starting pre-election (no leader contacted us within the election timeout)
I20260709 13:14:09.335036  3576 tablet_service.cc:1917] Received RequestConsensusVote() RPC: tablet_id: "e7ff73c62ebb4e8388d68d5605cb0633" candidate_uuid: "b437bc472ffb42389753402620551582" candidate_term: 1 candidate_status { last_received { term: 0 index: 0 } } ignore_live_leader: false dest_uuid: "6f8cc842cc7c4cf39a3da776fb52198c"
I20260709 13:14:09.336053  3425 tablet_service.cc:1917] Received RequestConsensusVote() RPC: tablet_id: "e7ff73c62ebb4e8388d68d5605cb0633" candidate_uuid: "b437bc472ffb42389753402620551582" candidate_term: 1 candidate_status { last_received { term: 0 index: 0 } } ignore_live_leader: false dest_uuid: "8d7233a4bc284663a134ec39a5d0c305"
I20260709 13:14:09.335777  3683 raft_consensus.cc:515] T a3ffcfbb3c104b65a2dd03eed4e1465c P 6f8cc842cc7c4cf39a3da776fb52198c [term 0 FOLLOWER]: Starting pre-election with config: opid_index: -1 OBSOLETE_local: false peers { permanent_uuid: "8d7233a4bc284663a134ec39a5d0c305" member_type: VOTER last_known_addr { host: "127.2.61.65" port: 37999 } } peers { permanent_uuid: "b437bc472ffb42389753402620551582" member_type: VOTER last_known_addr { host: "127.2.61.66" port: 44873 } } peers { permanent_uuid: "6f8cc842cc7c4cf39a3da776fb52198c" member_type: VOTER last_known_addr { host: "127.2.61.67" port: 44525 } }
I20260709 13:14:09.337121  3425 raft_consensus.cc:3060] T e7ff73c62ebb4e8388d68d5605cb0633 P 8d7233a4bc284663a134ec39a5d0c305 [term 0 FOLLOWER]: Advancing to term 1
I20260709 13:14:09.339423  3683 leader_election.cc:290] T a3ffcfbb3c104b65a2dd03eed4e1465c P 6f8cc842cc7c4cf39a3da776fb52198c [CANDIDATE]: Term 1 pre-election: Requested pre-vote from peers 8d7233a4bc284663a134ec39a5d0c305 (127.2.61.65:37999), b437bc472ffb42389753402620551582 (127.2.61.66:44873)
I20260709 13:14:09.340021  3683 raft_consensus.cc:493] T 599c10a575ce419096a9be790525edb5 P 6f8cc842cc7c4cf39a3da776fb52198c [term 0 FOLLOWER]: Starting pre-election (no leader contacted us within the election timeout)
I20260709 13:14:09.340710  3683 raft_consensus.cc:515] T 599c10a575ce419096a9be790525edb5 P 6f8cc842cc7c4cf39a3da776fb52198c [term 0 FOLLOWER]: Starting pre-election with config: opid_index: -1 OBSOLETE_local: false peers { permanent_uuid: "8d7233a4bc284663a134ec39a5d0c305" member_type: VOTER last_known_addr { host: "127.2.61.65" port: 37999 } } peers { permanent_uuid: "b437bc472ffb42389753402620551582" member_type: VOTER last_known_addr { host: "127.2.61.66" port: 44873 } } peers { permanent_uuid: "6f8cc842cc7c4cf39a3da776fb52198c" member_type: VOTER last_known_addr { host: "127.2.61.67" port: 44525 } }
I20260709 13:14:09.341495  3427 tablet_service.cc:1917] Received RequestConsensusVote() RPC: tablet_id: "a3ffcfbb3c104b65a2dd03eed4e1465c" candidate_uuid: "6f8cc842cc7c4cf39a3da776fb52198c" candidate_term: 1 candidate_status { last_received { term: 0 index: 0 } } ignore_live_leader: false dest_uuid: "8d7233a4bc284663a134ec39a5d0c305" is_pre_election: true
I20260709 13:14:09.342633  3427 raft_consensus.cc:2468] T a3ffcfbb3c104b65a2dd03eed4e1465c P 8d7233a4bc284663a134ec39a5d0c305 [term 0 FOLLOWER]: Leader pre-election vote request: Granting yes vote for candidate 6f8cc842cc7c4cf39a3da776fb52198c in term 0.
I20260709 13:14:09.343500  3683 leader_election.cc:290] T 599c10a575ce419096a9be790525edb5 P 6f8cc842cc7c4cf39a3da776fb52198c [CANDIDATE]: Term 1 pre-election: Requested pre-vote from peers 8d7233a4bc284663a134ec39a5d0c305 (127.2.61.65:37999), b437bc472ffb42389753402620551582 (127.2.61.66:44873)
I20260709 13:14:09.343716  3616 tablet_bootstrap.cc:492] T 6d5ff7df50d249d7826f69a386047aaa P 6f8cc842cc7c4cf39a3da776fb52198c: No bootstrap required, opened a new log
I20260709 13:14:09.336630  3576 raft_consensus.cc:3060] T e7ff73c62ebb4e8388d68d5605cb0633 P 6f8cc842cc7c4cf39a3da776fb52198c [term 0 FOLLOWER]: Advancing to term 1
I20260709 13:14:09.344726  3616 ts_tablet_manager.cc:1403] T 6d5ff7df50d249d7826f69a386047aaa P 6f8cc842cc7c4cf39a3da776fb52198c: Time spent bootstrapping tablet: real 0.084s	user 0.009s	sys 0.000s
I20260709 13:14:09.349015  3680 raft_consensus.cc:493] T 18e8763265e745a8bf0fc633de7aa4a0 P b437bc472ffb42389753402620551582 [term 0 FOLLOWER]: Starting pre-election (no leader contacted us within the election timeout)
I20260709 13:14:09.348554  3542 leader_election.cc:304] T a3ffcfbb3c104b65a2dd03eed4e1465c P 6f8cc842cc7c4cf39a3da776fb52198c [CANDIDATE]: Term 1 pre-election: Election decided. Result: candidate won. Election summary: received 2 responses out of 3 voters: 2 yes votes; 0 no votes. yes voters: 6f8cc842cc7c4cf39a3da776fb52198c, 8d7233a4bc284663a134ec39a5d0c305; no voters: 
I20260709 13:14:09.349372  3653 raft_consensus.cc:493] T 6d5ff7df50d249d7826f69a386047aaa P 8d7233a4bc284663a134ec39a5d0c305 [term 0 FOLLOWER]: Starting pre-election (no leader contacted us within the election timeout)
I20260709 13:14:09.349926  3680 raft_consensus.cc:515] T 18e8763265e745a8bf0fc633de7aa4a0 P b437bc472ffb42389753402620551582 [term 0 FOLLOWER]: Starting pre-election with config: opid_index: -1 OBSOLETE_local: false peers { permanent_uuid: "8d7233a4bc284663a134ec39a5d0c305" member_type: VOTER last_known_addr { host: "127.2.61.65" port: 37999 } } peers { permanent_uuid: "b437bc472ffb42389753402620551582" member_type: VOTER last_known_addr { host: "127.2.61.66" port: 44873 } } peers { permanent_uuid: "6f8cc842cc7c4cf39a3da776fb52198c" member_type: VOTER last_known_addr { host: "127.2.61.67" port: 44525 } }
I20260709 13:14:09.350553  3501 tablet_service.cc:1917] Received RequestConsensusVote() RPC: tablet_id: "a3ffcfbb3c104b65a2dd03eed4e1465c" candidate_uuid: "6f8cc842cc7c4cf39a3da776fb52198c" candidate_term: 1 candidate_status { last_received { term: 0 index: 0 } } ignore_live_leader: false dest_uuid: "b437bc472ffb42389753402620551582" is_pre_election: true
I20260709 13:14:09.350414  3653 raft_consensus.cc:515] T 6d5ff7df50d249d7826f69a386047aaa P 8d7233a4bc284663a134ec39a5d0c305 [term 0 FOLLOWER]: Starting pre-election with config: opid_index: -1 OBSOLETE_local: false peers { permanent_uuid: "8d7233a4bc284663a134ec39a5d0c305" member_type: VOTER last_known_addr { host: "127.2.61.65" port: 37999 } } peers { permanent_uuid: "b437bc472ffb42389753402620551582" member_type: VOTER last_known_addr { host: "127.2.61.66" port: 44873 } } peers { permanent_uuid: "6f8cc842cc7c4cf39a3da776fb52198c" member_type: VOTER last_known_addr { host: "127.2.61.67" port: 44525 } }
I20260709 13:14:09.352986  3680 leader_election.cc:290] T 18e8763265e745a8bf0fc633de7aa4a0 P b437bc472ffb42389753402620551582 [CANDIDATE]: Term 1 pre-election: Requested pre-vote from peers 8d7233a4bc284663a134ec39a5d0c305 (127.2.61.65:37999), 6f8cc842cc7c4cf39a3da776fb52198c (127.2.61.67:44525)
I20260709 13:14:09.354116  3653 leader_election.cc:290] T 6d5ff7df50d249d7826f69a386047aaa P 8d7233a4bc284663a134ec39a5d0c305 [CANDIDATE]: Term 1 pre-election: Requested pre-vote from peers b437bc472ffb42389753402620551582 (127.2.61.66:44873), 6f8cc842cc7c4cf39a3da776fb52198c (127.2.61.67:44525)
I20260709 13:14:09.357626  3618 tablet_bootstrap.cc:654] T d6096a3e6d2e41cd85abd1a381530f37 P 8d7233a4bc284663a134ec39a5d0c305: Neither blocks nor log segments found. Creating new log.
I20260709 13:14:09.359169  3574 tablet_service.cc:1917] Received RequestConsensusVote() RPC: tablet_id: "6d5ff7df50d249d7826f69a386047aaa" candidate_uuid: "8d7233a4bc284663a134ec39a5d0c305" candidate_term: 1 candidate_status { last_received { term: 0 index: 0 } } ignore_live_leader: false dest_uuid: "6f8cc842cc7c4cf39a3da776fb52198c" is_pre_election: true
I20260709 13:14:09.359174  3424 tablet_service.cc:1917] Received RequestConsensusVote() RPC: tablet_id: "18e8763265e745a8bf0fc633de7aa4a0" candidate_uuid: "b437bc472ffb42389753402620551582" candidate_term: 1 candidate_status { last_received { term: 0 index: 0 } } ignore_live_leader: false dest_uuid: "8d7233a4bc284663a134ec39a5d0c305" is_pre_election: true
I20260709 13:14:09.362592  3427 tablet_service.cc:1917] Received RequestConsensusVote() RPC: tablet_id: "599c10a575ce419096a9be790525edb5" candidate_uuid: "6f8cc842cc7c4cf39a3da776fb52198c" candidate_term: 1 candidate_status { last_received { term: 0 index: 0 } } ignore_live_leader: false dest_uuid: "8d7233a4bc284663a134ec39a5d0c305" is_pre_election: true
I20260709 13:14:09.363256  3499 tablet_service.cc:1917] Received RequestConsensusVote() RPC: tablet_id: "6d5ff7df50d249d7826f69a386047aaa" candidate_uuid: "8d7233a4bc284663a134ec39a5d0c305" candidate_term: 1 candidate_status { last_received { term: 0 index: 0 } } ignore_live_leader: false dest_uuid: "b437bc472ffb42389753402620551582" is_pre_election: true
I20260709 13:14:09.363646  3427 raft_consensus.cc:2393] T 599c10a575ce419096a9be790525edb5 P 8d7233a4bc284663a134ec39a5d0c305 [term 1 FOLLOWER]: Leader pre-election vote request: Denying vote to candidate 6f8cc842cc7c4cf39a3da776fb52198c in current term 1: Already voted for candidate b437bc472ffb42389753402620551582 in this term.
I20260709 13:14:09.360603  3725 raft_consensus.cc:2804] T a3ffcfbb3c104b65a2dd03eed4e1465c P 6f8cc842cc7c4cf39a3da776fb52198c [term 0 FOLLOWER]: Leader pre-election won for term 1
I20260709 13:14:09.364176  3574 tablet_service.cc:1917] Received RequestConsensusVote() RPC: tablet_id: "18e8763265e745a8bf0fc633de7aa4a0" candidate_uuid: "b437bc472ffb42389753402620551582" candidate_term: 1 candidate_status { last_received { term: 0 index: 0 } } ignore_live_leader: false dest_uuid: "6f8cc842cc7c4cf39a3da776fb52198c" is_pre_election: true
I20260709 13:14:09.364570  3725 raft_consensus.cc:493] T a3ffcfbb3c104b65a2dd03eed4e1465c P 6f8cc842cc7c4cf39a3da776fb52198c [term 0 FOLLOWER]: Starting leader election (no leader contacted us within the election timeout)
I20260709 13:14:09.364959  3725 raft_consensus.cc:3060] T a3ffcfbb3c104b65a2dd03eed4e1465c P 6f8cc842cc7c4cf39a3da776fb52198c [term 0 FOLLOWER]: Advancing to term 1
W20260709 13:14:09.368907  3468 leader_election.cc:343] T 18e8763265e745a8bf0fc633de7aa4a0 P b437bc472ffb42389753402620551582 [CANDIDATE]: Term 1 pre-election: Tablet error from VoteRequest() call to peer 8d7233a4bc284663a134ec39a5d0c305 (127.2.61.65:37999): Illegal state: must be running to vote when last-logged opid is not known
W20260709 13:14:09.374504  3393 leader_election.cc:343] T 6d5ff7df50d249d7826f69a386047aaa P 8d7233a4bc284663a134ec39a5d0c305 [CANDIDATE]: Term 1 pre-election: Tablet error from VoteRequest() call to peer b437bc472ffb42389753402620551582 (127.2.61.66:44873): Illegal state: must be running to vote when last-logged opid is not known
I20260709 13:14:09.375294  3501 tablet_service.cc:1917] Received RequestConsensusVote() RPC: tablet_id: "599c10a575ce419096a9be790525edb5" candidate_uuid: "6f8cc842cc7c4cf39a3da776fb52198c" candidate_term: 1 candidate_status { last_received { term: 0 index: 0 } } ignore_live_leader: false dest_uuid: "b437bc472ffb42389753402620551582" is_pre_election: true
W20260709 13:14:09.367569  3542 leader_election.cc:343] T a3ffcfbb3c104b65a2dd03eed4e1465c P 6f8cc842cc7c4cf39a3da776fb52198c [CANDIDATE]: Term 1 pre-election: Tablet error from VoteRequest() call to peer b437bc472ffb42389753402620551582 (127.2.61.66:44873): Illegal state: must be running to vote when last-logged opid is not known
W20260709 13:14:09.399262  3467 leader_election.cc:343] T 18e8763265e745a8bf0fc633de7aa4a0 P b437bc472ffb42389753402620551582 [CANDIDATE]: Term 1 pre-election: Tablet error from VoteRequest() call to peer 6f8cc842cc7c4cf39a3da776fb52198c (127.2.61.67:44525): Illegal state: must be running to vote when last-logged opid is not known
I20260709 13:14:09.399945  3467 leader_election.cc:304] T 18e8763265e745a8bf0fc633de7aa4a0 P b437bc472ffb42389753402620551582 [CANDIDATE]: Term 1 pre-election: Election decided. Result: candidate lost. Election summary: received 3 responses out of 3 voters: 1 yes votes; 2 no votes. yes voters: b437bc472ffb42389753402620551582; no voters: 6f8cc842cc7c4cf39a3da776fb52198c, 8d7233a4bc284663a134ec39a5d0c305
I20260709 13:14:09.404808  3764 raft_consensus.cc:2749] T 18e8763265e745a8bf0fc633de7aa4a0 P b437bc472ffb42389753402620551582 [term 0 FOLLOWER]: Leader pre-election lost for term 1. Reason: could not achieve majority
I20260709 13:14:09.412675  3680 raft_consensus.cc:493] T 876baf182c0046a38052011dcb10c908 P b437bc472ffb42389753402620551582 [term 0 FOLLOWER]: Starting pre-election (no leader contacted us within the election timeout)
I20260709 13:14:09.420342  3713 raft_consensus.cc:493] T 2628430761634402a8b5143fd7d594f3 P 8d7233a4bc284663a134ec39a5d0c305 [term 0 FOLLOWER]: Starting pre-election (no leader contacted us within the election timeout)
I20260709 13:14:09.420945  3713 raft_consensus.cc:515] T 2628430761634402a8b5143fd7d594f3 P 8d7233a4bc284663a134ec39a5d0c305 [term 0 FOLLOWER]: Starting pre-election with config: opid_index: -1 OBSOLETE_local: false peers { permanent_uuid: "8d7233a4bc284663a134ec39a5d0c305" member_type: VOTER last_known_addr { host: "127.2.61.65" port: 37999 } } peers { permanent_uuid: "b437bc472ffb42389753402620551582" member_type: VOTER last_known_addr { host: "127.2.61.66" port: 44873 } } peers { permanent_uuid: "6f8cc842cc7c4cf39a3da776fb52198c" member_type: VOTER last_known_addr { host: "127.2.61.67" port: 44525 } }
I20260709 13:14:09.425571  3713 leader_election.cc:290] T 2628430761634402a8b5143fd7d594f3 P 8d7233a4bc284663a134ec39a5d0c305 [CANDIDATE]: Term 1 pre-election: Requested pre-vote from peers b437bc472ffb42389753402620551582 (127.2.61.66:44873), 6f8cc842cc7c4cf39a3da776fb52198c (127.2.61.67:44525)
I20260709 13:14:09.429334  3616 raft_consensus.cc:359] T 6d5ff7df50d249d7826f69a386047aaa P 6f8cc842cc7c4cf39a3da776fb52198c [term 0 FOLLOWER]: Replica starting. Triggering 0 pending ops. Active config: opid_index: -1 OBSOLETE_local: false peers { permanent_uuid: "8d7233a4bc284663a134ec39a5d0c305" member_type: VOTER last_known_addr { host: "127.2.61.65" port: 37999 } } peers { permanent_uuid: "b437bc472ffb42389753402620551582" member_type: VOTER last_known_addr { host: "127.2.61.66" port: 44873 } } peers { permanent_uuid: "6f8cc842cc7c4cf39a3da776fb52198c" member_type: VOTER last_known_addr { host: "127.2.61.67" port: 44525 } }
I20260709 13:14:09.430220  3616 raft_consensus.cc:385] T 6d5ff7df50d249d7826f69a386047aaa P 6f8cc842cc7c4cf39a3da776fb52198c [term 0 FOLLOWER]: Consensus starting up: Expiring failure detector timer to make a prompt election more likely
I20260709 13:14:09.430547  3616 raft_consensus.cc:740] T 6d5ff7df50d249d7826f69a386047aaa P 6f8cc842cc7c4cf39a3da776fb52198c [term 0 FOLLOWER]: Becoming Follower/Learner. State: Replica: 6f8cc842cc7c4cf39a3da776fb52198c, State: Initialized, Role: FOLLOWER
I20260709 13:14:09.431289  3616 consensus_queue.cc:260] T 6d5ff7df50d249d7826f69a386047aaa P 6f8cc842cc7c4cf39a3da776fb52198c [NON_LEADER]: Queue going to NON_LEADER mode. State: All replicated index: 0, Majority replicated index: 0, Committed index: 0, Last appended: 0.0, Last appended by leader: 0, Current term: 0, Majority size: -1, State: 0, Mode: NON_LEADER, active raft config: opid_index: -1 OBSOLETE_local: false peers { permanent_uuid: "8d7233a4bc284663a134ec39a5d0c305" member_type: VOTER last_known_addr { host: "127.2.61.65" port: 37999 } } peers { permanent_uuid: "b437bc472ffb42389753402620551582" member_type: VOTER last_known_addr { host: "127.2.61.66" port: 44873 } } peers { permanent_uuid: "6f8cc842cc7c4cf39a3da776fb52198c" member_type: VOTER last_known_addr { host: "127.2.61.67" port: 44525 } }
