I20260709 13:14:04.475004 11282 consensus_queue.cc:260] T b03dfaeb95e6439ba7fa37884e43efed P 5efc8884d022444ebddf5e406a51e92a [NON_LEADER]: Queue going to NON_LEADER mode. State: All replicated index: 0, Majority replicated index: 0, Committed index: 0, Last appended: 0.0, Last appended by leader: 0, Current term: 0, Majority size: -1, State: 0, Mode: NON_LEADER, active raft config: opid_index: -1 OBSOLETE_local: false peers { permanent_uuid: "0bd5d984ba574d57a472d399bb3c7c11" member_type: VOTER last_known_addr { host: "127.9.182.65" port: 43957 } } peers { permanent_uuid: "5efc8884d022444ebddf5e406a51e92a" member_type: VOTER last_known_addr { host: "127.9.182.66" port: 42807 } } peers { permanent_uuid: "7b478bf17fce465284bf17e7b7c0d7af" member_type: VOTER last_known_addr { host: "127.9.182.67" port: 36119 } }
I20260709 13:14:04.477219 11282 ts_tablet_manager.cc:1434] T b03dfaeb95e6439ba7fa37884e43efed P 5efc8884d022444ebddf5e406a51e92a: Time spent starting tablet: real 0.006s	user 0.006s	sys 0.000s
I20260709 13:14:04.480789 11282 tablet_bootstrap.cc:492] T 77a5d706e4ef47dba9bf368db84c12e3 P 5efc8884d022444ebddf5e406a51e92a: Bootstrap starting.
I20260709 13:14:04.486332 11363 raft_consensus.cc:493] T 77a5d706e4ef47dba9bf368db84c12e3 P 0bd5d984ba574d57a472d399bb3c7c11 [term 0 FOLLOWER]: Starting pre-election (no leader contacted us within the election timeout)
I20260709 13:14:04.486773 11363 raft_consensus.cc:515] T 77a5d706e4ef47dba9bf368db84c12e3 P 0bd5d984ba574d57a472d399bb3c7c11 [term 0 FOLLOWER]: Starting pre-election with config: opid_index: -1 OBSOLETE_local: false peers { permanent_uuid: "0bd5d984ba574d57a472d399bb3c7c11" member_type: VOTER last_known_addr { host: "127.9.182.65" port: 43957 } } peers { permanent_uuid: "5efc8884d022444ebddf5e406a51e92a" member_type: VOTER last_known_addr { host: "127.9.182.66" port: 42807 } } peers { permanent_uuid: "7b478bf17fce465284bf17e7b7c0d7af" member_type: VOTER last_known_addr { host: "127.9.182.67" port: 36119 } }
I20260709 13:14:04.489508 11363 leader_election.cc:290] T 77a5d706e4ef47dba9bf368db84c12e3 P 0bd5d984ba574d57a472d399bb3c7c11 [CANDIDATE]: Term 1 pre-election: Requested pre-vote from peers 5efc8884d022444ebddf5e406a51e92a (127.9.182.66:42807), 7b478bf17fce465284bf17e7b7c0d7af (127.9.182.67:36119)
I20260709 13:14:04.489849 11167 tablet_service.cc:1917] Received RequestConsensusVote() RPC: tablet_id: "77a5d706e4ef47dba9bf368db84c12e3" candidate_uuid: "0bd5d984ba574d57a472d399bb3c7c11" candidate_term: 1 candidate_status { last_received { term: 0 index: 0 } } ignore_live_leader: false dest_uuid: "5efc8884d022444ebddf5e406a51e92a" is_pre_election: true
I20260709 13:14:04.490223 11241 tablet_service.cc:1917] Received RequestConsensusVote() RPC: tablet_id: "77a5d706e4ef47dba9bf368db84c12e3" candidate_uuid: "0bd5d984ba574d57a472d399bb3c7c11" candidate_term: 1 candidate_status { last_received { term: 0 index: 0 } } ignore_live_leader: false dest_uuid: "7b478bf17fce465284bf17e7b7c0d7af" is_pre_election: true
I20260709 13:14:04.490821 11241 raft_consensus.cc:2468] T 77a5d706e4ef47dba9bf368db84c12e3 P 7b478bf17fce465284bf17e7b7c0d7af [term 0 FOLLOWER]: Leader pre-election vote request: Granting yes vote for candidate 0bd5d984ba574d57a472d399bb3c7c11 in term 0.
W20260709 13:14:04.491425 11058 leader_election.cc:343] T 77a5d706e4ef47dba9bf368db84c12e3 P 0bd5d984ba574d57a472d399bb3c7c11 [CANDIDATE]: Term 1 pre-election: Tablet error from VoteRequest() call to peer 5efc8884d022444ebddf5e406a51e92a (127.9.182.66:42807): Illegal state: must be running to vote when last-logged opid is not known
I20260709 13:14:04.492406 11056 leader_election.cc:304] T 77a5d706e4ef47dba9bf368db84c12e3 P 0bd5d984ba574d57a472d399bb3c7c11 [CANDIDATE]: Term 1 pre-election: Election decided. Result: candidate won. Election summary: received 3 responses out of 3 voters: 2 yes votes; 1 no votes. yes voters: 0bd5d984ba574d57a472d399bb3c7c11, 7b478bf17fce465284bf17e7b7c0d7af; no voters: 5efc8884d022444ebddf5e406a51e92a
I20260709 13:14:04.492049 10990 catalog_manager.cc:5697] T b03dfaeb95e6439ba7fa37884e43efed P 0bd5d984ba574d57a472d399bb3c7c11 reported cstate change: term changed from 0 to 1, leader changed from <none> to 0bd5d984ba574d57a472d399bb3c7c11 (127.9.182.65). New cstate: current_term: 1 leader_uuid: "0bd5d984ba574d57a472d399bb3c7c11" committed_config { opid_index: -1 OBSOLETE_local: false peers { permanent_uuid: "0bd5d984ba574d57a472d399bb3c7c11" member_type: VOTER last_known_addr { host: "127.9.182.65" port: 43957 } health_report { overall_health: HEALTHY } } peers { permanent_uuid: "5efc8884d022444ebddf5e406a51e92a" member_type: VOTER last_known_addr { host: "127.9.182.66" port: 42807 } health_report { overall_health: UNKNOWN } } peers { permanent_uuid: "7b478bf17fce465284bf17e7b7c0d7af" member_type: VOTER last_known_addr { host: "127.9.182.67" port: 36119 } health_report { overall_health: UNKNOWN } } }
I20260709 13:14:04.493432 11363 raft_consensus.cc:2804] T 77a5d706e4ef47dba9bf368db84c12e3 P 0bd5d984ba574d57a472d399bb3c7c11 [term 0 FOLLOWER]: Leader pre-election won for term 1
I20260709 13:14:04.493799 11363 raft_consensus.cc:493] T 77a5d706e4ef47dba9bf368db84c12e3 P 0bd5d984ba574d57a472d399bb3c7c11 [term 0 FOLLOWER]: Starting leader election (no leader contacted us within the election timeout)
I20260709 13:14:04.494117 11363 raft_consensus.cc:3060] T 77a5d706e4ef47dba9bf368db84c12e3 P 0bd5d984ba574d57a472d399bb3c7c11 [term 0 FOLLOWER]: Advancing to term 1
I20260709 13:14:04.509963 11282 tablet_bootstrap.cc:654] T 77a5d706e4ef47dba9bf368db84c12e3 P 5efc8884d022444ebddf5e406a51e92a: Neither blocks nor log segments found. Creating new log.
I20260709 13:14:04.511417 11284 tablet_bootstrap.cc:492] T 6d952720f8d240c3b3902f01ffc844b6 P 0bd5d984ba574d57a472d399bb3c7c11: No bootstrap required, opened a new log
I20260709 13:14:04.511880 11284 ts_tablet_manager.cc:1403] T 6d952720f8d240c3b3902f01ffc844b6 P 0bd5d984ba574d57a472d399bb3c7c11: Time spent bootstrapping tablet: real 0.074s	user 0.008s	sys 0.000s
I20260709 13:14:04.515450 11363 raft_consensus.cc:515] T 77a5d706e4ef47dba9bf368db84c12e3 P 0bd5d984ba574d57a472d399bb3c7c11 [term 1 FOLLOWER]: Starting leader election with config: opid_index: -1 OBSOLETE_local: false peers { permanent_uuid: "0bd5d984ba574d57a472d399bb3c7c11" member_type: VOTER last_known_addr { host: "127.9.182.65" port: 43957 } } peers { permanent_uuid: "5efc8884d022444ebddf5e406a51e92a" member_type: VOTER last_known_addr { host: "127.9.182.66" port: 42807 } } peers { permanent_uuid: "7b478bf17fce465284bf17e7b7c0d7af" member_type: VOTER last_known_addr { host: "127.9.182.67" port: 36119 } }
I20260709 13:14:04.517390 11363 leader_election.cc:290] T 77a5d706e4ef47dba9bf368db84c12e3 P 0bd5d984ba574d57a472d399bb3c7c11 [CANDIDATE]: Term 1 election: Requested vote from peers 5efc8884d022444ebddf5e406a51e92a (127.9.182.66:42807), 7b478bf17fce465284bf17e7b7c0d7af (127.9.182.67:36119)
I20260709 13:14:04.518024 11167 tablet_service.cc:1917] Received RequestConsensusVote() RPC: tablet_id: "77a5d706e4ef47dba9bf368db84c12e3" candidate_uuid: "0bd5d984ba574d57a472d399bb3c7c11" candidate_term: 1 candidate_status { last_received { term: 0 index: 0 } } ignore_live_leader: false dest_uuid: "5efc8884d022444ebddf5e406a51e92a"
I20260709 13:14:04.519439 11241 tablet_service.cc:1917] Received RequestConsensusVote() RPC: tablet_id: "77a5d706e4ef47dba9bf368db84c12e3" candidate_uuid: "0bd5d984ba574d57a472d399bb3c7c11" candidate_term: 1 candidate_status { last_received { term: 0 index: 0 } } ignore_live_leader: false dest_uuid: "7b478bf17fce465284bf17e7b7c0d7af"
I20260709 13:14:04.519731 11283 tablet_bootstrap.cc:492] T e1232cdc63e747d786cdcf762f4fc13d P 7b478bf17fce465284bf17e7b7c0d7af: No bootstrap required, opened a new log
I20260709 13:14:04.520216 11241 raft_consensus.cc:3060] T 77a5d706e4ef47dba9bf368db84c12e3 P 7b478bf17fce465284bf17e7b7c0d7af [term 0 FOLLOWER]: Advancing to term 1
W20260709 13:14:04.520886 11058 leader_election.cc:343] T 77a5d706e4ef47dba9bf368db84c12e3 P 0bd5d984ba574d57a472d399bb3c7c11 [CANDIDATE]: Term 1 election: Tablet error from VoteRequest() call to peer 5efc8884d022444ebddf5e406a51e92a (127.9.182.66:42807): Illegal state: must be running to vote when last-logged opid is not known
I20260709 13:14:04.519832 11282 tablet_bootstrap.cc:492] T 77a5d706e4ef47dba9bf368db84c12e3 P 5efc8884d022444ebddf5e406a51e92a: No bootstrap required, opened a new log
I20260709 13:14:04.522603 11284 raft_consensus.cc:359] T 6d952720f8d240c3b3902f01ffc844b6 P 0bd5d984ba574d57a472d399bb3c7c11 [term 0 FOLLOWER]: Replica starting. Triggering 0 pending ops. Active config: opid_index: -1 OBSOLETE_local: false peers { permanent_uuid: "0bd5d984ba574d57a472d399bb3c7c11" member_type: VOTER last_known_addr { host: "127.9.182.65" port: 43957 } } peers { permanent_uuid: "5efc8884d022444ebddf5e406a51e92a" member_type: VOTER last_known_addr { host: "127.9.182.66" port: 42807 } } peers { permanent_uuid: "7b478bf17fce465284bf17e7b7c0d7af" member_type: VOTER last_known_addr { host: "127.9.182.67" port: 36119 } }
I20260709 13:14:04.523335 11284 raft_consensus.cc:385] T 6d952720f8d240c3b3902f01ffc844b6 P 0bd5d984ba574d57a472d399bb3c7c11 [term 0 FOLLOWER]: Consensus starting up: Expiring failure detector timer to make a prompt election more likely
I20260709 13:14:04.520298 11283 ts_tablet_manager.cc:1403] T e1232cdc63e747d786cdcf762f4fc13d P 7b478bf17fce465284bf17e7b7c0d7af: Time spent bootstrapping tablet: real 0.076s	user 0.011s	sys 0.002s
I20260709 13:14:04.523082 11282 ts_tablet_manager.cc:1403] T 77a5d706e4ef47dba9bf368db84c12e3 P 5efc8884d022444ebddf5e406a51e92a: Time spent bootstrapping tablet: real 0.042s	user 0.011s	sys 0.000s
I20260709 13:14:04.524624 11284 raft_consensus.cc:740] T 6d952720f8d240c3b3902f01ffc844b6 P 0bd5d984ba574d57a472d399bb3c7c11 [term 0 FOLLOWER]: Becoming Follower/Learner. State: Replica: 0bd5d984ba574d57a472d399bb3c7c11, State: Initialized, Role: FOLLOWER
I20260709 13:14:04.525357 11284 consensus_queue.cc:260] T 6d952720f8d240c3b3902f01ffc844b6 P 0bd5d984ba574d57a472d399bb3c7c11 [NON_LEADER]: Queue going to NON_LEADER mode. State: All replicated index: 0, Majority replicated index: 0, Committed index: 0, Last appended: 0.0, Last appended by leader: 0, Current term: 0, Majority size: -1, State: 0, Mode: NON_LEADER, active raft config: opid_index: -1 OBSOLETE_local: false peers { permanent_uuid: "0bd5d984ba574d57a472d399bb3c7c11" member_type: VOTER last_known_addr { host: "127.9.182.65" port: 43957 } } peers { permanent_uuid: "5efc8884d022444ebddf5e406a51e92a" member_type: VOTER last_known_addr { host: "127.9.182.66" port: 42807 } } peers { permanent_uuid: "7b478bf17fce465284bf17e7b7c0d7af" member_type: VOTER last_known_addr { host: "127.9.182.67" port: 36119 } }
I20260709 13:14:04.526274 11241 raft_consensus.cc:2468] T 77a5d706e4ef47dba9bf368db84c12e3 P 7b478bf17fce465284bf17e7b7c0d7af [term 1 FOLLOWER]: Leader election vote request: Granting yes vote for candidate 0bd5d984ba574d57a472d399bb3c7c11 in term 1.
I20260709 13:14:04.526118 11283 raft_consensus.cc:359] T e1232cdc63e747d786cdcf762f4fc13d P 7b478bf17fce465284bf17e7b7c0d7af [term 0 FOLLOWER]: Replica starting. Triggering 0 pending ops. Active config: opid_index: -1 OBSOLETE_local: false peers { permanent_uuid: "0bd5d984ba574d57a472d399bb3c7c11" member_type: VOTER last_known_addr { host: "127.9.182.65" port: 43957 } } peers { permanent_uuid: "5efc8884d022444ebddf5e406a51e92a" member_type: VOTER last_known_addr { host: "127.9.182.66" port: 42807 } } peers { permanent_uuid: "7b478bf17fce465284bf17e7b7c0d7af" member_type: VOTER last_known_addr { host: "127.9.182.67" port: 36119 } }
I20260709 13:14:04.526748 11283 raft_consensus.cc:385] T e1232cdc63e747d786cdcf762f4fc13d P 7b478bf17fce465284bf17e7b7c0d7af [term 0 FOLLOWER]: Consensus starting up: Expiring failure detector timer to make a prompt election more likely
I20260709 13:14:04.527009 11283 raft_consensus.cc:740] T e1232cdc63e747d786cdcf762f4fc13d P 7b478bf17fce465284bf17e7b7c0d7af [term 0 FOLLOWER]: Becoming Follower/Learner. State: Replica: 7b478bf17fce465284bf17e7b7c0d7af, State: Initialized, Role: FOLLOWER
I20260709 13:14:04.527952 11284 ts_tablet_manager.cc:1434] T 6d952720f8d240c3b3902f01ffc844b6 P 0bd5d984ba574d57a472d399bb3c7c11: Time spent starting tablet: real 0.016s	user 0.008s	sys 0.000s
I20260709 13:14:04.527333 11056 leader_election.cc:304] T 77a5d706e4ef47dba9bf368db84c12e3 P 0bd5d984ba574d57a472d399bb3c7c11 [CANDIDATE]: Term 1 election: Election decided. Result: candidate won. Election summary: received 3 responses out of 3 voters: 2 yes votes; 1 no votes. yes voters: 0bd5d984ba574d57a472d399bb3c7c11, 7b478bf17fce465284bf17e7b7c0d7af; no voters: 5efc8884d022444ebddf5e406a51e92a
I20260709 13:14:04.527618 11283 consensus_queue.cc:260] T e1232cdc63e747d786cdcf762f4fc13d P 7b478bf17fce465284bf17e7b7c0d7af [NON_LEADER]: Queue going to NON_LEADER mode. State: All replicated index: 0, Majority replicated index: 0, Committed index: 0, Last appended: 0.0, Last appended by leader: 0, Current term: 0, Majority size: -1, State: 0, Mode: NON_LEADER, active raft config: opid_index: -1 OBSOLETE_local: false peers { permanent_uuid: "0bd5d984ba574d57a472d399bb3c7c11" member_type: VOTER last_known_addr { host: "127.9.182.65" port: 43957 } } peers { permanent_uuid: "5efc8884d022444ebddf5e406a51e92a" member_type: VOTER last_known_addr { host: "127.9.182.66" port: 42807 } } peers { permanent_uuid: "7b478bf17fce465284bf17e7b7c0d7af" member_type: VOTER last_known_addr { host: "127.9.182.67" port: 36119 } }
I20260709 13:14:04.536051 11363 raft_consensus.cc:2804] T 77a5d706e4ef47dba9bf368db84c12e3 P 0bd5d984ba574d57a472d399bb3c7c11 [term 1 FOLLOWER]: Leader election won for term 1
I20260709 13:14:04.536160 11284 tablet_bootstrap.cc:492] T 5765bfa351d0467cb3ce1fc646b13db0 P 0bd5d984ba574d57a472d399bb3c7c11: Bootstrap starting.
I20260709 13:14:04.536499 11363 raft_consensus.cc:697] T 77a5d706e4ef47dba9bf368db84c12e3 P 0bd5d984ba574d57a472d399bb3c7c11 [term 1 LEADER]: Becoming Leader. State: Replica: 0bd5d984ba574d57a472d399bb3c7c11, State: Running, Role: LEADER
I20260709 13:14:04.537242 11283 ts_tablet_manager.cc:1434] T e1232cdc63e747d786cdcf762f4fc13d P 7b478bf17fce465284bf17e7b7c0d7af: Time spent starting tablet: real 0.013s	user 0.008s	sys 0.004s
I20260709 13:14:04.538077 11283 tablet_bootstrap.cc:492] T 6a69f075fcff4de29fbddd0dd0219473 P 7b478bf17fce465284bf17e7b7c0d7af: Bootstrap starting.
I20260709 13:14:04.527310 11282 raft_consensus.cc:359] T 77a5d706e4ef47dba9bf368db84c12e3 P 5efc8884d022444ebddf5e406a51e92a [term 0 FOLLOWER]: Replica starting. Triggering 0 pending ops. Active config: opid_index: -1 OBSOLETE_local: false peers { permanent_uuid: "0bd5d984ba574d57a472d399bb3c7c11" member_type: VOTER last_known_addr { host: "127.9.182.65" port: 43957 } } peers { permanent_uuid: "5efc8884d022444ebddf5e406a51e92a" member_type: VOTER last_known_addr { host: "127.9.182.66" port: 42807 } } peers { permanent_uuid: "7b478bf17fce465284bf17e7b7c0d7af" member_type: VOTER last_known_addr { host: "127.9.182.67" port: 36119 } }
I20260709 13:14:04.539444 11282 raft_consensus.cc:385] T 77a5d706e4ef47dba9bf368db84c12e3 P 5efc8884d022444ebddf5e406a51e92a [term 0 FOLLOWER]: Consensus starting up: Expiring failure detector timer to make a prompt election more likely
I20260709 13:14:04.539896 11282 raft_consensus.cc:740] T 77a5d706e4ef47dba9bf368db84c12e3 P 5efc8884d022444ebddf5e406a51e92a [term 0 FOLLOWER]: Becoming Follower/Learner. State: Replica: 5efc8884d022444ebddf5e406a51e92a, State: Initialized, Role: FOLLOWER
I20260709 13:14:04.537273 11363 consensus_queue.cc:237] T 77a5d706e4ef47dba9bf368db84c12e3 P 0bd5d984ba574d57a472d399bb3c7c11 [LEADER]: Queue going to LEADER mode. State: All replicated index: 0, Majority replicated index: 0, Committed index: 0, Last appended: 0.0, Last appended by leader: 0, Current term: 1, Majority size: 2, State: 0, Mode: LEADER, active raft config: opid_index: -1 OBSOLETE_local: false peers { permanent_uuid: "0bd5d984ba574d57a472d399bb3c7c11" member_type: VOTER last_known_addr { host: "127.9.182.65" port: 43957 } } peers { permanent_uuid: "5efc8884d022444ebddf5e406a51e92a" member_type: VOTER last_known_addr { host: "127.9.182.66" port: 42807 } } peers { permanent_uuid: "7b478bf17fce465284bf17e7b7c0d7af" member_type: VOTER last_known_addr { host: "127.9.182.67" port: 36119 } }
I20260709 13:14:04.541069 11282 consensus_queue.cc:260] T 77a5d706e4ef47dba9bf368db84c12e3 P 5efc8884d022444ebddf5e406a51e92a [NON_LEADER]: Queue going to NON_LEADER mode. State: All replicated index: 0, Majority replicated index: 0, Committed index: 0, Last appended: 0.0, Last appended by leader: 0, Current term: 0, Majority size: -1, State: 0, Mode: NON_LEADER, active raft config: opid_index: -1 OBSOLETE_local: false peers { permanent_uuid: "0bd5d984ba574d57a472d399bb3c7c11" member_type: VOTER last_known_addr { host: "127.9.182.65" port: 43957 } } peers { permanent_uuid: "5efc8884d022444ebddf5e406a51e92a" member_type: VOTER last_known_addr { host: "127.9.182.66" port: 42807 } } peers { permanent_uuid: "7b478bf17fce465284bf17e7b7c0d7af" member_type: VOTER last_known_addr { host: "127.9.182.67" port: 36119 } }
I20260709 13:14:04.543452 11282 ts_tablet_manager.cc:1434] T 77a5d706e4ef47dba9bf368db84c12e3 P 5efc8884d022444ebddf5e406a51e92a: Time spent starting tablet: real 0.020s	user 0.003s	sys 0.003s
I20260709 13:14:04.544425 11282 tablet_bootstrap.cc:492] T ef94585dc35e4e25991b16a33553905d P 5efc8884d022444ebddf5e406a51e92a: Bootstrap starting.
I20260709 13:14:04.545830 11284 tablet_bootstrap.cc:654] T 5765bfa351d0467cb3ce1fc646b13db0 P 0bd5d984ba574d57a472d399bb3c7c11: Neither blocks nor log segments found. Creating new log.
I20260709 13:14:04.548658 11283 tablet_bootstrap.cc:654] T 6a69f075fcff4de29fbddd0dd0219473 P 7b478bf17fce465284bf17e7b7c0d7af: Neither blocks nor log segments found. Creating new log.
I20260709 13:14:04.549489 11324 raft_consensus.cc:493] T ef94585dc35e4e25991b16a33553905d P 0bd5d984ba574d57a472d399bb3c7c11 [term 0 FOLLOWER]: Starting pre-election (no leader contacted us within the election timeout)
I20260709 13:14:04.549988 11324 raft_consensus.cc:515] T ef94585dc35e4e25991b16a33553905d P 0bd5d984ba574d57a472d399bb3c7c11 [term 0 FOLLOWER]: Starting pre-election with config: opid_index: -1 OBSOLETE_local: false peers { permanent_uuid: "0bd5d984ba574d57a472d399bb3c7c11" member_type: VOTER last_known_addr { host: "127.9.182.65" port: 43957 } } peers { permanent_uuid: "5efc8884d022444ebddf5e406a51e92a" member_type: VOTER last_known_addr { host: "127.9.182.66" port: 42807 } } peers { permanent_uuid: "7b478bf17fce465284bf17e7b7c0d7af" member_type: VOTER last_known_addr { host: "127.9.182.67" port: 36119 } }
I20260709 13:14:04.550861 11282 tablet_bootstrap.cc:654] T ef94585dc35e4e25991b16a33553905d P 5efc8884d022444ebddf5e406a51e92a: Neither blocks nor log segments found. Creating new log.
I20260709 13:14:04.551904 11324 leader_election.cc:290] T ef94585dc35e4e25991b16a33553905d P 0bd5d984ba574d57a472d399bb3c7c11 [CANDIDATE]: Term 1 pre-election: Requested pre-vote from peers 5efc8884d022444ebddf5e406a51e92a (127.9.182.66:42807), 7b478bf17fce465284bf17e7b7c0d7af (127.9.182.67:36119)
I20260709 13:14:04.553197 11167 tablet_service.cc:1917] Received RequestConsensusVote() RPC: tablet_id: "ef94585dc35e4e25991b16a33553905d" candidate_uuid: "0bd5d984ba574d57a472d399bb3c7c11" candidate_term: 1 candidate_status { last_received { term: 0 index: 0 } } ignore_live_leader: false dest_uuid: "5efc8884d022444ebddf5e406a51e92a" is_pre_election: true
W20260709 13:14:04.554486 11058 leader_election.cc:343] T ef94585dc35e4e25991b16a33553905d P 0bd5d984ba574d57a472d399bb3c7c11 [CANDIDATE]: Term 1 pre-election: Tablet error from VoteRequest() call to peer 5efc8884d022444ebddf5e406a51e92a (127.9.182.66:42807): Illegal state: must be running to vote when last-logged opid is not known
I20260709 13:14:04.554576 11367 consensus_queue.cc:1048] T e9031b4b880244a8b6c23ce0706ce847 P 7b478bf17fce465284bf17e7b7c0d7af [LEADER]: Connected to new peer: Peer: permanent_uuid: "0bd5d984ba574d57a472d399bb3c7c11" member_type: VOTER last_known_addr { host: "127.9.182.65" port: 43957 }, Status: LMP_MISMATCH, Last received: 0.0, Next index: 1, Last known committed idx: 0, Time since last communication: 0.000s
I20260709 13:14:04.556028 11241 tablet_service.cc:1917] Received RequestConsensusVote() RPC: tablet_id: "ef94585dc35e4e25991b16a33553905d" candidate_uuid: "0bd5d984ba574d57a472d399bb3c7c11" candidate_term: 1 candidate_status { last_received { term: 0 index: 0 } } ignore_live_leader: false dest_uuid: "7b478bf17fce465284bf17e7b7c0d7af" is_pre_election: true
I20260709 13:14:04.556643 11241 raft_consensus.cc:2468] T ef94585dc35e4e25991b16a33553905d P 7b478bf17fce465284bf17e7b7c0d7af [term 0 FOLLOWER]: Leader pre-election vote request: Granting yes vote for candidate 0bd5d984ba574d57a472d399bb3c7c11 in term 0.
I20260709 13:14:04.557859 11056 leader_election.cc:304] T ef94585dc35e4e25991b16a33553905d P 0bd5d984ba574d57a472d399bb3c7c11 [CANDIDATE]: Term 1 pre-election: Election decided. Result: candidate won. Election summary: received 3 responses out of 3 voters: 2 yes votes; 1 no votes. yes voters: 0bd5d984ba574d57a472d399bb3c7c11, 7b478bf17fce465284bf17e7b7c0d7af; no voters: 5efc8884d022444ebddf5e406a51e92a
I20260709 13:14:04.558959 11363 raft_consensus.cc:2804] T ef94585dc35e4e25991b16a33553905d P 0bd5d984ba574d57a472d399bb3c7c11 [term 0 FOLLOWER]: Leader pre-election won for term 1
I20260709 13:14:04.559391 11363 raft_consensus.cc:493] T ef94585dc35e4e25991b16a33553905d P 0bd5d984ba574d57a472d399bb3c7c11 [term 0 FOLLOWER]: Starting leader election (no leader contacted us within the election timeout)
I20260709 13:14:04.559738 11363 raft_consensus.cc:3060] T ef94585dc35e4e25991b16a33553905d P 0bd5d984ba574d57a472d399bb3c7c11 [term 0 FOLLOWER]: Advancing to term 1
I20260709 13:14:04.566221 11284 tablet_bootstrap.cc:492] T 5765bfa351d0467cb3ce1fc646b13db0 P 0bd5d984ba574d57a472d399bb3c7c11: No bootstrap required, opened a new log
I20260709 13:14:04.566696 11284 ts_tablet_manager.cc:1403] T 5765bfa351d0467cb3ce1fc646b13db0 P 0bd5d984ba574d57a472d399bb3c7c11: Time spent bootstrapping tablet: real 0.031s	user 0.012s	sys 0.003s
I20260709 13:14:04.568378 11283 tablet_bootstrap.cc:492] T 6a69f075fcff4de29fbddd0dd0219473 P 7b478bf17fce465284bf17e7b7c0d7af: No bootstrap required, opened a new log
I20260709 13:14:04.569149 11283 ts_tablet_manager.cc:1403] T 6a69f075fcff4de29fbddd0dd0219473 P 7b478bf17fce465284bf17e7b7c0d7af: Time spent bootstrapping tablet: real 0.031s	user 0.006s	sys 0.004s
I20260709 13:14:04.569080 11284 raft_consensus.cc:359] T 5765bfa351d0467cb3ce1fc646b13db0 P 0bd5d984ba574d57a472d399bb3c7c11 [term 0 FOLLOWER]: Replica starting. Triggering 0 pending ops. Active config: opid_index: -1 OBSOLETE_local: false peers { permanent_uuid: "0bd5d984ba574d57a472d399bb3c7c11" member_type: VOTER last_known_addr { host: "127.9.182.65" port: 43957 } } peers { permanent_uuid: "5efc8884d022444ebddf5e406a51e92a" member_type: VOTER last_known_addr { host: "127.9.182.66" port: 42807 } } peers { permanent_uuid: "7b478bf17fce465284bf17e7b7c0d7af" member_type: VOTER last_known_addr { host: "127.9.182.67" port: 36119 } }
I20260709 13:14:04.570154 11284 raft_consensus.cc:385] T 5765bfa351d0467cb3ce1fc646b13db0 P 0bd5d984ba574d57a472d399bb3c7c11 [term 0 FOLLOWER]: Consensus starting up: Expiring failure detector timer to make a prompt election more likely
I20260709 13:14:04.570508 11284 raft_consensus.cc:740] T 5765bfa351d0467cb3ce1fc646b13db0 P 0bd5d984ba574d57a472d399bb3c7c11 [term 0 FOLLOWER]: Becoming Follower/Learner. State: Replica: 0bd5d984ba574d57a472d399bb3c7c11, State: Initialized, Role: FOLLOWER
I20260709 13:14:04.570142 11363 raft_consensus.cc:515] T ef94585dc35e4e25991b16a33553905d P 0bd5d984ba574d57a472d399bb3c7c11 [term 1 FOLLOWER]: Starting leader election with config: opid_index: -1 OBSOLETE_local: false peers { permanent_uuid: "0bd5d984ba574d57a472d399bb3c7c11" member_type: VOTER last_known_addr { host: "127.9.182.65" port: 43957 } } peers { permanent_uuid: "5efc8884d022444ebddf5e406a51e92a" member_type: VOTER last_known_addr { host: "127.9.182.66" port: 42807 } } peers { permanent_uuid: "7b478bf17fce465284bf17e7b7c0d7af" member_type: VOTER last_known_addr { host: "127.9.182.67" port: 36119 } }
I20260709 13:14:04.572098 11167 raft_consensus.cc:3060] T e9031b4b880244a8b6c23ce0706ce847 P 5efc8884d022444ebddf5e406a51e92a [term 0 FOLLOWER]: Advancing to term 1
I20260709 13:14:04.573608 11282 tablet_bootstrap.cc:492] T ef94585dc35e4e25991b16a33553905d P 5efc8884d022444ebddf5e406a51e92a: No bootstrap required, opened a new log
I20260709 13:14:04.574074 11282 ts_tablet_manager.cc:1403] T ef94585dc35e4e25991b16a33553905d P 5efc8884d022444ebddf5e406a51e92a: Time spent bootstrapping tablet: real 0.030s	user 0.004s	sys 0.011s
I20260709 13:14:04.571275 11284 consensus_queue.cc:260] T 5765bfa351d0467cb3ce1fc646b13db0 P 0bd5d984ba574d57a472d399bb3c7c11 [NON_LEADER]: Queue going to NON_LEADER mode. State: All replicated index: 0, Majority replicated index: 0, Committed index: 0, Last appended: 0.0, Last appended by leader: 0, Current term: 0, Majority size: -1, State: 0, Mode: NON_LEADER, active raft config: opid_index: -1 OBSOLETE_local: false peers { permanent_uuid: "0bd5d984ba574d57a472d399bb3c7c11" member_type: VOTER last_known_addr { host: "127.9.182.65" port: 43957 } } peers { permanent_uuid: "5efc8884d022444ebddf5e406a51e92a" member_type: VOTER last_known_addr { host: "127.9.182.66" port: 42807 } } peers { permanent_uuid: "7b478bf17fce465284bf17e7b7c0d7af" member_type: VOTER last_known_addr { host: "127.9.182.67" port: 36119 } }
I20260709 13:14:04.575945 11165 tablet_service.cc:1917] Received RequestConsensusVote() RPC: tablet_id: "ef94585dc35e4e25991b16a33553905d" candidate_uuid: "0bd5d984ba574d57a472d399bb3c7c11" candidate_term: 1 candidate_status { last_received { term: 0 index: 0 } } ignore_live_leader: false dest_uuid: "5efc8884d022444ebddf5e406a51e92a"
I20260709 13:14:04.576643 10988 catalog_manager.cc:5697] T 77a5d706e4ef47dba9bf368db84c12e3 P 0bd5d984ba574d57a472d399bb3c7c11 reported cstate change: term changed from 0 to 1, leader changed from <none> to 0bd5d984ba574d57a472d399bb3c7c11 (127.9.182.65). New cstate: current_term: 1 leader_uuid: "0bd5d984ba574d57a472d399bb3c7c11" committed_config { opid_index: -1 OBSOLETE_local: false peers { permanent_uuid: "0bd5d984ba574d57a472d399bb3c7c11" member_type: VOTER last_known_addr { host: "127.9.182.65" port: 43957 } health_report { overall_health: HEALTHY } } peers { permanent_uuid: "5efc8884d022444ebddf5e406a51e92a" member_type: VOTER last_known_addr { host: "127.9.182.66" port: 42807 } health_report { overall_health: UNKNOWN } } peers { permanent_uuid: "7b478bf17fce465284bf17e7b7c0d7af" member_type: VOTER last_known_addr { host: "127.9.182.67" port: 36119 } health_report { overall_health: UNKNOWN } } }
I20260709 13:14:04.577248 11284 ts_tablet_manager.cc:1434] T 5765bfa351d0467cb3ce1fc646b13db0 P 0bd5d984ba574d57a472d399bb3c7c11: Time spent starting tablet: real 0.010s	user 0.005s	sys 0.001s
I20260709 13:14:04.579394 11283 raft_consensus.cc:359] T 6a69f075fcff4de29fbddd0dd0219473 P 7b478bf17fce465284bf17e7b7c0d7af [term 0 FOLLOWER]: Replica starting. Triggering 0 pending ops. Active config: opid_index: -1 OBSOLETE_local: false peers { permanent_uuid: "0bd5d984ba574d57a472d399bb3c7c11" member_type: VOTER last_known_addr { host: "127.9.182.65" port: 43957 } } peers { permanent_uuid: "5efc8884d022444ebddf5e406a51e92a" member_type: VOTER last_known_addr { host: "127.9.182.66" port: 42807 } } peers { permanent_uuid: "7b478bf17fce465284bf17e7b7c0d7af" member_type: VOTER last_known_addr { host: "127.9.182.67" port: 36119 } }
I20260709 13:14:04.580015 11283 raft_consensus.cc:385] T 6a69f075fcff4de29fbddd0dd0219473 P 7b478bf17fce465284bf17e7b7c0d7af [term 0 FOLLOWER]: Consensus starting up: Expiring failure detector timer to make a prompt election more likely
I20260709 13:14:04.580263 11283 raft_consensus.cc:740] T 6a69f075fcff4de29fbddd0dd0219473 P 7b478bf17fce465284bf17e7b7c0d7af [term 0 FOLLOWER]: Becoming Follower/Learner. State: Replica: 7b478bf17fce465284bf17e7b7c0d7af, State: Initialized, Role: FOLLOWER
I20260709 13:14:04.578151 11284 tablet_bootstrap.cc:492] T 6e6fb809fa274290a8df403e2d4c7f7c P 0bd5d984ba574d57a472d399bb3c7c11: Bootstrap starting.
I20260709 13:14:04.580839 11283 consensus_queue.cc:260] T 6a69f075fcff4de29fbddd0dd0219473 P 7b478bf17fce465284bf17e7b7c0d7af [NON_LEADER]: Queue going to NON_LEADER mode. State: All replicated index: 0, Majority replicated index: 0, Committed index: 0, Last appended: 0.0, Last appended by leader: 0, Current term: 0, Majority size: -1, State: 0, Mode: NON_LEADER, active raft config: opid_index: -1 OBSOLETE_local: false peers { permanent_uuid: "0bd5d984ba574d57a472d399bb3c7c11" member_type: VOTER last_known_addr { host: "127.9.182.65" port: 43957 } } peers { permanent_uuid: "5efc8884d022444ebddf5e406a51e92a" member_type: VOTER last_known_addr { host: "127.9.182.66" port: 42807 } } peers { permanent_uuid: "7b478bf17fce465284bf17e7b7c0d7af" member_type: VOTER last_known_addr { host: "127.9.182.67" port: 36119 } }
I20260709 13:14:04.582149 11363 leader_election.cc:290] T ef94585dc35e4e25991b16a33553905d P 0bd5d984ba574d57a472d399bb3c7c11 [CANDIDATE]: Term 1 election: Requested vote from peers 5efc8884d022444ebddf5e406a51e92a (127.9.182.66:42807), 7b478bf17fce465284bf17e7b7c0d7af (127.9.182.67:36119)
I20260709 13:14:04.583727 11241 tablet_service.cc:1917] Received RequestConsensusVote() RPC: tablet_id: "ef94585dc35e4e25991b16a33553905d" candidate_uuid: "0bd5d984ba574d57a472d399bb3c7c11" candidate_term: 1 candidate_status { last_received { term: 0 index: 0 } } ignore_live_leader: false dest_uuid: "7b478bf17fce465284bf17e7b7c0d7af"
I20260709 13:14:04.584276 11241 raft_consensus.cc:3060] T ef94585dc35e4e25991b16a33553905d P 7b478bf17fce465284bf17e7b7c0d7af [term 0 FOLLOWER]: Advancing to term 1
I20260709 13:14:04.585035 11366 consensus_queue.cc:1048] T e9031b4b880244a8b6c23ce0706ce847 P 7b478bf17fce465284bf17e7b7c0d7af [LEADER]: Connected to new peer: Peer: permanent_uuid: "5efc8884d022444ebddf5e406a51e92a" member_type: VOTER last_known_addr { host: "127.9.182.66" port: 42807 }, Status: LMP_MISMATCH, Last received: 0.0, Next index: 1, Last known committed idx: 0, Time since last communication: 0.000s
I20260709 13:14:04.585819 11282 raft_consensus.cc:359] T ef94585dc35e4e25991b16a33553905d P 5efc8884d022444ebddf5e406a51e92a [term 0 FOLLOWER]: Replica starting. Triggering 0 pending ops. Active config: opid_index: -1 OBSOLETE_local: false peers { permanent_uuid: "0bd5d984ba574d57a472d399bb3c7c11" member_type: VOTER last_known_addr { host: "127.9.182.65" port: 43957 } } peers { permanent_uuid: "5efc8884d022444ebddf5e406a51e92a" member_type: VOTER last_known_addr { host: "127.9.182.66" port: 42807 } } peers { permanent_uuid: "7b478bf17fce465284bf17e7b7c0d7af" member_type: VOTER last_known_addr { host: "127.9.182.67" port: 36119 } }
I20260709 13:14:04.586419 11282 raft_consensus.cc:385] T ef94585dc35e4e25991b16a33553905d P 5efc8884d022444ebddf5e406a51e92a [term 0 FOLLOWER]: Consensus starting up: Expiring failure detector timer to make a prompt election more likely
I20260709 13:14:04.586678 11282 raft_consensus.cc:740] T ef94585dc35e4e25991b16a33553905d P 5efc8884d022444ebddf5e406a51e92a [term 0 FOLLOWER]: Becoming Follower/Learner. State: Replica: 5efc8884d022444ebddf5e406a51e92a, State: Initialized, Role: FOLLOWER
I20260709 13:14:04.586788 11284 tablet_bootstrap.cc:654] T 6e6fb809fa274290a8df403e2d4c7f7c P 0bd5d984ba574d57a472d399bb3c7c11: Neither blocks nor log segments found. Creating new log.
I20260709 13:14:04.587996 11283 ts_tablet_manager.cc:1434] T 6a69f075fcff4de29fbddd0dd0219473 P 7b478bf17fce465284bf17e7b7c0d7af: Time spent starting tablet: real 0.018s	user 0.005s	sys 0.000s
I20260709 13:14:04.588857 11283 tablet_bootstrap.cc:492] T 663d8cf34c764409bdf9d6f4d8eee8c7 P 7b478bf17fce465284bf17e7b7c0d7af: Bootstrap starting.
I20260709 13:14:04.590358 11282 consensus_queue.cc:260] T ef94585dc35e4e25991b16a33553905d P 5efc8884d022444ebddf5e406a51e92a [NON_LEADER]: Queue going to NON_LEADER mode. State: All replicated index: 0, Majority replicated index: 0, Committed index: 0, Last appended: 0.0, Last appended by leader: 0, Current term: 0, Majority size: -1, State: 0, Mode: NON_LEADER, active raft config: opid_index: -1 OBSOLETE_local: false peers { permanent_uuid: "0bd5d984ba574d57a472d399bb3c7c11" member_type: VOTER last_known_addr { host: "127.9.182.65" port: 43957 } } peers { permanent_uuid: "5efc8884d022444ebddf5e406a51e92a" member_type: VOTER last_known_addr { host: "127.9.182.66" port: 42807 } } peers { permanent_uuid: "7b478bf17fce465284bf17e7b7c0d7af" member_type: VOTER last_known_addr { host: "127.9.182.67" port: 36119 } }
W20260709 13:14:04.587932 11058 leader_election.cc:343] T ef94585dc35e4e25991b16a33553905d P 0bd5d984ba574d57a472d399bb3c7c11 [CANDIDATE]: Term 1 election: Tablet error from VoteRequest() call to peer 5efc8884d022444ebddf5e406a51e92a (127.9.182.66:42807): Illegal state: must be running to vote when last-logged opid is not known
I20260709 13:14:04.592453 11282 ts_tablet_manager.cc:1434] T ef94585dc35e4e25991b16a33553905d P 5efc8884d022444ebddf5e406a51e92a: Time spent starting tablet: real 0.018s	user 0.004s	sys 0.002s
I20260709 13:14:04.593092 11241 raft_consensus.cc:2468] T ef94585dc35e4e25991b16a33553905d P 7b478bf17fce465284bf17e7b7c0d7af [term 1 FOLLOWER]: Leader election vote request: Granting yes vote for candidate 0bd5d984ba574d57a472d399bb3c7c11 in term 1.
I20260709 13:14:04.594353 11056 leader_election.cc:304] T ef94585dc35e4e25991b16a33553905d P 0bd5d984ba574d57a472d399bb3c7c11 [CANDIDATE]: Term 1 election: Election decided. Result: candidate won. Election summary: received 3 responses out of 3 voters: 2 yes votes; 1 no votes. yes voters: 0bd5d984ba574d57a472d399bb3c7c11, 7b478bf17fce465284bf17e7b7c0d7af; no voters: 5efc8884d022444ebddf5e406a51e92a
I20260709 13:14:04.595103 11363 raft_consensus.cc:2804] T ef94585dc35e4e25991b16a33553905d P 0bd5d984ba574d57a472d399bb3c7c11 [term 1 FOLLOWER]: Leader election won for term 1
I20260709 13:14:04.595532 11363 raft_consensus.cc:697] T ef94585dc35e4e25991b16a33553905d P 0bd5d984ba574d57a472d399bb3c7c11 [term 1 LEADER]: Becoming Leader. State: Replica: 0bd5d984ba574d57a472d399bb3c7c11, State: Running, Role: LEADER
I20260709 13:14:04.593282 11282 tablet_bootstrap.cc:492] T e1232cdc63e747d786cdcf762f4fc13d P 5efc8884d022444ebddf5e406a51e92a: Bootstrap starting.
I20260709 13:14:04.596251 11363 consensus_queue.cc:237] T ef94585dc35e4e25991b16a33553905d P 0bd5d984ba574d57a472d399bb3c7c11 [LEADER]: Queue going to LEADER mode. State: All replicated index: 0, Majority replicated index: 0, Committed index: 0, Last appended: 0.0, Last appended by leader: 0, Current term: 1, Majority size: 2, State: 0, Mode: LEADER, active raft config: opid_index: -1 OBSOLETE_local: false peers { permanent_uuid: "0bd5d984ba574d57a472d399bb3c7c11" member_type: VOTER last_known_addr { host: "127.9.182.65" port: 43957 } } peers { permanent_uuid: "5efc8884d022444ebddf5e406a51e92a" member_type: VOTER last_known_addr { host: "127.9.182.66" port: 42807 } } peers { permanent_uuid: "7b478bf17fce465284bf17e7b7c0d7af" member_type: VOTER last_known_addr { host: "127.9.182.67" port: 36119 } }
I20260709 13:14:04.600391 11283 tablet_bootstrap.cc:654] T 663d8cf34c764409bdf9d6f4d8eee8c7 P 7b478bf17fce465284bf17e7b7c0d7af: Neither blocks nor log segments found. Creating new log.
I20260709 13:14:04.601372 11282 tablet_bootstrap.cc:654] T e1232cdc63e747d786cdcf762f4fc13d P 5efc8884d022444ebddf5e406a51e92a: Neither blocks nor log segments found. Creating new log.
I20260709 13:14:04.602344 11367 raft_consensus.cc:493] T e1232cdc63e747d786cdcf762f4fc13d P 7b478bf17fce465284bf17e7b7c0d7af [term 0 FOLLOWER]: Starting pre-election (no leader contacted us within the election timeout)
I20260709 13:14:04.602762 11367 raft_consensus.cc:515] T e1232cdc63e747d786cdcf762f4fc13d P 7b478bf17fce465284bf17e7b7c0d7af [term 0 FOLLOWER]: Starting pre-election with config: opid_index: -1 OBSOLETE_local: false peers { permanent_uuid: "0bd5d984ba574d57a472d399bb3c7c11" member_type: VOTER last_known_addr { host: "127.9.182.65" port: 43957 } } peers { permanent_uuid: "5efc8884d022444ebddf5e406a51e92a" member_type: VOTER last_known_addr { host: "127.9.182.66" port: 42807 } } peers { permanent_uuid: "7b478bf17fce465284bf17e7b7c0d7af" member_type: VOTER last_known_addr { host: "127.9.182.67" port: 36119 } }
I20260709 13:14:04.604821 11367 leader_election.cc:290] T e1232cdc63e747d786cdcf762f4fc13d P 7b478bf17fce465284bf17e7b7c0d7af [CANDIDATE]: Term 1 pre-election: Requested pre-vote from peers 0bd5d984ba574d57a472d399bb3c7c11 (127.9.182.65:43957), 5efc8884d022444ebddf5e406a51e92a (127.9.182.66:42807)
I20260709 13:14:04.606375 11093 tablet_service.cc:1917] Received RequestConsensusVote() RPC: tablet_id: "e1232cdc63e747d786cdcf762f4fc13d" candidate_uuid: "7b478bf17fce465284bf17e7b7c0d7af" candidate_term: 1 candidate_status { last_received { term: 0 index: 0 } } ignore_live_leader: false dest_uuid: "0bd5d984ba574d57a472d399bb3c7c11" is_pre_election: true
W20260709 13:14:04.607812 11206 leader_election.cc:343] T e1232cdc63e747d786cdcf762f4fc13d P 7b478bf17fce465284bf17e7b7c0d7af [CANDIDATE]: Term 1 pre-election: Tablet error from VoteRequest() call to peer 0bd5d984ba574d57a472d399bb3c7c11 (127.9.182.65:43957): Illegal state: must be running to vote when last-logged opid is not known
I20260709 13:14:04.609345 11367 raft_consensus.cc:493] T 6d952720f8d240c3b3902f01ffc844b6 P 7b478bf17fce465284bf17e7b7c0d7af [term 0 FOLLOWER]: Starting pre-election (no leader contacted us within the election timeout)
I20260709 13:14:04.610296 11367 raft_consensus.cc:515] T 6d952720f8d240c3b3902f01ffc844b6 P 7b478bf17fce465284bf17e7b7c0d7af [term 0 FOLLOWER]: Starting pre-election with config: opid_index: -1 OBSOLETE_local: false peers { permanent_uuid: "0bd5d984ba574d57a472d399bb3c7c11" member_type: VOTER last_known_addr { host: "127.9.182.65" port: 43957 } } peers { permanent_uuid: "5efc8884d022444ebddf5e406a51e92a" member_type: VOTER last_known_addr { host: "127.9.182.66" port: 42807 } } peers { permanent_uuid: "7b478bf17fce465284bf17e7b7c0d7af" member_type: VOTER last_known_addr { host: "127.9.182.67" port: 36119 } }
I20260709 13:14:04.612926 11093 tablet_service.cc:1917] Received RequestConsensusVote() RPC: tablet_id: "6d952720f8d240c3b3902f01ffc844b6" candidate_uuid: "7b478bf17fce465284bf17e7b7c0d7af" candidate_term: 1 candidate_status { last_received { term: 0 index: 0 } } ignore_live_leader: false dest_uuid: "0bd5d984ba574d57a472d399bb3c7c11" is_pre_election: true
I20260709 13:14:04.613536 11093 raft_consensus.cc:2468] T 6d952720f8d240c3b3902f01ffc844b6 P 0bd5d984ba574d57a472d399bb3c7c11 [term 0 FOLLOWER]: Leader pre-election vote request: Granting yes vote for candidate 7b478bf17fce465284bf17e7b7c0d7af in term 0.
I20260709 13:14:04.618829 11206 leader_election.cc:304] T 6d952720f8d240c3b3902f01ffc844b6 P 7b478bf17fce465284bf17e7b7c0d7af [CANDIDATE]: Term 1 pre-election: Election decided. Result: candidate won. Election summary: received 2 responses out of 3 voters: 2 yes votes; 0 no votes. yes voters: 0bd5d984ba574d57a472d399bb3c7c11, 7b478bf17fce465284bf17e7b7c0d7af; no voters: 
I20260709 13:14:04.619920 11315 raft_consensus.cc:2804] T 6d952720f8d240c3b3902f01ffc844b6 P 7b478bf17fce465284bf17e7b7c0d7af [term 0 FOLLOWER]: Leader pre-election won for term 1
I20260709 13:14:04.620360 11315 raft_consensus.cc:493] T 6d952720f8d240c3b3902f01ffc844b6 P 7b478bf17fce465284bf17e7b7c0d7af [term 0 FOLLOWER]: Starting leader election (no leader contacted us within the election timeout)
I20260709 13:14:04.620695 11315 raft_consensus.cc:3060] T 6d952720f8d240c3b3902f01ffc844b6 P 7b478bf17fce465284bf17e7b7c0d7af [term 0 FOLLOWER]: Advancing to term 1
I20260709 13:14:04.625833 10988 catalog_manager.cc:5697] T ef94585dc35e4e25991b16a33553905d P 0bd5d984ba574d57a472d399bb3c7c11 reported cstate change: term changed from 0 to 1, leader changed from <none> to 0bd5d984ba574d57a472d399bb3c7c11 (127.9.182.65). New cstate: current_term: 1 leader_uuid: "0bd5d984ba574d57a472d399bb3c7c11" committed_config { opid_index: -1 OBSOLETE_local: false peers { permanent_uuid: "0bd5d984ba574d57a472d399bb3c7c11" member_type: VOTER last_known_addr { host: "127.9.182.65" port: 43957 } health_report { overall_health: HEALTHY } } peers { permanent_uuid: "5efc8884d022444ebddf5e406a51e92a" member_type: VOTER last_known_addr { host: "127.9.182.66" port: 42807 } health_report { overall_health: UNKNOWN } } peers { permanent_uuid: "7b478bf17fce465284bf17e7b7c0d7af" member_type: VOTER last_known_addr { host: "127.9.182.67" port: 36119 } health_report { overall_health: UNKNOWN } } }
I20260709 13:14:04.636382 11366 consensus_queue.cc:1048] T 7f9351644030430483bffd0ba3541d72 P 7b478bf17fce465284bf17e7b7c0d7af [LEADER]: Connected to new peer: Peer: permanent_uuid: "0bd5d984ba574d57a472d399bb3c7c11" member_type: VOTER last_known_addr { host: "127.9.182.65" port: 43957 }, Status: LMP_MISMATCH, Last received: 0.0, Next index: 1, Last known committed idx: 0, Time since last communication: 0.000s
I20260709 13:14:04.647899 11315 raft_consensus.cc:515] T 6d952720f8d240c3b3902f01ffc844b6 P 7b478bf17fce465284bf17e7b7c0d7af [term 1 FOLLOWER]: Starting leader election with config: opid_index: -1 OBSOLETE_local: false peers { permanent_uuid: "0bd5d984ba574d57a472d399bb3c7c11" member_type: VOTER last_known_addr { host: "127.9.182.65" port: 43957 } } peers { permanent_uuid: "5efc8884d022444ebddf5e406a51e92a" member_type: VOTER last_known_addr { host: "127.9.182.66" port: 42807 } } peers { permanent_uuid: "7b478bf17fce465284bf17e7b7c0d7af" member_type: VOTER last_known_addr { host: "127.9.182.67" port: 36119 } }
I20260709 13:14:04.650782 11089 tablet_service.cc:1917] Received RequestConsensusVote() RPC: tablet_id: "6d952720f8d240c3b3902f01ffc844b6" candidate_uuid: "7b478bf17fce465284bf17e7b7c0d7af" candidate_term: 1 candidate_status { last_received { term: 0 index: 0 } } ignore_live_leader: false dest_uuid: "0bd5d984ba574d57a472d399bb3c7c11"
I20260709 13:14:04.651127 11367 leader_election.cc:290] T 6d952720f8d240c3b3902f01ffc844b6 P 7b478bf17fce465284bf17e7b7c0d7af [CANDIDATE]: Term 1 pre-election: Requested pre-vote from peers 0bd5d984ba574d57a472d399bb3c7c11 (127.9.182.65:43957), 5efc8884d022444ebddf5e406a51e92a (127.9.182.66:42807)
I20260709 13:14:04.651551 11165 tablet_service.cc:1917] Received RequestConsensusVote() RPC: tablet_id: "6d952720f8d240c3b3902f01ffc844b6" candidate_uuid: "7b478bf17fce465284bf17e7b7c0d7af" candidate_term: 1 candidate_status { last_received { term: 0 index: 0 } } ignore_live_leader: false dest_uuid: "5efc8884d022444ebddf5e406a51e92a" is_pre_election: true
I20260709 13:14:04.651902 11167 tablet_service.cc:1917] Received RequestConsensusVote() RPC: tablet_id: "e1232cdc63e747d786cdcf762f4fc13d" candidate_uuid: "7b478bf17fce465284bf17e7b7c0d7af" candidate_term: 1 candidate_status { last_received { term: 0 index: 0 } } ignore_live_leader: false dest_uuid: "5efc8884d022444ebddf5e406a51e92a" is_pre_election: true
I20260709 13:14:04.652256 11089 raft_consensus.cc:3060] T 6d952720f8d240c3b3902f01ffc844b6 P 0bd5d984ba574d57a472d399bb3c7c11 [term 0 FOLLOWER]: Advancing to term 1
W20260709 13:14:04.655906 11207 leader_election.cc:343] T e1232cdc63e747d786cdcf762f4fc13d P 7b478bf17fce465284bf17e7b7c0d7af [CANDIDATE]: Term 1 pre-election: Tablet error from VoteRequest() call to peer 5efc8884d022444ebddf5e406a51e92a (127.9.182.66:42807): Illegal state: must be running to vote when last-logged opid is not known
I20260709 13:14:04.656359 11207 leader_election.cc:304] T e1232cdc63e747d786cdcf762f4fc13d P 7b478bf17fce465284bf17e7b7c0d7af [CANDIDATE]: Term 1 pre-election: Election decided. Result: candidate lost. Election summary: received 3 responses out of 3 voters: 1 yes votes; 2 no votes. yes voters: 7b478bf17fce465284bf17e7b7c0d7af; no voters: 0bd5d984ba574d57a472d399bb3c7c11, 5efc8884d022444ebddf5e406a51e92a
I20260709 13:14:04.657382 11367 raft_consensus.cc:2749] T e1232cdc63e747d786cdcf762f4fc13d P 7b478bf17fce465284bf17e7b7c0d7af [term 0 FOLLOWER]: Leader pre-election lost for term 1. Reason: could not achieve majority
I20260709 13:14:04.659456 11167 tablet_service.cc:1917] Received RequestConsensusVote() RPC: tablet_id: "6d952720f8d240c3b3902f01ffc844b6" candidate_uuid: "7b478bf17fce465284bf17e7b7c0d7af" candidate_term: 1 candidate_status { last_received { term: 0 index: 0 } } ignore_live_leader: false dest_uuid: "5efc8884d022444ebddf5e406a51e92a"
W20260709 13:14:04.660645 11207 leader_election.cc:343] T 6d952720f8d240c3b3902f01ffc844b6 P 7b478bf17fce465284bf17e7b7c0d7af [CANDIDATE]: Term 1 election: Tablet error from VoteRequest() call to peer 5efc8884d022444ebddf5e406a51e92a (127.9.182.66:42807): Illegal state: must be running to vote when last-logged opid is not known
W20260709 13:14:04.662715 11207 leader_election.cc:343] T 6d952720f8d240c3b3902f01ffc844b6 P 7b478bf17fce465284bf17e7b7c0d7af [CANDIDATE]: Term 1 pre-election: Tablet error from VoteRequest() call to peer 5efc8884d022444ebddf5e406a51e92a (127.9.182.66:42807): Illegal state: must be running to vote when last-logged opid is not known
I20260709 13:14:04.665081 11089 raft_consensus.cc:2468] T 6d952720f8d240c3b3902f01ffc844b6 P 0bd5d984ba574d57a472d399bb3c7c11 [term 1 FOLLOWER]: Leader election vote request: Granting yes vote for candidate 7b478bf17fce465284bf17e7b7c0d7af in term 1.
I20260709 13:14:04.665901 11315 leader_election.cc:290] T 6d952720f8d240c3b3902f01ffc844b6 P 7b478bf17fce465284bf17e7b7c0d7af [CANDIDATE]: Term 1 election: Requested vote from peers 0bd5d984ba574d57a472d399bb3c7c11 (127.9.182.65:43957), 5efc8884d022444ebddf5e406a51e92a (127.9.182.66:42807)
I20260709 13:14:04.667366 11384 raft_consensus.cc:493] T 71afd0bf07134defb6e70c0e65eafd4c P 5efc8884d022444ebddf5e406a51e92a [term 0 FOLLOWER]: Starting pre-election (no leader contacted us within the election timeout)
I20260709 13:14:04.667634 11165 raft_consensus.cc:3060] T 7f9351644030430483bffd0ba3541d72 P 5efc8884d022444ebddf5e406a51e92a [term 0 FOLLOWER]: Advancing to term 1
I20260709 13:14:04.668018 11206 leader_election.cc:304] T 6d952720f8d240c3b3902f01ffc844b6 P 7b478bf17fce465284bf17e7b7c0d7af [CANDIDATE]: Term 1 election: Election decided. Result: candidate won. Election summary: received 3 responses out of 3 voters: 2 yes votes; 1 no votes. yes voters: 0bd5d984ba574d57a472d399bb3c7c11, 7b478bf17fce465284bf17e7b7c0d7af; no voters: 5efc8884d022444ebddf5e406a51e92a
I20260709 13:14:04.668749 11384 raft_consensus.cc:515] T 71afd0bf07134defb6e70c0e65eafd4c P 5efc8884d022444ebddf5e406a51e92a [term 0 FOLLOWER]: Starting pre-election with config: opid_index: -1 OBSOLETE_local: false peers { permanent_uuid: "0bd5d984ba574d57a472d399bb3c7c11" member_type: VOTER last_known_addr { host: "127.9.182.65" port: 43957 } } peers { permanent_uuid: "5efc8884d022444ebddf5e406a51e92a" member_type: VOTER last_known_addr { host: "127.9.182.66" port: 42807 } } peers { permanent_uuid: "7b478bf17fce465284bf17e7b7c0d7af" member_type: VOTER last_known_addr { host: "127.9.182.67" port: 36119 } }
I20260709 13:14:04.670921 11384 leader_election.cc:290] T 71afd0bf07134defb6e70c0e65eafd4c P 5efc8884d022444ebddf5e406a51e92a [CANDIDATE]: Term 1 pre-election: Requested pre-vote from peers 0bd5d984ba574d57a472d399bb3c7c11 (127.9.182.65:43957), 7b478bf17fce465284bf17e7b7c0d7af (127.9.182.67:36119)
I20260709 13:14:04.670858 11284 tablet_bootstrap.cc:492] T 6e6fb809fa274290a8df403e2d4c7f7c P 0bd5d984ba574d57a472d399bb3c7c11: No bootstrap required, opened a new log
I20260709 13:14:04.671865 11284 ts_tablet_manager.cc:1403] T 6e6fb809fa274290a8df403e2d4c7f7c P 0bd5d984ba574d57a472d399bb3c7c11: Time spent bootstrapping tablet: real 0.094s	user 0.036s	sys 0.028s
I20260709 13:14:04.672813 11241 tablet_service.cc:1917] Received RequestConsensusVote() RPC: tablet_id: "71afd0bf07134defb6e70c0e65eafd4c" candidate_uuid: "5efc8884d022444ebddf5e406a51e92a" candidate_term: 1 candidate_status { last_received { term: 0 index: 0 } } ignore_live_leader: false dest_uuid: "7b478bf17fce465284bf17e7b7c0d7af" is_pre_election: true
I20260709 13:14:04.673519 11241 raft_consensus.cc:2393] T 71afd0bf07134defb6e70c0e65eafd4c P 7b478bf17fce465284bf17e7b7c0d7af [term 1 FOLLOWER]: Leader pre-election vote request: Denying vote to candidate 5efc8884d022444ebddf5e406a51e92a in current term 1: Already voted for candidate 0bd5d984ba574d57a472d399bb3c7c11 in this term.
I20260709 13:14:04.672456 11089 tablet_service.cc:1917] Received RequestConsensusVote() RPC: tablet_id: "71afd0bf07134defb6e70c0e65eafd4c" candidate_uuid: "5efc8884d022444ebddf5e406a51e92a" candidate_term: 1 candidate_status { last_received { term: 0 index: 0 } } ignore_live_leader: false dest_uuid: "0bd5d984ba574d57a472d399bb3c7c11" is_pre_election: true
I20260709 13:14:04.674350 11284 raft_consensus.cc:359] T 6e6fb809fa274290a8df403e2d4c7f7c P 0bd5d984ba574d57a472d399bb3c7c11 [term 0 FOLLOWER]: Replica starting. Triggering 0 pending ops. Active config: opid_index: -1 OBSOLETE_local: false peers { permanent_uuid: "0bd5d984ba574d57a472d399bb3c7c11" member_type: VOTER last_known_addr { host: "127.9.182.65" port: 43957 } } peers { permanent_uuid: "5efc8884d022444ebddf5e406a51e92a" member_type: VOTER last_known_addr { host: "127.9.182.66" port: 42807 } } peers { permanent_uuid: "7b478bf17fce465284bf17e7b7c0d7af" member_type: VOTER last_known_addr { host: "127.9.182.67" port: 36119 } }
