I20260709 12:58:30.278079  1724 consensus_queue.cc:260] T 7b01a08c145b45728091dae35610c880 P 5e84b395f4704603888c96738a729652 [NON_LEADER]: Queue going to NON_LEADER mode. State: All replicated index: 0, Majority replicated index: 0, Committed index: 0, Last appended: 0.0, Last appended by leader: 0, Current term: 0, Majority size: -1, State: 0, Mode: NON_LEADER, active raft config: opid_index: -1 OBSOLETE_local: false peers { permanent_uuid: "5e84b395f4704603888c96738a729652" member_type: VOTER last_known_addr { host: "127.0.107.193" port: 40781 } } peers { permanent_uuid: "e1bfdad6b89242ccb1596fa900974478" member_type: VOTER last_known_addr { host: "127.0.107.194" port: 41051 } } peers { permanent_uuid: "e1478d033a15463da553462735c0701c" member_type: VOTER last_known_addr { host: "127.0.107.195" port: 38589 } }
I20260709 12:58:30.279809  1724 ts_tablet_manager.cc:1434] T 7b01a08c145b45728091dae35610c880 P 5e84b395f4704603888c96738a729652: Time spent starting tablet: real 0.068s	user 0.005s	sys 0.003s
I20260709 12:58:30.294184  1724 tablet_bootstrap.cc:492] T 4b3df3f7b5b94264b8906b70873d5dea P 5e84b395f4704603888c96738a729652: Bootstrap starting.
I20260709 12:58:30.286007  1725 raft_consensus.cc:359] T 443202b98718418691f4c8b99a74d510 P e1bfdad6b89242ccb1596fa900974478 [term 0 FOLLOWER]: Replica starting. Triggering 0 pending ops. Active config: opid_index: -1 OBSOLETE_local: false peers { permanent_uuid: "5e84b395f4704603888c96738a729652" member_type: VOTER last_known_addr { host: "127.0.107.193" port: 40781 } } peers { permanent_uuid: "e1bfdad6b89242ccb1596fa900974478" member_type: VOTER last_known_addr { host: "127.0.107.194" port: 41051 } } peers { permanent_uuid: "e1478d033a15463da553462735c0701c" member_type: VOTER last_known_addr { host: "127.0.107.195" port: 38589 } }
I20260709 12:58:30.297478  1725 raft_consensus.cc:385] T 443202b98718418691f4c8b99a74d510 P e1bfdad6b89242ccb1596fa900974478 [term 0 FOLLOWER]: Consensus starting up: Expiring failure detector timer to make a prompt election more likely
I20260709 12:58:30.298580  1725 raft_consensus.cc:740] T 443202b98718418691f4c8b99a74d510 P e1bfdad6b89242ccb1596fa900974478 [term 0 FOLLOWER]: Becoming Follower/Learner. State: Replica: e1bfdad6b89242ccb1596fa900974478, State: Initialized, Role: FOLLOWER
I20260709 12:58:30.309041  1726 tablet_bootstrap.cc:654] T 4b3df3f7b5b94264b8906b70873d5dea P e1478d033a15463da553462735c0701c: Neither blocks nor log segments found. Creating new log.
I20260709 12:58:30.313259  1725 consensus_queue.cc:260] T 443202b98718418691f4c8b99a74d510 P e1bfdad6b89242ccb1596fa900974478 [NON_LEADER]: Queue going to NON_LEADER mode. State: All replicated index: 0, Majority replicated index: 0, Committed index: 0, Last appended: 0.0, Last appended by leader: 0, Current term: 0, Majority size: -1, State: 0, Mode: NON_LEADER, active raft config: opid_index: -1 OBSOLETE_local: false peers { permanent_uuid: "5e84b395f4704603888c96738a729652" member_type: VOTER last_known_addr { host: "127.0.107.193" port: 40781 } } peers { permanent_uuid: "e1bfdad6b89242ccb1596fa900974478" member_type: VOTER last_known_addr { host: "127.0.107.194" port: 41051 } } peers { permanent_uuid: "e1478d033a15463da553462735c0701c" member_type: VOTER last_known_addr { host: "127.0.107.195" port: 38589 } }
I20260709 12:58:30.323896  1725 ts_tablet_manager.cc:1434] T 443202b98718418691f4c8b99a74d510 P e1bfdad6b89242ccb1596fa900974478: Time spent starting tablet: real 0.094s	user 0.005s	sys 0.003s
I20260709 12:58:30.325341  1725 tablet_bootstrap.cc:492] T 32785ebe1d694ae993829e5ff41e5231 P e1bfdad6b89242ccb1596fa900974478: Bootstrap starting.
W20260709 12:58:30.341150  1499 outbound_call.cc:321] RPC callback for RPC call kudu.consensus.ConsensusService.UpdateConsensus -> {remote=127.0.107.194:41051, user_credentials={real_user=slave}} blocked reactor thread for 87239.6us
I20260709 12:58:30.370155  1684 tablet_service.cc:1917] Received RequestConsensusVote() RPC: tablet_id: "32785ebe1d694ae993829e5ff41e5231" candidate_uuid: "5e84b395f4704603888c96738a729652" candidate_term: 1 candidate_status { last_received { term: 0 index: 0 } } ignore_live_leader: false dest_uuid: "e1478d033a15463da553462735c0701c"
I20260709 12:58:30.371104  1684 raft_consensus.cc:3060] T 32785ebe1d694ae993829e5ff41e5231 P e1478d033a15463da553462735c0701c [term 0 FOLLOWER]: Advancing to term 1
I20260709 12:58:30.378386  1724 tablet_bootstrap.cc:654] T 4b3df3f7b5b94264b8906b70873d5dea P 5e84b395f4704603888c96738a729652: Neither blocks nor log segments found. Creating new log.
I20260709 12:58:30.371534  1429 catalog_manager.cc:5697] T 9ab1d2b0798b47b98563d469c9462bec P e1478d033a15463da553462735c0701c reported cstate change: term changed from 0 to 1, leader changed from <none> to e1478d033a15463da553462735c0701c (127.0.107.195). New cstate: current_term: 1 leader_uuid: "e1478d033a15463da553462735c0701c" committed_config { opid_index: -1 OBSOLETE_local: false peers { permanent_uuid: "5e84b395f4704603888c96738a729652" member_type: VOTER last_known_addr { host: "127.0.107.193" port: 40781 } health_report { overall_health: UNKNOWN } } peers { permanent_uuid: "e1bfdad6b89242ccb1596fa900974478" member_type: VOTER last_known_addr { host: "127.0.107.194" port: 41051 } health_report { overall_health: UNKNOWN } } peers { permanent_uuid: "e1478d033a15463da553462735c0701c" member_type: VOTER last_known_addr { host: "127.0.107.195" port: 38589 } health_report { overall_health: HEALTHY } } }
I20260709 12:58:30.384819  1939 raft_consensus.cc:493] T 95e0e8674c9f4a32a3f34f7e97b6eed0 P e1478d033a15463da553462735c0701c [term 0 FOLLOWER]: Starting pre-election (no leader contacted us within the election timeout)
I20260709 12:58:30.385442  1939 raft_consensus.cc:515] T 95e0e8674c9f4a32a3f34f7e97b6eed0 P e1478d033a15463da553462735c0701c [term 0 FOLLOWER]: Starting pre-election with config: opid_index: -1 OBSOLETE_local: false peers { permanent_uuid: "5e84b395f4704603888c96738a729652" member_type: VOTER last_known_addr { host: "127.0.107.193" port: 40781 } } peers { permanent_uuid: "e1bfdad6b89242ccb1596fa900974478" member_type: VOTER last_known_addr { host: "127.0.107.194" port: 41051 } } peers { permanent_uuid: "e1478d033a15463da553462735c0701c" member_type: VOTER last_known_addr { host: "127.0.107.195" port: 38589 } }
I20260709 12:58:30.379926  1606 tablet_service.cc:1917] Received RequestConsensusVote() RPC: tablet_id: "566673ddfb114a58aeaf6569b94263d0" candidate_uuid: "5e84b395f4704603888c96738a729652" candidate_term: 1 candidate_status { last_received { term: 0 index: 0 } } ignore_live_leader: false dest_uuid: "e1bfdad6b89242ccb1596fa900974478" is_pre_election: true
I20260709 12:58:30.387712  1939 leader_election.cc:290] T 95e0e8674c9f4a32a3f34f7e97b6eed0 P e1478d033a15463da553462735c0701c [CANDIDATE]: Term 1 pre-election: Requested pre-vote from peers 5e84b395f4704603888c96738a729652 (127.0.107.193:40781), e1bfdad6b89242ccb1596fa900974478 (127.0.107.194:41051)
I20260709 12:58:30.389747  1682 tablet_service.cc:1917] Received RequestConsensusVote() RPC: tablet_id: "566673ddfb114a58aeaf6569b94263d0" candidate_uuid: "5e84b395f4704603888c96738a729652" candidate_term: 1 candidate_status { last_received { term: 0 index: 0 } } ignore_live_leader: false dest_uuid: "e1478d033a15463da553462735c0701c" is_pre_election: true
I20260709 12:58:30.390493  1682 raft_consensus.cc:2468] T 566673ddfb114a58aeaf6569b94263d0 P e1478d033a15463da553462735c0701c [term 0 FOLLOWER]: Leader pre-election vote request: Granting yes vote for candidate 5e84b395f4704603888c96738a729652 in term 0.
I20260709 12:58:30.396409  1606 tablet_service.cc:1917] Received RequestConsensusVote() RPC: tablet_id: "95e0e8674c9f4a32a3f34f7e97b6eed0" candidate_uuid: "e1478d033a15463da553462735c0701c" candidate_term: 1 candidate_status { last_received { term: 0 index: 0 } } ignore_live_leader: false dest_uuid: "e1bfdad6b89242ccb1596fa900974478" is_pre_election: true
W20260709 12:58:30.398176  1648 leader_election.cc:343] T 95e0e8674c9f4a32a3f34f7e97b6eed0 P e1478d033a15463da553462735c0701c [CANDIDATE]: Term 1 pre-election: Tablet error from VoteRequest() call to peer e1bfdad6b89242ccb1596fa900974478 (127.0.107.194:41051): Illegal state: must be running to vote when last-logged opid is not known
I20260709 12:58:30.400230  1726 tablet_bootstrap.cc:492] T 4b3df3f7b5b94264b8906b70873d5dea P e1478d033a15463da553462735c0701c: No bootstrap required, opened a new log
I20260709 12:58:30.400751  1726 ts_tablet_manager.cc:1403] T 4b3df3f7b5b94264b8906b70873d5dea P e1478d033a15463da553462735c0701c: Time spent bootstrapping tablet: real 0.137s	user 0.019s	sys 0.026s
I20260709 12:58:30.400076  1684 raft_consensus.cc:2468] T 32785ebe1d694ae993829e5ff41e5231 P e1478d033a15463da553462735c0701c [term 1 FOLLOWER]: Leader election vote request: Granting yes vote for candidate 5e84b395f4704603888c96738a729652 in term 1.
I20260709 12:58:30.409302  1989 raft_consensus.cc:493] T 443202b98718418691f4c8b99a74d510 P e1bfdad6b89242ccb1596fa900974478 [term 0 FOLLOWER]: Starting pre-election (no leader contacted us within the election timeout)
I20260709 12:58:30.412180  1989 raft_consensus.cc:515] T 443202b98718418691f4c8b99a74d510 P e1bfdad6b89242ccb1596fa900974478 [term 0 FOLLOWER]: Starting pre-election with config: opid_index: -1 OBSOLETE_local: false peers { permanent_uuid: "5e84b395f4704603888c96738a729652" member_type: VOTER last_known_addr { host: "127.0.107.193" port: 40781 } } peers { permanent_uuid: "e1bfdad6b89242ccb1596fa900974478" member_type: VOTER last_known_addr { host: "127.0.107.194" port: 41051 } } peers { permanent_uuid: "e1478d033a15463da553462735c0701c" member_type: VOTER last_known_addr { host: "127.0.107.195" port: 38589 } }
I20260709 12:58:30.415052  1532 tablet_service.cc:1917] Received RequestConsensusVote() RPC: tablet_id: "443202b98718418691f4c8b99a74d510" candidate_uuid: "e1bfdad6b89242ccb1596fa900974478" candidate_term: 1 candidate_status { last_received { term: 0 index: 0 } } ignore_live_leader: false dest_uuid: "5e84b395f4704603888c96738a729652" is_pre_election: true
I20260709 12:58:30.416946  1499 leader_election.cc:304] T e4b2b161432e452892e5e6a15d0be1a2 P 5e84b395f4704603888c96738a729652 [CANDIDATE]: Term 1 election: Election decided. Result: candidate won. Election summary: received 2 responses out of 3 voters: 2 yes votes; 0 no votes. yes voters: 5e84b395f4704603888c96738a729652, e1478d033a15463da553462735c0701c; no voters: 
I20260709 12:58:30.421435  1989 leader_election.cc:290] T 443202b98718418691f4c8b99a74d510 P e1bfdad6b89242ccb1596fa900974478 [CANDIDATE]: Term 1 pre-election: Requested pre-vote from peers 5e84b395f4704603888c96738a729652 (127.0.107.193:40781), e1478d033a15463da553462735c0701c (127.0.107.195:38589)
I20260709 12:58:30.421691  1725 tablet_bootstrap.cc:654] T 32785ebe1d694ae993829e5ff41e5231 P e1bfdad6b89242ccb1596fa900974478: Neither blocks nor log segments found. Creating new log.
I20260709 12:58:30.426514  1684 tablet_service.cc:1917] Received RequestConsensusVote() RPC: tablet_id: "443202b98718418691f4c8b99a74d510" candidate_uuid: "e1bfdad6b89242ccb1596fa900974478" candidate_term: 1 candidate_status { last_received { term: 0 index: 0 } } ignore_live_leader: false dest_uuid: "e1478d033a15463da553462735c0701c" is_pre_election: true
I20260709 12:58:30.430066  1684 raft_consensus.cc:2393] T 443202b98718418691f4c8b99a74d510 P e1478d033a15463da553462735c0701c [term 1 FOLLOWER]: Leader pre-election vote request: Denying vote to candidate e1bfdad6b89242ccb1596fa900974478 in current term 1: Already voted for candidate 5e84b395f4704603888c96738a729652 in this term.
I20260709 12:58:30.430418  2043 raft_consensus.cc:2804] T e4b2b161432e452892e5e6a15d0be1a2 P 5e84b395f4704603888c96738a729652 [term 1 FOLLOWER]: Leader election won for term 1
I20260709 12:58:30.430967  2043 raft_consensus.cc:697] T e4b2b161432e452892e5e6a15d0be1a2 P 5e84b395f4704603888c96738a729652 [term 1 LEADER]: Becoming Leader. State: Replica: 5e84b395f4704603888c96738a729652, State: Running, Role: LEADER
I20260709 12:58:30.431900  2043 consensus_queue.cc:237] T e4b2b161432e452892e5e6a15d0be1a2 P 5e84b395f4704603888c96738a729652 [LEADER]: Queue going to LEADER mode. State: All replicated index: 0, Majority replicated index: 0, Committed index: 0, Last appended: 0.0, Last appended by leader: 0, Current term: 1, Majority size: 2, State: 0, Mode: LEADER, active raft config: opid_index: -1 OBSOLETE_local: false peers { permanent_uuid: "5e84b395f4704603888c96738a729652" member_type: VOTER last_known_addr { host: "127.0.107.193" port: 40781 } } peers { permanent_uuid: "e1bfdad6b89242ccb1596fa900974478" member_type: VOTER last_known_addr { host: "127.0.107.194" port: 41051 } } peers { permanent_uuid: "e1478d033a15463da553462735c0701c" member_type: VOTER last_known_addr { host: "127.0.107.195" port: 38589 } }
I20260709 12:58:30.433017  1574 leader_election.cc:304] T 443202b98718418691f4c8b99a74d510 P e1bfdad6b89242ccb1596fa900974478 [CANDIDATE]: Term 1 pre-election: Election decided. Result: candidate lost. Election summary: received 3 responses out of 3 voters: 1 yes votes; 2 no votes. yes voters: e1bfdad6b89242ccb1596fa900974478; no voters: 5e84b395f4704603888c96738a729652, e1478d033a15463da553462735c0701c
I20260709 12:58:30.435561  2042 consensus_queue.cc:1048] T 63316d7e30a04f908423a4e0590f38a2 P 5e84b395f4704603888c96738a729652 [LEADER]: Connected to new peer: Peer: permanent_uuid: "e1478d033a15463da553462735c0701c" member_type: VOTER last_known_addr { host: "127.0.107.195" port: 38589 }, Status: LMP_MISMATCH, Last received: 0.0, Next index: 1, Last known committed idx: 0, Time since last communication: 0.001s
I20260709 12:58:30.436401  1499 leader_election.cc:304] T 566673ddfb114a58aeaf6569b94263d0 P 5e84b395f4704603888c96738a729652 [CANDIDATE]: Term 1 pre-election: Election decided. Result: candidate won. Election summary: received 2 responses out of 3 voters: 2 yes votes; 0 no votes. yes voters: 5e84b395f4704603888c96738a729652, e1478d033a15463da553462735c0701c; no voters: 
I20260709 12:58:30.436964  1989 raft_consensus.cc:3060] T 443202b98718418691f4c8b99a74d510 P e1bfdad6b89242ccb1596fa900974478 [term 0 FOLLOWER]: Advancing to term 1
I20260709 12:58:30.442873  2042 raft_consensus.cc:2804] T 566673ddfb114a58aeaf6569b94263d0 P 5e84b395f4704603888c96738a729652 [term 0 FOLLOWER]: Leader pre-election won for term 1
I20260709 12:58:30.443306  2042 raft_consensus.cc:493] T 566673ddfb114a58aeaf6569b94263d0 P 5e84b395f4704603888c96738a729652 [term 0 FOLLOWER]: Starting leader election (no leader contacted us within the election timeout)
I20260709 12:58:30.443735  2042 raft_consensus.cc:3060] T 566673ddfb114a58aeaf6569b94263d0 P 5e84b395f4704603888c96738a729652 [term 0 FOLLOWER]: Advancing to term 1
I20260709 12:58:30.444118  1499 leader_election.cc:304] T 32785ebe1d694ae993829e5ff41e5231 P 5e84b395f4704603888c96738a729652 [CANDIDATE]: Term 1 election: Election decided. Result: candidate won. Election summary: received 3 responses out of 3 voters: 2 yes votes; 1 no votes. yes voters: 5e84b395f4704603888c96738a729652, e1478d033a15463da553462735c0701c; no voters: e1bfdad6b89242ccb1596fa900974478
I20260709 12:58:30.446221  1982 raft_consensus.cc:2804] T 32785ebe1d694ae993829e5ff41e5231 P 5e84b395f4704603888c96738a729652 [term 1 FOLLOWER]: Leader election won for term 1
I20260709 12:58:30.446713  1982 raft_consensus.cc:697] T 32785ebe1d694ae993829e5ff41e5231 P 5e84b395f4704603888c96738a729652 [term 1 LEADER]: Becoming Leader. State: Replica: 5e84b395f4704603888c96738a729652, State: Running, Role: LEADER
I20260709 12:58:30.447662  1982 consensus_queue.cc:237] T 32785ebe1d694ae993829e5ff41e5231 P 5e84b395f4704603888c96738a729652 [LEADER]: Queue going to LEADER mode. State: All replicated index: 0, Majority replicated index: 0, Committed index: 0, Last appended: 0.0, Last appended by leader: 0, Current term: 1, Majority size: 2, State: 0, Mode: LEADER, active raft config: opid_index: -1 OBSOLETE_local: false peers { permanent_uuid: "5e84b395f4704603888c96738a729652" member_type: VOTER last_known_addr { host: "127.0.107.193" port: 40781 } } peers { permanent_uuid: "e1bfdad6b89242ccb1596fa900974478" member_type: VOTER last_known_addr { host: "127.0.107.194" port: 41051 } } peers { permanent_uuid: "e1478d033a15463da553462735c0701c" member_type: VOTER last_known_addr { host: "127.0.107.195" port: 38589 } }
I20260709 12:58:30.437969  1726 raft_consensus.cc:359] T 4b3df3f7b5b94264b8906b70873d5dea P e1478d033a15463da553462735c0701c [term 0 FOLLOWER]: Replica starting. Triggering 0 pending ops. Active config: opid_index: -1 OBSOLETE_local: false peers { permanent_uuid: "5e84b395f4704603888c96738a729652" member_type: VOTER last_known_addr { host: "127.0.107.193" port: 40781 } } peers { permanent_uuid: "e1bfdad6b89242ccb1596fa900974478" member_type: VOTER last_known_addr { host: "127.0.107.194" port: 41051 } } peers { permanent_uuid: "e1478d033a15463da553462735c0701c" member_type: VOTER last_known_addr { host: "127.0.107.195" port: 38589 } }
I20260709 12:58:30.453002  1726 raft_consensus.cc:385] T 4b3df3f7b5b94264b8906b70873d5dea P e1478d033a15463da553462735c0701c [term 0 FOLLOWER]: Consensus starting up: Expiring failure detector timer to make a prompt election more likely
I20260709 12:58:30.453447  1726 raft_consensus.cc:740] T 4b3df3f7b5b94264b8906b70873d5dea P e1478d033a15463da553462735c0701c [term 0 FOLLOWER]: Becoming Follower/Learner. State: Replica: e1478d033a15463da553462735c0701c, State: Initialized, Role: FOLLOWER
I20260709 12:58:30.454195  1726 consensus_queue.cc:260] T 4b3df3f7b5b94264b8906b70873d5dea P e1478d033a15463da553462735c0701c [NON_LEADER]: Queue going to NON_LEADER mode. State: All replicated index: 0, Majority replicated index: 0, Committed index: 0, Last appended: 0.0, Last appended by leader: 0, Current term: 0, Majority size: -1, State: 0, Mode: NON_LEADER, active raft config: opid_index: -1 OBSOLETE_local: false peers { permanent_uuid: "5e84b395f4704603888c96738a729652" member_type: VOTER last_known_addr { host: "127.0.107.193" port: 40781 } } peers { permanent_uuid: "e1bfdad6b89242ccb1596fa900974478" member_type: VOTER last_known_addr { host: "127.0.107.194" port: 41051 } } peers { permanent_uuid: "e1478d033a15463da553462735c0701c" member_type: VOTER last_known_addr { host: "127.0.107.195" port: 38589 } }
I20260709 12:58:30.458240  1535 tablet_service.cc:1917] Received RequestConsensusVote() RPC: tablet_id: "95e0e8674c9f4a32a3f34f7e97b6eed0" candidate_uuid: "e1478d033a15463da553462735c0701c" candidate_term: 1 candidate_status { last_received { term: 0 index: 0 } } ignore_live_leader: false dest_uuid: "5e84b395f4704603888c96738a729652" is_pre_election: true
I20260709 12:58:30.462977  2042 raft_consensus.cc:515] T 566673ddfb114a58aeaf6569b94263d0 P 5e84b395f4704603888c96738a729652 [term 1 FOLLOWER]: Starting leader election with config: opid_index: -1 OBSOLETE_local: false peers { permanent_uuid: "5e84b395f4704603888c96738a729652" member_type: VOTER last_known_addr { host: "127.0.107.193" port: 40781 } } peers { permanent_uuid: "e1bfdad6b89242ccb1596fa900974478" member_type: VOTER last_known_addr { host: "127.0.107.194" port: 41051 } } peers { permanent_uuid: "e1478d033a15463da553462735c0701c" member_type: VOTER last_known_addr { host: "127.0.107.195" port: 38589 } }
I20260709 12:58:30.465178  1725 tablet_bootstrap.cc:492] T 32785ebe1d694ae993829e5ff41e5231 P e1bfdad6b89242ccb1596fa900974478: No bootstrap required, opened a new log
I20260709 12:58:30.465641  1725 ts_tablet_manager.cc:1403] T 32785ebe1d694ae993829e5ff41e5231 P e1bfdad6b89242ccb1596fa900974478: Time spent bootstrapping tablet: real 0.141s	user 0.013s	sys 0.003s
I20260709 12:58:30.468189  1725 raft_consensus.cc:359] T 32785ebe1d694ae993829e5ff41e5231 P e1bfdad6b89242ccb1596fa900974478 [term 0 FOLLOWER]: Replica starting. Triggering 0 pending ops. Active config: opid_index: -1 OBSOLETE_local: false peers { permanent_uuid: "5e84b395f4704603888c96738a729652" member_type: VOTER last_known_addr { host: "127.0.107.193" port: 40781 } } peers { permanent_uuid: "e1bfdad6b89242ccb1596fa900974478" member_type: VOTER last_known_addr { host: "127.0.107.194" port: 41051 } } peers { permanent_uuid: "e1478d033a15463da553462735c0701c" member_type: VOTER last_known_addr { host: "127.0.107.195" port: 38589 } }
I20260709 12:58:30.468458  2042 leader_election.cc:290] T 566673ddfb114a58aeaf6569b94263d0 P 5e84b395f4704603888c96738a729652 [CANDIDATE]: Term 1 election: Requested vote from peers e1bfdad6b89242ccb1596fa900974478 (127.0.107.194:41051), e1478d033a15463da553462735c0701c (127.0.107.195:38589)
I20260709 12:58:30.468843  1725 raft_consensus.cc:385] T 32785ebe1d694ae993829e5ff41e5231 P e1bfdad6b89242ccb1596fa900974478 [term 0 FOLLOWER]: Consensus starting up: Expiring failure detector timer to make a prompt election more likely
W20260709 12:58:30.472363  1499 leader_election.cc:343] T 566673ddfb114a58aeaf6569b94263d0 P 5e84b395f4704603888c96738a729652 [CANDIDATE]: Term 1 pre-election: Tablet error from VoteRequest() call to peer e1bfdad6b89242ccb1596fa900974478 (127.0.107.194:41051): Illegal state: must be running to vote when last-logged opid is not known
I20260709 12:58:30.474876  1724 tablet_bootstrap.cc:492] T 4b3df3f7b5b94264b8906b70873d5dea P 5e84b395f4704603888c96738a729652: No bootstrap required, opened a new log
I20260709 12:58:30.476037  1724 ts_tablet_manager.cc:1403] T 4b3df3f7b5b94264b8906b70873d5dea P 5e84b395f4704603888c96738a729652: Time spent bootstrapping tablet: real 0.182s	user 0.017s	sys 0.000s
I20260709 12:58:30.478125  2040 consensus_queue.cc:1048] T 63316d7e30a04f908423a4e0590f38a2 P 5e84b395f4704603888c96738a729652 [LEADER]: Connected to new peer: Peer: permanent_uuid: "e1bfdad6b89242ccb1596fa900974478" member_type: VOTER last_known_addr { host: "127.0.107.194" port: 41051 }, Status: LMP_MISMATCH, Last received: 0.0, Next index: 1, Last known committed idx: 0, Time since last communication: 0.001s
I20260709 12:58:30.480669  1726 ts_tablet_manager.cc:1434] T 4b3df3f7b5b94264b8906b70873d5dea P e1478d033a15463da553462735c0701c: Time spent starting tablet: real 0.080s	user 0.015s	sys 0.007s
I20260709 12:58:30.481936  1726 tablet_bootstrap.cc:492] T c652a0e948bd47169f75e68dc41e1701 P e1478d033a15463da553462735c0701c: Bootstrap starting.
I20260709 12:58:30.482573  1430 catalog_manager.cc:5697] T e4b2b161432e452892e5e6a15d0be1a2 P 5e84b395f4704603888c96738a729652 reported cstate change: term changed from 0 to 1, leader changed from <none> to 5e84b395f4704603888c96738a729652 (127.0.107.193). New cstate: current_term: 1 leader_uuid: "5e84b395f4704603888c96738a729652" committed_config { opid_index: -1 OBSOLETE_local: false peers { permanent_uuid: "5e84b395f4704603888c96738a729652" member_type: VOTER last_known_addr { host: "127.0.107.193" port: 40781 } health_report { overall_health: HEALTHY } } peers { permanent_uuid: "e1bfdad6b89242ccb1596fa900974478" member_type: VOTER last_known_addr { host: "127.0.107.194" port: 41051 } health_report { overall_health: UNKNOWN } } peers { permanent_uuid: "e1478d033a15463da553462735c0701c" member_type: VOTER last_known_addr { host: "127.0.107.195" port: 38589 } health_report { overall_health: UNKNOWN } } }
I20260709 12:58:30.486259  1724 raft_consensus.cc:359] T 4b3df3f7b5b94264b8906b70873d5dea P 5e84b395f4704603888c96738a729652 [term 0 FOLLOWER]: Replica starting. Triggering 0 pending ops. Active config: opid_index: -1 OBSOLETE_local: false peers { permanent_uuid: "5e84b395f4704603888c96738a729652" member_type: VOTER last_known_addr { host: "127.0.107.193" port: 40781 } } peers { permanent_uuid: "e1bfdad6b89242ccb1596fa900974478" member_type: VOTER last_known_addr { host: "127.0.107.194" port: 41051 } } peers { permanent_uuid: "e1478d033a15463da553462735c0701c" member_type: VOTER last_known_addr { host: "127.0.107.195" port: 38589 } }
I20260709 12:58:30.486863  1724 raft_consensus.cc:385] T 4b3df3f7b5b94264b8906b70873d5dea P 5e84b395f4704603888c96738a729652 [term 0 FOLLOWER]: Consensus starting up: Expiring failure detector timer to make a prompt election more likely
I20260709 12:58:30.487115  1724 raft_consensus.cc:740] T 4b3df3f7b5b94264b8906b70873d5dea P 5e84b395f4704603888c96738a729652 [term 0 FOLLOWER]: Becoming Follower/Learner. State: Replica: 5e84b395f4704603888c96738a729652, State: Initialized, Role: FOLLOWER
I20260709 12:58:30.487692  1724 consensus_queue.cc:260] T 4b3df3f7b5b94264b8906b70873d5dea P 5e84b395f4704603888c96738a729652 [NON_LEADER]: Queue going to NON_LEADER mode. State: All replicated index: 0, Majority replicated index: 0, Committed index: 0, Last appended: 0.0, Last appended by leader: 0, Current term: 0, Majority size: -1, State: 0, Mode: NON_LEADER, active raft config: opid_index: -1 OBSOLETE_local: false peers { permanent_uuid: "5e84b395f4704603888c96738a729652" member_type: VOTER last_known_addr { host: "127.0.107.193" port: 40781 } } peers { permanent_uuid: "e1bfdad6b89242ccb1596fa900974478" member_type: VOTER last_known_addr { host: "127.0.107.194" port: 41051 } } peers { permanent_uuid: "e1478d033a15463da553462735c0701c" member_type: VOTER last_known_addr { host: "127.0.107.195" port: 38589 } }
I20260709 12:58:30.489962  1724 ts_tablet_manager.cc:1434] T 4b3df3f7b5b94264b8906b70873d5dea P 5e84b395f4704603888c96738a729652: Time spent starting tablet: real 0.014s	user 0.003s	sys 0.003s
I20260709 12:58:30.490978  1724 tablet_bootstrap.cc:492] T 95e0e8674c9f4a32a3f34f7e97b6eed0 P 5e84b395f4704603888c96738a729652: Bootstrap starting.
I20260709 12:58:30.470551  1989 raft_consensus.cc:2749] T 443202b98718418691f4c8b99a74d510 P e1bfdad6b89242ccb1596fa900974478 [term 1 FOLLOWER]: Leader pre-election lost for term 1. Reason: could not achieve majority
I20260709 12:58:30.502713  1726 tablet_bootstrap.cc:654] T c652a0e948bd47169f75e68dc41e1701 P e1478d033a15463da553462735c0701c: Neither blocks nor log segments found. Creating new log.
I20260709 12:58:30.507290  1725 raft_consensus.cc:740] T 32785ebe1d694ae993829e5ff41e5231 P e1bfdad6b89242ccb1596fa900974478 [term 0 FOLLOWER]: Becoming Follower/Learner. State: Replica: e1bfdad6b89242ccb1596fa900974478, State: Initialized, Role: FOLLOWER
I20260709 12:58:30.508070  1725 consensus_queue.cc:260] T 32785ebe1d694ae993829e5ff41e5231 P e1bfdad6b89242ccb1596fa900974478 [NON_LEADER]: Queue going to NON_LEADER mode. State: All replicated index: 0, Majority replicated index: 0, Committed index: 0, Last appended: 0.0, Last appended by leader: 0, Current term: 0, Majority size: -1, State: 0, Mode: NON_LEADER, active raft config: opid_index: -1 OBSOLETE_local: false peers { permanent_uuid: "5e84b395f4704603888c96738a729652" member_type: VOTER last_known_addr { host: "127.0.107.193" port: 40781 } } peers { permanent_uuid: "e1bfdad6b89242ccb1596fa900974478" member_type: VOTER last_known_addr { host: "127.0.107.194" port: 41051 } } peers { permanent_uuid: "e1478d033a15463da553462735c0701c" member_type: VOTER last_known_addr { host: "127.0.107.195" port: 38589 } }
I20260709 12:58:30.509085  1430 catalog_manager.cc:5697] T 32785ebe1d694ae993829e5ff41e5231 P 5e84b395f4704603888c96738a729652 reported cstate change: term changed from 0 to 1, leader changed from <none> to 5e84b395f4704603888c96738a729652 (127.0.107.193). New cstate: current_term: 1 leader_uuid: "5e84b395f4704603888c96738a729652" committed_config { opid_index: -1 OBSOLETE_local: false peers { permanent_uuid: "5e84b395f4704603888c96738a729652" member_type: VOTER last_known_addr { host: "127.0.107.193" port: 40781 } health_report { overall_health: HEALTHY } } peers { permanent_uuid: "e1bfdad6b89242ccb1596fa900974478" member_type: VOTER last_known_addr { host: "127.0.107.194" port: 41051 } health_report { overall_health: UNKNOWN } } peers { permanent_uuid: "e1478d033a15463da553462735c0701c" member_type: VOTER last_known_addr { host: "127.0.107.195" port: 38589 } health_report { overall_health: UNKNOWN } } }
I20260709 12:58:30.510282  1725 ts_tablet_manager.cc:1434] T 32785ebe1d694ae993829e5ff41e5231 P e1bfdad6b89242ccb1596fa900974478: Time spent starting tablet: real 0.044s	user 0.006s	sys 0.000s
I20260709 12:58:30.511668  1726 tablet_bootstrap.cc:492] T c652a0e948bd47169f75e68dc41e1701 P e1478d033a15463da553462735c0701c: No bootstrap required, opened a new log
I20260709 12:58:30.511660  1928 consensus_queue.cc:1048] T 0200033119464d9dbcd89f6faeb3459c P e1478d033a15463da553462735c0701c [LEADER]: Connected to new peer: Peer: permanent_uuid: "5e84b395f4704603888c96738a729652" member_type: VOTER last_known_addr { host: "127.0.107.193" port: 40781 }, Status: LMP_MISMATCH, Last received: 0.0, Next index: 1, Last known committed idx: 0, Time since last communication: 0.001s
I20260709 12:58:30.512269  1726 ts_tablet_manager.cc:1403] T c652a0e948bd47169f75e68dc41e1701 P e1478d033a15463da553462735c0701c: Time spent bootstrapping tablet: real 0.031s	user 0.008s	sys 0.003s
I20260709 12:58:30.517920  1726 raft_consensus.cc:359] T c652a0e948bd47169f75e68dc41e1701 P e1478d033a15463da553462735c0701c [term 0 FOLLOWER]: Replica starting. Triggering 0 pending ops. Active config: opid_index: -1 OBSOLETE_local: false peers { permanent_uuid: "5e84b395f4704603888c96738a729652" member_type: VOTER last_known_addr { host: "127.0.107.193" port: 40781 } } peers { permanent_uuid: "e1bfdad6b89242ccb1596fa900974478" member_type: VOTER last_known_addr { host: "127.0.107.194" port: 41051 } } peers { permanent_uuid: "e1478d033a15463da553462735c0701c" member_type: VOTER last_known_addr { host: "127.0.107.195" port: 38589 } }
I20260709 12:58:30.518570  1726 raft_consensus.cc:385] T c652a0e948bd47169f75e68dc41e1701 P e1478d033a15463da553462735c0701c [term 0 FOLLOWER]: Consensus starting up: Expiring failure detector timer to make a prompt election more likely
I20260709 12:58:30.518868  1726 raft_consensus.cc:740] T c652a0e948bd47169f75e68dc41e1701 P e1478d033a15463da553462735c0701c [term 0 FOLLOWER]: Becoming Follower/Learner. State: Replica: e1478d033a15463da553462735c0701c, State: Initialized, Role: FOLLOWER
I20260709 12:58:30.519598  1726 consensus_queue.cc:260] T c652a0e948bd47169f75e68dc41e1701 P e1478d033a15463da553462735c0701c [NON_LEADER]: Queue going to NON_LEADER mode. State: All replicated index: 0, Majority replicated index: 0, Committed index: 0, Last appended: 0.0, Last appended by leader: 0, Current term: 0, Majority size: -1, State: 0, Mode: NON_LEADER, active raft config: opid_index: -1 OBSOLETE_local: false peers { permanent_uuid: "5e84b395f4704603888c96738a729652" member_type: VOTER last_known_addr { host: "127.0.107.193" port: 40781 } } peers { permanent_uuid: "e1bfdad6b89242ccb1596fa900974478" member_type: VOTER last_known_addr { host: "127.0.107.194" port: 41051 } } peers { permanent_uuid: "e1478d033a15463da553462735c0701c" member_type: VOTER last_known_addr { host: "127.0.107.195" port: 38589 } }
I20260709 12:58:30.523653  1928 raft_consensus.cc:493] T 8ab8b5dd43354e3d8523e0c537797346 P e1478d033a15463da553462735c0701c [term 0 FOLLOWER]: Starting pre-election (no leader contacted us within the election timeout)
I20260709 12:58:30.523713  2042 raft_consensus.cc:493] T 7b01a08c145b45728091dae35610c880 P 5e84b395f4704603888c96738a729652 [term 0 FOLLOWER]: Starting pre-election (no leader contacted us within the election timeout)
I20260709 12:58:30.524147  1726 ts_tablet_manager.cc:1434] T c652a0e948bd47169f75e68dc41e1701 P e1478d033a15463da553462735c0701c: Time spent starting tablet: real 0.011s	user 0.006s	sys 0.000s
I20260709 12:58:30.524269  2042 raft_consensus.cc:515] T 7b01a08c145b45728091dae35610c880 P 5e84b395f4704603888c96738a729652 [term 0 FOLLOWER]: Starting pre-election with config: opid_index: -1 OBSOLETE_local: false peers { permanent_uuid: "5e84b395f4704603888c96738a729652" member_type: VOTER last_known_addr { host: "127.0.107.193" port: 40781 } } peers { permanent_uuid: "e1bfdad6b89242ccb1596fa900974478" member_type: VOTER last_known_addr { host: "127.0.107.194" port: 41051 } } peers { permanent_uuid: "e1478d033a15463da553462735c0701c" member_type: VOTER last_known_addr { host: "127.0.107.195" port: 38589 } }
I20260709 12:58:30.525611  1726 tablet_bootstrap.cc:492] T 7b01a08c145b45728091dae35610c880 P e1478d033a15463da553462735c0701c: Bootstrap starting.
I20260709 12:58:30.526458  2042 leader_election.cc:290] T 7b01a08c145b45728091dae35610c880 P 5e84b395f4704603888c96738a729652 [CANDIDATE]: Term 1 pre-election: Requested pre-vote from peers e1bfdad6b89242ccb1596fa900974478 (127.0.107.194:41051), e1478d033a15463da553462735c0701c (127.0.107.195:38589)
I20260709 12:58:30.524147  1928 raft_consensus.cc:515] T 8ab8b5dd43354e3d8523e0c537797346 P e1478d033a15463da553462735c0701c [term 0 FOLLOWER]: Starting pre-election with config: opid_index: -1 OBSOLETE_local: false peers { permanent_uuid: "5e84b395f4704603888c96738a729652" member_type: VOTER last_known_addr { host: "127.0.107.193" port: 40781 } } peers { permanent_uuid: "e1bfdad6b89242ccb1596fa900974478" member_type: VOTER last_known_addr { host: "127.0.107.194" port: 41051 } } peers { permanent_uuid: "e1478d033a15463da553462735c0701c" member_type: VOTER last_known_addr { host: "127.0.107.195" port: 38589 } }
I20260709 12:58:30.529193  1928 leader_election.cc:290] T 8ab8b5dd43354e3d8523e0c537797346 P e1478d033a15463da553462735c0701c [CANDIDATE]: Term 1 pre-election: Requested pre-vote from peers 5e84b395f4704603888c96738a729652 (127.0.107.193:40781), e1bfdad6b89242ccb1596fa900974478 (127.0.107.194:41051)
W20260709 12:58:30.530030  1650 leader_election.cc:343] T 95e0e8674c9f4a32a3f34f7e97b6eed0 P e1478d033a15463da553462735c0701c [CANDIDATE]: Term 1 pre-election: Tablet error from VoteRequest() call to peer 5e84b395f4704603888c96738a729652 (127.0.107.193:40781): Illegal state: must be running to vote when last-logged opid is not known
I20260709 12:58:30.530453  1650 leader_election.cc:304] T 95e0e8674c9f4a32a3f34f7e97b6eed0 P e1478d033a15463da553462735c0701c [CANDIDATE]: Term 1 pre-election: Election decided. Result: candidate lost. Election summary: received 3 responses out of 3 voters: 1 yes votes; 2 no votes. yes voters: e1478d033a15463da553462735c0701c; no voters: 5e84b395f4704603888c96738a729652, e1bfdad6b89242ccb1596fa900974478
I20260709 12:58:30.531170  1928 raft_consensus.cc:2749] T 95e0e8674c9f4a32a3f34f7e97b6eed0 P e1478d033a15463da553462735c0701c [term 0 FOLLOWER]: Leader pre-election lost for term 1. Reason: could not achieve majority
I20260709 12:58:30.534523  1610 tablet_service.cc:1917] Received RequestConsensusVote() RPC: tablet_id: "8ab8b5dd43354e3d8523e0c537797346" candidate_uuid: "e1478d033a15463da553462735c0701c" candidate_term: 1 candidate_status { last_received { term: 0 index: 0 } } ignore_live_leader: false dest_uuid: "e1bfdad6b89242ccb1596fa900974478" is_pre_election: true
I20260709 12:58:30.535422  1606 tablet_service.cc:1917] Received RequestConsensusVote() RPC: tablet_id: "566673ddfb114a58aeaf6569b94263d0" candidate_uuid: "5e84b395f4704603888c96738a729652" candidate_term: 1 candidate_status { last_received { term: 0 index: 0 } } ignore_live_leader: false dest_uuid: "e1bfdad6b89242ccb1596fa900974478"
W20260709 12:58:30.535825  1648 leader_election.cc:343] T 8ab8b5dd43354e3d8523e0c537797346 P e1478d033a15463da553462735c0701c [CANDIDATE]: Term 1 pre-election: Tablet error from VoteRequest() call to peer e1bfdad6b89242ccb1596fa900974478 (127.0.107.194:41051): Illegal state: must be running to vote when last-logged opid is not known
I20260709 12:58:30.534457  1725 tablet_bootstrap.cc:492] T 566673ddfb114a58aeaf6569b94263d0 P e1bfdad6b89242ccb1596fa900974478: Bootstrap starting.
I20260709 12:58:30.540977  1680 tablet_service.cc:1917] Received RequestConsensusVote() RPC: tablet_id: "566673ddfb114a58aeaf6569b94263d0" candidate_uuid: "5e84b395f4704603888c96738a729652" candidate_term: 1 candidate_status { last_received { term: 0 index: 0 } } ignore_live_leader: false dest_uuid: "e1478d033a15463da553462735c0701c"
I20260709 12:58:30.541901  1680 raft_consensus.cc:3060] T 566673ddfb114a58aeaf6569b94263d0 P e1478d033a15463da553462735c0701c [term 0 FOLLOWER]: Advancing to term 1
I20260709 12:58:30.551936  1726 tablet_bootstrap.cc:654] T 7b01a08c145b45728091dae35610c880 P e1478d033a15463da553462735c0701c: Neither blocks nor log segments found. Creating new log.
I20260709 12:58:30.554138  1680 raft_consensus.cc:2468] T 566673ddfb114a58aeaf6569b94263d0 P e1478d033a15463da553462735c0701c [term 1 FOLLOWER]: Leader election vote request: Granting yes vote for candidate 5e84b395f4704603888c96738a729652 in term 1.
I20260709 12:58:30.554968  1532 tablet_service.cc:1917] Received RequestConsensusVote() RPC: tablet_id: "8ab8b5dd43354e3d8523e0c537797346" candidate_uuid: "e1478d033a15463da553462735c0701c" candidate_term: 1 candidate_status { last_received { term: 0 index: 0 } } ignore_live_leader: false dest_uuid: "5e84b395f4704603888c96738a729652" is_pre_election: true
I20260709 12:58:30.557267  1724 tablet_bootstrap.cc:654] T 95e0e8674c9f4a32a3f34f7e97b6eed0 P 5e84b395f4704603888c96738a729652: Neither blocks nor log segments found. Creating new log.
W20260709 12:58:30.565716  1650 leader_election.cc:343] T 8ab8b5dd43354e3d8523e0c537797346 P e1478d033a15463da553462735c0701c [CANDIDATE]: Term 1 pre-election: Tablet error from VoteRequest() call to peer 5e84b395f4704603888c96738a729652 (127.0.107.193:40781): Illegal state: must be running to vote when last-logged opid is not known
I20260709 12:58:30.566259  1650 leader_election.cc:304] T 8ab8b5dd43354e3d8523e0c537797346 P e1478d033a15463da553462735c0701c [CANDIDATE]: Term 1 pre-election: Election decided. Result: candidate lost. Election summary: received 3 responses out of 3 voters: 1 yes votes; 2 no votes. yes voters: e1478d033a15463da553462735c0701c; no voters: 5e84b395f4704603888c96738a729652, e1bfdad6b89242ccb1596fa900974478
I20260709 12:58:30.568516  1939 raft_consensus.cc:2749] T 8ab8b5dd43354e3d8523e0c537797346 P e1478d033a15463da553462735c0701c [term 0 FOLLOWER]: Leader pre-election lost for term 1. Reason: could not achieve majority
I20260709 12:58:30.570442  1939 consensus_queue.cc:1048] T 9ab1d2b0798b47b98563d469c9462bec P e1478d033a15463da553462735c0701c [LEADER]: Connected to new peer: Peer: permanent_uuid: "e1bfdad6b89242ccb1596fa900974478" member_type: VOTER last_known_addr { host: "127.0.107.194" port: 41051 }, Status: LMP_MISMATCH, Last received: 0.0, Next index: 1, Last known committed idx: 0, Time since last communication: 0.000s
I20260709 12:58:30.574532  1680 tablet_service.cc:1917] Received RequestConsensusVote() RPC: tablet_id: "7b01a08c145b45728091dae35610c880" candidate_uuid: "5e84b395f4704603888c96738a729652" candidate_term: 1 candidate_status { last_received { term: 0 index: 0 } } ignore_live_leader: false dest_uuid: "e1478d033a15463da553462735c0701c" is_pre_election: true
W20260709 12:58:30.577112  1499 leader_election.cc:343] T 566673ddfb114a58aeaf6569b94263d0 P 5e84b395f4704603888c96738a729652 [CANDIDATE]: Term 1 election: Tablet error from VoteRequest() call to peer e1bfdad6b89242ccb1596fa900974478 (127.0.107.194:41051): Illegal state: must be running to vote when last-logged opid is not known
I20260709 12:58:30.579560  1724 tablet_bootstrap.cc:492] T 95e0e8674c9f4a32a3f34f7e97b6eed0 P 5e84b395f4704603888c96738a729652: No bootstrap required, opened a new log
I20260709 12:58:30.580142  1724 ts_tablet_manager.cc:1403] T 95e0e8674c9f4a32a3f34f7e97b6eed0 P 5e84b395f4704603888c96738a729652: Time spent bootstrapping tablet: real 0.090s	user 0.006s	sys 0.009s
I20260709 12:58:30.575444  1725 tablet_bootstrap.cc:654] T 566673ddfb114a58aeaf6569b94263d0 P e1bfdad6b89242ccb1596fa900974478: Neither blocks nor log segments found. Creating new log.
I20260709 12:58:30.560487  1607 tablet_service.cc:1917] Received RequestConsensusVote() RPC: tablet_id: "7b01a08c145b45728091dae35610c880" candidate_uuid: "5e84b395f4704603888c96738a729652" candidate_term: 1 candidate_status { last_received { term: 0 index: 0 } } ignore_live_leader: false dest_uuid: "e1bfdad6b89242ccb1596fa900974478" is_pre_election: true
I20260709 12:58:30.583837  1726 tablet_bootstrap.cc:492] T 7b01a08c145b45728091dae35610c880 P e1478d033a15463da553462735c0701c: No bootstrap required, opened a new log
I20260709 12:58:30.584313  1726 ts_tablet_manager.cc:1403] T 7b01a08c145b45728091dae35610c880 P e1478d033a15463da553462735c0701c: Time spent bootstrapping tablet: real 0.059s	user 0.006s	sys 0.010s
I20260709 12:58:30.587108  1726 raft_consensus.cc:359] T 7b01a08c145b45728091dae35610c880 P e1478d033a15463da553462735c0701c [term 0 FOLLOWER]: Replica starting. Triggering 0 pending ops. Active config: opid_index: -1 OBSOLETE_local: false peers { permanent_uuid: "5e84b395f4704603888c96738a729652" member_type: VOTER last_known_addr { host: "127.0.107.193" port: 40781 } } peers { permanent_uuid: "e1bfdad6b89242ccb1596fa900974478" member_type: VOTER last_known_addr { host: "127.0.107.194" port: 41051 } } peers { permanent_uuid: "e1478d033a15463da553462735c0701c" member_type: VOTER last_known_addr { host: "127.0.107.195" port: 38589 } }
I20260709 12:58:30.587782  1726 raft_consensus.cc:385] T 7b01a08c145b45728091dae35610c880 P e1478d033a15463da553462735c0701c [term 0 FOLLOWER]: Consensus starting up: Expiring failure detector timer to make a prompt election more likely
W20260709 12:58:30.588057  1499 leader_election.cc:343] T 7b01a08c145b45728091dae35610c880 P 5e84b395f4704603888c96738a729652 [CANDIDATE]: Term 1 pre-election: Tablet error from VoteRequest() call to peer e1bfdad6b89242ccb1596fa900974478 (127.0.107.194:41051): Illegal state: must be running to vote when last-logged opid is not known
I20260709 12:58:30.589327  1724 raft_consensus.cc:359] T 95e0e8674c9f4a32a3f34f7e97b6eed0 P 5e84b395f4704603888c96738a729652 [term 0 FOLLOWER]: Replica starting. Triggering 0 pending ops. Active config: opid_index: -1 OBSOLETE_local: false peers { permanent_uuid: "5e84b395f4704603888c96738a729652" member_type: VOTER last_known_addr { host: "127.0.107.193" port: 40781 } } peers { permanent_uuid: "e1bfdad6b89242ccb1596fa900974478" member_type: VOTER last_known_addr { host: "127.0.107.194" port: 41051 } } peers { permanent_uuid: "e1478d033a15463da553462735c0701c" member_type: VOTER last_known_addr { host: "127.0.107.195" port: 38589 } }
I20260709 12:58:30.589991  1724 raft_consensus.cc:385] T 95e0e8674c9f4a32a3f34f7e97b6eed0 P 5e84b395f4704603888c96738a729652 [term 0 FOLLOWER]: Consensus starting up: Expiring failure detector timer to make a prompt election more likely
I20260709 12:58:30.590247  1724 raft_consensus.cc:740] T 95e0e8674c9f4a32a3f34f7e97b6eed0 P 5e84b395f4704603888c96738a729652 [term 0 FOLLOWER]: Becoming Follower/Learner. State: Replica: 5e84b395f4704603888c96738a729652, State: Initialized, Role: FOLLOWER
I20260709 12:58:30.590677  1928 raft_consensus.cc:493] T 4b3df3f7b5b94264b8906b70873d5dea P e1478d033a15463da553462735c0701c [term 0 FOLLOWER]: Starting pre-election (no leader contacted us within the election timeout)
I20260709 12:58:30.590847  1724 consensus_queue.cc:260] T 95e0e8674c9f4a32a3f34f7e97b6eed0 P 5e84b395f4704603888c96738a729652 [NON_LEADER]: Queue going to NON_LEADER mode. State: All replicated index: 0, Majority replicated index: 0, Committed index: 0, Last appended: 0.0, Last appended by leader: 0, Current term: 0, Majority size: -1, State: 0, Mode: NON_LEADER, active raft config: opid_index: -1 OBSOLETE_local: false peers { permanent_uuid: "5e84b395f4704603888c96738a729652" member_type: VOTER last_known_addr { host: "127.0.107.193" port: 40781 } } peers { permanent_uuid: "e1bfdad6b89242ccb1596fa900974478" member_type: VOTER last_known_addr { host: "127.0.107.194" port: 41051 } } peers { permanent_uuid: "e1478d033a15463da553462735c0701c" member_type: VOTER last_known_addr { host: "127.0.107.195" port: 38589 } }
I20260709 12:58:30.593305  1928 raft_consensus.cc:515] T 4b3df3f7b5b94264b8906b70873d5dea P e1478d033a15463da553462735c0701c [term 0 FOLLOWER]: Starting pre-election with config: opid_index: -1 OBSOLETE_local: false peers { permanent_uuid: "5e84b395f4704603888c96738a729652" member_type: VOTER last_known_addr { host: "127.0.107.193" port: 40781 } } peers { permanent_uuid: "e1bfdad6b89242ccb1596fa900974478" member_type: VOTER last_known_addr { host: "127.0.107.194" port: 41051 } } peers { permanent_uuid: "e1478d033a15463da553462735c0701c" member_type: VOTER last_known_addr { host: "127.0.107.195" port: 38589 } }
I20260709 12:58:30.595152  1724 ts_tablet_manager.cc:1434] T 95e0e8674c9f4a32a3f34f7e97b6eed0 P 5e84b395f4704603888c96738a729652: Time spent starting tablet: real 0.015s	user 0.006s	sys 0.000s
I20260709 12:58:30.596024  1724 tablet_bootstrap.cc:492] T 8ab8b5dd43354e3d8523e0c537797346 P 5e84b395f4704603888c96738a729652: Bootstrap starting.
I20260709 12:58:30.595880  1499 leader_election.cc:304] T 566673ddfb114a58aeaf6569b94263d0 P 5e84b395f4704603888c96738a729652 [CANDIDATE]: Term 1 election: Election decided. Result: candidate won. Election summary: received 3 responses out of 3 voters: 2 yes votes; 1 no votes. yes voters: 5e84b395f4704603888c96738a729652, e1478d033a15463da553462735c0701c; no voters: e1bfdad6b89242ccb1596fa900974478
I20260709 12:58:30.596349  1928 leader_election.cc:290] T 4b3df3f7b5b94264b8906b70873d5dea P e1478d033a15463da553462735c0701c [CANDIDATE]: Term 1 pre-election: Requested pre-vote from peers 5e84b395f4704603888c96738a729652 (127.0.107.193:40781), e1bfdad6b89242ccb1596fa900974478 (127.0.107.194:41051)
I20260709 12:58:30.591507  2042 consensus_queue.cc:1048] T 443202b98718418691f4c8b99a74d510 P 5e84b395f4704603888c96738a729652 [LEADER]: Connected to new peer: Peer: permanent_uuid: "e1478d033a15463da553462735c0701c" member_type: VOTER last_known_addr { host: "127.0.107.195" port: 38589 }, Status: LMP_MISMATCH, Last received: 0.0, Next index: 1, Last known committed idx: 0, Time since last communication: 0.000s
I20260709 12:58:30.596745  2041 raft_consensus.cc:2804] T 566673ddfb114a58aeaf6569b94263d0 P 5e84b395f4704603888c96738a729652 [term 1 FOLLOWER]: Leader election won for term 1
I20260709 12:58:30.599196  2041 raft_consensus.cc:697] T 566673ddfb114a58aeaf6569b94263d0 P 5e84b395f4704603888c96738a729652 [term 1 LEADER]: Becoming Leader. State: Replica: 5e84b395f4704603888c96738a729652, State: Running, Role: LEADER
I20260709 12:58:30.599063  1607 tablet_service.cc:1917] Received RequestConsensusVote() RPC: tablet_id: "4b3df3f7b5b94264b8906b70873d5dea" candidate_uuid: "e1478d033a15463da553462735c0701c" candidate_term: 1 candidate_status { last_received { term: 0 index: 0 } } ignore_live_leader: false dest_uuid: "e1bfdad6b89242ccb1596fa900974478" is_pre_election: true
I20260709 12:58:30.600085  2041 consensus_queue.cc:237] T 566673ddfb114a58aeaf6569b94263d0 P 5e84b395f4704603888c96738a729652 [LEADER]: Queue going to LEADER mode. State: All replicated index: 0, Majority replicated index: 0, Committed index: 0, Last appended: 0.0, Last appended by leader: 0, Current term: 1, Majority size: 2, State: 0, Mode: LEADER, active raft config: opid_index: -1 OBSOLETE_local: false peers { permanent_uuid: "5e84b395f4704603888c96738a729652" member_type: VOTER last_known_addr { host: "127.0.107.193" port: 40781 } } peers { permanent_uuid: "e1bfdad6b89242ccb1596fa900974478" member_type: VOTER last_known_addr { host: "127.0.107.194" port: 41051 } } peers { permanent_uuid: "e1478d033a15463da553462735c0701c" member_type: VOTER last_known_addr { host: "127.0.107.195" port: 38589 } }
W20260709 12:58:30.601444  1648 leader_election.cc:343] T 4b3df3f7b5b94264b8906b70873d5dea P e1478d033a15463da553462735c0701c [CANDIDATE]: Term 1 pre-election: Tablet error from VoteRequest() call to peer e1bfdad6b89242ccb1596fa900974478 (127.0.107.194:41051): Illegal state: must be running to vote when last-logged opid is not known
I20260709 12:58:30.588057  1726 raft_consensus.cc:740] T 7b01a08c145b45728091dae35610c880 P e1478d033a15463da553462735c0701c [term 0 FOLLOWER]: Becoming Follower/Learner. State: Replica: e1478d033a15463da553462735c0701c, State: Initialized, Role: FOLLOWER
I20260709 12:58:30.605378  1726 consensus_queue.cc:260] T 7b01a08c145b45728091dae35610c880 P e1478d033a15463da553462735c0701c [NON_LEADER]: Queue going to NON_LEADER mode. State: All replicated index: 0, Majority replicated index: 0, Committed index: 0, Last appended: 0.0, Last appended by leader: 0, Current term: 0, Majority size: -1, State: 0, Mode: NON_LEADER, active raft config: opid_index: -1 OBSOLETE_local: false peers { permanent_uuid: "5e84b395f4704603888c96738a729652" member_type: VOTER last_known_addr { host: "127.0.107.193" port: 40781 } } peers { permanent_uuid: "e1bfdad6b89242ccb1596fa900974478" member_type: VOTER last_known_addr { host: "127.0.107.194" port: 41051 } } peers { permanent_uuid: "e1478d033a15463da553462735c0701c" member_type: VOTER last_known_addr { host: "127.0.107.195" port: 38589 } }
I20260709 12:58:30.608088  1726 ts_tablet_manager.cc:1434] T 7b01a08c145b45728091dae35610c880 P e1478d033a15463da553462735c0701c: Time spent starting tablet: real 0.023s	user 0.006s	sys 0.001s
I20260709 12:58:30.610810  1725 tablet_bootstrap.cc:492] T 566673ddfb114a58aeaf6569b94263d0 P e1bfdad6b89242ccb1596fa900974478: No bootstrap required, opened a new log
I20260709 12:58:30.611292  1725 ts_tablet_manager.cc:1403] T 566673ddfb114a58aeaf6569b94263d0 P e1bfdad6b89242ccb1596fa900974478: Time spent bootstrapping tablet: real 0.077s	user 0.006s	sys 0.003s
