I20260709 12:58:18.635874  1205 raft_consensus.cc:2468] T da50736388644f518300a8cde9526117 P 3109a510458749d39ccce8ecf29cb0f1 [term 3 FOLLOWER]: Leader election vote request: Granting yes vote for candidate 483dd95adf5c4267a2bb9e3f59ca241f in term 3.
I20260709 12:58:18.635986  1343 raft_consensus.cc:2804] T da50736388644f518300a8cde9526117 P 483dd95adf5c4267a2bb9e3f59ca241f [term 3 FOLLOWER]: Leader election won for term 3
I20260709 12:58:18.636422  1343 raft_consensus.cc:697] T da50736388644f518300a8cde9526117 P 483dd95adf5c4267a2bb9e3f59ca241f [term 3 LEADER]: Becoming Leader. State: Replica: 483dd95adf5c4267a2bb9e3f59ca241f, State: Running, Role: LEADER
I20260709 12:58:18.637266  1343 consensus_queue.cc:237] T da50736388644f518300a8cde9526117 P 483dd95adf5c4267a2bb9e3f59ca241f [LEADER]: Queue going to LEADER mode. State: All replicated index: 0, Majority replicated index: 2, Committed index: 2, Last appended: 2.2, Last appended by leader: 2, Current term: 3, Majority size: 2, State: 0, Mode: LEADER, active raft config: opid_index: -1 OBSOLETE_local: false peers { permanent_uuid: "483dd95adf5c4267a2bb9e3f59ca241f" member_type: VOTER last_known_addr { host: "127.0.107.193" port: 45123 } } peers { permanent_uuid: "0a1872b0e7664728a309bf69ec98bb99" member_type: VOTER last_known_addr { host: "127.0.107.194" port: 38263 } } peers { permanent_uuid: "3109a510458749d39ccce8ecf29cb0f1" member_type: VOTER last_known_addr { host: "127.0.107.195" port: 45635 } }
I20260709 12:58:18.642832   955 catalog_manager.cc:5697] T da50736388644f518300a8cde9526117 P 483dd95adf5c4267a2bb9e3f59ca241f reported cstate change: term changed from 2 to 3, leader changed from 3109a510458749d39ccce8ecf29cb0f1 (127.0.107.195) to 483dd95adf5c4267a2bb9e3f59ca241f (127.0.107.193). New cstate: current_term: 3 leader_uuid: "483dd95adf5c4267a2bb9e3f59ca241f" committed_config { opid_index: -1 OBSOLETE_local: false peers { permanent_uuid: "483dd95adf5c4267a2bb9e3f59ca241f" member_type: VOTER last_known_addr { host: "127.0.107.193" port: 45123 } health_report { overall_health: HEALTHY } } peers { permanent_uuid: "0a1872b0e7664728a309bf69ec98bb99" member_type: VOTER last_known_addr { host: "127.0.107.194" port: 38263 } health_report { overall_health: UNKNOWN } } peers { permanent_uuid: "3109a510458749d39ccce8ecf29cb0f1" member_type: VOTER last_known_addr { host: "127.0.107.195" port: 45635 } health_report { overall_health: UNKNOWN } } }
I20260709 12:58:18.669546  1344 raft_consensus.cc:993] T 4c140b13201946099390336a85c3cde7 P 3109a510458749d39ccce8ecf29cb0f1: : Instructing follower 483dd95adf5c4267a2bb9e3f59ca241f to start an election
I20260709 12:58:18.670077  1359 raft_consensus.cc:1081] T 4c140b13201946099390336a85c3cde7 P 3109a510458749d39ccce8ecf29cb0f1 [term 3 LEADER]: Signalling peer 483dd95adf5c4267a2bb9e3f59ca241f to start an election
I20260709 12:58:18.671563  1056 tablet_service.cc:2044] Received Run Leader Election RPC: tablet_id: "4c140b13201946099390336a85c3cde7"
dest_uuid: "483dd95adf5c4267a2bb9e3f59ca241f"
 from {username='slave'} at 127.0.0.1:50026
I20260709 12:58:18.672108  1056 raft_consensus.cc:493] T 4c140b13201946099390336a85c3cde7 P 483dd95adf5c4267a2bb9e3f59ca241f [term 3 FOLLOWER]: Starting forced leader election (received explicit request)
I20260709 12:58:18.672160  1357 raft_consensus.cc:993] T 197c1b9ca197423fb3778e99f87c4ec6 P 0a1872b0e7664728a309bf69ec98bb99: : Instructing follower 483dd95adf5c4267a2bb9e3f59ca241f to start an election
I20260709 12:58:18.672418  1056 raft_consensus.cc:3060] T 4c140b13201946099390336a85c3cde7 P 483dd95adf5c4267a2bb9e3f59ca241f [term 3 FOLLOWER]: Advancing to term 4
I20260709 12:58:18.672528  1357 raft_consensus.cc:1081] T 197c1b9ca197423fb3778e99f87c4ec6 P 0a1872b0e7664728a309bf69ec98bb99 [term 1 LEADER]: Signalling peer 483dd95adf5c4267a2bb9e3f59ca241f to start an election
I20260709 12:58:18.674041  1057 tablet_service.cc:2044] Received Run Leader Election RPC: tablet_id: "197c1b9ca197423fb3778e99f87c4ec6"
dest_uuid: "483dd95adf5c4267a2bb9e3f59ca241f"
 from {username='slave'} at 127.0.0.1:50032
I20260709 12:58:18.674546  1057 raft_consensus.cc:493] T 197c1b9ca197423fb3778e99f87c4ec6 P 483dd95adf5c4267a2bb9e3f59ca241f [term 1 FOLLOWER]: Starting forced leader election (received explicit request)
I20260709 12:58:18.674866  1057 raft_consensus.cc:3060] T 197c1b9ca197423fb3778e99f87c4ec6 P 483dd95adf5c4267a2bb9e3f59ca241f [term 1 FOLLOWER]: Advancing to term 2
I20260709 12:58:18.679438  1056 raft_consensus.cc:515] T 4c140b13201946099390336a85c3cde7 P 483dd95adf5c4267a2bb9e3f59ca241f [term 4 FOLLOWER]: Starting forced leader election with config: opid_index: -1 OBSOLETE_local: false peers { permanent_uuid: "483dd95adf5c4267a2bb9e3f59ca241f" member_type: VOTER last_known_addr { host: "127.0.107.193" port: 45123 } } peers { permanent_uuid: "0a1872b0e7664728a309bf69ec98bb99" member_type: VOTER last_known_addr { host: "127.0.107.194" port: 38263 } } peers { permanent_uuid: "3109a510458749d39ccce8ecf29cb0f1" member_type: VOTER last_known_addr { host: "127.0.107.195" port: 45635 } }
I20260709 12:58:18.681514  1056 leader_election.cc:290] T 4c140b13201946099390336a85c3cde7 P 483dd95adf5c4267a2bb9e3f59ca241f [CANDIDATE]: Term 4 election: Requested vote from peers 0a1872b0e7664728a309bf69ec98bb99 (127.0.107.194:38263), 3109a510458749d39ccce8ecf29cb0f1 (127.0.107.195:45635)
I20260709 12:58:18.681293  1057 raft_consensus.cc:515] T 197c1b9ca197423fb3778e99f87c4ec6 P 483dd95adf5c4267a2bb9e3f59ca241f [term 2 FOLLOWER]: Starting forced leader election with config: opid_index: -1 OBSOLETE_local: false peers { permanent_uuid: "483dd95adf5c4267a2bb9e3f59ca241f" member_type: VOTER last_known_addr { host: "127.0.107.193" port: 45123 } } peers { permanent_uuid: "0a1872b0e7664728a309bf69ec98bb99" member_type: VOTER last_known_addr { host: "127.0.107.194" port: 38263 } } peers { permanent_uuid: "3109a510458749d39ccce8ecf29cb0f1" member_type: VOTER last_known_addr { host: "127.0.107.195" port: 45635 } }
I20260709 12:58:18.682458  1130 tablet_service.cc:1917] Received RequestConsensusVote() RPC: tablet_id: "4c140b13201946099390336a85c3cde7" candidate_uuid: "483dd95adf5c4267a2bb9e3f59ca241f" candidate_term: 4 candidate_status { last_received { term: 3 index: 3 } } ignore_live_leader: true dest_uuid: "0a1872b0e7664728a309bf69ec98bb99"
I20260709 12:58:18.683000  1130 raft_consensus.cc:3060] T 4c140b13201946099390336a85c3cde7 P 0a1872b0e7664728a309bf69ec98bb99 [term 3 FOLLOWER]: Advancing to term 4
I20260709 12:58:18.683256  1057 leader_election.cc:290] T 197c1b9ca197423fb3778e99f87c4ec6 P 483dd95adf5c4267a2bb9e3f59ca241f [CANDIDATE]: Term 2 election: Requested vote from peers 0a1872b0e7664728a309bf69ec98bb99 (127.0.107.194:38263), 3109a510458749d39ccce8ecf29cb0f1 (127.0.107.195:45635)
I20260709 12:58:18.684190  1206 tablet_service.cc:1917] Received RequestConsensusVote() RPC: tablet_id: "197c1b9ca197423fb3778e99f87c4ec6" candidate_uuid: "483dd95adf5c4267a2bb9e3f59ca241f" candidate_term: 2 candidate_status { last_received { term: 1 index: 1 } } ignore_live_leader: true dest_uuid: "3109a510458749d39ccce8ecf29cb0f1"
I20260709 12:58:18.684360  1132 tablet_service.cc:1917] Received RequestConsensusVote() RPC: tablet_id: "197c1b9ca197423fb3778e99f87c4ec6" candidate_uuid: "483dd95adf5c4267a2bb9e3f59ca241f" candidate_term: 2 candidate_status { last_received { term: 1 index: 1 } } ignore_live_leader: true dest_uuid: "0a1872b0e7664728a309bf69ec98bb99"
I20260709 12:58:18.684011  1205 tablet_service.cc:1917] Received RequestConsensusVote() RPC: tablet_id: "4c140b13201946099390336a85c3cde7" candidate_uuid: "483dd95adf5c4267a2bb9e3f59ca241f" candidate_term: 4 candidate_status { last_received { term: 3 index: 3 } } ignore_live_leader: true dest_uuid: "3109a510458749d39ccce8ecf29cb0f1"
I20260709 12:58:18.688637  1206 raft_consensus.cc:3060] T 197c1b9ca197423fb3778e99f87c4ec6 P 3109a510458749d39ccce8ecf29cb0f1 [term 1 FOLLOWER]: Advancing to term 2
I20260709 12:58:18.688640  1132 raft_consensus.cc:3055] T 197c1b9ca197423fb3778e99f87c4ec6 P 0a1872b0e7664728a309bf69ec98bb99 [term 1 LEADER]: Stepping down as leader of term 1
I20260709 12:58:18.688982  1205 raft_consensus.cc:3055] T 4c140b13201946099390336a85c3cde7 P 3109a510458749d39ccce8ecf29cb0f1 [term 3 LEADER]: Stepping down as leader of term 3
I20260709 12:58:18.689342  1132 raft_consensus.cc:740] T 197c1b9ca197423fb3778e99f87c4ec6 P 0a1872b0e7664728a309bf69ec98bb99 [term 1 LEADER]: Becoming Follower/Learner. State: Replica: 0a1872b0e7664728a309bf69ec98bb99, State: Running, Role: LEADER
I20260709 12:58:18.689392  1205 raft_consensus.cc:740] T 4c140b13201946099390336a85c3cde7 P 3109a510458749d39ccce8ecf29cb0f1 [term 3 LEADER]: Becoming Follower/Learner. State: Replica: 3109a510458749d39ccce8ecf29cb0f1, State: Running, Role: LEADER
I20260709 12:58:18.690500  1205 consensus_queue.cc:260] T 4c140b13201946099390336a85c3cde7 P 3109a510458749d39ccce8ecf29cb0f1 [NON_LEADER]: Queue going to NON_LEADER mode. State: All replicated index: 0, Majority replicated index: 3, Committed index: 3, Last appended: 3.3, Last appended by leader: 3, Current term: 3, Majority size: -1, State: 0, Mode: NON_LEADER, active raft config: opid_index: -1 OBSOLETE_local: false peers { permanent_uuid: "483dd95adf5c4267a2bb9e3f59ca241f" member_type: VOTER last_known_addr { host: "127.0.107.193" port: 45123 } } peers { permanent_uuid: "0a1872b0e7664728a309bf69ec98bb99" member_type: VOTER last_known_addr { host: "127.0.107.194" port: 38263 } } peers { permanent_uuid: "3109a510458749d39ccce8ecf29cb0f1" member_type: VOTER last_known_addr { host: "127.0.107.195" port: 45635 } }
I20260709 12:58:18.690393  1132 consensus_queue.cc:260] T 197c1b9ca197423fb3778e99f87c4ec6 P 0a1872b0e7664728a309bf69ec98bb99 [NON_LEADER]: Queue going to NON_LEADER mode. State: All replicated index: 0, Majority replicated index: 1, Committed index: 1, Last appended: 1.1, Last appended by leader: 1, Current term: 1, Majority size: -1, State: 0, Mode: NON_LEADER, active raft config: opid_index: -1 OBSOLETE_local: false peers { permanent_uuid: "483dd95adf5c4267a2bb9e3f59ca241f" member_type: VOTER last_known_addr { host: "127.0.107.193" port: 45123 } } peers { permanent_uuid: "0a1872b0e7664728a309bf69ec98bb99" member_type: VOTER last_known_addr { host: "127.0.107.194" port: 38263 } } peers { permanent_uuid: "3109a510458749d39ccce8ecf29cb0f1" member_type: VOTER last_known_addr { host: "127.0.107.195" port: 45635 } }
I20260709 12:58:18.690404  1130 raft_consensus.cc:2468] T 4c140b13201946099390336a85c3cde7 P 0a1872b0e7664728a309bf69ec98bb99 [term 4 FOLLOWER]: Leader election vote request: Granting yes vote for candidate 483dd95adf5c4267a2bb9e3f59ca241f in term 4.
I20260709 12:58:18.692133  1023 leader_election.cc:304] T 4c140b13201946099390336a85c3cde7 P 483dd95adf5c4267a2bb9e3f59ca241f [CANDIDATE]: Term 4 election: Election decided. Result: candidate won. Election summary: received 2 responses out of 3 voters: 2 yes votes; 0 no votes. yes voters: 0a1872b0e7664728a309bf69ec98bb99, 483dd95adf5c4267a2bb9e3f59ca241f; no voters: 
I20260709 12:58:18.692363  1205 raft_consensus.cc:3060] T 4c140b13201946099390336a85c3cde7 P 3109a510458749d39ccce8ecf29cb0f1 [term 3 FOLLOWER]: Advancing to term 4
I20260709 12:58:18.693290  1343 raft_consensus.cc:2804] T 4c140b13201946099390336a85c3cde7 P 483dd95adf5c4267a2bb9e3f59ca241f [term 4 FOLLOWER]: Leader election won for term 4
I20260709 12:58:18.694671  1132 raft_consensus.cc:3060] T 197c1b9ca197423fb3778e99f87c4ec6 P 0a1872b0e7664728a309bf69ec98bb99 [term 1 FOLLOWER]: Advancing to term 2
I20260709 12:58:18.696735  1206 raft_consensus.cc:2468] T 197c1b9ca197423fb3778e99f87c4ec6 P 3109a510458749d39ccce8ecf29cb0f1 [term 2 FOLLOWER]: Leader election vote request: Granting yes vote for candidate 483dd95adf5c4267a2bb9e3f59ca241f in term 2.
I20260709 12:58:18.697316  1343 raft_consensus.cc:697] T 4c140b13201946099390336a85c3cde7 P 483dd95adf5c4267a2bb9e3f59ca241f [term 4 LEADER]: Becoming Leader. State: Replica: 483dd95adf5c4267a2bb9e3f59ca241f, State: Running, Role: LEADER
I20260709 12:58:18.698225  1020 leader_election.cc:304] T 197c1b9ca197423fb3778e99f87c4ec6 P 483dd95adf5c4267a2bb9e3f59ca241f [CANDIDATE]: Term 2 election: Election decided. Result: candidate won. Election summary: received 2 responses out of 3 voters: 2 yes votes; 0 no votes. yes voters: 3109a510458749d39ccce8ecf29cb0f1, 483dd95adf5c4267a2bb9e3f59ca241f; no voters: 
I20260709 12:58:18.698172  1343 consensus_queue.cc:237] T 4c140b13201946099390336a85c3cde7 P 483dd95adf5c4267a2bb9e3f59ca241f [LEADER]: Queue going to LEADER mode. State: All replicated index: 0, Majority replicated index: 3, Committed index: 3, Last appended: 3.3, Last appended by leader: 3, Current term: 4, Majority size: 2, State: 0, Mode: LEADER, active raft config: opid_index: -1 OBSOLETE_local: false peers { permanent_uuid: "483dd95adf5c4267a2bb9e3f59ca241f" member_type: VOTER last_known_addr { host: "127.0.107.193" port: 45123 } } peers { permanent_uuid: "0a1872b0e7664728a309bf69ec98bb99" member_type: VOTER last_known_addr { host: "127.0.107.194" port: 38263 } } peers { permanent_uuid: "3109a510458749d39ccce8ecf29cb0f1" member_type: VOTER last_known_addr { host: "127.0.107.195" port: 45635 } }
I20260709 12:58:18.699496  1366 raft_consensus.cc:2804] T 197c1b9ca197423fb3778e99f87c4ec6 P 483dd95adf5c4267a2bb9e3f59ca241f [term 2 FOLLOWER]: Leader election won for term 2
I20260709 12:58:18.700012  1366 raft_consensus.cc:697] T 197c1b9ca197423fb3778e99f87c4ec6 P 483dd95adf5c4267a2bb9e3f59ca241f [term 2 LEADER]: Becoming Leader. State: Replica: 483dd95adf5c4267a2bb9e3f59ca241f, State: Running, Role: LEADER
I20260709 12:58:18.700825  1366 consensus_queue.cc:237] T 197c1b9ca197423fb3778e99f87c4ec6 P 483dd95adf5c4267a2bb9e3f59ca241f [LEADER]: Queue going to LEADER mode. State: All replicated index: 0, Majority replicated index: 1, Committed index: 1, Last appended: 1.1, Last appended by leader: 1, Current term: 2, Majority size: 2, State: 0, Mode: LEADER, active raft config: opid_index: -1 OBSOLETE_local: false peers { permanent_uuid: "483dd95adf5c4267a2bb9e3f59ca241f" member_type: VOTER last_known_addr { host: "127.0.107.193" port: 45123 } } peers { permanent_uuid: "0a1872b0e7664728a309bf69ec98bb99" member_type: VOTER last_known_addr { host: "127.0.107.194" port: 38263 } } peers { permanent_uuid: "3109a510458749d39ccce8ecf29cb0f1" member_type: VOTER last_known_addr { host: "127.0.107.195" port: 45635 } }
I20260709 12:58:18.700902  1205 raft_consensus.cc:2468] T 4c140b13201946099390336a85c3cde7 P 3109a510458749d39ccce8ecf29cb0f1 [term 4 FOLLOWER]: Leader election vote request: Granting yes vote for candidate 483dd95adf5c4267a2bb9e3f59ca241f in term 4.
I20260709 12:58:18.704684  1132 raft_consensus.cc:2468] T 197c1b9ca197423fb3778e99f87c4ec6 P 0a1872b0e7664728a309bf69ec98bb99 [term 2 FOLLOWER]: Leader election vote request: Granting yes vote for candidate 483dd95adf5c4267a2bb9e3f59ca241f in term 2.
I20260709 12:58:18.706022   955 catalog_manager.cc:5697] T 4c140b13201946099390336a85c3cde7 P 483dd95adf5c4267a2bb9e3f59ca241f reported cstate change: term changed from 3 to 4, leader changed from 3109a510458749d39ccce8ecf29cb0f1 (127.0.107.195) to 483dd95adf5c4267a2bb9e3f59ca241f (127.0.107.193). New cstate: current_term: 4 leader_uuid: "483dd95adf5c4267a2bb9e3f59ca241f" committed_config { opid_index: -1 OBSOLETE_local: false peers { permanent_uuid: "483dd95adf5c4267a2bb9e3f59ca241f" member_type: VOTER last_known_addr { host: "127.0.107.193" port: 45123 } health_report { overall_health: HEALTHY } } peers { permanent_uuid: "0a1872b0e7664728a309bf69ec98bb99" member_type: VOTER last_known_addr { host: "127.0.107.194" port: 38263 } health_report { overall_health: UNKNOWN } } peers { permanent_uuid: "3109a510458749d39ccce8ecf29cb0f1" member_type: VOTER last_known_addr { host: "127.0.107.195" port: 45635 } health_report { overall_health: UNKNOWN } } }
I20260709 12:58:18.716382   955 catalog_manager.cc:5697] T 197c1b9ca197423fb3778e99f87c4ec6 P 483dd95adf5c4267a2bb9e3f59ca241f reported cstate change: term changed from 1 to 2, leader changed from 0a1872b0e7664728a309bf69ec98bb99 (127.0.107.194) to 483dd95adf5c4267a2bb9e3f59ca241f (127.0.107.193). New cstate: current_term: 2 leader_uuid: "483dd95adf5c4267a2bb9e3f59ca241f" committed_config { opid_index: -1 OBSOLETE_local: false peers { permanent_uuid: "483dd95adf5c4267a2bb9e3f59ca241f" member_type: VOTER last_known_addr { host: "127.0.107.193" port: 45123 } health_report { overall_health: HEALTHY } } peers { permanent_uuid: "0a1872b0e7664728a309bf69ec98bb99" member_type: VOTER last_known_addr { host: "127.0.107.194" port: 38263 } health_report { overall_health: UNKNOWN } } peers { permanent_uuid: "3109a510458749d39ccce8ecf29cb0f1" member_type: VOTER last_known_addr { host: "127.0.107.195" port: 45635 } health_report { overall_health: UNKNOWN } } }
I20260709 12:58:18.782035  1205 raft_consensus.cc:1275] T c799c342727643469ddf75531cb6a386 P 3109a510458749d39ccce8ecf29cb0f1 [term 3 FOLLOWER]: Refusing update from remote peer 483dd95adf5c4267a2bb9e3f59ca241f: Log matching property violated. Preceding OpId in replica: term: 2 index: 2. Preceding OpId from leader: term: 3 index: 3. (index mismatch)
I20260709 12:58:18.783108  1366 consensus_queue.cc:1048] T c799c342727643469ddf75531cb6a386 P 483dd95adf5c4267a2bb9e3f59ca241f [LEADER]: Connected to new peer: Peer: permanent_uuid: "3109a510458749d39ccce8ecf29cb0f1" member_type: VOTER last_known_addr { host: "127.0.107.195" port: 45635 }, Status: LMP_MISMATCH, Last received: 0.0, Next index: 3, Last known committed idx: 2, Time since last communication: 0.000s
I20260709 12:58:18.792320  1132 raft_consensus.cc:1275] T c799c342727643469ddf75531cb6a386 P 0a1872b0e7664728a309bf69ec98bb99 [term 3 FOLLOWER]: Refusing update from remote peer 483dd95adf5c4267a2bb9e3f59ca241f: Log matching property violated. Preceding OpId in replica: term: 2 index: 2. Preceding OpId from leader: term: 3 index: 3. (index mismatch)
I20260709 12:58:18.793836  1302 consensus_queue.cc:1048] T c799c342727643469ddf75531cb6a386 P 483dd95adf5c4267a2bb9e3f59ca241f [LEADER]: Connected to new peer: Peer: permanent_uuid: "0a1872b0e7664728a309bf69ec98bb99" member_type: VOTER last_known_addr { host: "127.0.107.194" port: 38263 }, Status: LMP_MISMATCH, Last received: 0.0, Next index: 3, Last known committed idx: 2, Time since last communication: 0.000s
I20260709 12:58:18.966557  1205 raft_consensus.cc:1275] T 5e35f64be6b3450b86ff92a544ea44a5 P 3109a510458749d39ccce8ecf29cb0f1 [term 3 FOLLOWER]: Refusing update from remote peer 483dd95adf5c4267a2bb9e3f59ca241f: Log matching property violated. Preceding OpId in replica: term: 2 index: 2. Preceding OpId from leader: term: 3 index: 3. (index mismatch)
I20260709 12:58:18.967905  1302 consensus_queue.cc:1048] T 5e35f64be6b3450b86ff92a544ea44a5 P 483dd95adf5c4267a2bb9e3f59ca241f [LEADER]: Connected to new peer: Peer: permanent_uuid: "3109a510458749d39ccce8ecf29cb0f1" member_type: VOTER last_known_addr { host: "127.0.107.195" port: 45635 }, Status: LMP_MISMATCH, Last received: 0.0, Next index: 3, Last known committed idx: 2, Time since last communication: 0.000s
I20260709 12:58:18.976073  1132 raft_consensus.cc:1275] T 5e35f64be6b3450b86ff92a544ea44a5 P 0a1872b0e7664728a309bf69ec98bb99 [term 3 FOLLOWER]: Refusing update from remote peer 483dd95adf5c4267a2bb9e3f59ca241f: Log matching property violated. Preceding OpId in replica: term: 2 index: 2. Preceding OpId from leader: term: 3 index: 3. (index mismatch)
I20260709 12:58:18.978188  1343 consensus_queue.cc:1048] T 5e35f64be6b3450b86ff92a544ea44a5 P 483dd95adf5c4267a2bb9e3f59ca241f [LEADER]: Connected to new peer: Peer: permanent_uuid: "0a1872b0e7664728a309bf69ec98bb99" member_type: VOTER last_known_addr { host: "127.0.107.194" port: 38263 }, Status: LMP_MISMATCH, Last received: 0.0, Next index: 3, Last known committed idx: 2, Time since last communication: 0.000s
I20260709 12:58:19.098234  1205 raft_consensus.cc:1275] T da50736388644f518300a8cde9526117 P 3109a510458749d39ccce8ecf29cb0f1 [term 3 FOLLOWER]: Refusing update from remote peer 483dd95adf5c4267a2bb9e3f59ca241f: Log matching property violated. Preceding OpId in replica: term: 2 index: 2. Preceding OpId from leader: term: 3 index: 3. (index mismatch)
I20260709 12:58:19.099455  1343 consensus_queue.cc:1048] T da50736388644f518300a8cde9526117 P 483dd95adf5c4267a2bb9e3f59ca241f [LEADER]: Connected to new peer: Peer: permanent_uuid: "3109a510458749d39ccce8ecf29cb0f1" member_type: VOTER last_known_addr { host: "127.0.107.195" port: 45635 }, Status: LMP_MISMATCH, Last received: 0.0, Next index: 3, Last known committed idx: 2, Time since last communication: 0.000s
I20260709 12:58:19.107947  1132 raft_consensus.cc:1275] T da50736388644f518300a8cde9526117 P 0a1872b0e7664728a309bf69ec98bb99 [term 3 FOLLOWER]: Refusing update from remote peer 483dd95adf5c4267a2bb9e3f59ca241f: Log matching property violated. Preceding OpId in replica: term: 2 index: 2. Preceding OpId from leader: term: 3 index: 3. (index mismatch)
I20260709 12:58:19.109337  1302 consensus_queue.cc:1048] T da50736388644f518300a8cde9526117 P 483dd95adf5c4267a2bb9e3f59ca241f [LEADER]: Connected to new peer: Peer: permanent_uuid: "0a1872b0e7664728a309bf69ec98bb99" member_type: VOTER last_known_addr { host: "127.0.107.194" port: 38263 }, Status: LMP_MISMATCH, Last received: 0.0, Next index: 3, Last known committed idx: 2, Time since last communication: 0.000s
I20260709 12:58:19.227690  1205 raft_consensus.cc:1275] T 197c1b9ca197423fb3778e99f87c4ec6 P 3109a510458749d39ccce8ecf29cb0f1 [term 2 FOLLOWER]: Refusing update from remote peer 483dd95adf5c4267a2bb9e3f59ca241f: Log matching property violated. Preceding OpId in replica: term: 1 index: 1. Preceding OpId from leader: term: 2 index: 2. (index mismatch)
I20260709 12:58:19.228864  1302 consensus_queue.cc:1048] T 197c1b9ca197423fb3778e99f87c4ec6 P 483dd95adf5c4267a2bb9e3f59ca241f [LEADER]: Connected to new peer: Peer: permanent_uuid: "3109a510458749d39ccce8ecf29cb0f1" member_type: VOTER last_known_addr { host: "127.0.107.195" port: 45635 }, Status: LMP_MISMATCH, Last received: 0.0, Next index: 2, Last known committed idx: 1, Time since last communication: 0.000s
I20260709 12:58:19.240101  1132 raft_consensus.cc:1275] T 197c1b9ca197423fb3778e99f87c4ec6 P 0a1872b0e7664728a309bf69ec98bb99 [term 2 FOLLOWER]: Refusing update from remote peer 483dd95adf5c4267a2bb9e3f59ca241f: Log matching property violated. Preceding OpId in replica: term: 1 index: 1. Preceding OpId from leader: term: 2 index: 2. (index mismatch)
I20260709 12:58:19.241505  1376 consensus_queue.cc:1048] T 197c1b9ca197423fb3778e99f87c4ec6 P 483dd95adf5c4267a2bb9e3f59ca241f [LEADER]: Connected to new peer: Peer: permanent_uuid: "0a1872b0e7664728a309bf69ec98bb99" member_type: VOTER last_known_addr { host: "127.0.107.194" port: 38263 }, Status: LMP_MISMATCH, Last received: 0.0, Next index: 2, Last known committed idx: 1, Time since last communication: 0.000s
I20260709 12:58:19.269164  1206 raft_consensus.cc:1275] T 4c140b13201946099390336a85c3cde7 P 3109a510458749d39ccce8ecf29cb0f1 [term 4 FOLLOWER]: Refusing update from remote peer 483dd95adf5c4267a2bb9e3f59ca241f: Log matching property violated. Preceding OpId in replica: term: 3 index: 3. Preceding OpId from leader: term: 4 index: 4. (index mismatch)
I20260709 12:58:19.270386  1376 consensus_queue.cc:1048] T 4c140b13201946099390336a85c3cde7 P 483dd95adf5c4267a2bb9e3f59ca241f [LEADER]: Connected to new peer: Peer: permanent_uuid: "3109a510458749d39ccce8ecf29cb0f1" member_type: VOTER last_known_addr { host: "127.0.107.195" port: 45635 }, Status: LMP_MISMATCH, Last received: 0.0, Next index: 4, Last known committed idx: 3, Time since last communication: 0.000s
I20260709 12:58:19.277043  1132 raft_consensus.cc:1275] T 4c140b13201946099390336a85c3cde7 P 0a1872b0e7664728a309bf69ec98bb99 [term 4 FOLLOWER]: Refusing update from remote peer 483dd95adf5c4267a2bb9e3f59ca241f: Log matching property violated. Preceding OpId in replica: term: 3 index: 3. Preceding OpId from leader: term: 4 index: 4. (index mismatch)
I20260709 12:58:19.279126  1376 consensus_queue.cc:1048] T 4c140b13201946099390336a85c3cde7 P 483dd95adf5c4267a2bb9e3f59ca241f [LEADER]: Connected to new peer: Peer: permanent_uuid: "0a1872b0e7664728a309bf69ec98bb99" member_type: VOTER last_known_addr { host: "127.0.107.194" port: 38263 }, Status: LMP_MISMATCH, Last received: 0.0, Next index: 4, Last known committed idx: 3, Time since last communication: 0.000s
I20260709 12:58:21.349700   431 auto_leader_rebalancer.cc:141] leader rebalance for table test-workload
I20260709 12:58:21.357913  1057 tablet_service.cc:2072] Received LeaderStepDown RPC: tablet_id: "197c1b9ca197423fb3778e99f87c4ec6"
dest_uuid: "483dd95adf5c4267a2bb9e3f59ca241f"
mode: GRACEFUL
new_leader_uuid: "3109a510458749d39ccce8ecf29cb0f1"
 from {username='slave'} at 127.0.0.1:52468
I20260709 12:58:21.358798  1057 raft_consensus.cc:606] T 197c1b9ca197423fb3778e99f87c4ec6 P 483dd95adf5c4267a2bb9e3f59ca241f [term 2 LEADER]: Received request to transfer leadership to TS 3109a510458749d39ccce8ecf29cb0f1
I20260709 12:58:21.361385  1057 tablet_service.cc:2072] Received LeaderStepDown RPC: tablet_id: "4c140b13201946099390336a85c3cde7"
dest_uuid: "483dd95adf5c4267a2bb9e3f59ca241f"
mode: GRACEFUL
new_leader_uuid: "3109a510458749d39ccce8ecf29cb0f1"
 from {username='slave'} at 127.0.0.1:52468
I20260709 12:58:21.361797  1057 raft_consensus.cc:606] T 4c140b13201946099390336a85c3cde7 P 483dd95adf5c4267a2bb9e3f59ca241f [term 4 LEADER]: Received request to transfer leadership to TS 3109a510458749d39ccce8ecf29cb0f1
I20260709 12:58:21.363873  1057 tablet_service.cc:2072] Received LeaderStepDown RPC: tablet_id: "c799c342727643469ddf75531cb6a386"
dest_uuid: "483dd95adf5c4267a2bb9e3f59ca241f"
mode: GRACEFUL
new_leader_uuid: "0a1872b0e7664728a309bf69ec98bb99"
 from {username='slave'} at 127.0.0.1:52468
I20260709 12:58:21.364264  1057 raft_consensus.cc:606] T c799c342727643469ddf75531cb6a386 P 483dd95adf5c4267a2bb9e3f59ca241f [term 3 LEADER]: Received request to transfer leadership to TS 0a1872b0e7664728a309bf69ec98bb99
I20260709 12:58:21.366369  1057 tablet_service.cc:2072] Received LeaderStepDown RPC: tablet_id: "da50736388644f518300a8cde9526117"
dest_uuid: "483dd95adf5c4267a2bb9e3f59ca241f"
mode: GRACEFUL
new_leader_uuid: "0a1872b0e7664728a309bf69ec98bb99"
 from {username='slave'} at 127.0.0.1:52468
I20260709 12:58:21.366762  1057 raft_consensus.cc:606] T da50736388644f518300a8cde9526117 P 483dd95adf5c4267a2bb9e3f59ca241f [term 3 LEADER]: Received request to transfer leadership to TS 0a1872b0e7664728a309bf69ec98bb99
I20260709 12:58:21.367761   431 auto_leader_rebalancer.cc:452] table: test-workload, leader rebalance finish, leader transfer count: 4
I20260709 12:58:21.368239   431 auto_leader_rebalancer.cc:527] All tables' leader rebalancing finished this round
I20260709 12:58:21.399047  1380 raft_consensus.cc:993] T c799c342727643469ddf75531cb6a386 P 483dd95adf5c4267a2bb9e3f59ca241f: : Instructing follower 0a1872b0e7664728a309bf69ec98bb99 to start an election
I20260709 12:58:21.400095  1376 raft_consensus.cc:1081] T c799c342727643469ddf75531cb6a386 P 483dd95adf5c4267a2bb9e3f59ca241f [term 3 LEADER]: Signalling peer 0a1872b0e7664728a309bf69ec98bb99 to start an election
I20260709 12:58:21.402047  1130 tablet_service.cc:2044] Received Run Leader Election RPC: tablet_id: "c799c342727643469ddf75531cb6a386"
dest_uuid: "0a1872b0e7664728a309bf69ec98bb99"
 from {username='slave'} at 127.0.0.1:50598
I20260709 12:58:21.402536  1130 raft_consensus.cc:493] T c799c342727643469ddf75531cb6a386 P 0a1872b0e7664728a309bf69ec98bb99 [term 3 FOLLOWER]: Starting forced leader election (received explicit request)
I20260709 12:58:21.402849  1130 raft_consensus.cc:3060] T c799c342727643469ddf75531cb6a386 P 0a1872b0e7664728a309bf69ec98bb99 [term 3 FOLLOWER]: Advancing to term 4
I20260709 12:58:21.407727  1130 raft_consensus.cc:515] T c799c342727643469ddf75531cb6a386 P 0a1872b0e7664728a309bf69ec98bb99 [term 4 FOLLOWER]: Starting forced leader election with config: opid_index: -1 OBSOLETE_local: false peers { permanent_uuid: "483dd95adf5c4267a2bb9e3f59ca241f" member_type: VOTER last_known_addr { host: "127.0.107.193" port: 45123 } } peers { permanent_uuid: "0a1872b0e7664728a309bf69ec98bb99" member_type: VOTER last_known_addr { host: "127.0.107.194" port: 38263 } } peers { permanent_uuid: "3109a510458749d39ccce8ecf29cb0f1" member_type: VOTER last_known_addr { host: "127.0.107.195" port: 45635 } }
I20260709 12:58:21.409404  1130 leader_election.cc:290] T c799c342727643469ddf75531cb6a386 P 0a1872b0e7664728a309bf69ec98bb99 [CANDIDATE]: Term 4 election: Requested vote from peers 483dd95adf5c4267a2bb9e3f59ca241f (127.0.107.193:45123), 3109a510458749d39ccce8ecf29cb0f1 (127.0.107.195:45635)
I20260709 12:58:21.410154  1057 tablet_service.cc:1917] Received RequestConsensusVote() RPC: tablet_id: "c799c342727643469ddf75531cb6a386" candidate_uuid: "0a1872b0e7664728a309bf69ec98bb99" candidate_term: 4 candidate_status { last_received { term: 3 index: 3 } } ignore_live_leader: true dest_uuid: "483dd95adf5c4267a2bb9e3f59ca241f"
I20260709 12:58:21.410596  1206 tablet_service.cc:1917] Received RequestConsensusVote() RPC: tablet_id: "c799c342727643469ddf75531cb6a386" candidate_uuid: "0a1872b0e7664728a309bf69ec98bb99" candidate_term: 4 candidate_status { last_received { term: 3 index: 3 } } ignore_live_leader: true dest_uuid: "3109a510458749d39ccce8ecf29cb0f1"
I20260709 12:58:21.410892  1057 raft_consensus.cc:3055] T c799c342727643469ddf75531cb6a386 P 483dd95adf5c4267a2bb9e3f59ca241f [term 3 LEADER]: Stepping down as leader of term 3
I20260709 12:58:21.411127  1206 raft_consensus.cc:3060] T c799c342727643469ddf75531cb6a386 P 3109a510458749d39ccce8ecf29cb0f1 [term 3 FOLLOWER]: Advancing to term 4
I20260709 12:58:21.411226  1057 raft_consensus.cc:740] T c799c342727643469ddf75531cb6a386 P 483dd95adf5c4267a2bb9e3f59ca241f [term 3 LEADER]: Becoming Follower/Learner. State: Replica: 483dd95adf5c4267a2bb9e3f59ca241f, State: Running, Role: LEADER
I20260709 12:58:21.412062  1057 consensus_queue.cc:260] T c799c342727643469ddf75531cb6a386 P 483dd95adf5c4267a2bb9e3f59ca241f [NON_LEADER]: Queue going to NON_LEADER mode. State: All replicated index: 0, Majority replicated index: 3, Committed index: 3, Last appended: 3.3, Last appended by leader: 3, Current term: 3, Majority size: -1, State: 0, Mode: NON_LEADER, active raft config: opid_index: -1 OBSOLETE_local: false peers { permanent_uuid: "483dd95adf5c4267a2bb9e3f59ca241f" member_type: VOTER last_known_addr { host: "127.0.107.193" port: 45123 } } peers { permanent_uuid: "0a1872b0e7664728a309bf69ec98bb99" member_type: VOTER last_known_addr { host: "127.0.107.194" port: 38263 } } peers { permanent_uuid: "3109a510458749d39ccce8ecf29cb0f1" member_type: VOTER last_known_addr { host: "127.0.107.195" port: 45635 } }
I20260709 12:58:21.413334  1057 raft_consensus.cc:3060] T c799c342727643469ddf75531cb6a386 P 483dd95adf5c4267a2bb9e3f59ca241f [term 3 FOLLOWER]: Advancing to term 4
I20260709 12:58:21.417196  1206 raft_consensus.cc:2468] T c799c342727643469ddf75531cb6a386 P 3109a510458749d39ccce8ecf29cb0f1 [term 4 FOLLOWER]: Leader election vote request: Granting yes vote for candidate 0a1872b0e7664728a309bf69ec98bb99 in term 4.
I20260709 12:58:21.418193  1057 raft_consensus.cc:2468] T c799c342727643469ddf75531cb6a386 P 483dd95adf5c4267a2bb9e3f59ca241f [term 4 FOLLOWER]: Leader election vote request: Granting yes vote for candidate 0a1872b0e7664728a309bf69ec98bb99 in term 4.
I20260709 12:58:21.418573  1095 leader_election.cc:304] T c799c342727643469ddf75531cb6a386 P 0a1872b0e7664728a309bf69ec98bb99 [CANDIDATE]: Term 4 election: Election decided. Result: candidate won. Election summary: received 2 responses out of 3 voters: 2 yes votes; 0 no votes. yes voters: 0a1872b0e7664728a309bf69ec98bb99, 3109a510458749d39ccce8ecf29cb0f1; no voters: 
I20260709 12:58:21.419489  1284 raft_consensus.cc:2804] T c799c342727643469ddf75531cb6a386 P 0a1872b0e7664728a309bf69ec98bb99 [term 4 FOLLOWER]: Leader election won for term 4
I20260709 12:58:21.420421  1284 raft_consensus.cc:697] T c799c342727643469ddf75531cb6a386 P 0a1872b0e7664728a309bf69ec98bb99 [term 4 LEADER]: Becoming Leader. State: Replica: 0a1872b0e7664728a309bf69ec98bb99, State: Running, Role: LEADER
I20260709 12:58:21.421391  1284 consensus_queue.cc:237] T c799c342727643469ddf75531cb6a386 P 0a1872b0e7664728a309bf69ec98bb99 [LEADER]: Queue going to LEADER mode. State: All replicated index: 0, Majority replicated index: 3, Committed index: 3, Last appended: 3.3, Last appended by leader: 3, Current term: 4, Majority size: 2, State: 0, Mode: LEADER, active raft config: opid_index: -1 OBSOLETE_local: false peers { permanent_uuid: "483dd95adf5c4267a2bb9e3f59ca241f" member_type: VOTER last_known_addr { host: "127.0.107.193" port: 45123 } } peers { permanent_uuid: "0a1872b0e7664728a309bf69ec98bb99" member_type: VOTER last_known_addr { host: "127.0.107.194" port: 38263 } } peers { permanent_uuid: "3109a510458749d39ccce8ecf29cb0f1" member_type: VOTER last_known_addr { host: "127.0.107.195" port: 45635 } }
I20260709 12:58:21.427935   952 catalog_manager.cc:5697] T c799c342727643469ddf75531cb6a386 P 0a1872b0e7664728a309bf69ec98bb99 reported cstate change: term changed from 3 to 4, leader changed from 483dd95adf5c4267a2bb9e3f59ca241f (127.0.107.193) to 0a1872b0e7664728a309bf69ec98bb99 (127.0.107.194). New cstate: current_term: 4 leader_uuid: "0a1872b0e7664728a309bf69ec98bb99" committed_config { opid_index: -1 OBSOLETE_local: false peers { permanent_uuid: "483dd95adf5c4267a2bb9e3f59ca241f" member_type: VOTER last_known_addr { host: "127.0.107.193" port: 45123 } health_report { overall_health: UNKNOWN } } peers { permanent_uuid: "0a1872b0e7664728a309bf69ec98bb99" member_type: VOTER last_known_addr { host: "127.0.107.194" port: 38263 } health_report { overall_health: HEALTHY } } peers { permanent_uuid: "3109a510458749d39ccce8ecf29cb0f1" member_type: VOTER last_known_addr { host: "127.0.107.195" port: 45635 } health_report { overall_health: UNKNOWN } } }
I20260709 12:58:21.625989  1381 raft_consensus.cc:993] T da50736388644f518300a8cde9526117 P 483dd95adf5c4267a2bb9e3f59ca241f: : Instructing follower 0a1872b0e7664728a309bf69ec98bb99 to start an election
I20260709 12:58:21.626511  1381 raft_consensus.cc:1081] T da50736388644f518300a8cde9526117 P 483dd95adf5c4267a2bb9e3f59ca241f [term 3 LEADER]: Signalling peer 0a1872b0e7664728a309bf69ec98bb99 to start an election
I20260709 12:58:21.627930  1130 tablet_service.cc:2044] Received Run Leader Election RPC: tablet_id: "da50736388644f518300a8cde9526117"
dest_uuid: "0a1872b0e7664728a309bf69ec98bb99"
 from {username='slave'} at 127.0.0.1:50598
I20260709 12:58:21.628342  1130 raft_consensus.cc:493] T da50736388644f518300a8cde9526117 P 0a1872b0e7664728a309bf69ec98bb99 [term 3 FOLLOWER]: Starting forced leader election (received explicit request)
I20260709 12:58:21.629489  1130 raft_consensus.cc:3060] T da50736388644f518300a8cde9526117 P 0a1872b0e7664728a309bf69ec98bb99 [term 3 FOLLOWER]: Advancing to term 4
I20260709 12:58:21.636269  1130 raft_consensus.cc:515] T da50736388644f518300a8cde9526117 P 0a1872b0e7664728a309bf69ec98bb99 [term 4 FOLLOWER]: Starting forced leader election with config: opid_index: -1 OBSOLETE_local: false peers { permanent_uuid: "483dd95adf5c4267a2bb9e3f59ca241f" member_type: VOTER last_known_addr { host: "127.0.107.193" port: 45123 } } peers { permanent_uuid: "0a1872b0e7664728a309bf69ec98bb99" member_type: VOTER last_known_addr { host: "127.0.107.194" port: 38263 } } peers { permanent_uuid: "3109a510458749d39ccce8ecf29cb0f1" member_type: VOTER last_known_addr { host: "127.0.107.195" port: 45635 } }
I20260709 12:58:21.638096  1130 leader_election.cc:290] T da50736388644f518300a8cde9526117 P 0a1872b0e7664728a309bf69ec98bb99 [CANDIDATE]: Term 4 election: Requested vote from peers 483dd95adf5c4267a2bb9e3f59ca241f (127.0.107.193:45123), 3109a510458749d39ccce8ecf29cb0f1 (127.0.107.195:45635)
I20260709 12:58:21.639035  1057 tablet_service.cc:1917] Received RequestConsensusVote() RPC: tablet_id: "da50736388644f518300a8cde9526117" candidate_uuid: "0a1872b0e7664728a309bf69ec98bb99" candidate_term: 4 candidate_status { last_received { term: 3 index: 3 } } ignore_live_leader: true dest_uuid: "483dd95adf5c4267a2bb9e3f59ca241f"
I20260709 12:58:21.639088  1206 tablet_service.cc:1917] Received RequestConsensusVote() RPC: tablet_id: "da50736388644f518300a8cde9526117" candidate_uuid: "0a1872b0e7664728a309bf69ec98bb99" candidate_term: 4 candidate_status { last_received { term: 3 index: 3 } } ignore_live_leader: true dest_uuid: "3109a510458749d39ccce8ecf29cb0f1"
I20260709 12:58:21.639688  1057 raft_consensus.cc:3055] T da50736388644f518300a8cde9526117 P 483dd95adf5c4267a2bb9e3f59ca241f [term 3 LEADER]: Stepping down as leader of term 3
I20260709 12:58:21.639765  1206 raft_consensus.cc:3060] T da50736388644f518300a8cde9526117 P 3109a510458749d39ccce8ecf29cb0f1 [term 3 FOLLOWER]: Advancing to term 4
I20260709 12:58:21.640005  1057 raft_consensus.cc:740] T da50736388644f518300a8cde9526117 P 483dd95adf5c4267a2bb9e3f59ca241f [term 3 LEADER]: Becoming Follower/Learner. State: Replica: 483dd95adf5c4267a2bb9e3f59ca241f, State: Running, Role: LEADER
I20260709 12:58:21.640766  1057 consensus_queue.cc:260] T da50736388644f518300a8cde9526117 P 483dd95adf5c4267a2bb9e3f59ca241f [NON_LEADER]: Queue going to NON_LEADER mode. State: All replicated index: 0, Majority replicated index: 3, Committed index: 3, Last appended: 3.3, Last appended by leader: 3, Current term: 3, Majority size: -1, State: 0, Mode: NON_LEADER, active raft config: opid_index: -1 OBSOLETE_local: false peers { permanent_uuid: "483dd95adf5c4267a2bb9e3f59ca241f" member_type: VOTER last_known_addr { host: "127.0.107.193" port: 45123 } } peers { permanent_uuid: "0a1872b0e7664728a309bf69ec98bb99" member_type: VOTER last_known_addr { host: "127.0.107.194" port: 38263 } } peers { permanent_uuid: "3109a510458749d39ccce8ecf29cb0f1" member_type: VOTER last_known_addr { host: "127.0.107.195" port: 45635 } }
I20260709 12:58:21.641929  1057 raft_consensus.cc:3060] T da50736388644f518300a8cde9526117 P 483dd95adf5c4267a2bb9e3f59ca241f [term 3 FOLLOWER]: Advancing to term 4
I20260709 12:58:21.664374  1206 raft_consensus.cc:2468] T da50736388644f518300a8cde9526117 P 3109a510458749d39ccce8ecf29cb0f1 [term 4 FOLLOWER]: Leader election vote request: Granting yes vote for candidate 0a1872b0e7664728a309bf69ec98bb99 in term 4.
I20260709 12:58:21.664413  1057 raft_consensus.cc:2468] T da50736388644f518300a8cde9526117 P 483dd95adf5c4267a2bb9e3f59ca241f [term 4 FOLLOWER]: Leader election vote request: Granting yes vote for candidate 0a1872b0e7664728a309bf69ec98bb99 in term 4.
I20260709 12:58:21.665774  1095 leader_election.cc:304] T da50736388644f518300a8cde9526117 P 0a1872b0e7664728a309bf69ec98bb99 [CANDIDATE]: Term 4 election: Election decided. Result: candidate won. Election summary: received 2 responses out of 3 voters: 2 yes votes; 0 no votes. yes voters: 0a1872b0e7664728a309bf69ec98bb99, 3109a510458749d39ccce8ecf29cb0f1; no voters: 
I20260709 12:58:21.667213  1284 raft_consensus.cc:2804] T da50736388644f518300a8cde9526117 P 0a1872b0e7664728a309bf69ec98bb99 [term 4 FOLLOWER]: Leader election won for term 4
I20260709 12:58:21.667730  1284 raft_consensus.cc:697] T da50736388644f518300a8cde9526117 P 0a1872b0e7664728a309bf69ec98bb99 [term 4 LEADER]: Becoming Leader. State: Replica: 0a1872b0e7664728a309bf69ec98bb99, State: Running, Role: LEADER
I20260709 12:58:21.668660  1284 consensus_queue.cc:237] T da50736388644f518300a8cde9526117 P 0a1872b0e7664728a309bf69ec98bb99 [LEADER]: Queue going to LEADER mode. State: All replicated index: 0, Majority replicated index: 3, Committed index: 3, Last appended: 3.3, Last appended by leader: 3, Current term: 4, Majority size: 2, State: 0, Mode: LEADER, active raft config: opid_index: -1 OBSOLETE_local: false peers { permanent_uuid: "483dd95adf5c4267a2bb9e3f59ca241f" member_type: VOTER last_known_addr { host: "127.0.107.193" port: 45123 } } peers { permanent_uuid: "0a1872b0e7664728a309bf69ec98bb99" member_type: VOTER last_known_addr { host: "127.0.107.194" port: 38263 } } peers { permanent_uuid: "3109a510458749d39ccce8ecf29cb0f1" member_type: VOTER last_known_addr { host: "127.0.107.195" port: 45635 } }
I20260709 12:58:21.675961   952 catalog_manager.cc:5697] T da50736388644f518300a8cde9526117 P 0a1872b0e7664728a309bf69ec98bb99 reported cstate change: term changed from 3 to 4, leader changed from 483dd95adf5c4267a2bb9e3f59ca241f (127.0.107.193) to 0a1872b0e7664728a309bf69ec98bb99 (127.0.107.194). New cstate: current_term: 4 leader_uuid: "0a1872b0e7664728a309bf69ec98bb99" committed_config { opid_index: -1 OBSOLETE_local: false peers { permanent_uuid: "483dd95adf5c4267a2bb9e3f59ca241f" member_type: VOTER last_known_addr { host: "127.0.107.193" port: 45123 } health_report { overall_health: UNKNOWN } } peers { permanent_uuid: "0a1872b0e7664728a309bf69ec98bb99" member_type: VOTER last_known_addr { host: "127.0.107.194" port: 38263 } health_report { overall_health: HEALTHY } } peers { permanent_uuid: "3109a510458749d39ccce8ecf29cb0f1" member_type: VOTER last_known_addr { host: "127.0.107.195" port: 45635 } health_report { overall_health: UNKNOWN } } }
I20260709 12:58:21.730870  1376 raft_consensus.cc:993] T 4c140b13201946099390336a85c3cde7 P 483dd95adf5c4267a2bb9e3f59ca241f: : Instructing follower 3109a510458749d39ccce8ecf29cb0f1 to start an election
I20260709 12:58:21.731307  1376 raft_consensus.cc:1081] T 4c140b13201946099390336a85c3cde7 P 483dd95adf5c4267a2bb9e3f59ca241f [term 4 LEADER]: Signalling peer 3109a510458749d39ccce8ecf29cb0f1 to start an election
I20260709 12:58:21.732650  1206 tablet_service.cc:2044] Received Run Leader Election RPC: tablet_id: "4c140b13201946099390336a85c3cde7"
dest_uuid: "3109a510458749d39ccce8ecf29cb0f1"
 from {username='slave'} at 127.0.0.1:35610
I20260709 12:58:21.733054  1206 raft_consensus.cc:493] T 4c140b13201946099390336a85c3cde7 P 3109a510458749d39ccce8ecf29cb0f1 [term 4 FOLLOWER]: Starting forced leader election (received explicit request)
I20260709 12:58:21.733322  1206 raft_consensus.cc:3060] T 4c140b13201946099390336a85c3cde7 P 3109a510458749d39ccce8ecf29cb0f1 [term 4 FOLLOWER]: Advancing to term 5
I20260709 12:58:21.779309  1206 raft_consensus.cc:515] T 4c140b13201946099390336a85c3cde7 P 3109a510458749d39ccce8ecf29cb0f1 [term 5 FOLLOWER]: Starting forced leader election with config: opid_index: -1 OBSOLETE_local: false peers { permanent_uuid: "483dd95adf5c4267a2bb9e3f59ca241f" member_type: VOTER last_known_addr { host: "127.0.107.193" port: 45123 } } peers { permanent_uuid: "0a1872b0e7664728a309bf69ec98bb99" member_type: VOTER last_known_addr { host: "127.0.107.194" port: 38263 } } peers { permanent_uuid: "3109a510458749d39ccce8ecf29cb0f1" member_type: VOTER last_known_addr { host: "127.0.107.195" port: 45635 } }
I20260709 12:58:21.782224  1057 tablet_service.cc:1917] Received RequestConsensusVote() RPC: tablet_id: "4c140b13201946099390336a85c3cde7" candidate_uuid: "3109a510458749d39ccce8ecf29cb0f1" candidate_term: 5 candidate_status { last_received { term: 4 index: 4 } } ignore_live_leader: true dest_uuid: "483dd95adf5c4267a2bb9e3f59ca241f"
I20260709 12:58:21.782445  1132 tablet_service.cc:1917] Received RequestConsensusVote() RPC: tablet_id: "4c140b13201946099390336a85c3cde7" candidate_uuid: "3109a510458749d39ccce8ecf29cb0f1" candidate_term: 5 candidate_status { last_received { term: 4 index: 4 } } ignore_live_leader: true dest_uuid: "0a1872b0e7664728a309bf69ec98bb99"
I20260709 12:58:21.782851  1057 raft_consensus.cc:3055] T 4c140b13201946099390336a85c3cde7 P 483dd95adf5c4267a2bb9e3f59ca241f [term 4 LEADER]: Stepping down as leader of term 4
I20260709 12:58:21.783051  1132 raft_consensus.cc:3060] T 4c140b13201946099390336a85c3cde7 P 0a1872b0e7664728a309bf69ec98bb99 [term 4 FOLLOWER]: Advancing to term 5
I20260709 12:58:21.783177  1057 raft_consensus.cc:740] T 4c140b13201946099390336a85c3cde7 P 483dd95adf5c4267a2bb9e3f59ca241f [term 4 LEADER]: Becoming Follower/Learner. State: Replica: 483dd95adf5c4267a2bb9e3f59ca241f, State: Running, Role: LEADER
I20260709 12:58:21.782251  1206 leader_election.cc:290] T 4c140b13201946099390336a85c3cde7 P 3109a510458749d39ccce8ecf29cb0f1 [CANDIDATE]: Term 5 election: Requested vote from peers 483dd95adf5c4267a2bb9e3f59ca241f (127.0.107.193:45123), 0a1872b0e7664728a309bf69ec98bb99 (127.0.107.194:38263)
I20260709 12:58:21.784073  1057 consensus_queue.cc:260] T 4c140b13201946099390336a85c3cde7 P 483dd95adf5c4267a2bb9e3f59ca241f [NON_LEADER]: Queue going to NON_LEADER mode. State: All replicated index: 0, Majority replicated index: 4, Committed index: 4, Last appended: 4.4, Last appended by leader: 4, Current term: 4, Majority size: -1, State: 0, Mode: NON_LEADER, active raft config: opid_index: -1 OBSOLETE_local: false peers { permanent_uuid: "483dd95adf5c4267a2bb9e3f59ca241f" member_type: VOTER last_known_addr { host: "127.0.107.193" port: 45123 } } peers { permanent_uuid: "0a1872b0e7664728a309bf69ec98bb99" member_type: VOTER last_known_addr { host: "127.0.107.194" port: 38263 } } peers { permanent_uuid: "3109a510458749d39ccce8ecf29cb0f1" member_type: VOTER last_known_addr { host: "127.0.107.195" port: 45635 } }
I20260709 12:58:21.785897  1057 raft_consensus.cc:3060] T 4c140b13201946099390336a85c3cde7 P 483dd95adf5c4267a2bb9e3f59ca241f [term 4 FOLLOWER]: Advancing to term 5
I20260709 12:58:21.787714  1380 raft_consensus.cc:993] T 197c1b9ca197423fb3778e99f87c4ec6 P 483dd95adf5c4267a2bb9e3f59ca241f: : Instructing follower 3109a510458749d39ccce8ecf29cb0f1 to start an election
I20260709 12:58:21.788189  1376 raft_consensus.cc:1081] T 197c1b9ca197423fb3778e99f87c4ec6 P 483dd95adf5c4267a2bb9e3f59ca241f [term 2 LEADER]: Signalling peer 3109a510458749d39ccce8ecf29cb0f1 to start an election
I20260709 12:58:21.789871  1205 tablet_service.cc:2044] Received Run Leader Election RPC: tablet_id: "197c1b9ca197423fb3778e99f87c4ec6"
dest_uuid: "3109a510458749d39ccce8ecf29cb0f1"
 from {username='slave'} at 127.0.0.1:35610
I20260709 12:58:21.790576  1205 raft_consensus.cc:493] T 197c1b9ca197423fb3778e99f87c4ec6 P 3109a510458749d39ccce8ecf29cb0f1 [term 2 FOLLOWER]: Starting forced leader election (received explicit request)
I20260709 12:58:21.791033  1205 raft_consensus.cc:3060] T 197c1b9ca197423fb3778e99f87c4ec6 P 3109a510458749d39ccce8ecf29cb0f1 [term 2 FOLLOWER]: Advancing to term 3
I20260709 12:58:21.821501  1057 raft_consensus.cc:2468] T 4c140b13201946099390336a85c3cde7 P 483dd95adf5c4267a2bb9e3f59ca241f [term 5 FOLLOWER]: Leader election vote request: Granting yes vote for candidate 3109a510458749d39ccce8ecf29cb0f1 in term 5.
I20260709 12:58:21.821506  1132 raft_consensus.cc:2468] T 4c140b13201946099390336a85c3cde7 P 0a1872b0e7664728a309bf69ec98bb99 [term 5 FOLLOWER]: Leader election vote request: Granting yes vote for candidate 3109a510458749d39ccce8ecf29cb0f1 in term 5.
I20260709 12:58:21.823146  1170 leader_election.cc:304] T 4c140b13201946099390336a85c3cde7 P 3109a510458749d39ccce8ecf29cb0f1 [CANDIDATE]: Term 5 election: Election decided. Result: candidate won. Election summary: received 2 responses out of 3 voters: 2 yes votes; 0 no votes. yes voters: 3109a510458749d39ccce8ecf29cb0f1, 483dd95adf5c4267a2bb9e3f59ca241f; no voters: 
I20260709 12:58:21.823596  1055 raft_consensus.cc:1275] T c799c342727643469ddf75531cb6a386 P 483dd95adf5c4267a2bb9e3f59ca241f [term 4 FOLLOWER]: Refusing update from remote peer 0a1872b0e7664728a309bf69ec98bb99: Log matching property violated. Preceding OpId in replica: term: 3 index: 3. Preceding OpId from leader: term: 4 index: 4. (index mismatch)
I20260709 12:58:21.824258  1359 raft_consensus.cc:2804] T 4c140b13201946099390336a85c3cde7 P 3109a510458749d39ccce8ecf29cb0f1 [term 5 FOLLOWER]: Leader election won for term 5
I20260709 12:58:21.825788  1359 raft_consensus.cc:697] T 4c140b13201946099390336a85c3cde7 P 3109a510458749d39ccce8ecf29cb0f1 [term 5 LEADER]: Becoming Leader. State: Replica: 3109a510458749d39ccce8ecf29cb0f1, State: Running, Role: LEADER
I20260709 12:58:21.825937  1205 raft_consensus.cc:515] T 197c1b9ca197423fb3778e99f87c4ec6 P 3109a510458749d39ccce8ecf29cb0f1 [term 3 FOLLOWER]: Starting forced leader election with config: opid_index: -1 OBSOLETE_local: false peers { permanent_uuid: "483dd95adf5c4267a2bb9e3f59ca241f" member_type: VOTER last_known_addr { host: "127.0.107.193" port: 45123 } } peers { permanent_uuid: "0a1872b0e7664728a309bf69ec98bb99" member_type: VOTER last_known_addr { host: "127.0.107.194" port: 38263 } } peers { permanent_uuid: "3109a510458749d39ccce8ecf29cb0f1" member_type: VOTER last_known_addr { host: "127.0.107.195" port: 45635 } }
I20260709 12:58:21.825996  1284 consensus_queue.cc:1048] T c799c342727643469ddf75531cb6a386 P 0a1872b0e7664728a309bf69ec98bb99 [LEADER]: Connected to new peer: Peer: permanent_uuid: "483dd95adf5c4267a2bb9e3f59ca241f" member_type: VOTER last_known_addr { host: "127.0.107.193" port: 45123 }, Status: LMP_MISMATCH, Last received: 0.0, Next index: 4, Last known committed idx: 3, Time since last communication: 0.001s
