metadata directory: /tmp/dist-test-taskOxQgp4/test-tmp/auto_leader_rebalancer-test.0.LeaderRebalancerTest.FunctionalTestForNotDivided.1783602811350516-4881-0/minicluster-data/ts-2-root
1 data directories: /tmp/dist-test-taskOxQgp4/test-tmp/auto_leader_rebalancer-test.0.LeaderRebalancerTest.FunctionalTestForNotDivided.1783602811350516-4881-0/minicluster-data/ts-2-root/data
Total live blocks: 0
Total live bytes: 0
Total live bytes (after alignment): 0
Total number of LBM containers: 0 (0 full)
Did not check for missing blocks
Did not check for orphaned blocks
Total full LBM containers with extra space: 0 (0 repaired)
Total full LBM container extra space in bytes: 0 (0 repaired)
Total incomplete LBM containers: 0 (0 repaired)
Total LBM partial records: 0 (0 repaired)
Total corrupted LBM metadata records in RocksDB: 0 (0 repaired)
I20260709 13:13:47.247485  4881 rpc_server.cc:225] running with OpenSSL 1.1.1  11 Sep 2018
I20260709 13:13:47.248651  4881 kserver.cc:163] Server-wide thread pool size limit: 3276
I20260709 13:13:47.250102  4881 txn_system_client.cc:432] TxnSystemClient initialization is disabled...
I20260709 13:13:47.252636  4881 ts_tablet_manager.cc:585] Loaded tablet metadata (0 total tablets, 0 live tablets)
I20260709 13:13:47.252943  4881 ts_tablet_manager.cc:531] Time spent load tablet metadata: real 0.000s	user 0.001s	sys 0.000s
I20260709 13:13:47.253178  4881 ts_tablet_manager.cc:616] Registered 0 tablets
I20260709 13:13:47.253324  4881 ts_tablet_manager.cc:595] Time spent register tablets: real 0.000s	user 0.000s	sys 0.000s
I20260709 13:13:47.290736  4881 rpc_server.cc:307] RPC server started. Bound to: 127.4.196.67:35523
I20260709 13:13:47.290840  5701 acceptor_pool.cc:272] collecting diagnostics on the listening RPC socket 127.4.196.67:35523 every 8 connection(s)
I20260709 13:13:47.303591  5702 heartbeater.cc:344] Connected to a master server at 127.4.196.126:46399
I20260709 13:13:47.303912  5702 heartbeater.cc:461] Registering TS with master...
I20260709 13:13:47.304678  5702 heartbeater.cc:507] Master 127.4.196.126:46399 requested a full tablet report, sending...
I20260709 13:13:47.306536  5426 ts_manager.cc:194] Registered new tserver with Master: 3f34b70aaba141b7ad92478271bb7f72 (127.4.196.67:35523)
I20260709 13:13:47.307047  4881 internal_mini_cluster.cc:371] 3 TS(s) registered with all masters after 0.013290031s
I20260709 13:13:47.308143  5426 master_service.cc:502] Signed X509 certificate for tserver {username='slave'} at 127.0.0.1:54490
I20260709 13:13:47.332568  5426 catalog_manager.cc:2283] Servicing CreateTable request from {username='slave'} at 127.0.0.1:54494:
name: "test-workload"
schema {
  columns {
    name: "key"
    type: INT32
    is_key: true
    is_nullable: false
    encoding: AUTO_ENCODING
    compression: DEFAULT_COMPRESSION
    cfile_block_size: 0
    immutable: false
  }
  columns {
    name: "int_val"
    type: INT32
    is_key: false
    is_nullable: false
    encoding: AUTO_ENCODING
    compression: DEFAULT_COMPRESSION
    cfile_block_size: 0
    immutable: false
  }
  columns {
    name: "string_val"
    type: STRING
    is_key: false
    is_nullable: true
    encoding: AUTO_ENCODING
    compression: DEFAULT_COMPRESSION
    cfile_block_size: 0
    immutable: false
  }
}
num_replicas: 3
split_rows_range_bounds {
  rows: "\004\001\000\314\314\314\014\004\001\000\230\231\231\031\004\001\000dff&\004\001\0000333\004\001\000\374\377\377?\004\001\000\310\314\314L\004\001\000\224\231\231Y\004\001\000`fff\004\001\000,33s""\004\001\000\314\314\314\014\004\001\000\230\231\231\031\004\001\000dff&\004\001\0000333\004\001\000\374\377\377?\004\001\000\310\314\314L\004\001\000\224\231\231Y\004\001\000`fff\004\001\000,33s"
  indirect_data: """"
}
partition_schema {
  range_schema {
    columns {
      name: "key"
    }
  }
}
W20260709 13:13:47.335434  5426 catalog_manager.cc:7077] The number of live tablet servers is not enough to re-replicate a tablet replica of the newly created table test-workload in case of a server failure: 4 tablet servers would be needed, 3 are available. Consider bringing up more tablet servers.
I20260709 13:13:47.399410  5667 tablet_service.cc:1511] Processing CreateTablet for tablet 88473ddbbf6440d78a6cbf03cfcfb2ba (DEFAULT_TABLE table=test-workload [id=0183c3ff8304455bafee8ced04be143e]), partition=RANGE (key) PARTITION VALUES < 214748364
I20260709 13:13:47.400954  5667 data_dirs.cc:400] Could only allocate 1 dirs of requested 3 for tablet 88473ddbbf6440d78a6cbf03cfcfb2ba. 1 dirs total, 0 dirs full, 0 dirs failed
I20260709 13:13:47.401242  5665 tablet_service.cc:1511] Processing CreateTablet for tablet 329361c15b184bd697ea91c9abc76cec (DEFAULT_TABLE table=test-workload [id=0183c3ff8304455bafee8ced04be143e]), partition=RANGE (key) PARTITION 429496728 <= VALUES < 644245092
I20260709 13:13:47.403251  5666 tablet_service.cc:1511] Processing CreateTablet for tablet d295cb9dbb7b48ddaa7f18c12f0e91b5 (DEFAULT_TABLE table=test-workload [id=0183c3ff8304455bafee8ced04be143e]), partition=RANGE (key) PARTITION 214748364 <= VALUES < 429496728
I20260709 13:13:47.404690  5665 data_dirs.cc:400] Could only allocate 1 dirs of requested 3 for tablet 329361c15b184bd697ea91c9abc76cec. 1 dirs total, 0 dirs full, 0 dirs failed
I20260709 13:13:47.406651  5664 tablet_service.cc:1511] Processing CreateTablet for tablet b90659381b0847c2902ed231c580ba61 (DEFAULT_TABLE table=test-workload [id=0183c3ff8304455bafee8ced04be143e]), partition=RANGE (key) PARTITION 644245092 <= VALUES < 858993456
I20260709 13:13:47.408058  5664 data_dirs.cc:400] Could only allocate 1 dirs of requested 3 for tablet b90659381b0847c2902ed231c580ba61. 1 dirs total, 0 dirs full, 0 dirs failed
I20260709 13:13:47.411947  5663 tablet_service.cc:1511] Processing CreateTablet for tablet b1ce21c7e1a54ea188ea1199121a4b06 (DEFAULT_TABLE table=test-workload [id=0183c3ff8304455bafee8ced04be143e]), partition=RANGE (key) PARTITION 858993456 <= VALUES < 1073741820
I20260709 13:13:47.413640  5663 data_dirs.cc:400] Could only allocate 1 dirs of requested 3 for tablet b1ce21c7e1a54ea188ea1199121a4b06. 1 dirs total, 0 dirs full, 0 dirs failed
I20260709 13:13:47.418912  5662 tablet_service.cc:1511] Processing CreateTablet for tablet 3f45cc2e07844dac81679678181788a4 (DEFAULT_TABLE table=test-workload [id=0183c3ff8304455bafee8ced04be143e]), partition=RANGE (key) PARTITION 1073741820 <= VALUES < 1288490184
I20260709 13:13:47.423570  5661 tablet_service.cc:1511] Processing CreateTablet for tablet 7ed87bba489b4bf78ce28382a1f3b8d8 (DEFAULT_TABLE table=test-workload [id=0183c3ff8304455bafee8ced04be143e]), partition=RANGE (key) PARTITION 1288490184 <= VALUES < 1503238548
I20260709 13:13:47.429219  5662 data_dirs.cc:400] Could only allocate 1 dirs of requested 3 for tablet 3f45cc2e07844dac81679678181788a4. 1 dirs total, 0 dirs full, 0 dirs failed
I20260709 13:13:47.429961  5666 data_dirs.cc:400] Could only allocate 1 dirs of requested 3 for tablet d295cb9dbb7b48ddaa7f18c12f0e91b5. 1 dirs total, 0 dirs full, 0 dirs failed
I20260709 13:13:47.431221  5518 tablet_service.cc:1511] Processing CreateTablet for tablet 88473ddbbf6440d78a6cbf03cfcfb2ba (DEFAULT_TABLE table=test-workload [id=0183c3ff8304455bafee8ced04be143e]), partition=RANGE (key) PARTITION VALUES < 214748364
I20260709 13:13:47.432526  5518 data_dirs.cc:400] Could only allocate 1 dirs of requested 3 for tablet 88473ddbbf6440d78a6cbf03cfcfb2ba. 1 dirs total, 0 dirs full, 0 dirs failed
I20260709 13:13:47.435287  5517 tablet_service.cc:1511] Processing CreateTablet for tablet d295cb9dbb7b48ddaa7f18c12f0e91b5 (DEFAULT_TABLE table=test-workload [id=0183c3ff8304455bafee8ced04be143e]), partition=RANGE (key) PARTITION 214748364 <= VALUES < 429496728
I20260709 13:13:47.436672  5517 data_dirs.cc:400] Could only allocate 1 dirs of requested 3 for tablet d295cb9dbb7b48ddaa7f18c12f0e91b5. 1 dirs total, 0 dirs full, 0 dirs failed
I20260709 13:13:47.440328  5660 tablet_service.cc:1511] Processing CreateTablet for tablet dbeeeb19947d4faaa362c9167b4685ff (DEFAULT_TABLE table=test-workload [id=0183c3ff8304455bafee8ced04be143e]), partition=RANGE (key) PARTITION 1503238548 <= VALUES < 1717986912
I20260709 13:13:47.441746  5660 data_dirs.cc:400] Could only allocate 1 dirs of requested 3 for tablet dbeeeb19947d4faaa362c9167b4685ff. 1 dirs total, 0 dirs full, 0 dirs failed
I20260709 13:13:47.443317  5659 tablet_service.cc:1511] Processing CreateTablet for tablet 74a6a11f93774e7cbd7263abc431f29d (DEFAULT_TABLE table=test-workload [id=0183c3ff8304455bafee8ced04be143e]), partition=RANGE (key) PARTITION 1717986912 <= VALUES < 1932735276
I20260709 13:13:47.446568  5659 data_dirs.cc:400] Could only allocate 1 dirs of requested 3 for tablet 74a6a11f93774e7cbd7263abc431f29d. 1 dirs total, 0 dirs full, 0 dirs failed
I20260709 13:13:47.473208  5516 tablet_service.cc:1511] Processing CreateTablet for tablet 329361c15b184bd697ea91c9abc76cec (DEFAULT_TABLE table=test-workload [id=0183c3ff8304455bafee8ced04be143e]), partition=RANGE (key) PARTITION 429496728 <= VALUES < 644245092
I20260709 13:13:47.475159  5515 tablet_service.cc:1511] Processing CreateTablet for tablet b90659381b0847c2902ed231c580ba61 (DEFAULT_TABLE table=test-workload [id=0183c3ff8304455bafee8ced04be143e]), partition=RANGE (key) PARTITION 644245092 <= VALUES < 858993456
I20260709 13:13:47.476588  5515 data_dirs.cc:400] Could only allocate 1 dirs of requested 3 for tablet b90659381b0847c2902ed231c580ba61. 1 dirs total, 0 dirs full, 0 dirs failed
I20260709 13:13:47.482590  5514 tablet_service.cc:1511] Processing CreateTablet for tablet b1ce21c7e1a54ea188ea1199121a4b06 (DEFAULT_TABLE table=test-workload [id=0183c3ff8304455bafee8ced04be143e]), partition=RANGE (key) PARTITION 858993456 <= VALUES < 1073741820
I20260709 13:13:47.484540  5661 data_dirs.cc:400] Could only allocate 1 dirs of requested 3 for tablet 7ed87bba489b4bf78ce28382a1f3b8d8. 1 dirs total, 0 dirs full, 0 dirs failed
I20260709 13:13:47.486186  5513 tablet_service.cc:1511] Processing CreateTablet for tablet 3f45cc2e07844dac81679678181788a4 (DEFAULT_TABLE table=test-workload [id=0183c3ff8304455bafee8ced04be143e]), partition=RANGE (key) PARTITION 1073741820 <= VALUES < 1288490184
I20260709 13:13:47.483999  5666 tablet_service.cc:1511] Processing CreateTablet for tablet dcff08b304ff4622a086a71b92876954 (DEFAULT_TABLE table=test-workload [id=0183c3ff8304455bafee8ced04be143e]), partition=RANGE (key) PARTITION 1932735276 <= VALUES
I20260709 13:13:47.484001  5514 data_dirs.cc:400] Could only allocate 1 dirs of requested 3 for tablet b1ce21c7e1a54ea188ea1199121a4b06. 1 dirs total, 0 dirs full, 0 dirs failed
I20260709 13:13:47.490399  5512 tablet_service.cc:1511] Processing CreateTablet for tablet 7ed87bba489b4bf78ce28382a1f3b8d8 (DEFAULT_TABLE table=test-workload [id=0183c3ff8304455bafee8ced04be143e]), partition=RANGE (key) PARTITION 1288490184 <= VALUES < 1503238548
I20260709 13:13:47.491807  5512 data_dirs.cc:400] Could only allocate 1 dirs of requested 3 for tablet 7ed87bba489b4bf78ce28382a1f3b8d8. 1 dirs total, 0 dirs full, 0 dirs failed
I20260709 13:13:47.494374  5516 data_dirs.cc:400] Could only allocate 1 dirs of requested 3 for tablet 329361c15b184bd697ea91c9abc76cec. 1 dirs total, 0 dirs full, 0 dirs failed
I20260709 13:13:47.498374  5513 data_dirs.cc:400] Could only allocate 1 dirs of requested 3 for tablet 3f45cc2e07844dac81679678181788a4. 1 dirs total, 0 dirs full, 0 dirs failed
I20260709 13:13:47.508862  5666 data_dirs.cc:400] Could only allocate 1 dirs of requested 3 for tablet dcff08b304ff4622a086a71b92876954. 1 dirs total, 0 dirs full, 0 dirs failed
I20260709 13:13:47.510654  5511 tablet_service.cc:1511] Processing CreateTablet for tablet dbeeeb19947d4faaa362c9167b4685ff (DEFAULT_TABLE table=test-workload [id=0183c3ff8304455bafee8ced04be143e]), partition=RANGE (key) PARTITION 1503238548 <= VALUES < 1717986912
I20260709 13:13:47.512908  5717 tablet_bootstrap.cc:492] T b1ce21c7e1a54ea188ea1199121a4b06 P 3f34b70aaba141b7ad92478271bb7f72: Bootstrap starting.
I20260709 13:13:47.512853  5510 tablet_service.cc:1511] Processing CreateTablet for tablet 74a6a11f93774e7cbd7263abc431f29d (DEFAULT_TABLE table=test-workload [id=0183c3ff8304455bafee8ced04be143e]), partition=RANGE (key) PARTITION 1717986912 <= VALUES < 1932735276
I20260709 13:13:47.515048  5509 tablet_service.cc:1511] Processing CreateTablet for tablet dcff08b304ff4622a086a71b92876954 (DEFAULT_TABLE table=test-workload [id=0183c3ff8304455bafee8ced04be143e]), partition=RANGE (key) PARTITION 1932735276 <= VALUES
I20260709 13:13:47.526496  5511 data_dirs.cc:400] Could only allocate 1 dirs of requested 3 for tablet dbeeeb19947d4faaa362c9167b4685ff. 1 dirs total, 0 dirs full, 0 dirs failed
I20260709 13:13:47.528110  5510 data_dirs.cc:400] Could only allocate 1 dirs of requested 3 for tablet 74a6a11f93774e7cbd7263abc431f29d. 1 dirs total, 0 dirs full, 0 dirs failed
I20260709 13:13:47.529639  5509 data_dirs.cc:400] Could only allocate 1 dirs of requested 3 for tablet dcff08b304ff4622a086a71b92876954. 1 dirs total, 0 dirs full, 0 dirs failed
I20260709 13:13:47.534209  5593 tablet_service.cc:1511] Processing CreateTablet for tablet 88473ddbbf6440d78a6cbf03cfcfb2ba (DEFAULT_TABLE table=test-workload [id=0183c3ff8304455bafee8ced04be143e]), partition=RANGE (key) PARTITION VALUES < 214748364
I20260709 13:13:47.535789  5593 data_dirs.cc:400] Could only allocate 1 dirs of requested 3 for tablet 88473ddbbf6440d78a6cbf03cfcfb2ba. 1 dirs total, 0 dirs full, 0 dirs failed
I20260709 13:13:47.537961  5592 tablet_service.cc:1511] Processing CreateTablet for tablet d295cb9dbb7b48ddaa7f18c12f0e91b5 (DEFAULT_TABLE table=test-workload [id=0183c3ff8304455bafee8ced04be143e]), partition=RANGE (key) PARTITION 214748364 <= VALUES < 429496728
I20260709 13:13:47.539489  5592 data_dirs.cc:400] Could only allocate 1 dirs of requested 3 for tablet d295cb9dbb7b48ddaa7f18c12f0e91b5. 1 dirs total, 0 dirs full, 0 dirs failed
I20260709 13:13:47.541678  5591 tablet_service.cc:1511] Processing CreateTablet for tablet 329361c15b184bd697ea91c9abc76cec (DEFAULT_TABLE table=test-workload [id=0183c3ff8304455bafee8ced04be143e]), partition=RANGE (key) PARTITION 429496728 <= VALUES < 644245092
I20260709 13:13:47.543406  5591 data_dirs.cc:400] Could only allocate 1 dirs of requested 3 for tablet 329361c15b184bd697ea91c9abc76cec. 1 dirs total, 0 dirs full, 0 dirs failed
I20260709 13:13:47.544018  5589 tablet_service.cc:1511] Processing CreateTablet for tablet b1ce21c7e1a54ea188ea1199121a4b06 (DEFAULT_TABLE table=test-workload [id=0183c3ff8304455bafee8ced04be143e]), partition=RANGE (key) PARTITION 858993456 <= VALUES < 1073741820
I20260709 13:13:47.545249  5589 data_dirs.cc:400] Could only allocate 1 dirs of requested 3 for tablet b1ce21c7e1a54ea188ea1199121a4b06. 1 dirs total, 0 dirs full, 0 dirs failed
I20260709 13:13:47.548874  5588 tablet_service.cc:1511] Processing CreateTablet for tablet 3f45cc2e07844dac81679678181788a4 (DEFAULT_TABLE table=test-workload [id=0183c3ff8304455bafee8ced04be143e]), partition=RANGE (key) PARTITION 1073741820 <= VALUES < 1288490184
I20260709 13:13:47.549551  5585 tablet_service.cc:1511] Processing CreateTablet for tablet 74a6a11f93774e7cbd7263abc431f29d (DEFAULT_TABLE table=test-workload [id=0183c3ff8304455bafee8ced04be143e]), partition=RANGE (key) PARTITION 1717986912 <= VALUES < 1932735276
I20260709 13:13:47.549767  5586 tablet_service.cc:1511] Processing CreateTablet for tablet dbeeeb19947d4faaa362c9167b4685ff (DEFAULT_TABLE table=test-workload [id=0183c3ff8304455bafee8ced04be143e]), partition=RANGE (key) PARTITION 1503238548 <= VALUES < 1717986912
I20260709 13:13:47.550691  5588 data_dirs.cc:400] Could only allocate 1 dirs of requested 3 for tablet 3f45cc2e07844dac81679678181788a4. 1 dirs total, 0 dirs full, 0 dirs failed
I20260709 13:13:47.552508  5587 tablet_service.cc:1511] Processing CreateTablet for tablet 7ed87bba489b4bf78ce28382a1f3b8d8 (DEFAULT_TABLE table=test-workload [id=0183c3ff8304455bafee8ced04be143e]), partition=RANGE (key) PARTITION 1288490184 <= VALUES < 1503238548
I20260709 13:13:47.558768  5584 tablet_service.cc:1511] Processing CreateTablet for tablet dcff08b304ff4622a086a71b92876954 (DEFAULT_TABLE table=test-workload [id=0183c3ff8304455bafee8ced04be143e]), partition=RANGE (key) PARTITION 1932735276 <= VALUES
I20260709 13:13:47.550153  5590 tablet_service.cc:1511] Processing CreateTablet for tablet b90659381b0847c2902ed231c580ba61 (DEFAULT_TABLE table=test-workload [id=0183c3ff8304455bafee8ced04be143e]), partition=RANGE (key) PARTITION 644245092 <= VALUES < 858993456
I20260709 13:13:47.560933  5585 data_dirs.cc:400] Could only allocate 1 dirs of requested 3 for tablet 74a6a11f93774e7cbd7263abc431f29d. 1 dirs total, 0 dirs full, 0 dirs failed
I20260709 13:13:47.561622  5587 data_dirs.cc:400] Could only allocate 1 dirs of requested 3 for tablet 7ed87bba489b4bf78ce28382a1f3b8d8. 1 dirs total, 0 dirs full, 0 dirs failed
I20260709 13:13:47.562377  5586 data_dirs.cc:400] Could only allocate 1 dirs of requested 3 for tablet dbeeeb19947d4faaa362c9167b4685ff. 1 dirs total, 0 dirs full, 0 dirs failed
I20260709 13:13:47.566381  5590 data_dirs.cc:400] Could only allocate 1 dirs of requested 3 for tablet b90659381b0847c2902ed231c580ba61. 1 dirs total, 0 dirs full, 0 dirs failed
I20260709 13:13:47.566915  5718 tablet_bootstrap.cc:492] T d295cb9dbb7b48ddaa7f18c12f0e91b5 P d09d940df7d34470968212a592238043: Bootstrap starting.
I20260709 13:13:47.574358  5584 data_dirs.cc:400] Could only allocate 1 dirs of requested 3 for tablet dcff08b304ff4622a086a71b92876954. 1 dirs total, 0 dirs full, 0 dirs failed
I20260709 13:13:47.615401  5717 tablet_bootstrap.cc:654] T b1ce21c7e1a54ea188ea1199121a4b06 P 3f34b70aaba141b7ad92478271bb7f72: Neither blocks nor log segments found. Creating new log.
I20260709 13:13:47.628396  5719 tablet_bootstrap.cc:492] T 329361c15b184bd697ea91c9abc76cec P 6346505de03b41ff8d222163ac7b5fff: Bootstrap starting.
I20260709 13:13:47.629817  5718 tablet_bootstrap.cc:654] T d295cb9dbb7b48ddaa7f18c12f0e91b5 P d09d940df7d34470968212a592238043: Neither blocks nor log segments found. Creating new log.
I20260709 13:13:47.634580  5719 tablet_bootstrap.cc:654] T 329361c15b184bd697ea91c9abc76cec P 6346505de03b41ff8d222163ac7b5fff: Neither blocks nor log segments found. Creating new log.
I20260709 13:13:47.636632  5718 tablet_bootstrap.cc:492] T d295cb9dbb7b48ddaa7f18c12f0e91b5 P d09d940df7d34470968212a592238043: No bootstrap required, opened a new log
I20260709 13:13:47.636891  5717 tablet_bootstrap.cc:492] T b1ce21c7e1a54ea188ea1199121a4b06 P 3f34b70aaba141b7ad92478271bb7f72: No bootstrap required, opened a new log
I20260709 13:13:47.637106  5718 ts_tablet_manager.cc:1403] T d295cb9dbb7b48ddaa7f18c12f0e91b5 P d09d940df7d34470968212a592238043: Time spent bootstrapping tablet: real 0.086s	user 0.011s	sys 0.000s
I20260709 13:13:47.637302  5717 ts_tablet_manager.cc:1403] T b1ce21c7e1a54ea188ea1199121a4b06 P 3f34b70aaba141b7ad92478271bb7f72: Time spent bootstrapping tablet: real 0.125s	user 0.012s	sys 0.004s
I20260709 13:13:47.639109  5719 tablet_bootstrap.cc:492] T 329361c15b184bd697ea91c9abc76cec P 6346505de03b41ff8d222163ac7b5fff: No bootstrap required, opened a new log
I20260709 13:13:47.639482  5719 ts_tablet_manager.cc:1403] T 329361c15b184bd697ea91c9abc76cec P 6346505de03b41ff8d222163ac7b5fff: Time spent bootstrapping tablet: real 0.011s	user 0.010s	sys 0.000s
I20260709 13:13:47.639892  5718 raft_consensus.cc:359] T d295cb9dbb7b48ddaa7f18c12f0e91b5 P d09d940df7d34470968212a592238043 [term 0 FOLLOWER]: Replica starting. Triggering 0 pending ops. Active config: opid_index: -1 OBSOLETE_local: false peers { permanent_uuid: "d09d940df7d34470968212a592238043" member_type: VOTER last_known_addr { host: "127.4.196.65" port: 39107 } } peers { permanent_uuid: "6346505de03b41ff8d222163ac7b5fff" member_type: VOTER last_known_addr { host: "127.4.196.66" port: 37315 } } peers { permanent_uuid: "3f34b70aaba141b7ad92478271bb7f72" member_type: VOTER last_known_addr { host: "127.4.196.67" port: 35523 } }
I20260709 13:13:47.640098  5717 raft_consensus.cc:359] T b1ce21c7e1a54ea188ea1199121a4b06 P 3f34b70aaba141b7ad92478271bb7f72 [term 0 FOLLOWER]: Replica starting. Triggering 0 pending ops. Active config: opid_index: -1 OBSOLETE_local: false peers { permanent_uuid: "d09d940df7d34470968212a592238043" member_type: VOTER last_known_addr { host: "127.4.196.65" port: 39107 } } peers { permanent_uuid: "6346505de03b41ff8d222163ac7b5fff" member_type: VOTER last_known_addr { host: "127.4.196.66" port: 37315 } } peers { permanent_uuid: "3f34b70aaba141b7ad92478271bb7f72" member_type: VOTER last_known_addr { host: "127.4.196.67" port: 35523 } }
I20260709 13:13:47.640641  5718 raft_consensus.cc:385] T d295cb9dbb7b48ddaa7f18c12f0e91b5 P d09d940df7d34470968212a592238043 [term 0 FOLLOWER]: Consensus starting up: Expiring failure detector timer to make a prompt election more likely
I20260709 13:13:47.640796  5717 raft_consensus.cc:385] T b1ce21c7e1a54ea188ea1199121a4b06 P 3f34b70aaba141b7ad92478271bb7f72 [term 0 FOLLOWER]: Consensus starting up: Expiring failure detector timer to make a prompt election more likely
I20260709 13:13:47.640976  5718 raft_consensus.cc:740] T d295cb9dbb7b48ddaa7f18c12f0e91b5 P d09d940df7d34470968212a592238043 [term 0 FOLLOWER]: Becoming Follower/Learner. State: Replica: d09d940df7d34470968212a592238043, State: Initialized, Role: FOLLOWER
I20260709 13:13:47.641122  5717 raft_consensus.cc:740] T b1ce21c7e1a54ea188ea1199121a4b06 P 3f34b70aaba141b7ad92478271bb7f72 [term 0 FOLLOWER]: Becoming Follower/Learner. State: Replica: 3f34b70aaba141b7ad92478271bb7f72, State: Initialized, Role: FOLLOWER
I20260709 13:13:47.641750  5719 raft_consensus.cc:359] T 329361c15b184bd697ea91c9abc76cec P 6346505de03b41ff8d222163ac7b5fff [term 0 FOLLOWER]: Replica starting. Triggering 0 pending ops. Active config: opid_index: -1 OBSOLETE_local: false peers { permanent_uuid: "d09d940df7d34470968212a592238043" member_type: VOTER last_known_addr { host: "127.4.196.65" port: 39107 } } peers { permanent_uuid: "6346505de03b41ff8d222163ac7b5fff" member_type: VOTER last_known_addr { host: "127.4.196.66" port: 37315 } } peers { permanent_uuid: "3f34b70aaba141b7ad92478271bb7f72" member_type: VOTER last_known_addr { host: "127.4.196.67" port: 35523 } }
I20260709 13:13:47.641753  5718 consensus_queue.cc:260] T d295cb9dbb7b48ddaa7f18c12f0e91b5 P d09d940df7d34470968212a592238043 [NON_LEADER]: Queue going to NON_LEADER mode. State: All replicated index: 0, Majority replicated index: 0, Committed index: 0, Last appended: 0.0, Last appended by leader: 0, Current term: 0, Majority size: -1, State: 0, Mode: NON_LEADER, active raft config: opid_index: -1 OBSOLETE_local: false peers { permanent_uuid: "d09d940df7d34470968212a592238043" member_type: VOTER last_known_addr { host: "127.4.196.65" port: 39107 } } peers { permanent_uuid: "6346505de03b41ff8d222163ac7b5fff" member_type: VOTER last_known_addr { host: "127.4.196.66" port: 37315 } } peers { permanent_uuid: "3f34b70aaba141b7ad92478271bb7f72" member_type: VOTER last_known_addr { host: "127.4.196.67" port: 35523 } }
I20260709 13:13:47.641937  5717 consensus_queue.cc:260] T b1ce21c7e1a54ea188ea1199121a4b06 P 3f34b70aaba141b7ad92478271bb7f72 [NON_LEADER]: Queue going to NON_LEADER mode. State: All replicated index: 0, Majority replicated index: 0, Committed index: 0, Last appended: 0.0, Last appended by leader: 0, Current term: 0, Majority size: -1, State: 0, Mode: NON_LEADER, active raft config: opid_index: -1 OBSOLETE_local: false peers { permanent_uuid: "d09d940df7d34470968212a592238043" member_type: VOTER last_known_addr { host: "127.4.196.65" port: 39107 } } peers { permanent_uuid: "6346505de03b41ff8d222163ac7b5fff" member_type: VOTER last_known_addr { host: "127.4.196.66" port: 37315 } } peers { permanent_uuid: "3f34b70aaba141b7ad92478271bb7f72" member_type: VOTER last_known_addr { host: "127.4.196.67" port: 35523 } }
I20260709 13:13:47.642594  5719 raft_consensus.cc:385] T 329361c15b184bd697ea91c9abc76cec P 6346505de03b41ff8d222163ac7b5fff [term 0 FOLLOWER]: Consensus starting up: Expiring failure detector timer to make a prompt election more likely
I20260709 13:13:47.642973  5719 raft_consensus.cc:740] T 329361c15b184bd697ea91c9abc76cec P 6346505de03b41ff8d222163ac7b5fff [term 0 FOLLOWER]: Becoming Follower/Learner. State: Replica: 6346505de03b41ff8d222163ac7b5fff, State: Initialized, Role: FOLLOWER
I20260709 13:13:47.644249  5553 heartbeater.cc:499] Master 127.4.196.126:46399 was elected leader, sending a full tablet report...
I20260709 13:13:47.643839  5719 consensus_queue.cc:260] T 329361c15b184bd697ea91c9abc76cec P 6346505de03b41ff8d222163ac7b5fff [NON_LEADER]: Queue going to NON_LEADER mode. State: All replicated index: 0, Majority replicated index: 0, Committed index: 0, Last appended: 0.0, Last appended by leader: 0, Current term: 0, Majority size: -1, State: 0, Mode: NON_LEADER, active raft config: opid_index: -1 OBSOLETE_local: false peers { permanent_uuid: "d09d940df7d34470968212a592238043" member_type: VOTER last_known_addr { host: "127.4.196.65" port: 39107 } } peers { permanent_uuid: "6346505de03b41ff8d222163ac7b5fff" member_type: VOTER last_known_addr { host: "127.4.196.66" port: 37315 } } peers { permanent_uuid: "3f34b70aaba141b7ad92478271bb7f72" member_type: VOTER last_known_addr { host: "127.4.196.67" port: 35523 } }
I20260709 13:13:47.644846  5718 ts_tablet_manager.cc:1434] T d295cb9dbb7b48ddaa7f18c12f0e91b5 P d09d940df7d34470968212a592238043: Time spent starting tablet: real 0.007s	user 0.000s	sys 0.007s
I20260709 13:13:47.645958  5718 tablet_bootstrap.cc:492] T 88473ddbbf6440d78a6cbf03cfcfb2ba P d09d940df7d34470968212a592238043: Bootstrap starting.
I20260709 13:13:47.650518  5702 heartbeater.cc:499] Master 127.4.196.126:46399 was elected leader, sending a full tablet report...
I20260709 13:13:47.653079  5718 tablet_bootstrap.cc:654] T 88473ddbbf6440d78a6cbf03cfcfb2ba P d09d940df7d34470968212a592238043: Neither blocks nor log segments found. Creating new log.
I20260709 13:13:47.658812  5719 ts_tablet_manager.cc:1434] T 329361c15b184bd697ea91c9abc76cec P 6346505de03b41ff8d222163ac7b5fff: Time spent starting tablet: real 0.019s	user 0.007s	sys 0.011s
I20260709 13:13:47.658867  5628 heartbeater.cc:499] Master 127.4.196.126:46399 was elected leader, sending a full tablet report...
I20260709 13:13:47.660213  5719 tablet_bootstrap.cc:492] T 88473ddbbf6440d78a6cbf03cfcfb2ba P 6346505de03b41ff8d222163ac7b5fff: Bootstrap starting.
I20260709 13:13:47.664886  5718 tablet_bootstrap.cc:492] T 88473ddbbf6440d78a6cbf03cfcfb2ba P d09d940df7d34470968212a592238043: No bootstrap required, opened a new log
I20260709 13:13:47.665424  5718 ts_tablet_manager.cc:1403] T 88473ddbbf6440d78a6cbf03cfcfb2ba P d09d940df7d34470968212a592238043: Time spent bootstrapping tablet: real 0.020s	user 0.012s	sys 0.005s
I20260709 13:13:47.666891  5719 tablet_bootstrap.cc:654] T 88473ddbbf6440d78a6cbf03cfcfb2ba P 6346505de03b41ff8d222163ac7b5fff: Neither blocks nor log segments found. Creating new log.
I20260709 13:13:47.668217  5718 raft_consensus.cc:359] T 88473ddbbf6440d78a6cbf03cfcfb2ba P d09d940df7d34470968212a592238043 [term 0 FOLLOWER]: Replica starting. Triggering 0 pending ops. Active config: opid_index: -1 OBSOLETE_local: false peers { permanent_uuid: "3f34b70aaba141b7ad92478271bb7f72" member_type: VOTER last_known_addr { host: "127.4.196.67" port: 35523 } } peers { permanent_uuid: "d09d940df7d34470968212a592238043" member_type: VOTER last_known_addr { host: "127.4.196.65" port: 39107 } } peers { permanent_uuid: "6346505de03b41ff8d222163ac7b5fff" member_type: VOTER last_known_addr { host: "127.4.196.66" port: 37315 } }
I20260709 13:13:47.668968  5718 raft_consensus.cc:385] T 88473ddbbf6440d78a6cbf03cfcfb2ba P d09d940df7d34470968212a592238043 [term 0 FOLLOWER]: Consensus starting up: Expiring failure detector timer to make a prompt election more likely
I20260709 13:13:47.669274  5718 raft_consensus.cc:740] T 88473ddbbf6440d78a6cbf03cfcfb2ba P d09d940df7d34470968212a592238043 [term 0 FOLLOWER]: Becoming Follower/Learner. State: Replica: d09d940df7d34470968212a592238043, State: Initialized, Role: FOLLOWER
I20260709 13:13:47.670011  5718 consensus_queue.cc:260] T 88473ddbbf6440d78a6cbf03cfcfb2ba P d09d940df7d34470968212a592238043 [NON_LEADER]: Queue going to NON_LEADER mode. State: All replicated index: 0, Majority replicated index: 0, Committed index: 0, Last appended: 0.0, Last appended by leader: 0, Current term: 0, Majority size: -1, State: 0, Mode: NON_LEADER, active raft config: opid_index: -1 OBSOLETE_local: false peers { permanent_uuid: "3f34b70aaba141b7ad92478271bb7f72" member_type: VOTER last_known_addr { host: "127.4.196.67" port: 35523 } } peers { permanent_uuid: "d09d940df7d34470968212a592238043" member_type: VOTER last_known_addr { host: "127.4.196.65" port: 39107 } } peers { permanent_uuid: "6346505de03b41ff8d222163ac7b5fff" member_type: VOTER last_known_addr { host: "127.4.196.66" port: 37315 } }
I20260709 13:13:47.671927  5719 tablet_bootstrap.cc:492] T 88473ddbbf6440d78a6cbf03cfcfb2ba P 6346505de03b41ff8d222163ac7b5fff: No bootstrap required, opened a new log
I20260709 13:13:47.672386  5718 ts_tablet_manager.cc:1434] T 88473ddbbf6440d78a6cbf03cfcfb2ba P d09d940df7d34470968212a592238043: Time spent starting tablet: real 0.007s	user 0.004s	sys 0.004s
I20260709 13:13:47.673373  5718 tablet_bootstrap.cc:492] T b90659381b0847c2902ed231c580ba61 P d09d940df7d34470968212a592238043: Bootstrap starting.
I20260709 13:13:47.660192  5717 ts_tablet_manager.cc:1434] T b1ce21c7e1a54ea188ea1199121a4b06 P 3f34b70aaba141b7ad92478271bb7f72: Time spent starting tablet: real 0.022s	user 0.012s	sys 0.000s
I20260709 13:13:47.674539  5717 tablet_bootstrap.cc:492] T b90659381b0847c2902ed231c580ba61 P 3f34b70aaba141b7ad92478271bb7f72: Bootstrap starting.
I20260709 13:13:47.672472  5719 ts_tablet_manager.cc:1403] T 88473ddbbf6440d78a6cbf03cfcfb2ba P 6346505de03b41ff8d222163ac7b5fff: Time spent bootstrapping tablet: real 0.012s	user 0.007s	sys 0.005s
I20260709 13:13:47.681041  5719 raft_consensus.cc:359] T 88473ddbbf6440d78a6cbf03cfcfb2ba P 6346505de03b41ff8d222163ac7b5fff [term 0 FOLLOWER]: Replica starting. Triggering 0 pending ops. Active config: opid_index: -1 OBSOLETE_local: false peers { permanent_uuid: "3f34b70aaba141b7ad92478271bb7f72" member_type: VOTER last_known_addr { host: "127.4.196.67" port: 35523 } } peers { permanent_uuid: "d09d940df7d34470968212a592238043" member_type: VOTER last_known_addr { host: "127.4.196.65" port: 39107 } } peers { permanent_uuid: "6346505de03b41ff8d222163ac7b5fff" member_type: VOTER last_known_addr { host: "127.4.196.66" port: 37315 } }
I20260709 13:13:47.681758  5718 tablet_bootstrap.cc:654] T b90659381b0847c2902ed231c580ba61 P d09d940df7d34470968212a592238043: Neither blocks nor log segments found. Creating new log.
I20260709 13:13:47.681972  5717 tablet_bootstrap.cc:654] T b90659381b0847c2902ed231c580ba61 P 3f34b70aaba141b7ad92478271bb7f72: Neither blocks nor log segments found. Creating new log.
I20260709 13:13:47.681902  5719 raft_consensus.cc:385] T 88473ddbbf6440d78a6cbf03cfcfb2ba P 6346505de03b41ff8d222163ac7b5fff [term 0 FOLLOWER]: Consensus starting up: Expiring failure detector timer to make a prompt election more likely
I20260709 13:13:47.682528  5719 raft_consensus.cc:740] T 88473ddbbf6440d78a6cbf03cfcfb2ba P 6346505de03b41ff8d222163ac7b5fff [term 0 FOLLOWER]: Becoming Follower/Learner. State: Replica: 6346505de03b41ff8d222163ac7b5fff, State: Initialized, Role: FOLLOWER
I20260709 13:13:47.683465  5719 consensus_queue.cc:260] T 88473ddbbf6440d78a6cbf03cfcfb2ba P 6346505de03b41ff8d222163ac7b5fff [NON_LEADER]: Queue going to NON_LEADER mode. State: All replicated index: 0, Majority replicated index: 0, Committed index: 0, Last appended: 0.0, Last appended by leader: 0, Current term: 0, Majority size: -1, State: 0, Mode: NON_LEADER, active raft config: opid_index: -1 OBSOLETE_local: false peers { permanent_uuid: "3f34b70aaba141b7ad92478271bb7f72" member_type: VOTER last_known_addr { host: "127.4.196.67" port: 35523 } } peers { permanent_uuid: "d09d940df7d34470968212a592238043" member_type: VOTER last_known_addr { host: "127.4.196.65" port: 39107 } } peers { permanent_uuid: "6346505de03b41ff8d222163ac7b5fff" member_type: VOTER last_known_addr { host: "127.4.196.66" port: 37315 } }
I20260709 13:13:47.685925  5719 ts_tablet_manager.cc:1434] T 88473ddbbf6440d78a6cbf03cfcfb2ba P 6346505de03b41ff8d222163ac7b5fff: Time spent starting tablet: real 0.008s	user 0.000s	sys 0.005s
I20260709 13:13:47.687121  5719 tablet_bootstrap.cc:492] T 7ed87bba489b4bf78ce28382a1f3b8d8 P 6346505de03b41ff8d222163ac7b5fff: Bootstrap starting.
I20260709 13:13:47.693531  5723 raft_consensus.cc:493] T 88473ddbbf6440d78a6cbf03cfcfb2ba P d09d940df7d34470968212a592238043 [term 0 FOLLOWER]: Starting pre-election (no leader contacted us within the election timeout)
I20260709 13:13:47.693717  5719 tablet_bootstrap.cc:654] T 7ed87bba489b4bf78ce28382a1f3b8d8 P 6346505de03b41ff8d222163ac7b5fff: Neither blocks nor log segments found. Creating new log.
I20260709 13:13:47.694039  5723 raft_consensus.cc:515] T 88473ddbbf6440d78a6cbf03cfcfb2ba P d09d940df7d34470968212a592238043 [term 0 FOLLOWER]: Starting pre-election with config: opid_index: -1 OBSOLETE_local: false peers { permanent_uuid: "3f34b70aaba141b7ad92478271bb7f72" member_type: VOTER last_known_addr { host: "127.4.196.67" port: 35523 } } peers { permanent_uuid: "d09d940df7d34470968212a592238043" member_type: VOTER last_known_addr { host: "127.4.196.65" port: 39107 } } peers { permanent_uuid: "6346505de03b41ff8d222163ac7b5fff" member_type: VOTER last_known_addr { host: "127.4.196.66" port: 37315 } }
I20260709 13:13:47.704514  5723 leader_election.cc:290] T 88473ddbbf6440d78a6cbf03cfcfb2ba P d09d940df7d34470968212a592238043 [CANDIDATE]: Term 1 pre-election: Requested pre-vote from peers 3f34b70aaba141b7ad92478271bb7f72 (127.4.196.67:35523), 6346505de03b41ff8d222163ac7b5fff (127.4.196.66:37315)
I20260709 13:13:47.725937  5718 tablet_bootstrap.cc:492] T b90659381b0847c2902ed231c580ba61 P d09d940df7d34470968212a592238043: No bootstrap required, opened a new log
I20260709 13:13:47.726480  5718 ts_tablet_manager.cc:1403] T b90659381b0847c2902ed231c580ba61 P d09d940df7d34470968212a592238043: Time spent bootstrapping tablet: real 0.053s	user 0.014s	sys 0.001s
I20260709 13:13:47.729295  5718 raft_consensus.cc:359] T b90659381b0847c2902ed231c580ba61 P d09d940df7d34470968212a592238043 [term 0 FOLLOWER]: Replica starting. Triggering 0 pending ops. Active config: opid_index: -1 OBSOLETE_local: false peers { permanent_uuid: "d09d940df7d34470968212a592238043" member_type: VOTER last_known_addr { host: "127.4.196.65" port: 39107 } } peers { permanent_uuid: "6346505de03b41ff8d222163ac7b5fff" member_type: VOTER last_known_addr { host: "127.4.196.66" port: 37315 } } peers { permanent_uuid: "3f34b70aaba141b7ad92478271bb7f72" member_type: VOTER last_known_addr { host: "127.4.196.67" port: 35523 } }
I20260709 13:13:47.730031  5718 raft_consensus.cc:385] T b90659381b0847c2902ed231c580ba61 P d09d940df7d34470968212a592238043 [term 0 FOLLOWER]: Consensus starting up: Expiring failure detector timer to make a prompt election more likely
I20260709 13:13:47.735348  5718 raft_consensus.cc:740] T b90659381b0847c2902ed231c580ba61 P d09d940df7d34470968212a592238043 [term 0 FOLLOWER]: Becoming Follower/Learner. State: Replica: d09d940df7d34470968212a592238043, State: Initialized, Role: FOLLOWER
I20260709 13:13:47.736179  5718 consensus_queue.cc:260] T b90659381b0847c2902ed231c580ba61 P d09d940df7d34470968212a592238043 [NON_LEADER]: Queue going to NON_LEADER mode. State: All replicated index: 0, Majority replicated index: 0, Committed index: 0, Last appended: 0.0, Last appended by leader: 0, Current term: 0, Majority size: -1, State: 0, Mode: NON_LEADER, active raft config: opid_index: -1 OBSOLETE_local: false peers { permanent_uuid: "d09d940df7d34470968212a592238043" member_type: VOTER last_known_addr { host: "127.4.196.65" port: 39107 } } peers { permanent_uuid: "6346505de03b41ff8d222163ac7b5fff" member_type: VOTER last_known_addr { host: "127.4.196.66" port: 37315 } } peers { permanent_uuid: "3f34b70aaba141b7ad92478271bb7f72" member_type: VOTER last_known_addr { host: "127.4.196.67" port: 35523 } }
I20260709 13:13:47.733717  5717 tablet_bootstrap.cc:492] T b90659381b0847c2902ed231c580ba61 P 3f34b70aaba141b7ad92478271bb7f72: No bootstrap required, opened a new log
I20260709 13:13:47.737511  5717 ts_tablet_manager.cc:1403] T b90659381b0847c2902ed231c580ba61 P 3f34b70aaba141b7ad92478271bb7f72: Time spent bootstrapping tablet: real 0.063s	user 0.020s	sys 0.036s
I20260709 13:13:47.740180  5717 raft_consensus.cc:359] T b90659381b0847c2902ed231c580ba61 P 3f34b70aaba141b7ad92478271bb7f72 [term 0 FOLLOWER]: Replica starting. Triggering 0 pending ops. Active config: opid_index: -1 OBSOLETE_local: false peers { permanent_uuid: "d09d940df7d34470968212a592238043" member_type: VOTER last_known_addr { host: "127.4.196.65" port: 39107 } } peers { permanent_uuid: "6346505de03b41ff8d222163ac7b5fff" member_type: VOTER last_known_addr { host: "127.4.196.66" port: 37315 } } peers { permanent_uuid: "3f34b70aaba141b7ad92478271bb7f72" member_type: VOTER last_known_addr { host: "127.4.196.67" port: 35523 } }
I20260709 13:13:47.740844  5717 raft_consensus.cc:385] T b90659381b0847c2902ed231c580ba61 P 3f34b70aaba141b7ad92478271bb7f72 [term 0 FOLLOWER]: Consensus starting up: Expiring failure detector timer to make a prompt election more likely
I20260709 13:13:47.741146  5717 raft_consensus.cc:740] T b90659381b0847c2902ed231c580ba61 P 3f34b70aaba141b7ad92478271bb7f72 [term 0 FOLLOWER]: Becoming Follower/Learner. State: Replica: 3f34b70aaba141b7ad92478271bb7f72, State: Initialized, Role: FOLLOWER
I20260709 13:13:47.741815  5717 consensus_queue.cc:260] T b90659381b0847c2902ed231c580ba61 P 3f34b70aaba141b7ad92478271bb7f72 [NON_LEADER]: Queue going to NON_LEADER mode. State: All replicated index: 0, Majority replicated index: 0, Committed index: 0, Last appended: 0.0, Last appended by leader: 0, Current term: 0, Majority size: -1, State: 0, Mode: NON_LEADER, active raft config: opid_index: -1 OBSOLETE_local: false peers { permanent_uuid: "d09d940df7d34470968212a592238043" member_type: VOTER last_known_addr { host: "127.4.196.65" port: 39107 } } peers { permanent_uuid: "6346505de03b41ff8d222163ac7b5fff" member_type: VOTER last_known_addr { host: "127.4.196.66" port: 37315 } } peers { permanent_uuid: "3f34b70aaba141b7ad92478271bb7f72" member_type: VOTER last_known_addr { host: "127.4.196.67" port: 35523 } }
I20260709 13:13:47.743875  5717 ts_tablet_manager.cc:1434] T b90659381b0847c2902ed231c580ba61 P 3f34b70aaba141b7ad92478271bb7f72: Time spent starting tablet: real 0.006s	user 0.005s	sys 0.000s
I20260709 13:13:47.744801  5717 tablet_bootstrap.cc:492] T d295cb9dbb7b48ddaa7f18c12f0e91b5 P 3f34b70aaba141b7ad92478271bb7f72: Bootstrap starting.
I20260709 13:13:47.747871  5718 ts_tablet_manager.cc:1434] T b90659381b0847c2902ed231c580ba61 P d09d940df7d34470968212a592238043: Time spent starting tablet: real 0.021s	user 0.006s	sys 0.000s
I20260709 13:13:47.749025  5718 tablet_bootstrap.cc:492] T 329361c15b184bd697ea91c9abc76cec P d09d940df7d34470968212a592238043: Bootstrap starting.
I20260709 13:13:47.750851  5725 raft_consensus.cc:493] T 329361c15b184bd697ea91c9abc76cec P 6346505de03b41ff8d222163ac7b5fff [term 0 FOLLOWER]: Starting pre-election (no leader contacted us within the election timeout)
I20260709 13:13:47.751565  5717 tablet_bootstrap.cc:654] T d295cb9dbb7b48ddaa7f18c12f0e91b5 P 3f34b70aaba141b7ad92478271bb7f72: Neither blocks nor log segments found. Creating new log.
I20260709 13:13:47.751385  5725 raft_consensus.cc:515] T 329361c15b184bd697ea91c9abc76cec P 6346505de03b41ff8d222163ac7b5fff [term 0 FOLLOWER]: Starting pre-election with config: opid_index: -1 OBSOLETE_local: false peers { permanent_uuid: "d09d940df7d34470968212a592238043" member_type: VOTER last_known_addr { host: "127.4.196.65" port: 39107 } } peers { permanent_uuid: "6346505de03b41ff8d222163ac7b5fff" member_type: VOTER last_known_addr { host: "127.4.196.66" port: 37315 } } peers { permanent_uuid: "3f34b70aaba141b7ad92478271bb7f72" member_type: VOTER last_known_addr { host: "127.4.196.67" port: 35523 } }
I20260709 13:13:47.771039  5717 tablet_bootstrap.cc:492] T d295cb9dbb7b48ddaa7f18c12f0e91b5 P 3f34b70aaba141b7ad92478271bb7f72: No bootstrap required, opened a new log
I20260709 13:13:47.771524  5717 ts_tablet_manager.cc:1403] T d295cb9dbb7b48ddaa7f18c12f0e91b5 P 3f34b70aaba141b7ad92478271bb7f72: Time spent bootstrapping tablet: real 0.027s	user 0.011s	sys 0.013s
I20260709 13:13:47.772804  5724 raft_consensus.cc:493] T b1ce21c7e1a54ea188ea1199121a4b06 P 3f34b70aaba141b7ad92478271bb7f72 [term 0 FOLLOWER]: Starting pre-election (no leader contacted us within the election timeout)
I20260709 13:13:47.773356  5725 leader_election.cc:290] T 329361c15b184bd697ea91c9abc76cec P 6346505de03b41ff8d222163ac7b5fff [CANDIDATE]: Term 1 pre-election: Requested pre-vote from peers d09d940df7d34470968212a592238043 (127.4.196.65:39107), 3f34b70aaba141b7ad92478271bb7f72 (127.4.196.67:35523)
I20260709 13:13:47.773269  5724 raft_consensus.cc:515] T b1ce21c7e1a54ea188ea1199121a4b06 P 3f34b70aaba141b7ad92478271bb7f72 [term 0 FOLLOWER]: Starting pre-election with config: opid_index: -1 OBSOLETE_local: false peers { permanent_uuid: "d09d940df7d34470968212a592238043" member_type: VOTER last_known_addr { host: "127.4.196.65" port: 39107 } } peers { permanent_uuid: "6346505de03b41ff8d222163ac7b5fff" member_type: VOTER last_known_addr { host: "127.4.196.66" port: 37315 } } peers { permanent_uuid: "3f34b70aaba141b7ad92478271bb7f72" member_type: VOTER last_known_addr { host: "127.4.196.67" port: 35523 } }
I20260709 13:13:47.774209  5717 raft_consensus.cc:359] T d295cb9dbb7b48ddaa7f18c12f0e91b5 P 3f34b70aaba141b7ad92478271bb7f72 [term 0 FOLLOWER]: Replica starting. Triggering 0 pending ops. Active config: opid_index: -1 OBSOLETE_local: false peers { permanent_uuid: "d09d940df7d34470968212a592238043" member_type: VOTER last_known_addr { host: "127.4.196.65" port: 39107 } } peers { permanent_uuid: "6346505de03b41ff8d222163ac7b5fff" member_type: VOTER last_known_addr { host: "127.4.196.66" port: 37315 } } peers { permanent_uuid: "3f34b70aaba141b7ad92478271bb7f72" member_type: VOTER last_known_addr { host: "127.4.196.67" port: 35523 } }
I20260709 13:13:47.774887  5717 raft_consensus.cc:385] T d295cb9dbb7b48ddaa7f18c12f0e91b5 P 3f34b70aaba141b7ad92478271bb7f72 [term 0 FOLLOWER]: Consensus starting up: Expiring failure detector timer to make a prompt election more likely
I20260709 13:13:47.775162  5717 raft_consensus.cc:740] T d295cb9dbb7b48ddaa7f18c12f0e91b5 P 3f34b70aaba141b7ad92478271bb7f72 [term 0 FOLLOWER]: Becoming Follower/Learner. State: Replica: 3f34b70aaba141b7ad92478271bb7f72, State: Initialized, Role: FOLLOWER
I20260709 13:13:47.775456  5528 tablet_service.cc:1917] Received RequestConsensusVote() RPC: tablet_id: "329361c15b184bd697ea91c9abc76cec" candidate_uuid: "6346505de03b41ff8d222163ac7b5fff" candidate_term: 1 candidate_status { last_received { term: 0 index: 0 } } ignore_live_leader: false dest_uuid: "d09d940df7d34470968212a592238043" is_pre_election: true
I20260709 13:13:47.775913  5724 leader_election.cc:290] T b1ce21c7e1a54ea188ea1199121a4b06 P 3f34b70aaba141b7ad92478271bb7f72 [CANDIDATE]: Term 1 pre-election: Requested pre-vote from peers d09d940df7d34470968212a592238043 (127.4.196.65:39107), 6346505de03b41ff8d222163ac7b5fff (127.4.196.66:37315)
I20260709 13:13:47.775858  5717 consensus_queue.cc:260] T d295cb9dbb7b48ddaa7f18c12f0e91b5 P 3f34b70aaba141b7ad92478271bb7f72 [NON_LEADER]: Queue going to NON_LEADER mode. State: All replicated index: 0, Majority replicated index: 0, Committed index: 0, Last appended: 0.0, Last appended by leader: 0, Current term: 0, Majority size: -1, State: 0, Mode: NON_LEADER, active raft config: opid_index: -1 OBSOLETE_local: false peers { permanent_uuid: "d09d940df7d34470968212a592238043" member_type: VOTER last_known_addr { host: "127.4.196.65" port: 39107 } } peers { permanent_uuid: "6346505de03b41ff8d222163ac7b5fff" member_type: VOTER last_known_addr { host: "127.4.196.66" port: 37315 } } peers { permanent_uuid: "3f34b70aaba141b7ad92478271bb7f72" member_type: VOTER last_known_addr { host: "127.4.196.67" port: 35523 } }
I20260709 13:13:47.778046  5717 ts_tablet_manager.cc:1434] T d295cb9dbb7b48ddaa7f18c12f0e91b5 P 3f34b70aaba141b7ad92478271bb7f72: Time spent starting tablet: real 0.006s	user 0.008s	sys 0.000s
W20260709 13:13:47.778313  5568 leader_election.cc:343] T 329361c15b184bd697ea91c9abc76cec P 6346505de03b41ff8d222163ac7b5fff [CANDIDATE]: Term 1 pre-election: Tablet error from VoteRequest() call to peer d09d940df7d34470968212a592238043 (127.4.196.65:39107): Illegal state: must be running to vote when last-logged opid is not known
I20260709 13:13:47.779106  5717 tablet_bootstrap.cc:492] T 329361c15b184bd697ea91c9abc76cec P 3f34b70aaba141b7ad92478271bb7f72: Bootstrap starting.
I20260709 13:13:47.785477  5717 tablet_bootstrap.cc:654] T 329361c15b184bd697ea91c9abc76cec P 3f34b70aaba141b7ad92478271bb7f72: Neither blocks nor log segments found. Creating new log.
I20260709 13:13:47.791548  5717 tablet_bootstrap.cc:492] T 329361c15b184bd697ea91c9abc76cec P 3f34b70aaba141b7ad92478271bb7f72: No bootstrap required, opened a new log
I20260709 13:13:47.791998  5717 ts_tablet_manager.cc:1403] T 329361c15b184bd697ea91c9abc76cec P 3f34b70aaba141b7ad92478271bb7f72: Time spent bootstrapping tablet: real 0.013s	user 0.004s	sys 0.008s
I20260709 13:13:47.791572  5719 tablet_bootstrap.cc:492] T 7ed87bba489b4bf78ce28382a1f3b8d8 P 6346505de03b41ff8d222163ac7b5fff: No bootstrap required, opened a new log
I20260709 13:13:47.794487  5719 ts_tablet_manager.cc:1403] T 7ed87bba489b4bf78ce28382a1f3b8d8 P 6346505de03b41ff8d222163ac7b5fff: Time spent bootstrapping tablet: real 0.108s	user 0.040s	sys 0.028s
I20260709 13:13:47.795634  5677 tablet_service.cc:1917] Received RequestConsensusVote() RPC: tablet_id: "88473ddbbf6440d78a6cbf03cfcfb2ba" candidate_uuid: "d09d940df7d34470968212a592238043" candidate_term: 1 candidate_status { last_received { term: 0 index: 0 } } ignore_live_leader: false dest_uuid: "3f34b70aaba141b7ad92478271bb7f72" is_pre_election: true
W20260709 13:13:47.797219  5494 leader_election.cc:343] T 88473ddbbf6440d78a6cbf03cfcfb2ba P d09d940df7d34470968212a592238043 [CANDIDATE]: Term 1 pre-election: Tablet error from VoteRequest() call to peer 3f34b70aaba141b7ad92478271bb7f72 (127.4.196.67:35523): Illegal state: must be running to vote when last-logged opid is not known
I20260709 13:13:47.797996  5717 raft_consensus.cc:359] T 329361c15b184bd697ea91c9abc76cec P 3f34b70aaba141b7ad92478271bb7f72 [term 0 FOLLOWER]: Replica starting. Triggering 0 pending ops. Active config: opid_index: -1 OBSOLETE_local: false peers { permanent_uuid: "d09d940df7d34470968212a592238043" member_type: VOTER last_known_addr { host: "127.4.196.65" port: 39107 } } peers { permanent_uuid: "6346505de03b41ff8d222163ac7b5fff" member_type: VOTER last_known_addr { host: "127.4.196.66" port: 37315 } } peers { permanent_uuid: "3f34b70aaba141b7ad92478271bb7f72" member_type: VOTER last_known_addr { host: "127.4.196.67" port: 35523 } }
I20260709 13:13:47.798702  5717 raft_consensus.cc:385] T 329361c15b184bd697ea91c9abc76cec P 3f34b70aaba141b7ad92478271bb7f72 [term 0 FOLLOWER]: Consensus starting up: Expiring failure detector timer to make a prompt election more likely
I20260709 13:13:47.798974  5717 raft_consensus.cc:740] T 329361c15b184bd697ea91c9abc76cec P 3f34b70aaba141b7ad92478271bb7f72 [term 0 FOLLOWER]: Becoming Follower/Learner. State: Replica: 3f34b70aaba141b7ad92478271bb7f72, State: Initialized, Role: FOLLOWER
I20260709 13:13:47.799702  5717 consensus_queue.cc:260] T 329361c15b184bd697ea91c9abc76cec P 3f34b70aaba141b7ad92478271bb7f72 [NON_LEADER]: Queue going to NON_LEADER mode. State: All replicated index: 0, Majority replicated index: 0, Committed index: 0, Last appended: 0.0, Last appended by leader: 0, Current term: 0, Majority size: -1, State: 0, Mode: NON_LEADER, active raft config: opid_index: -1 OBSOLETE_local: false peers { permanent_uuid: "d09d940df7d34470968212a592238043" member_type: VOTER last_known_addr { host: "127.4.196.65" port: 39107 } } peers { permanent_uuid: "6346505de03b41ff8d222163ac7b5fff" member_type: VOTER last_known_addr { host: "127.4.196.66" port: 37315 } } peers { permanent_uuid: "3f34b70aaba141b7ad92478271bb7f72" member_type: VOTER last_known_addr { host: "127.4.196.67" port: 35523 } }
I20260709 13:13:47.801750  5717 ts_tablet_manager.cc:1434] T 329361c15b184bd697ea91c9abc76cec P 3f34b70aaba141b7ad92478271bb7f72: Time spent starting tablet: real 0.009s	user 0.004s	sys 0.000s
I20260709 13:13:47.802744  5717 tablet_bootstrap.cc:492] T 88473ddbbf6440d78a6cbf03cfcfb2ba P 3f34b70aaba141b7ad92478271bb7f72: Bootstrap starting.
I20260709 13:13:47.808574  5717 tablet_bootstrap.cc:654] T 88473ddbbf6440d78a6cbf03cfcfb2ba P 3f34b70aaba141b7ad92478271bb7f72: Neither blocks nor log segments found. Creating new log.
I20260709 13:13:47.797026  5719 raft_consensus.cc:359] T 7ed87bba489b4bf78ce28382a1f3b8d8 P 6346505de03b41ff8d222163ac7b5fff [term 0 FOLLOWER]: Replica starting. Triggering 0 pending ops. Active config: opid_index: -1 OBSOLETE_local: false peers { permanent_uuid: "d09d940df7d34470968212a592238043" member_type: VOTER last_known_addr { host: "127.4.196.65" port: 39107 } } peers { permanent_uuid: "6346505de03b41ff8d222163ac7b5fff" member_type: VOTER last_known_addr { host: "127.4.196.66" port: 37315 } } peers { permanent_uuid: "3f34b70aaba141b7ad92478271bb7f72" member_type: VOTER last_known_addr { host: "127.4.196.67" port: 35523 } }
