I20260709 13:14:02.705624  9763 raft_consensus.cc:515] T 1f65c5f02fa343ddbf3d1c9e874c0dbe P 7662aefe40b0403693c8931f9ac87559 [term 1 FOLLOWER]: Starting leader election with config: opid_index: -1 OBSOLETE_local: false peers { permanent_uuid: "7662aefe40b0403693c8931f9ac87559" member_type: VOTER last_known_addr { host: "127.8.35.193" port: 37833 } } peers { permanent_uuid: "1e9b35c691694c0eb60b9e455cf502b8" member_type: VOTER last_known_addr { host: "127.8.35.194" port: 43455 } } peers { permanent_uuid: "a6ba4ec622f245e3866f3578a593eef8" member_type: VOTER last_known_addr { host: "127.8.35.195" port: 33849 } }
I20260709 13:14:02.708132  9763 leader_election.cc:290] T 1f65c5f02fa343ddbf3d1c9e874c0dbe P 7662aefe40b0403693c8931f9ac87559 [CANDIDATE]: Term 1 election: Requested vote from peers 1e9b35c691694c0eb60b9e455cf502b8 (127.8.35.194:43455), a6ba4ec622f245e3866f3578a593eef8 (127.8.35.195:33849)
I20260709 13:14:02.708949  9588 tablet_service.cc:1917] Received RequestConsensusVote() RPC: tablet_id: "1f65c5f02fa343ddbf3d1c9e874c0dbe" candidate_uuid: "7662aefe40b0403693c8931f9ac87559" candidate_term: 1 candidate_status { last_received { term: 0 index: 0 } } ignore_live_leader: false dest_uuid: "1e9b35c691694c0eb60b9e455cf502b8"
I20260709 13:14:02.708966  9664 tablet_service.cc:1917] Received RequestConsensusVote() RPC: tablet_id: "1f65c5f02fa343ddbf3d1c9e874c0dbe" candidate_uuid: "7662aefe40b0403693c8931f9ac87559" candidate_term: 1 candidate_status { last_received { term: 0 index: 0 } } ignore_live_leader: false dest_uuid: "a6ba4ec622f245e3866f3578a593eef8"
I20260709 13:14:02.711871  9588 raft_consensus.cc:3060] T 1f65c5f02fa343ddbf3d1c9e874c0dbe P 1e9b35c691694c0eb60b9e455cf502b8 [term 0 FOLLOWER]: Advancing to term 1
W20260709 13:14:02.712931  9482 leader_election.cc:343] T 1f65c5f02fa343ddbf3d1c9e874c0dbe P 7662aefe40b0403693c8931f9ac87559 [CANDIDATE]: Term 1 election: Tablet error from VoteRequest() call to peer a6ba4ec622f245e3866f3578a593eef8 (127.8.35.195:33849): Illegal state: must be running to vote when last-logged opid is not known
W20260709 13:14:02.718065  9631 consensus_peers.cc:597] T 776772c9cd7e4dee8957b17952b29ca4 P a6ba4ec622f245e3866f3578a593eef8 -> Peer 1e9b35c691694c0eb60b9e455cf502b8 (127.8.35.194:43455): Couldn't send request to peer 1e9b35c691694c0eb60b9e455cf502b8. Error code: TABLET_NOT_RUNNING (12). Status: Illegal state: Tablet not RUNNING: INITIALIZED. This is attempt 1: this message will repeat every 5th retry.
I20260709 13:14:02.720922  9706 tablet_bootstrap.cc:654] T 05443775206248e09cd74990c7a01b6f P 1e9b35c691694c0eb60b9e455cf502b8: Neither blocks nor log segments found. Creating new log.
I20260709 13:14:02.721417  9588 raft_consensus.cc:2468] T 1f65c5f02fa343ddbf3d1c9e874c0dbe P 1e9b35c691694c0eb60b9e455cf502b8 [term 1 FOLLOWER]: Leader election vote request: Granting yes vote for candidate 7662aefe40b0403693c8931f9ac87559 in term 1.
I20260709 13:14:02.722590  9482 leader_election.cc:304] T 1f65c5f02fa343ddbf3d1c9e874c0dbe P 7662aefe40b0403693c8931f9ac87559 [CANDIDATE]: Term 1 election: Election decided. Result: candidate won. Election summary: received 3 responses out of 3 voters: 2 yes votes; 1 no votes. yes voters: 1e9b35c691694c0eb60b9e455cf502b8, 7662aefe40b0403693c8931f9ac87559; no voters: a6ba4ec622f245e3866f3578a593eef8
I20260709 13:14:02.723207  9705 ts_tablet_manager.cc:1434] T 6f158ad6ce2041a5a931c85192d2a1ca P a6ba4ec622f245e3866f3578a593eef8: Time spent starting tablet: real 0.031s	user 0.005s	sys 0.000s
I20260709 13:14:02.723672  9763 raft_consensus.cc:2804] T 1f65c5f02fa343ddbf3d1c9e874c0dbe P 7662aefe40b0403693c8931f9ac87559 [term 1 FOLLOWER]: Leader election won for term 1
I20260709 13:14:02.724243  9705 tablet_bootstrap.cc:492] T 6c928caa98164365a1f7c9319eaa523d P a6ba4ec622f245e3866f3578a593eef8: Bootstrap starting.
I20260709 13:14:02.724383  9763 raft_consensus.cc:697] T 1f65c5f02fa343ddbf3d1c9e874c0dbe P 7662aefe40b0403693c8931f9ac87559 [term 1 LEADER]: Becoming Leader. State: Replica: 7662aefe40b0403693c8931f9ac87559, State: Running, Role: LEADER
I20260709 13:14:02.726567  9763 consensus_queue.cc:237] T 1f65c5f02fa343ddbf3d1c9e874c0dbe P 7662aefe40b0403693c8931f9ac87559 [LEADER]: Queue going to LEADER mode. State: All replicated index: 0, Majority replicated index: 0, Committed index: 0, Last appended: 0.0, Last appended by leader: 0, Current term: 1, Majority size: 2, State: 0, Mode: LEADER, active raft config: opid_index: -1 OBSOLETE_local: false peers { permanent_uuid: "7662aefe40b0403693c8931f9ac87559" member_type: VOTER last_known_addr { host: "127.8.35.193" port: 37833 } } peers { permanent_uuid: "1e9b35c691694c0eb60b9e455cf502b8" member_type: VOTER last_known_addr { host: "127.8.35.194" port: 43455 } } peers { permanent_uuid: "a6ba4ec622f245e3866f3578a593eef8" member_type: VOTER last_known_addr { host: "127.8.35.195" port: 33849 } }
I20260709 13:14:02.729692  9705 tablet_bootstrap.cc:654] T 6c928caa98164365a1f7c9319eaa523d P a6ba4ec622f245e3866f3578a593eef8: Neither blocks nor log segments found. Creating new log.
I20260709 13:14:02.737524  9413 catalog_manager.cc:5697] T 150814b406d3489eb09495a7cfb4b390 P 1e9b35c691694c0eb60b9e455cf502b8 reported cstate change: term changed from 0 to 1, leader changed from <none> to 1e9b35c691694c0eb60b9e455cf502b8 (127.8.35.194). New cstate: current_term: 1 leader_uuid: "1e9b35c691694c0eb60b9e455cf502b8" committed_config { opid_index: -1 OBSOLETE_local: false peers { permanent_uuid: "7662aefe40b0403693c8931f9ac87559" member_type: VOTER last_known_addr { host: "127.8.35.193" port: 37833 } health_report { overall_health: UNKNOWN } } peers { permanent_uuid: "1e9b35c691694c0eb60b9e455cf502b8" member_type: VOTER last_known_addr { host: "127.8.35.194" port: 43455 } health_report { overall_health: HEALTHY } } peers { permanent_uuid: "a6ba4ec622f245e3866f3578a593eef8" member_type: VOTER last_known_addr { host: "127.8.35.195" port: 33849 } health_report { overall_health: UNKNOWN } } }
I20260709 13:14:02.738526  9707 tablet_bootstrap.cc:654] T be0e0e4e58c64e9a985fa898e0b01d97 P 7662aefe40b0403693c8931f9ac87559: Neither blocks nor log segments found. Creating new log.
I20260709 13:14:02.764855  9413 catalog_manager.cc:5697] T b3530bdad999437792e708b18a98d9a6 P 1e9b35c691694c0eb60b9e455cf502b8 reported cstate change: term changed from 0 to 1, leader changed from <none> to 1e9b35c691694c0eb60b9e455cf502b8 (127.8.35.194). New cstate: current_term: 1 leader_uuid: "1e9b35c691694c0eb60b9e455cf502b8" committed_config { opid_index: -1 OBSOLETE_local: false peers { permanent_uuid: "7662aefe40b0403693c8931f9ac87559" member_type: VOTER last_known_addr { host: "127.8.35.193" port: 37833 } health_report { overall_health: UNKNOWN } } peers { permanent_uuid: "1e9b35c691694c0eb60b9e455cf502b8" member_type: VOTER last_known_addr { host: "127.8.35.194" port: 43455 } health_report { overall_health: HEALTHY } } peers { permanent_uuid: "a6ba4ec622f245e3866f3578a593eef8" member_type: VOTER last_known_addr { host: "127.8.35.195" port: 33849 } health_report { overall_health: UNKNOWN } } }
I20260709 13:14:02.770644  9705 tablet_bootstrap.cc:492] T 6c928caa98164365a1f7c9319eaa523d P a6ba4ec622f245e3866f3578a593eef8: No bootstrap required, opened a new log
I20260709 13:14:02.771231  9705 ts_tablet_manager.cc:1403] T 6c928caa98164365a1f7c9319eaa523d P a6ba4ec622f245e3866f3578a593eef8: Time spent bootstrapping tablet: real 0.047s	user 0.022s	sys 0.000s
I20260709 13:14:02.773815  9706 tablet_bootstrap.cc:492] T 05443775206248e09cd74990c7a01b6f P 1e9b35c691694c0eb60b9e455cf502b8: No bootstrap required, opened a new log
I20260709 13:14:02.774290  9706 ts_tablet_manager.cc:1403] T 05443775206248e09cd74990c7a01b6f P 1e9b35c691694c0eb60b9e455cf502b8: Time spent bootstrapping tablet: real 0.075s	user 0.035s	sys 0.017s
I20260709 13:14:02.774116  9705 raft_consensus.cc:359] T 6c928caa98164365a1f7c9319eaa523d P a6ba4ec622f245e3866f3578a593eef8 [term 0 FOLLOWER]: Replica starting. Triggering 0 pending ops. Active config: opid_index: -1 OBSOLETE_local: false peers { permanent_uuid: "7662aefe40b0403693c8931f9ac87559" member_type: VOTER last_known_addr { host: "127.8.35.193" port: 37833 } } peers { permanent_uuid: "1e9b35c691694c0eb60b9e455cf502b8" member_type: VOTER last_known_addr { host: "127.8.35.194" port: 43455 } } peers { permanent_uuid: "a6ba4ec622f245e3866f3578a593eef8" member_type: VOTER last_known_addr { host: "127.8.35.195" port: 33849 } }
I20260709 13:14:02.774830  9705 raft_consensus.cc:385] T 6c928caa98164365a1f7c9319eaa523d P a6ba4ec622f245e3866f3578a593eef8 [term 0 FOLLOWER]: Consensus starting up: Expiring failure detector timer to make a prompt election more likely
I20260709 13:14:02.775103  9705 raft_consensus.cc:740] T 6c928caa98164365a1f7c9319eaa523d P a6ba4ec622f245e3866f3578a593eef8 [term 0 FOLLOWER]: Becoming Follower/Learner. State: Replica: a6ba4ec622f245e3866f3578a593eef8, State: Initialized, Role: FOLLOWER
I20260709 13:14:02.775907  9705 consensus_queue.cc:260] T 6c928caa98164365a1f7c9319eaa523d P a6ba4ec622f245e3866f3578a593eef8 [NON_LEADER]: Queue going to NON_LEADER mode. State: All replicated index: 0, Majority replicated index: 0, Committed index: 0, Last appended: 0.0, Last appended by leader: 0, Current term: 0, Majority size: -1, State: 0, Mode: NON_LEADER, active raft config: opid_index: -1 OBSOLETE_local: false peers { permanent_uuid: "7662aefe40b0403693c8931f9ac87559" member_type: VOTER last_known_addr { host: "127.8.35.193" port: 37833 } } peers { permanent_uuid: "1e9b35c691694c0eb60b9e455cf502b8" member_type: VOTER last_known_addr { host: "127.8.35.194" port: 43455 } } peers { permanent_uuid: "a6ba4ec622f245e3866f3578a593eef8" member_type: VOTER last_known_addr { host: "127.8.35.195" port: 33849 } }
I20260709 13:14:02.777045  9706 raft_consensus.cc:359] T 05443775206248e09cd74990c7a01b6f P 1e9b35c691694c0eb60b9e455cf502b8 [term 0 FOLLOWER]: Replica starting. Triggering 0 pending ops. Active config: opid_index: -1 OBSOLETE_local: false peers { permanent_uuid: "7662aefe40b0403693c8931f9ac87559" member_type: VOTER last_known_addr { host: "127.8.35.193" port: 37833 } } peers { permanent_uuid: "1e9b35c691694c0eb60b9e455cf502b8" member_type: VOTER last_known_addr { host: "127.8.35.194" port: 43455 } } peers { permanent_uuid: "a6ba4ec622f245e3866f3578a593eef8" member_type: VOTER last_known_addr { host: "127.8.35.195" port: 33849 } }
I20260709 13:14:02.777930  9706 raft_consensus.cc:385] T 05443775206248e09cd74990c7a01b6f P 1e9b35c691694c0eb60b9e455cf502b8 [term 0 FOLLOWER]: Consensus starting up: Expiring failure detector timer to make a prompt election more likely
I20260709 13:14:02.778211  9706 raft_consensus.cc:740] T 05443775206248e09cd74990c7a01b6f P 1e9b35c691694c0eb60b9e455cf502b8 [term 0 FOLLOWER]: Becoming Follower/Learner. State: Replica: 1e9b35c691694c0eb60b9e455cf502b8, State: Initialized, Role: FOLLOWER
I20260709 13:14:02.778965  9706 consensus_queue.cc:260] T 05443775206248e09cd74990c7a01b6f P 1e9b35c691694c0eb60b9e455cf502b8 [NON_LEADER]: Queue going to NON_LEADER mode. State: All replicated index: 0, Majority replicated index: 0, Committed index: 0, Last appended: 0.0, Last appended by leader: 0, Current term: 0, Majority size: -1, State: 0, Mode: NON_LEADER, active raft config: opid_index: -1 OBSOLETE_local: false peers { permanent_uuid: "7662aefe40b0403693c8931f9ac87559" member_type: VOTER last_known_addr { host: "127.8.35.193" port: 37833 } } peers { permanent_uuid: "1e9b35c691694c0eb60b9e455cf502b8" member_type: VOTER last_known_addr { host: "127.8.35.194" port: 43455 } } peers { permanent_uuid: "a6ba4ec622f245e3866f3578a593eef8" member_type: VOTER last_known_addr { host: "127.8.35.195" port: 33849 } }
I20260709 13:14:02.781139  9706 ts_tablet_manager.cc:1434] T 05443775206248e09cd74990c7a01b6f P 1e9b35c691694c0eb60b9e455cf502b8: Time spent starting tablet: real 0.007s	user 0.005s	sys 0.000s
I20260709 13:14:02.778995  9412 catalog_manager.cc:5697] T 1f65c5f02fa343ddbf3d1c9e874c0dbe P 7662aefe40b0403693c8931f9ac87559 reported cstate change: term changed from 0 to 1, leader changed from <none> to 7662aefe40b0403693c8931f9ac87559 (127.8.35.193). New cstate: current_term: 1 leader_uuid: "7662aefe40b0403693c8931f9ac87559" committed_config { opid_index: -1 OBSOLETE_local: false peers { permanent_uuid: "7662aefe40b0403693c8931f9ac87559" member_type: VOTER last_known_addr { host: "127.8.35.193" port: 37833 } health_report { overall_health: HEALTHY } } peers { permanent_uuid: "1e9b35c691694c0eb60b9e455cf502b8" member_type: VOTER last_known_addr { host: "127.8.35.194" port: 43455 } health_report { overall_health: UNKNOWN } } peers { permanent_uuid: "a6ba4ec622f245e3866f3578a593eef8" member_type: VOTER last_known_addr { host: "127.8.35.195" port: 33849 } health_report { overall_health: UNKNOWN } } }
I20260709 13:14:02.782090  9706 tablet_bootstrap.cc:492] T d75d8fedcf5044b4a5944423fe33ab9e P 1e9b35c691694c0eb60b9e455cf502b8: Bootstrap starting.
I20260709 13:14:02.782106  9705 ts_tablet_manager.cc:1434] T 6c928caa98164365a1f7c9319eaa523d P a6ba4ec622f245e3866f3578a593eef8: Time spent starting tablet: real 0.011s	user 0.004s	sys 0.003s
I20260709 13:14:02.784157  9705 tablet_bootstrap.cc:492] T 1f65c5f02fa343ddbf3d1c9e874c0dbe P a6ba4ec622f245e3866f3578a593eef8: Bootstrap starting.
I20260709 13:14:02.788491  9728 consensus_queue.cc:1048] T 776772c9cd7e4dee8957b17952b29ca4 P a6ba4ec622f245e3866f3578a593eef8 [LEADER]: Connected to new peer: Peer: permanent_uuid: "7662aefe40b0403693c8931f9ac87559" member_type: VOTER last_known_addr { host: "127.8.35.193" port: 37833 }, Status: LMP_MISMATCH, Last received: 0.0, Next index: 1, Last known committed idx: 0, Time since last communication: 0.000s
I20260709 13:14:02.790464  9728 consensus_queue.cc:1048] T 470e1a2b142c4aaea512ff4f5334c991 P a6ba4ec622f245e3866f3578a593eef8 [LEADER]: Connected to new peer: Peer: permanent_uuid: "7662aefe40b0403693c8931f9ac87559" member_type: VOTER last_known_addr { host: "127.8.35.193" port: 37833 }, Status: LMP_MISMATCH, Last received: 0.0, Next index: 1, Last known committed idx: 0, Time since last communication: 0.000s
I20260709 13:14:02.804034  9706 tablet_bootstrap.cc:654] T d75d8fedcf5044b4a5944423fe33ab9e P 1e9b35c691694c0eb60b9e455cf502b8: Neither blocks nor log segments found. Creating new log.
I20260709 13:14:02.804940  9707 tablet_bootstrap.cc:492] T be0e0e4e58c64e9a985fa898e0b01d97 P 7662aefe40b0403693c8931f9ac87559: No bootstrap required, opened a new log
I20260709 13:14:02.805406  9707 ts_tablet_manager.cc:1403] T be0e0e4e58c64e9a985fa898e0b01d97 P 7662aefe40b0403693c8931f9ac87559: Time spent bootstrapping tablet: real 0.117s	user 0.018s	sys 0.006s
I20260709 13:14:02.807983  9705 tablet_bootstrap.cc:654] T 1f65c5f02fa343ddbf3d1c9e874c0dbe P a6ba4ec622f245e3866f3578a593eef8: Neither blocks nor log segments found. Creating new log.
I20260709 13:14:02.809151  9722 raft_consensus.cc:493] T 6f158ad6ce2041a5a931c85192d2a1ca P 1e9b35c691694c0eb60b9e455cf502b8 [term 0 FOLLOWER]: Starting pre-election (no leader contacted us within the election timeout)
I20260709 13:14:02.809702  9722 raft_consensus.cc:515] T 6f158ad6ce2041a5a931c85192d2a1ca P 1e9b35c691694c0eb60b9e455cf502b8 [term 0 FOLLOWER]: Starting pre-election with config: opid_index: -1 OBSOLETE_local: false peers { permanent_uuid: "7662aefe40b0403693c8931f9ac87559" member_type: VOTER last_known_addr { host: "127.8.35.193" port: 37833 } } peers { permanent_uuid: "1e9b35c691694c0eb60b9e455cf502b8" member_type: VOTER last_known_addr { host: "127.8.35.194" port: 43455 } } peers { permanent_uuid: "a6ba4ec622f245e3866f3578a593eef8" member_type: VOTER last_known_addr { host: "127.8.35.195" port: 33849 } }
I20260709 13:14:02.811940  9722 leader_election.cc:290] T 6f158ad6ce2041a5a931c85192d2a1ca P 1e9b35c691694c0eb60b9e455cf502b8 [CANDIDATE]: Term 1 pre-election: Requested pre-vote from peers 7662aefe40b0403693c8931f9ac87559 (127.8.35.193:37833), a6ba4ec622f245e3866f3578a593eef8 (127.8.35.195:33849)
I20260709 13:14:02.811753  9707 raft_consensus.cc:359] T be0e0e4e58c64e9a985fa898e0b01d97 P 7662aefe40b0403693c8931f9ac87559 [term 0 FOLLOWER]: Replica starting. Triggering 0 pending ops. Active config: opid_index: -1 OBSOLETE_local: false peers { permanent_uuid: "7662aefe40b0403693c8931f9ac87559" member_type: VOTER last_known_addr { host: "127.8.35.193" port: 37833 } } peers { permanent_uuid: "1e9b35c691694c0eb60b9e455cf502b8" member_type: VOTER last_known_addr { host: "127.8.35.194" port: 43455 } } peers { permanent_uuid: "a6ba4ec622f245e3866f3578a593eef8" member_type: VOTER last_known_addr { host: "127.8.35.195" port: 33849 } }
I20260709 13:14:02.812433  9707 raft_consensus.cc:385] T be0e0e4e58c64e9a985fa898e0b01d97 P 7662aefe40b0403693c8931f9ac87559 [term 0 FOLLOWER]: Consensus starting up: Expiring failure detector timer to make a prompt election more likely
I20260709 13:14:02.812945  9707 raft_consensus.cc:740] T be0e0e4e58c64e9a985fa898e0b01d97 P 7662aefe40b0403693c8931f9ac87559 [term 0 FOLLOWER]: Becoming Follower/Learner. State: Replica: 7662aefe40b0403693c8931f9ac87559, State: Initialized, Role: FOLLOWER
I20260709 13:14:02.813557  9707 consensus_queue.cc:260] T be0e0e4e58c64e9a985fa898e0b01d97 P 7662aefe40b0403693c8931f9ac87559 [NON_LEADER]: Queue going to NON_LEADER mode. State: All replicated index: 0, Majority replicated index: 0, Committed index: 0, Last appended: 0.0, Last appended by leader: 0, Current term: 0, Majority size: -1, State: 0, Mode: NON_LEADER, active raft config: opid_index: -1 OBSOLETE_local: false peers { permanent_uuid: "7662aefe40b0403693c8931f9ac87559" member_type: VOTER last_known_addr { host: "127.8.35.193" port: 37833 } } peers { permanent_uuid: "1e9b35c691694c0eb60b9e455cf502b8" member_type: VOTER last_known_addr { host: "127.8.35.194" port: 43455 } } peers { permanent_uuid: "a6ba4ec622f245e3866f3578a593eef8" member_type: VOTER last_known_addr { host: "127.8.35.195" port: 33849 } }
I20260709 13:14:02.814332  9664 tablet_service.cc:1917] Received RequestConsensusVote() RPC: tablet_id: "6f158ad6ce2041a5a931c85192d2a1ca" candidate_uuid: "1e9b35c691694c0eb60b9e455cf502b8" candidate_term: 1 candidate_status { last_received { term: 0 index: 0 } } ignore_live_leader: false dest_uuid: "a6ba4ec622f245e3866f3578a593eef8" is_pre_election: true
I20260709 13:14:02.815063  9664 raft_consensus.cc:2468] T 6f158ad6ce2041a5a931c85192d2a1ca P a6ba4ec622f245e3866f3578a593eef8 [term 0 FOLLOWER]: Leader pre-election vote request: Granting yes vote for candidate 1e9b35c691694c0eb60b9e455cf502b8 in term 0.
I20260709 13:14:02.816638  9707 ts_tablet_manager.cc:1434] T be0e0e4e58c64e9a985fa898e0b01d97 P 7662aefe40b0403693c8931f9ac87559: Time spent starting tablet: real 0.011s	user 0.008s	sys 0.000s
I20260709 13:14:02.817512  9707 tablet_bootstrap.cc:492] T 150814b406d3489eb09495a7cfb4b390 P 7662aefe40b0403693c8931f9ac87559: Bootstrap starting.
I20260709 13:14:02.818365  9557 leader_election.cc:304] T 6f158ad6ce2041a5a931c85192d2a1ca P 1e9b35c691694c0eb60b9e455cf502b8 [CANDIDATE]: Term 1 pre-election: Election decided. Result: candidate won. Election summary: received 2 responses out of 3 voters: 2 yes votes; 0 no votes. yes voters: 1e9b35c691694c0eb60b9e455cf502b8, a6ba4ec622f245e3866f3578a593eef8; no voters: 
I20260709 13:14:02.819012  9722 raft_consensus.cc:2804] T 6f158ad6ce2041a5a931c85192d2a1ca P 1e9b35c691694c0eb60b9e455cf502b8 [term 0 FOLLOWER]: Leader pre-election won for term 1
I20260709 13:14:02.819411  9722 raft_consensus.cc:493] T 6f158ad6ce2041a5a931c85192d2a1ca P 1e9b35c691694c0eb60b9e455cf502b8 [term 0 FOLLOWER]: Starting leader election (no leader contacted us within the election timeout)
I20260709 13:14:02.819792  9722 raft_consensus.cc:3060] T 6f158ad6ce2041a5a931c85192d2a1ca P 1e9b35c691694c0eb60b9e455cf502b8 [term 0 FOLLOWER]: Advancing to term 1
I20260709 13:14:02.820674  9815 consensus_queue.cc:1048] T 470e1a2b142c4aaea512ff4f5334c991 P a6ba4ec622f245e3866f3578a593eef8 [LEADER]: Connected to new peer: Peer: permanent_uuid: "1e9b35c691694c0eb60b9e455cf502b8" member_type: VOTER last_known_addr { host: "127.8.35.194" port: 43455 }, Status: LMP_MISMATCH, Last received: 0.0, Next index: 1, Last known committed idx: 0, Time since last communication: 0.000s
I20260709 13:14:02.822222  9514 tablet_service.cc:1917] Received RequestConsensusVote() RPC: tablet_id: "6f158ad6ce2041a5a931c85192d2a1ca" candidate_uuid: "1e9b35c691694c0eb60b9e455cf502b8" candidate_term: 1 candidate_status { last_received { term: 0 index: 0 } } ignore_live_leader: false dest_uuid: "7662aefe40b0403693c8931f9ac87559" is_pre_election: true
I20260709 13:14:02.822824  9514 raft_consensus.cc:2468] T 6f158ad6ce2041a5a931c85192d2a1ca P 7662aefe40b0403693c8931f9ac87559 [term 0 FOLLOWER]: Leader pre-election vote request: Granting yes vote for candidate 1e9b35c691694c0eb60b9e455cf502b8 in term 0.
I20260709 13:14:02.822962  9707 tablet_bootstrap.cc:654] T 150814b406d3489eb09495a7cfb4b390 P 7662aefe40b0403693c8931f9ac87559: Neither blocks nor log segments found. Creating new log.
I20260709 13:14:02.827648  9705 tablet_bootstrap.cc:492] T 1f65c5f02fa343ddbf3d1c9e874c0dbe P a6ba4ec622f245e3866f3578a593eef8: No bootstrap required, opened a new log
I20260709 13:14:02.827358  9722 raft_consensus.cc:515] T 6f158ad6ce2041a5a931c85192d2a1ca P 1e9b35c691694c0eb60b9e455cf502b8 [term 1 FOLLOWER]: Starting leader election with config: opid_index: -1 OBSOLETE_local: false peers { permanent_uuid: "7662aefe40b0403693c8931f9ac87559" member_type: VOTER last_known_addr { host: "127.8.35.193" port: 37833 } } peers { permanent_uuid: "1e9b35c691694c0eb60b9e455cf502b8" member_type: VOTER last_known_addr { host: "127.8.35.194" port: 43455 } } peers { permanent_uuid: "a6ba4ec622f245e3866f3578a593eef8" member_type: VOTER last_known_addr { host: "127.8.35.195" port: 33849 } }
I20260709 13:14:02.828130  9705 ts_tablet_manager.cc:1403] T 1f65c5f02fa343ddbf3d1c9e874c0dbe P a6ba4ec622f245e3866f3578a593eef8: Time spent bootstrapping tablet: real 0.044s	user 0.010s	sys 0.001s
I20260709 13:14:02.829962  9722 leader_election.cc:290] T 6f158ad6ce2041a5a931c85192d2a1ca P 1e9b35c691694c0eb60b9e455cf502b8 [CANDIDATE]: Term 1 election: Requested vote from peers 7662aefe40b0403693c8931f9ac87559 (127.8.35.193:37833), a6ba4ec622f245e3866f3578a593eef8 (127.8.35.195:33849)
I20260709 13:14:02.830292  9705 raft_consensus.cc:359] T 1f65c5f02fa343ddbf3d1c9e874c0dbe P a6ba4ec622f245e3866f3578a593eef8 [term 0 FOLLOWER]: Replica starting. Triggering 0 pending ops. Active config: opid_index: -1 OBSOLETE_local: false peers { permanent_uuid: "7662aefe40b0403693c8931f9ac87559" member_type: VOTER last_known_addr { host: "127.8.35.193" port: 37833 } } peers { permanent_uuid: "1e9b35c691694c0eb60b9e455cf502b8" member_type: VOTER last_known_addr { host: "127.8.35.194" port: 43455 } } peers { permanent_uuid: "a6ba4ec622f245e3866f3578a593eef8" member_type: VOTER last_known_addr { host: "127.8.35.195" port: 33849 } }
I20260709 13:14:02.830924  9705 raft_consensus.cc:385] T 1f65c5f02fa343ddbf3d1c9e874c0dbe P a6ba4ec622f245e3866f3578a593eef8 [term 0 FOLLOWER]: Consensus starting up: Expiring failure detector timer to make a prompt election more likely
I20260709 13:14:02.831171  9705 raft_consensus.cc:740] T 1f65c5f02fa343ddbf3d1c9e874c0dbe P a6ba4ec622f245e3866f3578a593eef8 [term 0 FOLLOWER]: Becoming Follower/Learner. State: Replica: a6ba4ec622f245e3866f3578a593eef8, State: Initialized, Role: FOLLOWER
I20260709 13:14:02.831774  9705 consensus_queue.cc:260] T 1f65c5f02fa343ddbf3d1c9e874c0dbe P a6ba4ec622f245e3866f3578a593eef8 [NON_LEADER]: Queue going to NON_LEADER mode. State: All replicated index: 0, Majority replicated index: 0, Committed index: 0, Last appended: 0.0, Last appended by leader: 0, Current term: 0, Majority size: -1, State: 0, Mode: NON_LEADER, active raft config: opid_index: -1 OBSOLETE_local: false peers { permanent_uuid: "7662aefe40b0403693c8931f9ac87559" member_type: VOTER last_known_addr { host: "127.8.35.193" port: 37833 } } peers { permanent_uuid: "1e9b35c691694c0eb60b9e455cf502b8" member_type: VOTER last_known_addr { host: "127.8.35.194" port: 43455 } } peers { permanent_uuid: "a6ba4ec622f245e3866f3578a593eef8" member_type: VOTER last_known_addr { host: "127.8.35.195" port: 33849 } }
I20260709 13:14:02.834839  9663 tablet_service.cc:1917] Received RequestConsensusVote() RPC: tablet_id: "6f158ad6ce2041a5a931c85192d2a1ca" candidate_uuid: "1e9b35c691694c0eb60b9e455cf502b8" candidate_term: 1 candidate_status { last_received { term: 0 index: 0 } } ignore_live_leader: false dest_uuid: "a6ba4ec622f245e3866f3578a593eef8"
I20260709 13:14:02.835381  9663 raft_consensus.cc:3060] T 6f158ad6ce2041a5a931c85192d2a1ca P a6ba4ec622f245e3866f3578a593eef8 [term 0 FOLLOWER]: Advancing to term 1
I20260709 13:14:02.841200  9515 tablet_service.cc:1917] Received RequestConsensusVote() RPC: tablet_id: "6f158ad6ce2041a5a931c85192d2a1ca" candidate_uuid: "1e9b35c691694c0eb60b9e455cf502b8" candidate_term: 1 candidate_status { last_received { term: 0 index: 0 } } ignore_live_leader: false dest_uuid: "7662aefe40b0403693c8931f9ac87559"
I20260709 13:14:02.842042  9663 raft_consensus.cc:2468] T 6f158ad6ce2041a5a931c85192d2a1ca P a6ba4ec622f245e3866f3578a593eef8 [term 1 FOLLOWER]: Leader election vote request: Granting yes vote for candidate 1e9b35c691694c0eb60b9e455cf502b8 in term 1.
I20260709 13:14:02.842846  9797 raft_consensus.cc:493] T 6c928caa98164365a1f7c9319eaa523d P a6ba4ec622f245e3866f3578a593eef8 [term 0 FOLLOWER]: Starting pre-election (no leader contacted us within the election timeout)
I20260709 13:14:02.843271  9797 raft_consensus.cc:515] T 6c928caa98164365a1f7c9319eaa523d P a6ba4ec622f245e3866f3578a593eef8 [term 0 FOLLOWER]: Starting pre-election with config: opid_index: -1 OBSOLETE_local: false peers { permanent_uuid: "7662aefe40b0403693c8931f9ac87559" member_type: VOTER last_known_addr { host: "127.8.35.193" port: 37833 } } peers { permanent_uuid: "1e9b35c691694c0eb60b9e455cf502b8" member_type: VOTER last_known_addr { host: "127.8.35.194" port: 43455 } } peers { permanent_uuid: "a6ba4ec622f245e3866f3578a593eef8" member_type: VOTER last_known_addr { host: "127.8.35.195" port: 33849 } }
I20260709 13:14:02.843878  9557 leader_election.cc:304] T 6f158ad6ce2041a5a931c85192d2a1ca P 1e9b35c691694c0eb60b9e455cf502b8 [CANDIDATE]: Term 1 election: Election decided. Result: candidate won. Election summary: received 2 responses out of 3 voters: 2 yes votes; 0 no votes. yes voters: 1e9b35c691694c0eb60b9e455cf502b8, a6ba4ec622f245e3866f3578a593eef8; no voters: 
I20260709 13:14:02.844985  9712 raft_consensus.cc:2804] T 6f158ad6ce2041a5a931c85192d2a1ca P 1e9b35c691694c0eb60b9e455cf502b8 [term 1 FOLLOWER]: Leader election won for term 1
I20260709 13:14:02.845292  9797 leader_election.cc:290] T 6c928caa98164365a1f7c9319eaa523d P a6ba4ec622f245e3866f3578a593eef8 [CANDIDATE]: Term 1 pre-election: Requested pre-vote from peers 7662aefe40b0403693c8931f9ac87559 (127.8.35.193:37833), 1e9b35c691694c0eb60b9e455cf502b8 (127.8.35.194:43455)
I20260709 13:14:02.845440  9712 raft_consensus.cc:697] T 6f158ad6ce2041a5a931c85192d2a1ca P 1e9b35c691694c0eb60b9e455cf502b8 [term 1 LEADER]: Becoming Leader. State: Replica: 1e9b35c691694c0eb60b9e455cf502b8, State: Running, Role: LEADER
I20260709 13:14:02.846314  9712 consensus_queue.cc:237] T 6f158ad6ce2041a5a931c85192d2a1ca P 1e9b35c691694c0eb60b9e455cf502b8 [LEADER]: Queue going to LEADER mode. State: All replicated index: 0, Majority replicated index: 0, Committed index: 0, Last appended: 0.0, Last appended by leader: 0, Current term: 1, Majority size: 2, State: 0, Mode: LEADER, active raft config: opid_index: -1 OBSOLETE_local: false peers { permanent_uuid: "7662aefe40b0403693c8931f9ac87559" member_type: VOTER last_known_addr { host: "127.8.35.193" port: 37833 } } peers { permanent_uuid: "1e9b35c691694c0eb60b9e455cf502b8" member_type: VOTER last_known_addr { host: "127.8.35.194" port: 43455 } } peers { permanent_uuid: "a6ba4ec622f245e3866f3578a593eef8" member_type: VOTER last_known_addr { host: "127.8.35.195" port: 33849 } }
I20260709 13:14:02.846757  9515 raft_consensus.cc:3060] T 6f158ad6ce2041a5a931c85192d2a1ca P 7662aefe40b0403693c8931f9ac87559 [term 0 FOLLOWER]: Advancing to term 1
I20260709 13:14:02.846865  9514 tablet_service.cc:1917] Received RequestConsensusVote() RPC: tablet_id: "6c928caa98164365a1f7c9319eaa523d" candidate_uuid: "a6ba4ec622f245e3866f3578a593eef8" candidate_term: 1 candidate_status { last_received { term: 0 index: 0 } } ignore_live_leader: false dest_uuid: "7662aefe40b0403693c8931f9ac87559" is_pre_election: true
I20260709 13:14:02.850554  9588 tablet_service.cc:1917] Received RequestConsensusVote() RPC: tablet_id: "6c928caa98164365a1f7c9319eaa523d" candidate_uuid: "a6ba4ec622f245e3866f3578a593eef8" candidate_term: 1 candidate_status { last_received { term: 0 index: 0 } } ignore_live_leader: false dest_uuid: "1e9b35c691694c0eb60b9e455cf502b8" is_pre_election: true
I20260709 13:14:02.851465  9588 raft_consensus.cc:2393] T 6c928caa98164365a1f7c9319eaa523d P 1e9b35c691694c0eb60b9e455cf502b8 [term 1 FOLLOWER]: Leader pre-election vote request: Denying vote to candidate a6ba4ec622f245e3866f3578a593eef8 in current term 1: Already voted for candidate 7662aefe40b0403693c8931f9ac87559 in this term.
I20260709 13:14:02.852778  9631 leader_election.cc:304] T 6c928caa98164365a1f7c9319eaa523d P a6ba4ec622f245e3866f3578a593eef8 [CANDIDATE]: Term 1 pre-election: Election decided. Result: candidate lost. Election summary: received 3 responses out of 3 voters: 1 yes votes; 2 no votes. yes voters: a6ba4ec622f245e3866f3578a593eef8; no voters: 1e9b35c691694c0eb60b9e455cf502b8, 7662aefe40b0403693c8931f9ac87559
I20260709 13:14:02.853799  9797 raft_consensus.cc:3060] T 6c928caa98164365a1f7c9319eaa523d P a6ba4ec622f245e3866f3578a593eef8 [term 0 FOLLOWER]: Advancing to term 1
I20260709 13:14:02.855155  9705 ts_tablet_manager.cc:1434] T 1f65c5f02fa343ddbf3d1c9e874c0dbe P a6ba4ec622f245e3866f3578a593eef8: Time spent starting tablet: real 0.027s	user 0.006s	sys 0.000s
I20260709 13:14:02.812798  9706 tablet_bootstrap.cc:492] T d75d8fedcf5044b4a5944423fe33ab9e P 1e9b35c691694c0eb60b9e455cf502b8: No bootstrap required, opened a new log
I20260709 13:14:02.856446  9706 ts_tablet_manager.cc:1403] T d75d8fedcf5044b4a5944423fe33ab9e P 1e9b35c691694c0eb60b9e455cf502b8: Time spent bootstrapping tablet: real 0.075s	user 0.012s	sys 0.000s
I20260709 13:14:02.859056  9797 raft_consensus.cc:2749] T 6c928caa98164365a1f7c9319eaa523d P a6ba4ec622f245e3866f3578a593eef8 [term 1 FOLLOWER]: Leader pre-election lost for term 1. Reason: could not achieve majority
I20260709 13:14:02.859691  9706 raft_consensus.cc:359] T d75d8fedcf5044b4a5944423fe33ab9e P 1e9b35c691694c0eb60b9e455cf502b8 [term 0 FOLLOWER]: Replica starting. Triggering 0 pending ops. Active config: opid_index: -1 OBSOLETE_local: false peers { permanent_uuid: "7662aefe40b0403693c8931f9ac87559" member_type: VOTER last_known_addr { host: "127.8.35.193" port: 37833 } } peers { permanent_uuid: "1e9b35c691694c0eb60b9e455cf502b8" member_type: VOTER last_known_addr { host: "127.8.35.194" port: 43455 } } peers { permanent_uuid: "a6ba4ec622f245e3866f3578a593eef8" member_type: VOTER last_known_addr { host: "127.8.35.195" port: 33849 } }
I20260709 13:14:02.864634  9515 raft_consensus.cc:2468] T 6f158ad6ce2041a5a931c85192d2a1ca P 7662aefe40b0403693c8931f9ac87559 [term 1 FOLLOWER]: Leader election vote request: Granting yes vote for candidate 1e9b35c691694c0eb60b9e455cf502b8 in term 1.
I20260709 13:14:02.860589  9706 raft_consensus.cc:385] T d75d8fedcf5044b4a5944423fe33ab9e P 1e9b35c691694c0eb60b9e455cf502b8 [term 0 FOLLOWER]: Consensus starting up: Expiring failure detector timer to make a prompt election more likely
I20260709 13:14:02.866400  9706 raft_consensus.cc:740] T d75d8fedcf5044b4a5944423fe33ab9e P 1e9b35c691694c0eb60b9e455cf502b8 [term 0 FOLLOWER]: Becoming Follower/Learner. State: Replica: 1e9b35c691694c0eb60b9e455cf502b8, State: Initialized, Role: FOLLOWER
I20260709 13:14:02.867213  9706 consensus_queue.cc:260] T d75d8fedcf5044b4a5944423fe33ab9e P 1e9b35c691694c0eb60b9e455cf502b8 [NON_LEADER]: Queue going to NON_LEADER mode. State: All replicated index: 0, Majority replicated index: 0, Committed index: 0, Last appended: 0.0, Last appended by leader: 0, Current term: 0, Majority size: -1, State: 0, Mode: NON_LEADER, active raft config: opid_index: -1 OBSOLETE_local: false peers { permanent_uuid: "7662aefe40b0403693c8931f9ac87559" member_type: VOTER last_known_addr { host: "127.8.35.193" port: 37833 } } peers { permanent_uuid: "1e9b35c691694c0eb60b9e455cf502b8" member_type: VOTER last_known_addr { host: "127.8.35.194" port: 43455 } } peers { permanent_uuid: "a6ba4ec622f245e3866f3578a593eef8" member_type: VOTER last_known_addr { host: "127.8.35.195" port: 33849 } }
I20260709 13:14:02.869463  9706 ts_tablet_manager.cc:1434] T d75d8fedcf5044b4a5944423fe33ab9e P 1e9b35c691694c0eb60b9e455cf502b8: Time spent starting tablet: real 0.013s	user 0.006s	sys 0.000s
I20260709 13:14:02.869832  9705 tablet_bootstrap.cc:492] T 05443775206248e09cd74990c7a01b6f P a6ba4ec622f245e3866f3578a593eef8: Bootstrap starting.
I20260709 13:14:02.870527  9706 tablet_bootstrap.cc:492] T ac7bfa3683414a94817fa7c17b157f9e P 1e9b35c691694c0eb60b9e455cf502b8: Bootstrap starting.
I20260709 13:14:02.870076  9413 catalog_manager.cc:5697] T 6f158ad6ce2041a5a931c85192d2a1ca P 1e9b35c691694c0eb60b9e455cf502b8 reported cstate change: term changed from 0 to 1, leader changed from <none> to 1e9b35c691694c0eb60b9e455cf502b8 (127.8.35.194). New cstate: current_term: 1 leader_uuid: "1e9b35c691694c0eb60b9e455cf502b8" committed_config { opid_index: -1 OBSOLETE_local: false peers { permanent_uuid: "7662aefe40b0403693c8931f9ac87559" member_type: VOTER last_known_addr { host: "127.8.35.193" port: 37833 } health_report { overall_health: UNKNOWN } } peers { permanent_uuid: "1e9b35c691694c0eb60b9e455cf502b8" member_type: VOTER last_known_addr { host: "127.8.35.194" port: 43455 } health_report { overall_health: HEALTHY } } peers { permanent_uuid: "a6ba4ec622f245e3866f3578a593eef8" member_type: VOTER last_known_addr { host: "127.8.35.195" port: 33849 } health_report { overall_health: UNKNOWN } } }
I20260709 13:14:02.878160  9706 tablet_bootstrap.cc:654] T ac7bfa3683414a94817fa7c17b157f9e P 1e9b35c691694c0eb60b9e455cf502b8: Neither blocks nor log segments found. Creating new log.
I20260709 13:14:02.880235  9705 tablet_bootstrap.cc:654] T 05443775206248e09cd74990c7a01b6f P a6ba4ec622f245e3866f3578a593eef8: Neither blocks nor log segments found. Creating new log.
I20260709 13:14:02.889834  9706 tablet_bootstrap.cc:492] T ac7bfa3683414a94817fa7c17b157f9e P 1e9b35c691694c0eb60b9e455cf502b8: No bootstrap required, opened a new log
I20260709 13:14:02.890249  9706 ts_tablet_manager.cc:1403] T ac7bfa3683414a94817fa7c17b157f9e P 1e9b35c691694c0eb60b9e455cf502b8: Time spent bootstrapping tablet: real 0.020s	user 0.008s	sys 0.007s
I20260709 13:14:02.894140  9705 tablet_bootstrap.cc:492] T 05443775206248e09cd74990c7a01b6f P a6ba4ec622f245e3866f3578a593eef8: No bootstrap required, opened a new log
I20260709 13:14:02.894009  9706 raft_consensus.cc:359] T ac7bfa3683414a94817fa7c17b157f9e P 1e9b35c691694c0eb60b9e455cf502b8 [term 0 FOLLOWER]: Replica starting. Triggering 0 pending ops. Active config: opid_index: -1 OBSOLETE_local: false peers { permanent_uuid: "7662aefe40b0403693c8931f9ac87559" member_type: VOTER last_known_addr { host: "127.8.35.193" port: 37833 } } peers { permanent_uuid: "1e9b35c691694c0eb60b9e455cf502b8" member_type: VOTER last_known_addr { host: "127.8.35.194" port: 43455 } } peers { permanent_uuid: "a6ba4ec622f245e3866f3578a593eef8" member_type: VOTER last_known_addr { host: "127.8.35.195" port: 33849 } }
I20260709 13:14:02.894186  9707 tablet_bootstrap.cc:492] T 150814b406d3489eb09495a7cfb4b390 P 7662aefe40b0403693c8931f9ac87559: No bootstrap required, opened a new log
I20260709 13:14:02.894668  9706 raft_consensus.cc:385] T ac7bfa3683414a94817fa7c17b157f9e P 1e9b35c691694c0eb60b9e455cf502b8 [term 0 FOLLOWER]: Consensus starting up: Expiring failure detector timer to make a prompt election more likely
I20260709 13:14:02.894758  9705 ts_tablet_manager.cc:1403] T 05443775206248e09cd74990c7a01b6f P a6ba4ec622f245e3866f3578a593eef8: Time spent bootstrapping tablet: real 0.025s	user 0.012s	sys 0.004s
I20260709 13:14:02.894964  9707 ts_tablet_manager.cc:1403] T 150814b406d3489eb09495a7cfb4b390 P 7662aefe40b0403693c8931f9ac87559: Time spent bootstrapping tablet: real 0.078s	user 0.027s	sys 0.012s
I20260709 13:14:02.894963  9706 raft_consensus.cc:740] T ac7bfa3683414a94817fa7c17b157f9e P 1e9b35c691694c0eb60b9e455cf502b8 [term 0 FOLLOWER]: Becoming Follower/Learner. State: Replica: 1e9b35c691694c0eb60b9e455cf502b8, State: Initialized, Role: FOLLOWER
I20260709 13:14:02.895920  9706 consensus_queue.cc:260] T ac7bfa3683414a94817fa7c17b157f9e P 1e9b35c691694c0eb60b9e455cf502b8 [NON_LEADER]: Queue going to NON_LEADER mode. State: All replicated index: 0, Majority replicated index: 0, Committed index: 0, Last appended: 0.0, Last appended by leader: 0, Current term: 0, Majority size: -1, State: 0, Mode: NON_LEADER, active raft config: opid_index: -1 OBSOLETE_local: false peers { permanent_uuid: "7662aefe40b0403693c8931f9ac87559" member_type: VOTER last_known_addr { host: "127.8.35.193" port: 37833 } } peers { permanent_uuid: "1e9b35c691694c0eb60b9e455cf502b8" member_type: VOTER last_known_addr { host: "127.8.35.194" port: 43455 } } peers { permanent_uuid: "a6ba4ec622f245e3866f3578a593eef8" member_type: VOTER last_known_addr { host: "127.8.35.195" port: 33849 } }
I20260709 13:14:02.897260  9705 raft_consensus.cc:359] T 05443775206248e09cd74990c7a01b6f P a6ba4ec622f245e3866f3578a593eef8 [term 0 FOLLOWER]: Replica starting. Triggering 0 pending ops. Active config: opid_index: -1 OBSOLETE_local: false peers { permanent_uuid: "7662aefe40b0403693c8931f9ac87559" member_type: VOTER last_known_addr { host: "127.8.35.193" port: 37833 } } peers { permanent_uuid: "1e9b35c691694c0eb60b9e455cf502b8" member_type: VOTER last_known_addr { host: "127.8.35.194" port: 43455 } } peers { permanent_uuid: "a6ba4ec622f245e3866f3578a593eef8" member_type: VOTER last_known_addr { host: "127.8.35.195" port: 33849 } }
I20260709 13:14:02.897886  9705 raft_consensus.cc:385] T 05443775206248e09cd74990c7a01b6f P a6ba4ec622f245e3866f3578a593eef8 [term 0 FOLLOWER]: Consensus starting up: Expiring failure detector timer to make a prompt election more likely
I20260709 13:14:02.897535  9707 raft_consensus.cc:359] T 150814b406d3489eb09495a7cfb4b390 P 7662aefe40b0403693c8931f9ac87559 [term 0 FOLLOWER]: Replica starting. Triggering 0 pending ops. Active config: opid_index: -1 OBSOLETE_local: false peers { permanent_uuid: "7662aefe40b0403693c8931f9ac87559" member_type: VOTER last_known_addr { host: "127.8.35.193" port: 37833 } } peers { permanent_uuid: "1e9b35c691694c0eb60b9e455cf502b8" member_type: VOTER last_known_addr { host: "127.8.35.194" port: 43455 } } peers { permanent_uuid: "a6ba4ec622f245e3866f3578a593eef8" member_type: VOTER last_known_addr { host: "127.8.35.195" port: 33849 } }
I20260709 13:14:02.898145  9705 raft_consensus.cc:740] T 05443775206248e09cd74990c7a01b6f P a6ba4ec622f245e3866f3578a593eef8 [term 0 FOLLOWER]: Becoming Follower/Learner. State: Replica: a6ba4ec622f245e3866f3578a593eef8, State: Initialized, Role: FOLLOWER
I20260709 13:14:02.898191  9706 ts_tablet_manager.cc:1434] T ac7bfa3683414a94817fa7c17b157f9e P 1e9b35c691694c0eb60b9e455cf502b8: Time spent starting tablet: real 0.008s	user 0.006s	sys 0.001s
I20260709 13:14:02.898310  9707 raft_consensus.cc:385] T 150814b406d3489eb09495a7cfb4b390 P 7662aefe40b0403693c8931f9ac87559 [term 0 FOLLOWER]: Consensus starting up: Expiring failure detector timer to make a prompt election more likely
I20260709 13:14:02.898998  9705 consensus_queue.cc:260] T 05443775206248e09cd74990c7a01b6f P a6ba4ec622f245e3866f3578a593eef8 [NON_LEADER]: Queue going to NON_LEADER mode. State: All replicated index: 0, Majority replicated index: 0, Committed index: 0, Last appended: 0.0, Last appended by leader: 0, Current term: 0, Majority size: -1, State: 0, Mode: NON_LEADER, active raft config: opid_index: -1 OBSOLETE_local: false peers { permanent_uuid: "7662aefe40b0403693c8931f9ac87559" member_type: VOTER last_known_addr { host: "127.8.35.193" port: 37833 } } peers { permanent_uuid: "1e9b35c691694c0eb60b9e455cf502b8" member_type: VOTER last_known_addr { host: "127.8.35.194" port: 43455 } } peers { permanent_uuid: "a6ba4ec622f245e3866f3578a593eef8" member_type: VOTER last_known_addr { host: "127.8.35.195" port: 33849 } }
I20260709 13:14:02.899406  9707 raft_consensus.cc:740] T 150814b406d3489eb09495a7cfb4b390 P 7662aefe40b0403693c8931f9ac87559 [term 0 FOLLOWER]: Becoming Follower/Learner. State: Replica: 7662aefe40b0403693c8931f9ac87559, State: Initialized, Role: FOLLOWER
I20260709 13:14:02.900074  9706 tablet_bootstrap.cc:492] T 564e9ff7c81f467d8d3101bc7294ba0f P 1e9b35c691694c0eb60b9e455cf502b8: Bootstrap starting.
I20260709 13:14:02.900192  9707 consensus_queue.cc:260] T 150814b406d3489eb09495a7cfb4b390 P 7662aefe40b0403693c8931f9ac87559 [NON_LEADER]: Queue going to NON_LEADER mode. State: All replicated index: 0, Majority replicated index: 0, Committed index: 0, Last appended: 0.0, Last appended by leader: 0, Current term: 0, Majority size: -1, State: 0, Mode: NON_LEADER, active raft config: opid_index: -1 OBSOLETE_local: false peers { permanent_uuid: "7662aefe40b0403693c8931f9ac87559" member_type: VOTER last_known_addr { host: "127.8.35.193" port: 37833 } } peers { permanent_uuid: "1e9b35c691694c0eb60b9e455cf502b8" member_type: VOTER last_known_addr { host: "127.8.35.194" port: 43455 } } peers { permanent_uuid: "a6ba4ec622f245e3866f3578a593eef8" member_type: VOTER last_known_addr { host: "127.8.35.195" port: 33849 } }
I20260709 13:14:02.902321  9707 ts_tablet_manager.cc:1434] T 150814b406d3489eb09495a7cfb4b390 P 7662aefe40b0403693c8931f9ac87559: Time spent starting tablet: real 0.007s	user 0.002s	sys 0.003s
I20260709 13:14:02.903178  9707 tablet_bootstrap.cc:492] T 05443775206248e09cd74990c7a01b6f P 7662aefe40b0403693c8931f9ac87559: Bootstrap starting.
I20260709 13:14:02.906118  9706 tablet_bootstrap.cc:654] T 564e9ff7c81f467d8d3101bc7294ba0f P 1e9b35c691694c0eb60b9e455cf502b8: Neither blocks nor log segments found. Creating new log.
I20260709 13:14:02.908599  9707 tablet_bootstrap.cc:654] T 05443775206248e09cd74990c7a01b6f P 7662aefe40b0403693c8931f9ac87559: Neither blocks nor log segments found. Creating new log.
I20260709 13:14:02.911103  9706 tablet_bootstrap.cc:492] T 564e9ff7c81f467d8d3101bc7294ba0f P 1e9b35c691694c0eb60b9e455cf502b8: No bootstrap required, opened a new log
I20260709 13:14:02.911512  9706 ts_tablet_manager.cc:1403] T 564e9ff7c81f467d8d3101bc7294ba0f P 1e9b35c691694c0eb60b9e455cf502b8: Time spent bootstrapping tablet: real 0.012s	user 0.009s	sys 0.000s
I20260709 13:14:02.913939  9706 raft_consensus.cc:359] T 564e9ff7c81f467d8d3101bc7294ba0f P 1e9b35c691694c0eb60b9e455cf502b8 [term 0 FOLLOWER]: Replica starting. Triggering 0 pending ops. Active config: opid_index: -1 OBSOLETE_local: false peers { permanent_uuid: "7662aefe40b0403693c8931f9ac87559" member_type: VOTER last_known_addr { host: "127.8.35.193" port: 37833 } } peers { permanent_uuid: "1e9b35c691694c0eb60b9e455cf502b8" member_type: VOTER last_known_addr { host: "127.8.35.194" port: 43455 } } peers { permanent_uuid: "a6ba4ec622f245e3866f3578a593eef8" member_type: VOTER last_known_addr { host: "127.8.35.195" port: 33849 } }
I20260709 13:14:02.914567  9706 raft_consensus.cc:385] T 564e9ff7c81f467d8d3101bc7294ba0f P 1e9b35c691694c0eb60b9e455cf502b8 [term 0 FOLLOWER]: Consensus starting up: Expiring failure detector timer to make a prompt election more likely
I20260709 13:14:02.914812  9706 raft_consensus.cc:740] T 564e9ff7c81f467d8d3101bc7294ba0f P 1e9b35c691694c0eb60b9e455cf502b8 [term 0 FOLLOWER]: Becoming Follower/Learner. State: Replica: 1e9b35c691694c0eb60b9e455cf502b8, State: Initialized, Role: FOLLOWER
I20260709 13:14:02.915501  9706 consensus_queue.cc:260] T 564e9ff7c81f467d8d3101bc7294ba0f P 1e9b35c691694c0eb60b9e455cf502b8 [NON_LEADER]: Queue going to NON_LEADER mode. State: All replicated index: 0, Majority replicated index: 0, Committed index: 0, Last appended: 0.0, Last appended by leader: 0, Current term: 0, Majority size: -1, State: 0, Mode: NON_LEADER, active raft config: opid_index: -1 OBSOLETE_local: false peers { permanent_uuid: "7662aefe40b0403693c8931f9ac87559" member_type: VOTER last_known_addr { host: "127.8.35.193" port: 37833 } } peers { permanent_uuid: "1e9b35c691694c0eb60b9e455cf502b8" member_type: VOTER last_known_addr { host: "127.8.35.194" port: 43455 } } peers { permanent_uuid: "a6ba4ec622f245e3866f3578a593eef8" member_type: VOTER last_known_addr { host: "127.8.35.195" port: 33849 } }
I20260709 13:14:02.917390  9706 ts_tablet_manager.cc:1434] T 564e9ff7c81f467d8d3101bc7294ba0f P 1e9b35c691694c0eb60b9e455cf502b8: Time spent starting tablet: real 0.006s	user 0.006s	sys 0.000s
I20260709 13:14:02.918213  9706 tablet_bootstrap.cc:492] T f1adf3997057470180ad2993be52649a P 1e9b35c691694c0eb60b9e455cf502b8: Bootstrap starting.
I20260709 13:14:02.921382  9797 raft_consensus.cc:493] T 1f65c5f02fa343ddbf3d1c9e874c0dbe P a6ba4ec622f245e3866f3578a593eef8 [term 0 FOLLOWER]: Starting pre-election (no leader contacted us within the election timeout)
I20260709 13:14:02.922004  9797 raft_consensus.cc:515] T 1f65c5f02fa343ddbf3d1c9e874c0dbe P a6ba4ec622f245e3866f3578a593eef8 [term 0 FOLLOWER]: Starting pre-election with config: opid_index: -1 OBSOLETE_local: false peers { permanent_uuid: "7662aefe40b0403693c8931f9ac87559" member_type: VOTER last_known_addr { host: "127.8.35.193" port: 37833 } } peers { permanent_uuid: "1e9b35c691694c0eb60b9e455cf502b8" member_type: VOTER last_known_addr { host: "127.8.35.194" port: 43455 } } peers { permanent_uuid: "a6ba4ec622f245e3866f3578a593eef8" member_type: VOTER last_known_addr { host: "127.8.35.195" port: 33849 } }
I20260709 13:14:02.924305  9706 tablet_bootstrap.cc:654] T f1adf3997057470180ad2993be52649a P 1e9b35c691694c0eb60b9e455cf502b8: Neither blocks nor log segments found. Creating new log.
I20260709 13:14:02.925132  9515 tablet_service.cc:1917] Received RequestConsensusVote() RPC: tablet_id: "1f65c5f02fa343ddbf3d1c9e874c0dbe" candidate_uuid: "a6ba4ec622f245e3866f3578a593eef8" candidate_term: 1 candidate_status { last_received { term: 0 index: 0 } } ignore_live_leader: false dest_uuid: "7662aefe40b0403693c8931f9ac87559" is_pre_election: true
I20260709 13:14:02.925215  9588 tablet_service.cc:1917] Received RequestConsensusVote() RPC: tablet_id: "1f65c5f02fa343ddbf3d1c9e874c0dbe" candidate_uuid: "a6ba4ec622f245e3866f3578a593eef8" candidate_term: 1 candidate_status { last_received { term: 0 index: 0 } } ignore_live_leader: false dest_uuid: "1e9b35c691694c0eb60b9e455cf502b8" is_pre_election: true
I20260709 13:14:02.925976  9588 raft_consensus.cc:2393] T 1f65c5f02fa343ddbf3d1c9e874c0dbe P 1e9b35c691694c0eb60b9e455cf502b8 [term 1 FOLLOWER]: Leader pre-election vote request: Denying vote to candidate a6ba4ec622f245e3866f3578a593eef8 in current term 1: Already voted for candidate 7662aefe40b0403693c8931f9ac87559 in this term.
I20260709 13:14:02.927649  9628 leader_election.cc:304] T 1f65c5f02fa343ddbf3d1c9e874c0dbe P a6ba4ec622f245e3866f3578a593eef8 [CANDIDATE]: Term 1 pre-election: Election decided. Result: candidate lost. Election summary: received 3 responses out of 3 voters: 1 yes votes; 2 no votes. yes voters: a6ba4ec622f245e3866f3578a593eef8; no voters: 1e9b35c691694c0eb60b9e455cf502b8, 7662aefe40b0403693c8931f9ac87559
I20260709 13:14:02.928464  9815 raft_consensus.cc:3060] T 1f65c5f02fa343ddbf3d1c9e874c0dbe P a6ba4ec622f245e3866f3578a593eef8 [term 0 FOLLOWER]: Advancing to term 1
I20260709 13:14:02.931262  9797 leader_election.cc:290] T 1f65c5f02fa343ddbf3d1c9e874c0dbe P a6ba4ec622f245e3866f3578a593eef8 [CANDIDATE]: Term 1 pre-election: Requested pre-vote from peers 7662aefe40b0403693c8931f9ac87559 (127.8.35.193:37833), 1e9b35c691694c0eb60b9e455cf502b8 (127.8.35.194:43455)
I20260709 13:14:02.935034  9815 raft_consensus.cc:2749] T 1f65c5f02fa343ddbf3d1c9e874c0dbe P a6ba4ec622f245e3866f3578a593eef8 [term 1 FOLLOWER]: Leader pre-election lost for term 1. Reason: could not achieve majority
I20260709 13:14:02.939577  9707 tablet_bootstrap.cc:492] T 05443775206248e09cd74990c7a01b6f P 7662aefe40b0403693c8931f9ac87559: No bootstrap required, opened a new log
I20260709 13:14:02.940287  9707 ts_tablet_manager.cc:1403] T 05443775206248e09cd74990c7a01b6f P 7662aefe40b0403693c8931f9ac87559: Time spent bootstrapping tablet: real 0.037s	user 0.010s	sys 0.012s
I20260709 13:14:02.943384  9705 ts_tablet_manager.cc:1434] T 05443775206248e09cd74990c7a01b6f P a6ba4ec622f245e3866f3578a593eef8: Time spent starting tablet: real 0.048s	user 0.002s	sys 0.003s
I20260709 13:14:02.944345  9705 tablet_bootstrap.cc:492] T d75d8fedcf5044b4a5944423fe33ab9e P a6ba4ec622f245e3866f3578a593eef8: Bootstrap starting.
I20260709 13:14:02.946842  9707 raft_consensus.cc:359] T 05443775206248e09cd74990c7a01b6f P 7662aefe40b0403693c8931f9ac87559 [term 0 FOLLOWER]: Replica starting. Triggering 0 pending ops. Active config: opid_index: -1 OBSOLETE_local: false peers { permanent_uuid: "7662aefe40b0403693c8931f9ac87559" member_type: VOTER last_known_addr { host: "127.8.35.193" port: 37833 } } peers { permanent_uuid: "1e9b35c691694c0eb60b9e455cf502b8" member_type: VOTER last_known_addr { host: "127.8.35.194" port: 43455 } } peers { permanent_uuid: "a6ba4ec622f245e3866f3578a593eef8" member_type: VOTER last_known_addr { host: "127.8.35.195" port: 33849 } }
