I20260709 13:13:55.415985  4574 tablet_bootstrap.cc:492] T 90b7c9a56aff43b980e18c0414084c18 P 1c83344ba80143ad97ff6658e851b554: Bootstrap starting.
I20260709 13:13:55.416074  4680 raft_consensus.cc:3060] T 90b7c9a56aff43b980e18c0414084c18 P 95b226be533a443c8593630fabbfea1f [term 0 FOLLOWER]: Advancing to term 1
I20260709 13:13:55.423312  4574 tablet_bootstrap.cc:654] T 90b7c9a56aff43b980e18c0414084c18 P 1c83344ba80143ad97ff6658e851b554: Neither blocks nor log segments found. Creating new log.
I20260709 13:13:55.423223  4454 tablet_service.cc:1917] Received RequestConsensusVote() RPC: tablet_id: "ca7855c205ea428580c4143608ed2819" candidate_uuid: "1c83344ba80143ad97ff6658e851b554" candidate_term: 1 candidate_status { last_received { term: 0 index: 0 } } ignore_live_leader: false dest_uuid: "2e2f4c4daed74105be8e5284d3674ee0"
I20260709 13:13:55.424026  4454 raft_consensus.cc:3060] T ca7855c205ea428580c4143608ed2819 P 2e2f4c4daed74105be8e5284d3674ee0 [term 0 FOLLOWER]: Advancing to term 1
I20260709 13:13:55.424404  4529 tablet_service.cc:1917] Received RequestConsensusVote() RPC: tablet_id: "e8c8d5b918134e8c8ecdec43a8fe9611" candidate_uuid: "2e2f4c4daed74105be8e5284d3674ee0" candidate_term: 1 candidate_status { last_received { term: 0 index: 0 } } ignore_live_leader: false dest_uuid: "1c83344ba80143ad97ff6658e851b554" is_pre_election: true
I20260709 13:13:55.427852  4378 tablet_service.cc:1917] Received RequestConsensusVote() RPC: tablet_id: "e8c8d5b918134e8c8ecdec43a8fe9611" candidate_uuid: "2e2f4c4daed74105be8e5284d3674ee0" candidate_term: 1 candidate_status { last_received { term: 0 index: 0 } } ignore_live_leader: false dest_uuid: "95b226be533a443c8593630fabbfea1f" is_pre_election: true
I20260709 13:13:55.432808  4570 tablet_bootstrap.cc:492] T e8c8d5b918134e8c8ecdec43a8fe9611 P 95b226be533a443c8593630fabbfea1f: Bootstrap starting.
I20260709 13:13:55.436832  4375 tablet_service.cc:1917] Received RequestConsensusVote() RPC: tablet_id: "ca7855c205ea428580c4143608ed2819" candidate_uuid: "1c83344ba80143ad97ff6658e851b554" candidate_term: 1 candidate_status { last_received { term: 0 index: 0 } } ignore_live_leader: false dest_uuid: "95b226be533a443c8593630fabbfea1f"
I20260709 13:13:55.437605  4375 raft_consensus.cc:3060] T ca7855c205ea428580c4143608ed2819 P 95b226be533a443c8593630fabbfea1f [term 0 FOLLOWER]: Advancing to term 1
I20260709 13:13:55.438792  4529 tablet_service.cc:1917] Received RequestConsensusVote() RPC: tablet_id: "90b7c9a56aff43b980e18c0414084c18" candidate_uuid: "95b226be533a443c8593630fabbfea1f" candidate_term: 1 candidate_status { last_received { term: 0 index: 0 } } ignore_live_leader: false dest_uuid: "1c83344ba80143ad97ff6658e851b554" is_pre_election: true
W20260709 13:13:55.441651  4421 leader_election.cc:343] T e8c8d5b918134e8c8ecdec43a8fe9611 P 2e2f4c4daed74105be8e5284d3674ee0 [CANDIDATE]: Term 1 pre-election: Tablet error from VoteRequest() call to peer 1c83344ba80143ad97ff6658e851b554 (127.3.43.195:32925): Illegal state: must be running to vote when last-logged opid is not known
I20260709 13:13:55.449252  4795 raft_consensus.cc:493] T 565a786a084b46138d363c4514e3c40d P 95b226be533a443c8593630fabbfea1f [term 0 FOLLOWER]: Starting pre-election (no leader contacted us within the election timeout)
I20260709 13:13:55.449883  4795 raft_consensus.cc:515] T 565a786a084b46138d363c4514e3c40d P 95b226be533a443c8593630fabbfea1f [term 0 FOLLOWER]: Starting pre-election with config: opid_index: -1 OBSOLETE_local: false peers { permanent_uuid: "95b226be533a443c8593630fabbfea1f" member_type: VOTER last_known_addr { host: "127.3.43.193" port: 43541 } } peers { permanent_uuid: "2e2f4c4daed74105be8e5284d3674ee0" member_type: VOTER last_known_addr { host: "127.3.43.194" port: 39095 } } peers { permanent_uuid: "1c83344ba80143ad97ff6658e851b554" member_type: VOTER last_known_addr { host: "127.3.43.195" port: 32925 } }
W20260709 13:13:55.450621  4346 leader_election.cc:343] T 90b7c9a56aff43b980e18c0414084c18 P 95b226be533a443c8593630fabbfea1f [CANDIDATE]: Term 1 pre-election: Tablet error from VoteRequest() call to peer 1c83344ba80143ad97ff6658e851b554 (127.3.43.195:32925): Illegal state: must be running to vote when last-logged opid is not known
I20260709 13:13:55.453567  4795 leader_election.cc:290] T 565a786a084b46138d363c4514e3c40d P 95b226be533a443c8593630fabbfea1f [CANDIDATE]: Term 1 pre-election: Requested pre-vote from peers 2e2f4c4daed74105be8e5284d3674ee0 (127.3.43.194:39095), 1c83344ba80143ad97ff6658e851b554 (127.3.43.195:32925)
I20260709 13:13:55.455264  4529 tablet_service.cc:1917] Received RequestConsensusVote() RPC: tablet_id: "565a786a084b46138d363c4514e3c40d" candidate_uuid: "95b226be533a443c8593630fabbfea1f" candidate_term: 1 candidate_status { last_received { term: 0 index: 0 } } ignore_live_leader: false dest_uuid: "1c83344ba80143ad97ff6658e851b554" is_pre_election: true
W20260709 13:13:55.457048  4346 leader_election.cc:343] T 565a786a084b46138d363c4514e3c40d P 95b226be533a443c8593630fabbfea1f [CANDIDATE]: Term 1 pre-election: Tablet error from VoteRequest() call to peer 1c83344ba80143ad97ff6658e851b554 (127.3.43.195:32925): Illegal state: must be running to vote when last-logged opid is not known
I20260709 13:13:55.459000  4375 raft_consensus.cc:2468] T ca7855c205ea428580c4143608ed2819 P 95b226be533a443c8593630fabbfea1f [term 1 FOLLOWER]: Leader election vote request: Granting yes vote for candidate 1c83344ba80143ad97ff6658e851b554 in term 1.
I20260709 13:13:55.460364  4493 leader_election.cc:304] T ca7855c205ea428580c4143608ed2819 P 1c83344ba80143ad97ff6658e851b554 [CANDIDATE]: Term 1 election: Election decided. Result: candidate won. Election summary: received 2 responses out of 3 voters: 2 yes votes; 0 no votes. yes voters: 1c83344ba80143ad97ff6658e851b554, 95b226be533a443c8593630fabbfea1f; no voters: 
I20260709 13:13:55.461333  4906 raft_consensus.cc:2804] T ca7855c205ea428580c4143608ed2819 P 1c83344ba80143ad97ff6658e851b554 [term 1 FOLLOWER]: Leader election won for term 1
I20260709 13:13:55.462114  4906 raft_consensus.cc:697] T ca7855c205ea428580c4143608ed2819 P 1c83344ba80143ad97ff6658e851b554 [term 1 LEADER]: Becoming Leader. State: Replica: 1c83344ba80143ad97ff6658e851b554, State: Running, Role: LEADER
I20260709 13:13:55.462371  4454 raft_consensus.cc:2468] T ca7855c205ea428580c4143608ed2819 P 2e2f4c4daed74105be8e5284d3674ee0 [term 1 FOLLOWER]: Leader election vote request: Granting yes vote for candidate 1c83344ba80143ad97ff6658e851b554 in term 1.
I20260709 13:13:55.463802  4570 tablet_bootstrap.cc:654] T e8c8d5b918134e8c8ecdec43a8fe9611 P 95b226be533a443c8593630fabbfea1f: Neither blocks nor log segments found. Creating new log.
I20260709 13:13:55.463089  4906 consensus_queue.cc:237] T ca7855c205ea428580c4143608ed2819 P 1c83344ba80143ad97ff6658e851b554 [LEADER]: Queue going to LEADER mode. State: All replicated index: 0, Majority replicated index: 0, Committed index: 0, Last appended: 0.0, Last appended by leader: 0, Current term: 1, Majority size: 2, State: 0, Mode: LEADER, active raft config: opid_index: -1 OBSOLETE_local: false peers { permanent_uuid: "95b226be533a443c8593630fabbfea1f" member_type: VOTER last_known_addr { host: "127.3.43.193" port: 43541 } } peers { permanent_uuid: "2e2f4c4daed74105be8e5284d3674ee0" member_type: VOTER last_known_addr { host: "127.3.43.194" port: 39095 } } peers { permanent_uuid: "1c83344ba80143ad97ff6658e851b554" member_type: VOTER last_known_addr { host: "127.3.43.195" port: 32925 } }
I20260709 13:13:55.481866  4639 consensus_queue.cc:1048] T 24908b9e3b444ae2899d375d3444e1a0 P 95b226be533a443c8593630fabbfea1f [LEADER]: Connected to new peer: Peer: permanent_uuid: "1c83344ba80143ad97ff6658e851b554" member_type: VOTER last_known_addr { host: "127.3.43.195" port: 32925 }, Status: LMP_MISMATCH, Last received: 0.0, Next index: 1, Last known committed idx: 0, Time since last communication: 0.001s
I20260709 13:13:55.459020  4680 raft_consensus.cc:515] T 90b7c9a56aff43b980e18c0414084c18 P 95b226be533a443c8593630fabbfea1f [term 1 FOLLOWER]: Starting leader election with config: opid_index: -1 OBSOLETE_local: false peers { permanent_uuid: "95b226be533a443c8593630fabbfea1f" member_type: VOTER last_known_addr { host: "127.3.43.193" port: 43541 } } peers { permanent_uuid: "2e2f4c4daed74105be8e5284d3674ee0" member_type: VOTER last_known_addr { host: "127.3.43.194" port: 39095 } } peers { permanent_uuid: "1c83344ba80143ad97ff6658e851b554" member_type: VOTER last_known_addr { host: "127.3.43.195" port: 32925 } }
I20260709 13:13:55.490377  4680 leader_election.cc:290] T 90b7c9a56aff43b980e18c0414084c18 P 95b226be533a443c8593630fabbfea1f [CANDIDATE]: Term 1 election: Requested vote from peers 2e2f4c4daed74105be8e5284d3674ee0 (127.3.43.194:39095), 1c83344ba80143ad97ff6658e851b554 (127.3.43.195:32925)
I20260709 13:13:55.492923  4526 tablet_service.cc:1917] Received RequestConsensusVote() RPC: tablet_id: "90b7c9a56aff43b980e18c0414084c18" candidate_uuid: "95b226be533a443c8593630fabbfea1f" candidate_term: 1 candidate_status { last_received { term: 0 index: 0 } } ignore_live_leader: false dest_uuid: "1c83344ba80143ad97ff6658e851b554"
I20260709 13:13:55.498193  4866 raft_consensus.cc:493] T 24908b9e3b444ae2899d375d3444e1a0 P 2e2f4c4daed74105be8e5284d3674ee0 [term 0 FOLLOWER]: Starting pre-election (no leader contacted us within the election timeout)
I20260709 13:13:55.498854  4866 raft_consensus.cc:515] T 24908b9e3b444ae2899d375d3444e1a0 P 2e2f4c4daed74105be8e5284d3674ee0 [term 0 FOLLOWER]: Starting pre-election with config: opid_index: -1 OBSOLETE_local: false peers { permanent_uuid: "95b226be533a443c8593630fabbfea1f" member_type: VOTER last_known_addr { host: "127.3.43.193" port: 43541 } } peers { permanent_uuid: "2e2f4c4daed74105be8e5284d3674ee0" member_type: VOTER last_known_addr { host: "127.3.43.194" port: 39095 } } peers { permanent_uuid: "1c83344ba80143ad97ff6658e851b554" member_type: VOTER last_known_addr { host: "127.3.43.195" port: 32925 } }
W20260709 13:13:55.500371  4346 leader_election.cc:343] T 90b7c9a56aff43b980e18c0414084c18 P 95b226be533a443c8593630fabbfea1f [CANDIDATE]: Term 1 election: Tablet error from VoteRequest() call to peer 1c83344ba80143ad97ff6658e851b554 (127.3.43.195:32925): Illegal state: must be running to vote when last-logged opid is not known
I20260709 13:13:55.508642  4526 tablet_service.cc:1917] Received RequestConsensusVote() RPC: tablet_id: "24908b9e3b444ae2899d375d3444e1a0" candidate_uuid: "2e2f4c4daed74105be8e5284d3674ee0" candidate_term: 1 candidate_status { last_received { term: 0 index: 0 } } ignore_live_leader: false dest_uuid: "1c83344ba80143ad97ff6658e851b554" is_pre_election: true
I20260709 13:13:55.509330  4866 leader_election.cc:290] T 24908b9e3b444ae2899d375d3444e1a0 P 2e2f4c4daed74105be8e5284d3674ee0 [CANDIDATE]: Term 1 pre-election: Requested pre-vote from peers 95b226be533a443c8593630fabbfea1f (127.3.43.193:43541), 1c83344ba80143ad97ff6658e851b554 (127.3.43.195:32925)
I20260709 13:13:55.513972  4906 raft_consensus.cc:493] T fee6f47c2ef1454e91c71cdd02114bde P 1c83344ba80143ad97ff6658e851b554 [term 0 FOLLOWER]: Starting pre-election (no leader contacted us within the election timeout)
I20260709 13:13:55.514683  4906 raft_consensus.cc:515] T fee6f47c2ef1454e91c71cdd02114bde P 1c83344ba80143ad97ff6658e851b554 [term 0 FOLLOWER]: Starting pre-election with config: opid_index: -1 OBSOLETE_local: false peers { permanent_uuid: "95b226be533a443c8593630fabbfea1f" member_type: VOTER last_known_addr { host: "127.3.43.193" port: 43541 } } peers { permanent_uuid: "2e2f4c4daed74105be8e5284d3674ee0" member_type: VOTER last_known_addr { host: "127.3.43.194" port: 39095 } } peers { permanent_uuid: "1c83344ba80143ad97ff6658e851b554" member_type: VOTER last_known_addr { host: "127.3.43.195" port: 32925 } }
I20260709 13:13:55.517473  4375 tablet_service.cc:1917] Received RequestConsensusVote() RPC: tablet_id: "fee6f47c2ef1454e91c71cdd02114bde" candidate_uuid: "1c83344ba80143ad97ff6658e851b554" candidate_term: 1 candidate_status { last_received { term: 0 index: 0 } } ignore_live_leader: false dest_uuid: "95b226be533a443c8593630fabbfea1f" is_pre_election: true
W20260709 13:13:55.519133  4493 leader_election.cc:343] T fee6f47c2ef1454e91c71cdd02114bde P 1c83344ba80143ad97ff6658e851b554 [CANDIDATE]: Term 1 pre-election: Tablet error from VoteRequest() call to peer 95b226be533a443c8593630fabbfea1f (127.3.43.193:43541): Illegal state: must be running to vote when last-logged opid is not known
I20260709 13:13:55.520915  4906 leader_election.cc:290] T fee6f47c2ef1454e91c71cdd02114bde P 1c83344ba80143ad97ff6658e851b554 [CANDIDATE]: Term 1 pre-election: Requested pre-vote from peers 95b226be533a443c8593630fabbfea1f (127.3.43.193:43541), 2e2f4c4daed74105be8e5284d3674ee0 (127.3.43.194:39095)
I20260709 13:13:55.530910  4571 tablet_bootstrap.cc:492] T 8abbcedb401f45a0821f3e53097626c0 P 2e2f4c4daed74105be8e5284d3674ee0: No bootstrap required, opened a new log
I20260709 13:13:55.556265  4571 ts_tablet_manager.cc:1403] T 8abbcedb401f45a0821f3e53097626c0 P 2e2f4c4daed74105be8e5284d3674ee0: Time spent bootstrapping tablet: real 0.160s	user 0.021s	sys 0.023s
I20260709 13:13:55.542378  4806 consensus_queue.cc:1048] T 81bdb288045344edb3495afbf0b3fe2f P 1c83344ba80143ad97ff6658e851b554 [LEADER]: Connected to new peer: Peer: permanent_uuid: "95b226be533a443c8593630fabbfea1f" member_type: VOTER last_known_addr { host: "127.3.43.193" port: 43541 }, Status: LMP_MISMATCH, Last received: 0.0, Next index: 1, Last known committed idx: 0, Time since last communication: 0.000s
I20260709 13:13:55.560058  4571 raft_consensus.cc:359] T 8abbcedb401f45a0821f3e53097626c0 P 2e2f4c4daed74105be8e5284d3674ee0 [term 0 FOLLOWER]: Replica starting. Triggering 0 pending ops. Active config: opid_index: -1 OBSOLETE_local: false peers { permanent_uuid: "95b226be533a443c8593630fabbfea1f" member_type: VOTER last_known_addr { host: "127.3.43.193" port: 43541 } } peers { permanent_uuid: "2e2f4c4daed74105be8e5284d3674ee0" member_type: VOTER last_known_addr { host: "127.3.43.194" port: 39095 } } peers { permanent_uuid: "1c83344ba80143ad97ff6658e851b554" member_type: VOTER last_known_addr { host: "127.3.43.195" port: 32925 } }
I20260709 13:13:55.560668  4447 tablet_service.cc:1917] Received RequestConsensusVote() RPC: tablet_id: "565a786a084b46138d363c4514e3c40d" candidate_uuid: "95b226be533a443c8593630fabbfea1f" candidate_term: 1 candidate_status { last_received { term: 0 index: 0 } } ignore_live_leader: false dest_uuid: "2e2f4c4daed74105be8e5284d3674ee0" is_pre_election: true
I20260709 13:13:55.561090  4571 raft_consensus.cc:385] T 8abbcedb401f45a0821f3e53097626c0 P 2e2f4c4daed74105be8e5284d3674ee0 [term 0 FOLLOWER]: Consensus starting up: Expiring failure detector timer to make a prompt election more likely
I20260709 13:13:55.561513  4571 raft_consensus.cc:740] T 8abbcedb401f45a0821f3e53097626c0 P 2e2f4c4daed74105be8e5284d3674ee0 [term 0 FOLLOWER]: Becoming Follower/Learner. State: Replica: 2e2f4c4daed74105be8e5284d3674ee0, State: Initialized, Role: FOLLOWER
I20260709 13:13:55.550635  4375 tablet_service.cc:1917] Received RequestConsensusVote() RPC: tablet_id: "24908b9e3b444ae2899d375d3444e1a0" candidate_uuid: "2e2f4c4daed74105be8e5284d3674ee0" candidate_term: 1 candidate_status { last_received { term: 0 index: 0 } } ignore_live_leader: false dest_uuid: "95b226be533a443c8593630fabbfea1f" is_pre_election: true
I20260709 13:13:55.562490  4571 consensus_queue.cc:260] T 8abbcedb401f45a0821f3e53097626c0 P 2e2f4c4daed74105be8e5284d3674ee0 [NON_LEADER]: Queue going to NON_LEADER mode. State: All replicated index: 0, Majority replicated index: 0, Committed index: 0, Last appended: 0.0, Last appended by leader: 0, Current term: 0, Majority size: -1, State: 0, Mode: NON_LEADER, active raft config: opid_index: -1 OBSOLETE_local: false peers { permanent_uuid: "95b226be533a443c8593630fabbfea1f" member_type: VOTER last_known_addr { host: "127.3.43.193" port: 43541 } } peers { permanent_uuid: "2e2f4c4daed74105be8e5284d3674ee0" member_type: VOTER last_known_addr { host: "127.3.43.194" port: 39095 } } peers { permanent_uuid: "1c83344ba80143ad97ff6658e851b554" member_type: VOTER last_known_addr { host: "127.3.43.195" port: 32925 } }
I20260709 13:13:55.564738  4571 ts_tablet_manager.cc:1434] T 8abbcedb401f45a0821f3e53097626c0 P 2e2f4c4daed74105be8e5284d3674ee0: Time spent starting tablet: real 0.008s	user 0.008s	sys 0.000s
I20260709 13:13:55.553052  4454 tablet_service.cc:1917] Received RequestConsensusVote() RPC: tablet_id: "fee6f47c2ef1454e91c71cdd02114bde" candidate_uuid: "1c83344ba80143ad97ff6658e851b554" candidate_term: 1 candidate_status { last_received { term: 0 index: 0 } } ignore_live_leader: false dest_uuid: "2e2f4c4daed74105be8e5284d3674ee0" is_pre_election: true
I20260709 13:13:55.566176  4454 raft_consensus.cc:2468] T fee6f47c2ef1454e91c71cdd02114bde P 2e2f4c4daed74105be8e5284d3674ee0 [term 0 FOLLOWER]: Leader pre-election vote request: Granting yes vote for candidate 1c83344ba80143ad97ff6658e851b554 in term 0.
I20260709 13:13:55.566318  4447 tablet_service.cc:1917] Received RequestConsensusVote() RPC: tablet_id: "90b7c9a56aff43b980e18c0414084c18" candidate_uuid: "95b226be533a443c8593630fabbfea1f" candidate_term: 1 candidate_status { last_received { term: 0 index: 0 } } ignore_live_leader: false dest_uuid: "2e2f4c4daed74105be8e5284d3674ee0"
I20260709 13:13:55.567022  4447 raft_consensus.cc:3060] T 90b7c9a56aff43b980e18c0414084c18 P 2e2f4c4daed74105be8e5284d3674ee0 [term 0 FOLLOWER]: Advancing to term 1
I20260709 13:13:55.553738  4570 tablet_bootstrap.cc:492] T e8c8d5b918134e8c8ecdec43a8fe9611 P 95b226be533a443c8593630fabbfea1f: No bootstrap required, opened a new log
I20260709 13:13:55.571509  4570 ts_tablet_manager.cc:1403] T e8c8d5b918134e8c8ecdec43a8fe9611 P 95b226be533a443c8593630fabbfea1f: Time spent bootstrapping tablet: real 0.139s	user 0.022s	sys 0.032s
I20260709 13:13:55.574321  4276 catalog_manager.cc:5697] T ca7855c205ea428580c4143608ed2819 P 1c83344ba80143ad97ff6658e851b554 reported cstate change: term changed from 0 to 1, leader changed from <none> to 1c83344ba80143ad97ff6658e851b554 (127.3.43.195). New cstate: current_term: 1 leader_uuid: "1c83344ba80143ad97ff6658e851b554" committed_config { opid_index: -1 OBSOLETE_local: false peers { permanent_uuid: "95b226be533a443c8593630fabbfea1f" member_type: VOTER last_known_addr { host: "127.3.43.193" port: 43541 } health_report { overall_health: UNKNOWN } } peers { permanent_uuid: "2e2f4c4daed74105be8e5284d3674ee0" member_type: VOTER last_known_addr { host: "127.3.43.194" port: 39095 } health_report { overall_health: UNKNOWN } } peers { permanent_uuid: "1c83344ba80143ad97ff6658e851b554" member_type: VOTER last_known_addr { host: "127.3.43.195" port: 32925 } health_report { overall_health: HEALTHY } } }
W20260709 13:13:55.577049  4419 leader_election.cc:343] T e8c8d5b918134e8c8ecdec43a8fe9611 P 2e2f4c4daed74105be8e5284d3674ee0 [CANDIDATE]: Term 1 pre-election: Tablet error from VoteRequest() call to peer 95b226be533a443c8593630fabbfea1f (127.3.43.193:43541): Illegal state: must be running to vote when last-logged opid is not known
I20260709 13:13:55.575232  4454 raft_consensus.cc:3060] T 24908b9e3b444ae2899d375d3444e1a0 P 2e2f4c4daed74105be8e5284d3674ee0 [term 0 FOLLOWER]: Advancing to term 1
I20260709 13:13:55.581453  4571 tablet_bootstrap.cc:492] T 565a786a084b46138d363c4514e3c40d P 2e2f4c4daed74105be8e5284d3674ee0: Bootstrap starting.
I20260709 13:13:55.585644  4906 raft_consensus.cc:493] T 47ea082f98aa4c90807b8dc14782e7f0 P 1c83344ba80143ad97ff6658e851b554 [term 0 FOLLOWER]: Starting pre-election (no leader contacted us within the election timeout)
I20260709 13:13:55.586270  4906 raft_consensus.cc:515] T 47ea082f98aa4c90807b8dc14782e7f0 P 1c83344ba80143ad97ff6658e851b554 [term 0 FOLLOWER]: Starting pre-election with config: opid_index: -1 OBSOLETE_local: false peers { permanent_uuid: "95b226be533a443c8593630fabbfea1f" member_type: VOTER last_known_addr { host: "127.3.43.193" port: 43541 } } peers { permanent_uuid: "2e2f4c4daed74105be8e5284d3674ee0" member_type: VOTER last_known_addr { host: "127.3.43.194" port: 39095 } } peers { permanent_uuid: "1c83344ba80143ad97ff6658e851b554" member_type: VOTER last_known_addr { host: "127.3.43.195" port: 32925 } }
I20260709 13:13:55.589063  4574 tablet_bootstrap.cc:492] T 90b7c9a56aff43b980e18c0414084c18 P 1c83344ba80143ad97ff6658e851b554: No bootstrap required, opened a new log
I20260709 13:13:55.589248  4906 leader_election.cc:290] T 47ea082f98aa4c90807b8dc14782e7f0 P 1c83344ba80143ad97ff6658e851b554 [CANDIDATE]: Term 1 pre-election: Requested pre-vote from peers 95b226be533a443c8593630fabbfea1f (127.3.43.193:43541), 2e2f4c4daed74105be8e5284d3674ee0 (127.3.43.194:39095)
I20260709 13:13:55.590507  4447 raft_consensus.cc:2468] T 90b7c9a56aff43b980e18c0414084c18 P 2e2f4c4daed74105be8e5284d3674ee0 [term 1 FOLLOWER]: Leader election vote request: Granting yes vote for candidate 95b226be533a443c8593630fabbfea1f in term 1.
I20260709 13:13:55.589419  4419 leader_election.cc:304] T e8c8d5b918134e8c8ecdec43a8fe9611 P 2e2f4c4daed74105be8e5284d3674ee0 [CANDIDATE]: Term 1 pre-election: Election decided. Result: candidate lost. Election summary: received 3 responses out of 3 voters: 1 yes votes; 2 no votes. yes voters: 2e2f4c4daed74105be8e5284d3674ee0; no voters: 1c83344ba80143ad97ff6658e851b554, 95b226be533a443c8593630fabbfea1f
I20260709 13:13:55.591065  4570 raft_consensus.cc:359] T e8c8d5b918134e8c8ecdec43a8fe9611 P 95b226be533a443c8593630fabbfea1f [term 0 FOLLOWER]: Replica starting. Triggering 0 pending ops. Active config: opid_index: -1 OBSOLETE_local: false peers { permanent_uuid: "95b226be533a443c8593630fabbfea1f" member_type: VOTER last_known_addr { host: "127.3.43.193" port: 43541 } } peers { permanent_uuid: "2e2f4c4daed74105be8e5284d3674ee0" member_type: VOTER last_known_addr { host: "127.3.43.194" port: 39095 } } peers { permanent_uuid: "1c83344ba80143ad97ff6658e851b554" member_type: VOTER last_known_addr { host: "127.3.43.195" port: 32925 } }
I20260709 13:13:55.591924  4570 raft_consensus.cc:385] T e8c8d5b918134e8c8ecdec43a8fe9611 P 95b226be533a443c8593630fabbfea1f [term 0 FOLLOWER]: Consensus starting up: Expiring failure detector timer to make a prompt election more likely
I20260709 13:13:55.589773  4571 tablet_bootstrap.cc:654] T 565a786a084b46138d363c4514e3c40d P 2e2f4c4daed74105be8e5284d3674ee0: Neither blocks nor log segments found. Creating new log.
I20260709 13:13:55.592324  4570 raft_consensus.cc:740] T e8c8d5b918134e8c8ecdec43a8fe9611 P 95b226be533a443c8593630fabbfea1f [term 0 FOLLOWER]: Becoming Follower/Learner. State: Replica: 95b226be533a443c8593630fabbfea1f, State: Initialized, Role: FOLLOWER
I20260709 13:13:55.591984  4574 ts_tablet_manager.cc:1403] T 90b7c9a56aff43b980e18c0414084c18 P 1c83344ba80143ad97ff6658e851b554: Time spent bootstrapping tablet: real 0.176s	user 0.054s	sys 0.114s
I20260709 13:13:55.593267  4570 consensus_queue.cc:260] T e8c8d5b918134e8c8ecdec43a8fe9611 P 95b226be533a443c8593630fabbfea1f [NON_LEADER]: Queue going to NON_LEADER mode. State: All replicated index: 0, Majority replicated index: 0, Committed index: 0, Last appended: 0.0, Last appended by leader: 0, Current term: 0, Majority size: -1, State: 0, Mode: NON_LEADER, active raft config: opid_index: -1 OBSOLETE_local: false peers { permanent_uuid: "95b226be533a443c8593630fabbfea1f" member_type: VOTER last_known_addr { host: "127.3.43.193" port: 43541 } } peers { permanent_uuid: "2e2f4c4daed74105be8e5284d3674ee0" member_type: VOTER last_known_addr { host: "127.3.43.194" port: 39095 } } peers { permanent_uuid: "1c83344ba80143ad97ff6658e851b554" member_type: VOTER last_known_addr { host: "127.3.43.195" port: 32925 } }
I20260709 13:13:55.594928  4866 raft_consensus.cc:2749] T e8c8d5b918134e8c8ecdec43a8fe9611 P 2e2f4c4daed74105be8e5284d3674ee0 [term 0 FOLLOWER]: Leader pre-election lost for term 1. Reason: could not achieve majority
I20260709 13:13:55.595614  4570 ts_tablet_manager.cc:1434] T e8c8d5b918134e8c8ecdec43a8fe9611 P 95b226be533a443c8593630fabbfea1f: Time spent starting tablet: real 0.024s	user 0.006s	sys 0.000s
I20260709 13:13:55.596802  4570 tablet_bootstrap.cc:492] T fee6f47c2ef1454e91c71cdd02114bde P 95b226be533a443c8593630fabbfea1f: Bootstrap starting.
I20260709 13:13:55.599184  4419 leader_election.cc:304] T 24908b9e3b444ae2899d375d3444e1a0 P 2e2f4c4daed74105be8e5284d3674ee0 [CANDIDATE]: Term 1 pre-election: Election decided. Result: candidate lost. Election summary: received 3 responses out of 3 voters: 1 yes votes; 2 no votes. yes voters: 2e2f4c4daed74105be8e5284d3674ee0; no voters: 1c83344ba80143ad97ff6658e851b554, 95b226be533a443c8593630fabbfea1f
I20260709 13:13:55.599741  4571 tablet_bootstrap.cc:492] T 565a786a084b46138d363c4514e3c40d P 2e2f4c4daed74105be8e5284d3674ee0: No bootstrap required, opened a new log
I20260709 13:13:55.600446  4379 tablet_service.cc:1917] Received RequestConsensusVote() RPC: tablet_id: "47ea082f98aa4c90807b8dc14782e7f0" candidate_uuid: "1c83344ba80143ad97ff6658e851b554" candidate_term: 1 candidate_status { last_received { term: 0 index: 0 } } ignore_live_leader: false dest_uuid: "95b226be533a443c8593630fabbfea1f" is_pre_election: true
I20260709 13:13:55.602164  4571 ts_tablet_manager.cc:1403] T 565a786a084b46138d363c4514e3c40d P 2e2f4c4daed74105be8e5284d3674ee0: Time spent bootstrapping tablet: real 0.021s	user 0.015s	sys 0.001s
I20260709 13:13:55.602888  4570 tablet_bootstrap.cc:654] T fee6f47c2ef1454e91c71cdd02114bde P 95b226be533a443c8593630fabbfea1f: Neither blocks nor log segments found. Creating new log.
I20260709 13:13:55.605327  4745 consensus_queue.cc:1048] T 81bdb288045344edb3495afbf0b3fe2f P 1c83344ba80143ad97ff6658e851b554 [LEADER]: Connected to new peer: Peer: permanent_uuid: "2e2f4c4daed74105be8e5284d3674ee0" member_type: VOTER last_known_addr { host: "127.3.43.194" port: 39095 }, Status: LMP_MISMATCH, Last received: 0.0, Next index: 1, Last known committed idx: 0, Time since last communication: 0.001s
W20260709 13:13:55.606079  4346 leader_election.cc:343] T 565a786a084b46138d363c4514e3c40d P 95b226be533a443c8593630fabbfea1f [CANDIDATE]: Term 1 pre-election: Tablet error from VoteRequest() call to peer 2e2f4c4daed74105be8e5284d3674ee0 (127.3.43.194:39095): Illegal state: must be running to vote when last-logged opid is not known
I20260709 13:13:55.606508  4346 leader_election.cc:304] T 565a786a084b46138d363c4514e3c40d P 95b226be533a443c8593630fabbfea1f [CANDIDATE]: Term 1 pre-election: Election decided. Result: candidate lost. Election summary: received 3 responses out of 3 voters: 1 yes votes; 2 no votes. yes voters: 95b226be533a443c8593630fabbfea1f; no voters: 1c83344ba80143ad97ff6658e851b554, 2e2f4c4daed74105be8e5284d3674ee0
I20260709 13:13:55.607411  4795 raft_consensus.cc:2749] T 565a786a084b46138d363c4514e3c40d P 95b226be533a443c8593630fabbfea1f [term 0 FOLLOWER]: Leader pre-election lost for term 1. Reason: could not achieve majority
I20260709 13:13:55.609557  4495 leader_election.cc:304] T fee6f47c2ef1454e91c71cdd02114bde P 1c83344ba80143ad97ff6658e851b554 [CANDIDATE]: Term 1 pre-election: Election decided. Result: candidate won. Election summary: received 3 responses out of 3 voters: 2 yes votes; 1 no votes. yes voters: 1c83344ba80143ad97ff6658e851b554, 2e2f4c4daed74105be8e5284d3674ee0; no voters: 95b226be533a443c8593630fabbfea1f
I20260709 13:13:55.610695  4806 raft_consensus.cc:2804] T fee6f47c2ef1454e91c71cdd02114bde P 1c83344ba80143ad97ff6658e851b554 [term 0 FOLLOWER]: Leader pre-election won for term 1
I20260709 13:13:55.611057  4806 raft_consensus.cc:493] T fee6f47c2ef1454e91c71cdd02114bde P 1c83344ba80143ad97ff6658e851b554 [term 0 FOLLOWER]: Starting leader election (no leader contacted us within the election timeout)
I20260709 13:13:55.611379  4806 raft_consensus.cc:3060] T fee6f47c2ef1454e91c71cdd02114bde P 1c83344ba80143ad97ff6658e851b554 [term 0 FOLLOWER]: Advancing to term 1
I20260709 13:13:55.618175  4806 raft_consensus.cc:515] T fee6f47c2ef1454e91c71cdd02114bde P 1c83344ba80143ad97ff6658e851b554 [term 1 FOLLOWER]: Starting leader election with config: opid_index: -1 OBSOLETE_local: false peers { permanent_uuid: "95b226be533a443c8593630fabbfea1f" member_type: VOTER last_known_addr { host: "127.3.43.193" port: 43541 } } peers { permanent_uuid: "2e2f4c4daed74105be8e5284d3674ee0" member_type: VOTER last_known_addr { host: "127.3.43.194" port: 39095 } } peers { permanent_uuid: "1c83344ba80143ad97ff6658e851b554" member_type: VOTER last_known_addr { host: "127.3.43.195" port: 32925 } }
I20260709 13:13:55.600641  4574 raft_consensus.cc:359] T 90b7c9a56aff43b980e18c0414084c18 P 1c83344ba80143ad97ff6658e851b554 [term 0 FOLLOWER]: Replica starting. Triggering 0 pending ops. Active config: opid_index: -1 OBSOLETE_local: false peers { permanent_uuid: "95b226be533a443c8593630fabbfea1f" member_type: VOTER last_known_addr { host: "127.3.43.193" port: 43541 } } peers { permanent_uuid: "2e2f4c4daed74105be8e5284d3674ee0" member_type: VOTER last_known_addr { host: "127.3.43.194" port: 39095 } } peers { permanent_uuid: "1c83344ba80143ad97ff6658e851b554" member_type: VOTER last_known_addr { host: "127.3.43.195" port: 32925 } }
I20260709 13:13:55.622815  4574 raft_consensus.cc:385] T 90b7c9a56aff43b980e18c0414084c18 P 1c83344ba80143ad97ff6658e851b554 [term 0 FOLLOWER]: Consensus starting up: Expiring failure detector timer to make a prompt election more likely
I20260709 13:13:55.623162  4574 raft_consensus.cc:740] T 90b7c9a56aff43b980e18c0414084c18 P 1c83344ba80143ad97ff6658e851b554 [term 0 FOLLOWER]: Becoming Follower/Learner. State: Replica: 1c83344ba80143ad97ff6658e851b554, State: Initialized, Role: FOLLOWER
I20260709 13:13:55.623827  4574 consensus_queue.cc:260] T 90b7c9a56aff43b980e18c0414084c18 P 1c83344ba80143ad97ff6658e851b554 [NON_LEADER]: Queue going to NON_LEADER mode. State: All replicated index: 0, Majority replicated index: 0, Committed index: 0, Last appended: 0.0, Last appended by leader: 0, Current term: 0, Majority size: -1, State: 0, Mode: NON_LEADER, active raft config: opid_index: -1 OBSOLETE_local: false peers { permanent_uuid: "95b226be533a443c8593630fabbfea1f" member_type: VOTER last_known_addr { host: "127.3.43.193" port: 43541 } } peers { permanent_uuid: "2e2f4c4daed74105be8e5284d3674ee0" member_type: VOTER last_known_addr { host: "127.3.43.194" port: 39095 } } peers { permanent_uuid: "1c83344ba80143ad97ff6658e851b554" member_type: VOTER last_known_addr { host: "127.3.43.195" port: 32925 } }
I20260709 13:13:55.626034  4574 ts_tablet_manager.cc:1434] T 90b7c9a56aff43b980e18c0414084c18 P 1c83344ba80143ad97ff6658e851b554: Time spent starting tablet: real 0.033s	user 0.004s	sys 0.000s
I20260709 13:13:55.627121  4574 tablet_bootstrap.cc:492] T e8c8d5b918134e8c8ecdec43a8fe9611 P 1c83344ba80143ad97ff6658e851b554: Bootstrap starting.
I20260709 13:13:55.629643  4379 tablet_service.cc:1917] Received RequestConsensusVote() RPC: tablet_id: "fee6f47c2ef1454e91c71cdd02114bde" candidate_uuid: "1c83344ba80143ad97ff6658e851b554" candidate_term: 1 candidate_status { last_received { term: 0 index: 0 } } ignore_live_leader: false dest_uuid: "95b226be533a443c8593630fabbfea1f"
I20260709 13:13:55.631426  4641 raft_consensus.cc:2749] T 24908b9e3b444ae2899d375d3444e1a0 P 2e2f4c4daed74105be8e5284d3674ee0 [term 1 FOLLOWER]: Leader pre-election lost for term 1. Reason: could not achieve majority
I20260709 13:13:55.632004  4346 leader_election.cc:304] T 90b7c9a56aff43b980e18c0414084c18 P 95b226be533a443c8593630fabbfea1f [CANDIDATE]: Term 1 election: Election decided. Result: candidate won. Election summary: received 3 responses out of 3 voters: 2 yes votes; 1 no votes. yes voters: 2e2f4c4daed74105be8e5284d3674ee0, 95b226be533a443c8593630fabbfea1f; no voters: 1c83344ba80143ad97ff6658e851b554
I20260709 13:13:55.633049  4680 raft_consensus.cc:2804] T 90b7c9a56aff43b980e18c0414084c18 P 95b226be533a443c8593630fabbfea1f [term 1 FOLLOWER]: Leader election won for term 1
I20260709 13:13:55.633666  4680 raft_consensus.cc:697] T 90b7c9a56aff43b980e18c0414084c18 P 95b226be533a443c8593630fabbfea1f [term 1 LEADER]: Becoming Leader. State: Replica: 95b226be533a443c8593630fabbfea1f, State: Running, Role: LEADER
W20260709 13:13:55.631441  4493 leader_election.cc:343] T fee6f47c2ef1454e91c71cdd02114bde P 1c83344ba80143ad97ff6658e851b554 [CANDIDATE]: Term 1 election: Tablet error from VoteRequest() call to peer 95b226be533a443c8593630fabbfea1f (127.3.43.193:43541): Illegal state: must be running to vote when last-logged opid is not known
I20260709 13:13:55.634473  4680 consensus_queue.cc:237] T 90b7c9a56aff43b980e18c0414084c18 P 95b226be533a443c8593630fabbfea1f [LEADER]: Queue going to LEADER mode. State: All replicated index: 0, Majority replicated index: 0, Committed index: 0, Last appended: 0.0, Last appended by leader: 0, Current term: 1, Majority size: 2, State: 0, Mode: LEADER, active raft config: opid_index: -1 OBSOLETE_local: false peers { permanent_uuid: "95b226be533a443c8593630fabbfea1f" member_type: VOTER last_known_addr { host: "127.3.43.193" port: 43541 } } peers { permanent_uuid: "2e2f4c4daed74105be8e5284d3674ee0" member_type: VOTER last_known_addr { host: "127.3.43.194" port: 39095 } } peers { permanent_uuid: "1c83344ba80143ad97ff6658e851b554" member_type: VOTER last_known_addr { host: "127.3.43.195" port: 32925 } }
I20260709 13:13:55.643908  4641 raft_consensus.cc:493] T 8abbcedb401f45a0821f3e53097626c0 P 2e2f4c4daed74105be8e5284d3674ee0 [term 0 FOLLOWER]: Starting pre-election (no leader contacted us within the election timeout)
I20260709 13:13:55.644640  4641 raft_consensus.cc:515] T 8abbcedb401f45a0821f3e53097626c0 P 2e2f4c4daed74105be8e5284d3674ee0 [term 0 FOLLOWER]: Starting pre-election with config: opid_index: -1 OBSOLETE_local: false peers { permanent_uuid: "95b226be533a443c8593630fabbfea1f" member_type: VOTER last_known_addr { host: "127.3.43.193" port: 43541 } } peers { permanent_uuid: "2e2f4c4daed74105be8e5284d3674ee0" member_type: VOTER last_known_addr { host: "127.3.43.194" port: 39095 } } peers { permanent_uuid: "1c83344ba80143ad97ff6658e851b554" member_type: VOTER last_known_addr { host: "127.3.43.195" port: 32925 } }
I20260709 13:13:55.648326  4529 tablet_service.cc:1917] Received RequestConsensusVote() RPC: tablet_id: "8abbcedb401f45a0821f3e53097626c0" candidate_uuid: "2e2f4c4daed74105be8e5284d3674ee0" candidate_term: 1 candidate_status { last_received { term: 0 index: 0 } } ignore_live_leader: false dest_uuid: "1c83344ba80143ad97ff6658e851b554" is_pre_election: true
I20260709 13:13:55.648963  4529 raft_consensus.cc:2468] T 8abbcedb401f45a0821f3e53097626c0 P 1c83344ba80143ad97ff6658e851b554 [term 0 FOLLOWER]: Leader pre-election vote request: Granting yes vote for candidate 2e2f4c4daed74105be8e5284d3674ee0 in term 0.
I20260709 13:13:55.650154  4421 leader_election.cc:304] T 8abbcedb401f45a0821f3e53097626c0 P 2e2f4c4daed74105be8e5284d3674ee0 [CANDIDATE]: Term 1 pre-election: Election decided. Result: candidate won. Election summary: received 2 responses out of 3 voters: 2 yes votes; 0 no votes. yes voters: 1c83344ba80143ad97ff6658e851b554, 2e2f4c4daed74105be8e5284d3674ee0; no voters: 
I20260709 13:13:55.652037  4655 raft_consensus.cc:2804] T 8abbcedb401f45a0821f3e53097626c0 P 2e2f4c4daed74105be8e5284d3674ee0 [term 0 FOLLOWER]: Leader pre-election won for term 1
I20260709 13:13:55.652464  4655 raft_consensus.cc:493] T 8abbcedb401f45a0821f3e53097626c0 P 2e2f4c4daed74105be8e5284d3674ee0 [term 0 FOLLOWER]: Starting leader election (no leader contacted us within the election timeout)
I20260709 13:13:55.652830  4655 raft_consensus.cc:3060] T 8abbcedb401f45a0821f3e53097626c0 P 2e2f4c4daed74105be8e5284d3674ee0 [term 0 FOLLOWER]: Advancing to term 1
I20260709 13:13:55.653052  4680 consensus_queue.cc:1048] T 24908b9e3b444ae2899d375d3444e1a0 P 95b226be533a443c8593630fabbfea1f [LEADER]: Connected to new peer: Peer: permanent_uuid: "2e2f4c4daed74105be8e5284d3674ee0" member_type: VOTER last_known_addr { host: "127.3.43.194" port: 39095 }, Status: LMP_MISMATCH, Last received: 0.0, Next index: 1, Last known committed idx: 0, Time since last communication: 0.000s
I20260709 13:13:55.654731  4806 leader_election.cc:290] T fee6f47c2ef1454e91c71cdd02114bde P 1c83344ba80143ad97ff6658e851b554 [CANDIDATE]: Term 1 election: Requested vote from peers 95b226be533a443c8593630fabbfea1f (127.3.43.193:43541), 2e2f4c4daed74105be8e5284d3674ee0 (127.3.43.194:39095)
I20260709 13:13:55.654611  4454 tablet_service.cc:1917] Received RequestConsensusVote() RPC: tablet_id: "47ea082f98aa4c90807b8dc14782e7f0" candidate_uuid: "1c83344ba80143ad97ff6658e851b554" candidate_term: 1 candidate_status { last_received { term: 0 index: 0 } } ignore_live_leader: false dest_uuid: "2e2f4c4daed74105be8e5284d3674ee0" is_pre_election: true
I20260709 13:13:55.659435  4378 tablet_service.cc:1917] Received RequestConsensusVote() RPC: tablet_id: "8abbcedb401f45a0821f3e53097626c0" candidate_uuid: "2e2f4c4daed74105be8e5284d3674ee0" candidate_term: 1 candidate_status { last_received { term: 0 index: 0 } } ignore_live_leader: false dest_uuid: "95b226be533a443c8593630fabbfea1f" is_pre_election: true
I20260709 13:13:55.660393  4574 tablet_bootstrap.cc:654] T e8c8d5b918134e8c8ecdec43a8fe9611 P 1c83344ba80143ad97ff6658e851b554: Neither blocks nor log segments found. Creating new log.
I20260709 13:13:55.659998  4276 catalog_manager.cc:5697] T 90b7c9a56aff43b980e18c0414084c18 P 95b226be533a443c8593630fabbfea1f reported cstate change: term changed from 0 to 1, leader changed from <none> to 95b226be533a443c8593630fabbfea1f (127.3.43.193). New cstate: current_term: 1 leader_uuid: "95b226be533a443c8593630fabbfea1f" committed_config { opid_index: -1 OBSOLETE_local: false peers { permanent_uuid: "95b226be533a443c8593630fabbfea1f" member_type: VOTER last_known_addr { host: "127.3.43.193" port: 43541 } health_report { overall_health: HEALTHY } } peers { permanent_uuid: "2e2f4c4daed74105be8e5284d3674ee0" member_type: VOTER last_known_addr { host: "127.3.43.194" port: 39095 } health_report { overall_health: UNKNOWN } } peers { permanent_uuid: "1c83344ba80143ad97ff6658e851b554" member_type: VOTER last_known_addr { host: "127.3.43.195" port: 32925 } health_report { overall_health: UNKNOWN } } }
I20260709 13:13:55.660410  4378 raft_consensus.cc:2468] T 8abbcedb401f45a0821f3e53097626c0 P 95b226be533a443c8593630fabbfea1f [term 0 FOLLOWER]: Leader pre-election vote request: Granting yes vote for candidate 2e2f4c4daed74105be8e5284d3674ee0 in term 0.
I20260709 13:13:55.681303  4680 raft_consensus.cc:493] T e8c8d5b918134e8c8ecdec43a8fe9611 P 95b226be533a443c8593630fabbfea1f [term 0 FOLLOWER]: Starting pre-election (no leader contacted us within the election timeout)
I20260709 13:13:55.681874  4680 raft_consensus.cc:515] T e8c8d5b918134e8c8ecdec43a8fe9611 P 95b226be533a443c8593630fabbfea1f [term 0 FOLLOWER]: Starting pre-election with config: opid_index: -1 OBSOLETE_local: false peers { permanent_uuid: "95b226be533a443c8593630fabbfea1f" member_type: VOTER last_known_addr { host: "127.3.43.193" port: 43541 } } peers { permanent_uuid: "2e2f4c4daed74105be8e5284d3674ee0" member_type: VOTER last_known_addr { host: "127.3.43.194" port: 39095 } } peers { permanent_uuid: "1c83344ba80143ad97ff6658e851b554" member_type: VOTER last_known_addr { host: "127.3.43.195" port: 32925 } }
I20260709 13:13:55.685251  4529 tablet_service.cc:1917] Received RequestConsensusVote() RPC: tablet_id: "e8c8d5b918134e8c8ecdec43a8fe9611" candidate_uuid: "95b226be533a443c8593630fabbfea1f" candidate_term: 1 candidate_status { last_received { term: 0 index: 0 } } ignore_live_leader: false dest_uuid: "1c83344ba80143ad97ff6658e851b554" is_pre_election: true
I20260709 13:13:55.686190  4641 leader_election.cc:290] T 8abbcedb401f45a0821f3e53097626c0 P 2e2f4c4daed74105be8e5284d3674ee0 [CANDIDATE]: Term 1 pre-election: Requested pre-vote from peers 95b226be533a443c8593630fabbfea1f (127.3.43.193:43541), 1c83344ba80143ad97ff6658e851b554 (127.3.43.195:32925)
W20260709 13:13:55.687799  4346 leader_election.cc:343] T e8c8d5b918134e8c8ecdec43a8fe9611 P 95b226be533a443c8593630fabbfea1f [CANDIDATE]: Term 1 pre-election: Tablet error from VoteRequest() call to peer 1c83344ba80143ad97ff6658e851b554 (127.3.43.195:32925): Illegal state: must be running to vote when last-logged opid is not known
I20260709 13:13:55.683853  4680 leader_election.cc:290] T e8c8d5b918134e8c8ecdec43a8fe9611 P 95b226be533a443c8593630fabbfea1f [CANDIDATE]: Term 1 pre-election: Requested pre-vote from peers 2e2f4c4daed74105be8e5284d3674ee0 (127.3.43.194:39095), 1c83344ba80143ad97ff6658e851b554 (127.3.43.195:32925)
I20260709 13:13:55.689116  4655 raft_consensus.cc:515] T 8abbcedb401f45a0821f3e53097626c0 P 2e2f4c4daed74105be8e5284d3674ee0 [term 1 FOLLOWER]: Starting leader election with config: opid_index: -1 OBSOLETE_local: false peers { permanent_uuid: "95b226be533a443c8593630fabbfea1f" member_type: VOTER last_known_addr { host: "127.3.43.193" port: 43541 } } peers { permanent_uuid: "2e2f4c4daed74105be8e5284d3674ee0" member_type: VOTER last_known_addr { host: "127.3.43.194" port: 39095 } } peers { permanent_uuid: "1c83344ba80143ad97ff6658e851b554" member_type: VOTER last_known_addr { host: "127.3.43.195" port: 32925 } }
I20260709 13:13:55.693274  4571 raft_consensus.cc:359] T 565a786a084b46138d363c4514e3c40d P 2e2f4c4daed74105be8e5284d3674ee0 [term 0 FOLLOWER]: Replica starting. Triggering 0 pending ops. Active config: opid_index: -1 OBSOLETE_local: false peers { permanent_uuid: "95b226be533a443c8593630fabbfea1f" member_type: VOTER last_known_addr { host: "127.3.43.193" port: 43541 } } peers { permanent_uuid: "2e2f4c4daed74105be8e5284d3674ee0" member_type: VOTER last_known_addr { host: "127.3.43.194" port: 39095 } } peers { permanent_uuid: "1c83344ba80143ad97ff6658e851b554" member_type: VOTER last_known_addr { host: "127.3.43.195" port: 32925 } }
I20260709 13:13:55.696273  4571 raft_consensus.cc:385] T 565a786a084b46138d363c4514e3c40d P 2e2f4c4daed74105be8e5284d3674ee0 [term 0 FOLLOWER]: Consensus starting up: Expiring failure detector timer to make a prompt election more likely
I20260709 13:13:55.696781  4571 raft_consensus.cc:740] T 565a786a084b46138d363c4514e3c40d P 2e2f4c4daed74105be8e5284d3674ee0 [term 0 FOLLOWER]: Becoming Follower/Learner. State: Replica: 2e2f4c4daed74105be8e5284d3674ee0, State: Initialized, Role: FOLLOWER
I20260709 13:13:55.698066  4571 consensus_queue.cc:260] T 565a786a084b46138d363c4514e3c40d P 2e2f4c4daed74105be8e5284d3674ee0 [NON_LEADER]: Queue going to NON_LEADER mode. State: All replicated index: 0, Majority replicated index: 0, Committed index: 0, Last appended: 0.0, Last appended by leader: 0, Current term: 0, Majority size: -1, State: 0, Mode: NON_LEADER, active raft config: opid_index: -1 OBSOLETE_local: false peers { permanent_uuid: "95b226be533a443c8593630fabbfea1f" member_type: VOTER last_known_addr { host: "127.3.43.193" port: 43541 } } peers { permanent_uuid: "2e2f4c4daed74105be8e5284d3674ee0" member_type: VOTER last_known_addr { host: "127.3.43.194" port: 39095 } } peers { permanent_uuid: "1c83344ba80143ad97ff6658e851b554" member_type: VOTER last_known_addr { host: "127.3.43.195" port: 32925 } }
I20260709 13:13:55.701824  4571 ts_tablet_manager.cc:1434] T 565a786a084b46138d363c4514e3c40d P 2e2f4c4daed74105be8e5284d3674ee0: Time spent starting tablet: real 0.094s	user 0.005s	sys 0.003s
I20260709 13:13:55.706727  4655 leader_election.cc:290] T 8abbcedb401f45a0821f3e53097626c0 P 2e2f4c4daed74105be8e5284d3674ee0 [CANDIDATE]: Term 1 election: Requested vote from peers 95b226be533a443c8593630fabbfea1f (127.3.43.193:43541), 1c83344ba80143ad97ff6658e851b554 (127.3.43.195:32925)
I20260709 13:13:55.714612  4571 tablet_bootstrap.cc:492] T a67c7ee35e72470d8ef3249b8f2e829a P 2e2f4c4daed74105be8e5284d3674ee0: Bootstrap starting.
I20260709 13:13:55.708276  4526 tablet_service.cc:1917] Received RequestConsensusVote() RPC: tablet_id: "8abbcedb401f45a0821f3e53097626c0" candidate_uuid: "2e2f4c4daed74105be8e5284d3674ee0" candidate_term: 1 candidate_status { last_received { term: 0 index: 0 } } ignore_live_leader: false dest_uuid: "1c83344ba80143ad97ff6658e851b554"
W20260709 13:13:55.711882  4419 outbound_call.cc:321] RPC callback for RPC call kudu.consensus.ConsensusService.UpdateConsensus -> {remote=127.3.43.193:43541, user_credentials={real_user=slave}} blocked reactor thread for 54282.6us
I20260709 13:13:55.715451  4526 raft_consensus.cc:3060] T 8abbcedb401f45a0821f3e53097626c0 P 1c83344ba80143ad97ff6658e851b554 [term 0 FOLLOWER]: Advancing to term 1
I20260709 13:13:55.716063  4574 tablet_bootstrap.cc:492] T e8c8d5b918134e8c8ecdec43a8fe9611 P 1c83344ba80143ad97ff6658e851b554: No bootstrap required, opened a new log
I20260709 13:13:55.716524  4574 ts_tablet_manager.cc:1403] T e8c8d5b918134e8c8ecdec43a8fe9611 P 1c83344ba80143ad97ff6658e851b554: Time spent bootstrapping tablet: real 0.090s	user 0.020s	sys 0.008s
I20260709 13:13:55.718359  4495 leader_election.cc:304] T 47ea082f98aa4c90807b8dc14782e7f0 P 1c83344ba80143ad97ff6658e851b554 [CANDIDATE]: Term 1 pre-election: Election decided. Result: candidate lost. Election summary: received 3 responses out of 3 voters: 1 yes votes; 2 no votes. yes voters: 1c83344ba80143ad97ff6658e851b554; no voters: 2e2f4c4daed74105be8e5284d3674ee0, 95b226be533a443c8593630fabbfea1f
I20260709 13:13:55.719676  4574 raft_consensus.cc:359] T e8c8d5b918134e8c8ecdec43a8fe9611 P 1c83344ba80143ad97ff6658e851b554 [term 0 FOLLOWER]: Replica starting. Triggering 0 pending ops. Active config: opid_index: -1 OBSOLETE_local: false peers { permanent_uuid: "95b226be533a443c8593630fabbfea1f" member_type: VOTER last_known_addr { host: "127.3.43.193" port: 43541 } } peers { permanent_uuid: "2e2f4c4daed74105be8e5284d3674ee0" member_type: VOTER last_known_addr { host: "127.3.43.194" port: 39095 } } peers { permanent_uuid: "1c83344ba80143ad97ff6658e851b554" member_type: VOTER last_known_addr { host: "127.3.43.195" port: 32925 } }
I20260709 13:13:55.720186  4806 raft_consensus.cc:2749] T 47ea082f98aa4c90807b8dc14782e7f0 P 1c83344ba80143ad97ff6658e851b554 [term 0 FOLLOWER]: Leader pre-election lost for term 1. Reason: could not achieve majority
I20260709 13:13:55.720423  4574 raft_consensus.cc:385] T e8c8d5b918134e8c8ecdec43a8fe9611 P 1c83344ba80143ad97ff6658e851b554 [term 0 FOLLOWER]: Consensus starting up: Expiring failure detector timer to make a prompt election more likely
I20260709 13:13:55.720712  4574 raft_consensus.cc:740] T e8c8d5b918134e8c8ecdec43a8fe9611 P 1c83344ba80143ad97ff6658e851b554 [term 0 FOLLOWER]: Becoming Follower/Learner. State: Replica: 1c83344ba80143ad97ff6658e851b554, State: Initialized, Role: FOLLOWER
I20260709 13:13:55.721356  4574 consensus_queue.cc:260] T e8c8d5b918134e8c8ecdec43a8fe9611 P 1c83344ba80143ad97ff6658e851b554 [NON_LEADER]: Queue going to NON_LEADER mode. State: All replicated index: 0, Majority replicated index: 0, Committed index: 0, Last appended: 0.0, Last appended by leader: 0, Current term: 0, Majority size: -1, State: 0, Mode: NON_LEADER, active raft config: opid_index: -1 OBSOLETE_local: false peers { permanent_uuid: "95b226be533a443c8593630fabbfea1f" member_type: VOTER last_known_addr { host: "127.3.43.193" port: 43541 } } peers { permanent_uuid: "2e2f4c4daed74105be8e5284d3674ee0" member_type: VOTER last_known_addr { host: "127.3.43.194" port: 39095 } } peers { permanent_uuid: "1c83344ba80143ad97ff6658e851b554" member_type: VOTER last_known_addr { host: "127.3.43.195" port: 32925 } }
I20260709 13:13:55.723156  4447 tablet_service.cc:1917] Received RequestConsensusVote() RPC: tablet_id: "fee6f47c2ef1454e91c71cdd02114bde" candidate_uuid: "1c83344ba80143ad97ff6658e851b554" candidate_term: 1 candidate_status { last_received { term: 0 index: 0 } } ignore_live_leader: false dest_uuid: "2e2f4c4daed74105be8e5284d3674ee0"
I20260709 13:13:55.723690  4378 tablet_service.cc:1917] Received RequestConsensusVote() RPC: tablet_id: "8abbcedb401f45a0821f3e53097626c0" candidate_uuid: "2e2f4c4daed74105be8e5284d3674ee0" candidate_term: 1 candidate_status { last_received { term: 0 index: 0 } } ignore_live_leader: false dest_uuid: "95b226be533a443c8593630fabbfea1f"
I20260709 13:13:55.724550  4378 raft_consensus.cc:3060] T 8abbcedb401f45a0821f3e53097626c0 P 95b226be533a443c8593630fabbfea1f [term 0 FOLLOWER]: Advancing to term 1
I20260709 13:13:55.726564  4526 raft_consensus.cc:2468] T 8abbcedb401f45a0821f3e53097626c0 P 1c83344ba80143ad97ff6658e851b554 [term 1 FOLLOWER]: Leader election vote request: Granting yes vote for candidate 2e2f4c4daed74105be8e5284d3674ee0 in term 1.
I20260709 13:13:55.728224  4421 leader_election.cc:304] T 8abbcedb401f45a0821f3e53097626c0 P 2e2f4c4daed74105be8e5284d3674ee0 [CANDIDATE]: Term 1 election: Election decided. Result: candidate won. Election summary: received 2 responses out of 3 voters: 2 yes votes; 0 no votes. yes voters: 1c83344ba80143ad97ff6658e851b554, 2e2f4c4daed74105be8e5284d3674ee0; no voters: 
I20260709 13:13:55.729460  4574 ts_tablet_manager.cc:1434] T e8c8d5b918134e8c8ecdec43a8fe9611 P 1c83344ba80143ad97ff6658e851b554: Time spent starting tablet: real 0.013s	user 0.003s	sys 0.004s
I20260709 13:13:55.729297  4745 raft_consensus.cc:493] T e8c8d5b918134e8c8ecdec43a8fe9611 P 1c83344ba80143ad97ff6658e851b554 [term 0 FOLLOWER]: Starting pre-election (no leader contacted us within the election timeout)
I20260709 13:13:55.730618  4574 tablet_bootstrap.cc:492] T a67c7ee35e72470d8ef3249b8f2e829a P 1c83344ba80143ad97ff6658e851b554: Bootstrap starting.
I20260709 13:13:55.723794  4447 raft_consensus.cc:3060] T fee6f47c2ef1454e91c71cdd02114bde P 2e2f4c4daed74105be8e5284d3674ee0 [term 0 FOLLOWER]: Advancing to term 1
I20260709 13:13:55.731930  4655 raft_consensus.cc:2804] T 8abbcedb401f45a0821f3e53097626c0 P 2e2f4c4daed74105be8e5284d3674ee0 [term 1 FOLLOWER]: Leader election won for term 1
