I20260709 13:13:23.346340  2940 raft_consensus.cc:359] T 7e3ceffaa2b549d085bf34c971278489 P fd9416ab47ab447eb6b6cc53a19d3e28 [term 0 FOLLOWER]: Replica starting. Triggering 0 pending ops. Active config: opid_index: -1 OBSOLETE_local: false peers { permanent_uuid: "41898e4c82d14989ba959fe1b9e4c1d8" member_type: VOTER last_known_addr { host: "127.2.141.1" port: 38419 } } peers { permanent_uuid: "fd9416ab47ab447eb6b6cc53a19d3e28" member_type: VOTER last_known_addr { host: "127.2.141.2" port: 37807 } } peers { permanent_uuid: "2164b9be1cab45d7aa9024b8dc1861e3" member_type: VOTER last_known_addr { host: "127.2.141.3" port: 44859 } }
I20260709 13:13:23.348233  2895 raft_consensus.cc:3060] T 5fbdbaf02c8f403aaae3e838a26ed4ce P 2164b9be1cab45d7aa9024b8dc1861e3 [term 0 FOLLOWER]: Advancing to term 1
I20260709 13:13:23.348369  2940 raft_consensus.cc:385] T 7e3ceffaa2b549d085bf34c971278489 P fd9416ab47ab447eb6b6cc53a19d3e28 [term 0 FOLLOWER]: Consensus starting up: Expiring failure detector timer to make a prompt election more likely
I20260709 13:13:23.348737  2940 raft_consensus.cc:740] T 7e3ceffaa2b549d085bf34c971278489 P fd9416ab47ab447eb6b6cc53a19d3e28 [term 0 FOLLOWER]: Becoming Follower/Learner. State: Replica: fd9416ab47ab447eb6b6cc53a19d3e28, State: Initialized, Role: FOLLOWER
I20260709 13:13:23.347241  2958 leader_election.cc:290] T 5fbdbaf02c8f403aaae3e838a26ed4ce P fd9416ab47ab447eb6b6cc53a19d3e28 [CANDIDATE]: Term 1 election: Requested vote from peers 41898e4c82d14989ba959fe1b9e4c1d8 (127.2.141.1:38419), 2164b9be1cab45d7aa9024b8dc1861e3 (127.2.141.3:44859)
I20260709 13:13:23.349427  2940 consensus_queue.cc:260] T 7e3ceffaa2b549d085bf34c971278489 P fd9416ab47ab447eb6b6cc53a19d3e28 [NON_LEADER]: Queue going to NON_LEADER mode. State: All replicated index: 0, Majority replicated index: 0, Committed index: 0, Last appended: 0.0, Last appended by leader: 0, Current term: 0, Majority size: -1, State: 0, Mode: NON_LEADER, active raft config: opid_index: -1 OBSOLETE_local: false peers { permanent_uuid: "41898e4c82d14989ba959fe1b9e4c1d8" member_type: VOTER last_known_addr { host: "127.2.141.1" port: 38419 } } peers { permanent_uuid: "fd9416ab47ab447eb6b6cc53a19d3e28" member_type: VOTER last_known_addr { host: "127.2.141.2" port: 37807 } } peers { permanent_uuid: "2164b9be1cab45d7aa9024b8dc1861e3" member_type: VOTER last_known_addr { host: "127.2.141.3" port: 44859 } }
I20260709 13:13:23.351670  2940 ts_tablet_manager.cc:1434] T 7e3ceffaa2b549d085bf34c971278489 P fd9416ab47ab447eb6b6cc53a19d3e28: Time spent starting tablet: real 0.030s	user 0.007s	sys 0.001s
I20260709 13:13:23.352638  2940 tablet_bootstrap.cc:492] T 24d7f6fc99ce47ffadd9e361e4cf47ec P fd9416ab47ab447eb6b6cc53a19d3e28: Bootstrap starting.
I20260709 13:13:23.353199  2644 catalog_manager.cc:5697] T fb6d112876da4d11bb2d5e8336c31e37 P 2164b9be1cab45d7aa9024b8dc1861e3 reported cstate change: term changed from 0 to 1, leader changed from <none> to 2164b9be1cab45d7aa9024b8dc1861e3 (127.2.141.3). New cstate: current_term: 1 leader_uuid: "2164b9be1cab45d7aa9024b8dc1861e3" committed_config { opid_index: -1 OBSOLETE_local: false peers { permanent_uuid: "41898e4c82d14989ba959fe1b9e4c1d8" member_type: VOTER last_known_addr { host: "127.2.141.1" port: 38419 } health_report { overall_health: UNKNOWN } } peers { permanent_uuid: "fd9416ab47ab447eb6b6cc53a19d3e28" member_type: VOTER last_known_addr { host: "127.2.141.2" port: 37807 } health_report { overall_health: UNKNOWN } } peers { permanent_uuid: "2164b9be1cab45d7aa9024b8dc1861e3" member_type: VOTER last_known_addr { host: "127.2.141.3" port: 44859 } health_report { overall_health: HEALTHY } } }
I20260709 13:13:23.360922  2940 tablet_bootstrap.cc:654] T 24d7f6fc99ce47ffadd9e361e4cf47ec P fd9416ab47ab447eb6b6cc53a19d3e28: Neither blocks nor log segments found. Creating new log.
I20260709 13:13:23.361328  2939 tablet_bootstrap.cc:654] T 5fbdbaf02c8f403aaae3e838a26ed4ce P 41898e4c82d14989ba959fe1b9e4c1d8: Neither blocks nor log segments found. Creating new log.
I20260709 13:13:23.360783  2895 raft_consensus.cc:2468] T 5fbdbaf02c8f403aaae3e838a26ed4ce P 2164b9be1cab45d7aa9024b8dc1861e3 [term 1 FOLLOWER]: Leader election vote request: Granting yes vote for candidate fd9416ab47ab447eb6b6cc53a19d3e28 in term 1.
I20260709 13:13:23.363647  2941 ts_tablet_manager.cc:1434] T 7e3ceffaa2b549d085bf34c971278489 P 2164b9be1cab45d7aa9024b8dc1861e3: Time spent starting tablet: real 0.039s	user 0.010s	sys 0.000s
I20260709 13:13:23.364732  2941 tablet_bootstrap.cc:492] T c6e16cdbd2584ae48d2c3fe410231a16 P 2164b9be1cab45d7aa9024b8dc1861e3: Bootstrap starting.
I20260709 13:13:23.364966  2786 leader_election.cc:304] T 5fbdbaf02c8f403aaae3e838a26ed4ce P fd9416ab47ab447eb6b6cc53a19d3e28 [CANDIDATE]: Term 1 election: Election decided. Result: candidate won. Election summary: received 3 responses out of 3 voters: 2 yes votes; 1 no votes. yes voters: 2164b9be1cab45d7aa9024b8dc1861e3, fd9416ab47ab447eb6b6cc53a19d3e28; no voters: 41898e4c82d14989ba959fe1b9e4c1d8
I20260709 13:13:23.366719  2958 raft_consensus.cc:2804] T 5fbdbaf02c8f403aaae3e838a26ed4ce P fd9416ab47ab447eb6b6cc53a19d3e28 [term 1 FOLLOWER]: Leader election won for term 1
I20260709 13:13:23.367394  2958 raft_consensus.cc:697] T 5fbdbaf02c8f403aaae3e838a26ed4ce P fd9416ab47ab447eb6b6cc53a19d3e28 [term 1 LEADER]: Becoming Leader. State: Replica: fd9416ab47ab447eb6b6cc53a19d3e28, State: Running, Role: LEADER
I20260709 13:13:23.369330  2958 consensus_queue.cc:237] T 5fbdbaf02c8f403aaae3e838a26ed4ce P fd9416ab47ab447eb6b6cc53a19d3e28 [LEADER]: Queue going to LEADER mode. State: All replicated index: 0, Majority replicated index: 0, Committed index: 0, Last appended: 0.0, Last appended by leader: 0, Current term: 1, Majority size: 2, State: 0, Mode: LEADER, active raft config: opid_index: -1 OBSOLETE_local: false peers { permanent_uuid: "41898e4c82d14989ba959fe1b9e4c1d8" member_type: VOTER last_known_addr { host: "127.2.141.1" port: 38419 } } peers { permanent_uuid: "fd9416ab47ab447eb6b6cc53a19d3e28" member_type: VOTER last_known_addr { host: "127.2.141.2" port: 37807 } } peers { permanent_uuid: "2164b9be1cab45d7aa9024b8dc1861e3" member_type: VOTER last_known_addr { host: "127.2.141.3" port: 44859 } }
I20260709 13:13:23.381276  2940 tablet_bootstrap.cc:492] T 24d7f6fc99ce47ffadd9e361e4cf47ec P fd9416ab47ab447eb6b6cc53a19d3e28: No bootstrap required, opened a new log
I20260709 13:13:23.381690  2940 ts_tablet_manager.cc:1403] T 24d7f6fc99ce47ffadd9e361e4cf47ec P fd9416ab47ab447eb6b6cc53a19d3e28: Time spent bootstrapping tablet: real 0.029s	user 0.010s	sys 0.002s
I20260709 13:13:23.382944  2641 catalog_manager.cc:5697] T c6e16cdbd2584ae48d2c3fe410231a16 P fd9416ab47ab447eb6b6cc53a19d3e28 reported cstate change: term changed from 0 to 1, leader changed from <none> to fd9416ab47ab447eb6b6cc53a19d3e28 (127.2.141.2). New cstate: current_term: 1 leader_uuid: "fd9416ab47ab447eb6b6cc53a19d3e28" committed_config { opid_index: -1 OBSOLETE_local: false peers { permanent_uuid: "41898e4c82d14989ba959fe1b9e4c1d8" member_type: VOTER last_known_addr { host: "127.2.141.1" port: 38419 } health_report { overall_health: UNKNOWN } } peers { permanent_uuid: "fd9416ab47ab447eb6b6cc53a19d3e28" member_type: VOTER last_known_addr { host: "127.2.141.2" port: 37807 } health_report { overall_health: HEALTHY } } peers { permanent_uuid: "2164b9be1cab45d7aa9024b8dc1861e3" member_type: VOTER last_known_addr { host: "127.2.141.3" port: 44859 } health_report { overall_health: UNKNOWN } } }
I20260709 13:13:23.385751  2941 tablet_bootstrap.cc:654] T c6e16cdbd2584ae48d2c3fe410231a16 P 2164b9be1cab45d7aa9024b8dc1861e3: Neither blocks nor log segments found. Creating new log.
I20260709 13:13:23.398293  2940 raft_consensus.cc:359] T 24d7f6fc99ce47ffadd9e361e4cf47ec P fd9416ab47ab447eb6b6cc53a19d3e28 [term 0 FOLLOWER]: Replica starting. Triggering 0 pending ops. Active config: opid_index: -1 OBSOLETE_local: false peers { permanent_uuid: "41898e4c82d14989ba959fe1b9e4c1d8" member_type: VOTER last_known_addr { host: "127.2.141.1" port: 38419 } } peers { permanent_uuid: "fd9416ab47ab447eb6b6cc53a19d3e28" member_type: VOTER last_known_addr { host: "127.2.141.2" port: 37807 } } peers { permanent_uuid: "2164b9be1cab45d7aa9024b8dc1861e3" member_type: VOTER last_known_addr { host: "127.2.141.3" port: 44859 } }
I20260709 13:13:23.399263  2956 consensus_queue.cc:1048] T 4bac3e59ea374bf3bbdec01fcb965a13 P fd9416ab47ab447eb6b6cc53a19d3e28 [LEADER]: Connected to new peer: Peer: permanent_uuid: "2164b9be1cab45d7aa9024b8dc1861e3" member_type: VOTER last_known_addr { host: "127.2.141.3" port: 44859 }, Status: LMP_MISMATCH, Last received: 0.0, Next index: 1, Last known committed idx: 0, Time since last communication: 0.001s
I20260709 13:13:23.399243  2940 raft_consensus.cc:385] T 24d7f6fc99ce47ffadd9e361e4cf47ec P fd9416ab47ab447eb6b6cc53a19d3e28 [term 0 FOLLOWER]: Consensus starting up: Expiring failure detector timer to make a prompt election more likely
I20260709 13:13:23.402194  2940 raft_consensus.cc:740] T 24d7f6fc99ce47ffadd9e361e4cf47ec P fd9416ab47ab447eb6b6cc53a19d3e28 [term 0 FOLLOWER]: Becoming Follower/Learner. State: Replica: fd9416ab47ab447eb6b6cc53a19d3e28, State: Initialized, Role: FOLLOWER
I20260709 13:13:23.404073  2940 consensus_queue.cc:260] T 24d7f6fc99ce47ffadd9e361e4cf47ec P fd9416ab47ab447eb6b6cc53a19d3e28 [NON_LEADER]: Queue going to NON_LEADER mode. State: All replicated index: 0, Majority replicated index: 0, Committed index: 0, Last appended: 0.0, Last appended by leader: 0, Current term: 0, Majority size: -1, State: 0, Mode: NON_LEADER, active raft config: opid_index: -1 OBSOLETE_local: false peers { permanent_uuid: "41898e4c82d14989ba959fe1b9e4c1d8" member_type: VOTER last_known_addr { host: "127.2.141.1" port: 38419 } } peers { permanent_uuid: "fd9416ab47ab447eb6b6cc53a19d3e28" member_type: VOTER last_known_addr { host: "127.2.141.2" port: 37807 } } peers { permanent_uuid: "2164b9be1cab45d7aa9024b8dc1861e3" member_type: VOTER last_known_addr { host: "127.2.141.3" port: 44859 } }
I20260709 13:13:23.407876  2941 tablet_bootstrap.cc:492] T c6e16cdbd2584ae48d2c3fe410231a16 P 2164b9be1cab45d7aa9024b8dc1861e3: No bootstrap required, opened a new log
I20260709 13:13:23.407809  2940 ts_tablet_manager.cc:1434] T 24d7f6fc99ce47ffadd9e361e4cf47ec P fd9416ab47ab447eb6b6cc53a19d3e28: Time spent starting tablet: real 0.026s	user 0.006s	sys 0.002s
I20260709 13:13:23.408444  2941 ts_tablet_manager.cc:1403] T c6e16cdbd2584ae48d2c3fe410231a16 P 2164b9be1cab45d7aa9024b8dc1861e3: Time spent bootstrapping tablet: real 0.044s	user 0.011s	sys 0.013s
I20260709 13:13:23.408943  2940 tablet_bootstrap.cc:492] T 7470a89316084aa7a58d10e08b626da8 P fd9416ab47ab447eb6b6cc53a19d3e28: Bootstrap starting.
I20260709 13:13:23.411006  2941 raft_consensus.cc:359] T c6e16cdbd2584ae48d2c3fe410231a16 P 2164b9be1cab45d7aa9024b8dc1861e3 [term 0 FOLLOWER]: Replica starting. Triggering 0 pending ops. Active config: opid_index: -1 OBSOLETE_local: false peers { permanent_uuid: "41898e4c82d14989ba959fe1b9e4c1d8" member_type: VOTER last_known_addr { host: "127.2.141.1" port: 38419 } } peers { permanent_uuid: "fd9416ab47ab447eb6b6cc53a19d3e28" member_type: VOTER last_known_addr { host: "127.2.141.2" port: 37807 } } peers { permanent_uuid: "2164b9be1cab45d7aa9024b8dc1861e3" member_type: VOTER last_known_addr { host: "127.2.141.3" port: 44859 } }
I20260709 13:13:23.411720  2941 raft_consensus.cc:385] T c6e16cdbd2584ae48d2c3fe410231a16 P 2164b9be1cab45d7aa9024b8dc1861e3 [term 0 FOLLOWER]: Consensus starting up: Expiring failure detector timer to make a prompt election more likely
I20260709 13:13:23.412071  2941 raft_consensus.cc:740] T c6e16cdbd2584ae48d2c3fe410231a16 P 2164b9be1cab45d7aa9024b8dc1861e3 [term 0 FOLLOWER]: Becoming Follower/Learner. State: Replica: 2164b9be1cab45d7aa9024b8dc1861e3, State: Initialized, Role: FOLLOWER
I20260709 13:13:23.412839  2941 consensus_queue.cc:260] T c6e16cdbd2584ae48d2c3fe410231a16 P 2164b9be1cab45d7aa9024b8dc1861e3 [NON_LEADER]: Queue going to NON_LEADER mode. State: All replicated index: 0, Majority replicated index: 0, Committed index: 0, Last appended: 0.0, Last appended by leader: 0, Current term: 0, Majority size: -1, State: 0, Mode: NON_LEADER, active raft config: opid_index: -1 OBSOLETE_local: false peers { permanent_uuid: "41898e4c82d14989ba959fe1b9e4c1d8" member_type: VOTER last_known_addr { host: "127.2.141.1" port: 38419 } } peers { permanent_uuid: "fd9416ab47ab447eb6b6cc53a19d3e28" member_type: VOTER last_known_addr { host: "127.2.141.2" port: 37807 } } peers { permanent_uuid: "2164b9be1cab45d7aa9024b8dc1861e3" member_type: VOTER last_known_addr { host: "127.2.141.3" port: 44859 } }
I20260709 13:13:23.413913  2939 tablet_bootstrap.cc:492] T 5fbdbaf02c8f403aaae3e838a26ed4ce P 41898e4c82d14989ba959fe1b9e4c1d8: No bootstrap required, opened a new log
I20260709 13:13:23.414425  2939 ts_tablet_manager.cc:1403] T 5fbdbaf02c8f403aaae3e838a26ed4ce P 41898e4c82d14989ba959fe1b9e4c1d8: Time spent bootstrapping tablet: real 0.093s	user 0.007s	sys 0.009s
I20260709 13:13:23.415162  2941 ts_tablet_manager.cc:1434] T c6e16cdbd2584ae48d2c3fe410231a16 P 2164b9be1cab45d7aa9024b8dc1861e3: Time spent starting tablet: real 0.006s	user 0.007s	sys 0.000s
I20260709 13:13:23.415555  2940 tablet_bootstrap.cc:654] T 7470a89316084aa7a58d10e08b626da8 P fd9416ab47ab447eb6b6cc53a19d3e28: Neither blocks nor log segments found. Creating new log.
I20260709 13:13:23.416086  2941 tablet_bootstrap.cc:492] T 24d7f6fc99ce47ffadd9e361e4cf47ec P 2164b9be1cab45d7aa9024b8dc1861e3: Bootstrap starting.
I20260709 13:13:23.417776  2939 raft_consensus.cc:359] T 5fbdbaf02c8f403aaae3e838a26ed4ce P 41898e4c82d14989ba959fe1b9e4c1d8 [term 0 FOLLOWER]: Replica starting. Triggering 0 pending ops. Active config: opid_index: -1 OBSOLETE_local: false peers { permanent_uuid: "41898e4c82d14989ba959fe1b9e4c1d8" member_type: VOTER last_known_addr { host: "127.2.141.1" port: 38419 } } peers { permanent_uuid: "fd9416ab47ab447eb6b6cc53a19d3e28" member_type: VOTER last_known_addr { host: "127.2.141.2" port: 37807 } } peers { permanent_uuid: "2164b9be1cab45d7aa9024b8dc1861e3" member_type: VOTER last_known_addr { host: "127.2.141.3" port: 44859 } }
I20260709 13:13:23.420473  2939 raft_consensus.cc:385] T 5fbdbaf02c8f403aaae3e838a26ed4ce P 41898e4c82d14989ba959fe1b9e4c1d8 [term 0 FOLLOWER]: Consensus starting up: Expiring failure detector timer to make a prompt election more likely
I20260709 13:13:23.421217  2939 raft_consensus.cc:740] T 5fbdbaf02c8f403aaae3e838a26ed4ce P 41898e4c82d14989ba959fe1b9e4c1d8 [term 0 FOLLOWER]: Becoming Follower/Learner. State: Replica: 41898e4c82d14989ba959fe1b9e4c1d8, State: Initialized, Role: FOLLOWER
I20260709 13:13:23.421002  2642 catalog_manager.cc:5697] T 5fbdbaf02c8f403aaae3e838a26ed4ce P fd9416ab47ab447eb6b6cc53a19d3e28 reported cstate change: term changed from 0 to 1, leader changed from <none> to fd9416ab47ab447eb6b6cc53a19d3e28 (127.2.141.2). New cstate: current_term: 1 leader_uuid: "fd9416ab47ab447eb6b6cc53a19d3e28" committed_config { opid_index: -1 OBSOLETE_local: false peers { permanent_uuid: "41898e4c82d14989ba959fe1b9e4c1d8" member_type: VOTER last_known_addr { host: "127.2.141.1" port: 38419 } health_report { overall_health: UNKNOWN } } peers { permanent_uuid: "fd9416ab47ab447eb6b6cc53a19d3e28" member_type: VOTER last_known_addr { host: "127.2.141.2" port: 37807 } health_report { overall_health: HEALTHY } } peers { permanent_uuid: "2164b9be1cab45d7aa9024b8dc1861e3" member_type: VOTER last_known_addr { host: "127.2.141.3" port: 44859 } health_report { overall_health: UNKNOWN } } }
I20260709 13:13:23.422866  2939 consensus_queue.cc:260] T 5fbdbaf02c8f403aaae3e838a26ed4ce P 41898e4c82d14989ba959fe1b9e4c1d8 [NON_LEADER]: Queue going to NON_LEADER mode. State: All replicated index: 0, Majority replicated index: 0, Committed index: 0, Last appended: 0.0, Last appended by leader: 0, Current term: 0, Majority size: -1, State: 0, Mode: NON_LEADER, active raft config: opid_index: -1 OBSOLETE_local: false peers { permanent_uuid: "41898e4c82d14989ba959fe1b9e4c1d8" member_type: VOTER last_known_addr { host: "127.2.141.1" port: 38419 } } peers { permanent_uuid: "fd9416ab47ab447eb6b6cc53a19d3e28" member_type: VOTER last_known_addr { host: "127.2.141.2" port: 37807 } } peers { permanent_uuid: "2164b9be1cab45d7aa9024b8dc1861e3" member_type: VOTER last_known_addr { host: "127.2.141.3" port: 44859 } }
I20260709 13:13:23.424050  2941 tablet_bootstrap.cc:654] T 24d7f6fc99ce47ffadd9e361e4cf47ec P 2164b9be1cab45d7aa9024b8dc1861e3: Neither blocks nor log segments found. Creating new log.
I20260709 13:13:23.430419  2939 ts_tablet_manager.cc:1434] T 5fbdbaf02c8f403aaae3e838a26ed4ce P 41898e4c82d14989ba959fe1b9e4c1d8: Time spent starting tablet: real 0.016s	user 0.003s	sys 0.003s
I20260709 13:13:23.431442  2939 tablet_bootstrap.cc:492] T 7470a89316084aa7a58d10e08b626da8 P 41898e4c82d14989ba959fe1b9e4c1d8: Bootstrap starting.
I20260709 13:13:23.436890  2941 tablet_bootstrap.cc:492] T 24d7f6fc99ce47ffadd9e361e4cf47ec P 2164b9be1cab45d7aa9024b8dc1861e3: No bootstrap required, opened a new log
I20260709 13:13:23.437531  2941 ts_tablet_manager.cc:1403] T 24d7f6fc99ce47ffadd9e361e4cf47ec P 2164b9be1cab45d7aa9024b8dc1861e3: Time spent bootstrapping tablet: real 0.022s	user 0.015s	sys 0.004s
I20260709 13:13:23.441255  2941 raft_consensus.cc:359] T 24d7f6fc99ce47ffadd9e361e4cf47ec P 2164b9be1cab45d7aa9024b8dc1861e3 [term 0 FOLLOWER]: Replica starting. Triggering 0 pending ops. Active config: opid_index: -1 OBSOLETE_local: false peers { permanent_uuid: "41898e4c82d14989ba959fe1b9e4c1d8" member_type: VOTER last_known_addr { host: "127.2.141.1" port: 38419 } } peers { permanent_uuid: "fd9416ab47ab447eb6b6cc53a19d3e28" member_type: VOTER last_known_addr { host: "127.2.141.2" port: 37807 } } peers { permanent_uuid: "2164b9be1cab45d7aa9024b8dc1861e3" member_type: VOTER last_known_addr { host: "127.2.141.3" port: 44859 } }
I20260709 13:13:23.442199  2941 raft_consensus.cc:385] T 24d7f6fc99ce47ffadd9e361e4cf47ec P 2164b9be1cab45d7aa9024b8dc1861e3 [term 0 FOLLOWER]: Consensus starting up: Expiring failure detector timer to make a prompt election more likely
I20260709 13:13:23.442404  2958 raft_consensus.cc:493] T f0567ce1b5f941b3b156d0e0c1ce2c27 P fd9416ab47ab447eb6b6cc53a19d3e28 [term 0 FOLLOWER]: Starting pre-election (no leader contacted us within the election timeout)
I20260709 13:13:23.442480  2941 raft_consensus.cc:740] T 24d7f6fc99ce47ffadd9e361e4cf47ec P 2164b9be1cab45d7aa9024b8dc1861e3 [term 0 FOLLOWER]: Becoming Follower/Learner. State: Replica: 2164b9be1cab45d7aa9024b8dc1861e3, State: Initialized, Role: FOLLOWER
I20260709 13:13:23.442979  2958 raft_consensus.cc:515] T f0567ce1b5f941b3b156d0e0c1ce2c27 P fd9416ab47ab447eb6b6cc53a19d3e28 [term 0 FOLLOWER]: Starting pre-election with config: opid_index: -1 OBSOLETE_local: false peers { permanent_uuid: "41898e4c82d14989ba959fe1b9e4c1d8" member_type: VOTER last_known_addr { host: "127.2.141.1" port: 38419 } } peers { permanent_uuid: "fd9416ab47ab447eb6b6cc53a19d3e28" member_type: VOTER last_known_addr { host: "127.2.141.2" port: 37807 } } peers { permanent_uuid: "2164b9be1cab45d7aa9024b8dc1861e3" member_type: VOTER last_known_addr { host: "127.2.141.3" port: 44859 } }
I20260709 13:13:23.443409  2941 consensus_queue.cc:260] T 24d7f6fc99ce47ffadd9e361e4cf47ec P 2164b9be1cab45d7aa9024b8dc1861e3 [NON_LEADER]: Queue going to NON_LEADER mode. State: All replicated index: 0, Majority replicated index: 0, Committed index: 0, Last appended: 0.0, Last appended by leader: 0, Current term: 0, Majority size: -1, State: 0, Mode: NON_LEADER, active raft config: opid_index: -1 OBSOLETE_local: false peers { permanent_uuid: "41898e4c82d14989ba959fe1b9e4c1d8" member_type: VOTER last_known_addr { host: "127.2.141.1" port: 38419 } } peers { permanent_uuid: "fd9416ab47ab447eb6b6cc53a19d3e28" member_type: VOTER last_known_addr { host: "127.2.141.2" port: 37807 } } peers { permanent_uuid: "2164b9be1cab45d7aa9024b8dc1861e3" member_type: VOTER last_known_addr { host: "127.2.141.3" port: 44859 } }
I20260709 13:13:23.445173  2958 leader_election.cc:290] T f0567ce1b5f941b3b156d0e0c1ce2c27 P fd9416ab47ab447eb6b6cc53a19d3e28 [CANDIDATE]: Term 1 pre-election: Requested pre-vote from peers 41898e4c82d14989ba959fe1b9e4c1d8 (127.2.141.1:38419), 2164b9be1cab45d7aa9024b8dc1861e3 (127.2.141.3:44859)
I20260709 13:13:23.445668  2941 ts_tablet_manager.cc:1434] T 24d7f6fc99ce47ffadd9e361e4cf47ec P 2164b9be1cab45d7aa9024b8dc1861e3: Time spent starting tablet: real 0.008s	user 0.008s	sys 0.000s
I20260709 13:13:23.445823  2939 tablet_bootstrap.cc:654] T 7470a89316084aa7a58d10e08b626da8 P 41898e4c82d14989ba959fe1b9e4c1d8: Neither blocks nor log segments found. Creating new log.
I20260709 13:13:23.447093  2747 tablet_service.cc:1917] Received RequestConsensusVote() RPC: tablet_id: "f0567ce1b5f941b3b156d0e0c1ce2c27" candidate_uuid: "fd9416ab47ab447eb6b6cc53a19d3e28" candidate_term: 1 candidate_status { last_received { term: 0 index: 0 } } ignore_live_leader: false dest_uuid: "41898e4c82d14989ba959fe1b9e4c1d8" is_pre_election: true
I20260709 13:13:23.447551  2896 tablet_service.cc:1917] Received RequestConsensusVote() RPC: tablet_id: "f0567ce1b5f941b3b156d0e0c1ce2c27" candidate_uuid: "fd9416ab47ab447eb6b6cc53a19d3e28" candidate_term: 1 candidate_status { last_received { term: 0 index: 0 } } ignore_live_leader: false dest_uuid: "2164b9be1cab45d7aa9024b8dc1861e3" is_pre_election: true
I20260709 13:13:23.448347  2747 raft_consensus.cc:2393] T f0567ce1b5f941b3b156d0e0c1ce2c27 P 41898e4c82d14989ba959fe1b9e4c1d8 [term 1 FOLLOWER]: Leader pre-election vote request: Denying vote to candidate fd9416ab47ab447eb6b6cc53a19d3e28 in current term 1: Already voted for candidate 2164b9be1cab45d7aa9024b8dc1861e3 in this term.
I20260709 13:13:23.449775  2786 leader_election.cc:304] T f0567ce1b5f941b3b156d0e0c1ce2c27 P fd9416ab47ab447eb6b6cc53a19d3e28 [CANDIDATE]: Term 1 pre-election: Election decided. Result: candidate lost. Election summary: received 3 responses out of 3 voters: 1 yes votes; 2 no votes. yes voters: fd9416ab47ab447eb6b6cc53a19d3e28; no voters: 2164b9be1cab45d7aa9024b8dc1861e3, 41898e4c82d14989ba959fe1b9e4c1d8
I20260709 13:13:23.451270  2958 raft_consensus.cc:3060] T f0567ce1b5f941b3b156d0e0c1ce2c27 P fd9416ab47ab447eb6b6cc53a19d3e28 [term 0 FOLLOWER]: Advancing to term 1
I20260709 13:13:23.458173  2958 raft_consensus.cc:2749] T f0567ce1b5f941b3b156d0e0c1ce2c27 P fd9416ab47ab447eb6b6cc53a19d3e28 [term 1 FOLLOWER]: Leader pre-election lost for term 1. Reason: could not achieve majority
I20260709 13:13:23.471637  2747 raft_consensus.cc:3060] T 4bac3e59ea374bf3bbdec01fcb965a13 P 41898e4c82d14989ba959fe1b9e4c1d8 [term 0 FOLLOWER]: Advancing to term 1
I20260709 13:13:23.475410  2946 consensus_queue.cc:1048] T 6e7d21e67158428cbe4ef9fef4dc7660 P fd9416ab47ab447eb6b6cc53a19d3e28 [LEADER]: Connected to new peer: Peer: permanent_uuid: "2164b9be1cab45d7aa9024b8dc1861e3" member_type: VOTER last_known_addr { host: "127.2.141.3" port: 44859 }, Status: LMP_MISMATCH, Last received: 0.0, Next index: 1, Last known committed idx: 0, Time since last communication: 0.000s
I20260709 13:13:23.485357  2939 tablet_bootstrap.cc:492] T 7470a89316084aa7a58d10e08b626da8 P 41898e4c82d14989ba959fe1b9e4c1d8: No bootstrap required, opened a new log
I20260709 13:13:23.485934  2939 ts_tablet_manager.cc:1403] T 7470a89316084aa7a58d10e08b626da8 P 41898e4c82d14989ba959fe1b9e4c1d8: Time spent bootstrapping tablet: real 0.055s	user 0.011s	sys 0.000s
I20260709 13:13:23.486239  2946 consensus_queue.cc:1048] T 4bac3e59ea374bf3bbdec01fcb965a13 P fd9416ab47ab447eb6b6cc53a19d3e28 [LEADER]: Connected to new peer: Peer: permanent_uuid: "41898e4c82d14989ba959fe1b9e4c1d8" member_type: VOTER last_known_addr { host: "127.2.141.1" port: 38419 }, Status: LMP_MISMATCH, Last received: 0.0, Next index: 1, Last known committed idx: 0, Time since last communication: 0.000s
I20260709 13:13:23.487705  2940 tablet_bootstrap.cc:492] T 7470a89316084aa7a58d10e08b626da8 P fd9416ab47ab447eb6b6cc53a19d3e28: No bootstrap required, opened a new log
I20260709 13:13:23.492679  2940 ts_tablet_manager.cc:1403] T 7470a89316084aa7a58d10e08b626da8 P fd9416ab47ab447eb6b6cc53a19d3e28: Time spent bootstrapping tablet: real 0.084s	user 0.023s	sys 0.030s
I20260709 13:13:23.491854  2939 raft_consensus.cc:359] T 7470a89316084aa7a58d10e08b626da8 P 41898e4c82d14989ba959fe1b9e4c1d8 [term 0 FOLLOWER]: Replica starting. Triggering 0 pending ops. Active config: opid_index: -1 OBSOLETE_local: false peers { permanent_uuid: "41898e4c82d14989ba959fe1b9e4c1d8" member_type: VOTER last_known_addr { host: "127.2.141.1" port: 38419 } } peers { permanent_uuid: "fd9416ab47ab447eb6b6cc53a19d3e28" member_type: VOTER last_known_addr { host: "127.2.141.2" port: 37807 } } peers { permanent_uuid: "2164b9be1cab45d7aa9024b8dc1861e3" member_type: VOTER last_known_addr { host: "127.2.141.3" port: 44859 } }
I20260709 13:13:23.494655  2939 raft_consensus.cc:385] T 7470a89316084aa7a58d10e08b626da8 P 41898e4c82d14989ba959fe1b9e4c1d8 [term 0 FOLLOWER]: Consensus starting up: Expiring failure detector timer to make a prompt election more likely
I20260709 13:13:23.495014  2939 raft_consensus.cc:740] T 7470a89316084aa7a58d10e08b626da8 P 41898e4c82d14989ba959fe1b9e4c1d8 [term 0 FOLLOWER]: Becoming Follower/Learner. State: Replica: 41898e4c82d14989ba959fe1b9e4c1d8, State: Initialized, Role: FOLLOWER
I20260709 13:13:23.495808  2940 raft_consensus.cc:359] T 7470a89316084aa7a58d10e08b626da8 P fd9416ab47ab447eb6b6cc53a19d3e28 [term 0 FOLLOWER]: Replica starting. Triggering 0 pending ops. Active config: opid_index: -1 OBSOLETE_local: false peers { permanent_uuid: "41898e4c82d14989ba959fe1b9e4c1d8" member_type: VOTER last_known_addr { host: "127.2.141.1" port: 38419 } } peers { permanent_uuid: "fd9416ab47ab447eb6b6cc53a19d3e28" member_type: VOTER last_known_addr { host: "127.2.141.2" port: 37807 } } peers { permanent_uuid: "2164b9be1cab45d7aa9024b8dc1861e3" member_type: VOTER last_known_addr { host: "127.2.141.3" port: 44859 } }
I20260709 13:13:23.495815  2939 consensus_queue.cc:260] T 7470a89316084aa7a58d10e08b626da8 P 41898e4c82d14989ba959fe1b9e4c1d8 [NON_LEADER]: Queue going to NON_LEADER mode. State: All replicated index: 0, Majority replicated index: 0, Committed index: 0, Last appended: 0.0, Last appended by leader: 0, Current term: 0, Majority size: -1, State: 0, Mode: NON_LEADER, active raft config: opid_index: -1 OBSOLETE_local: false peers { permanent_uuid: "41898e4c82d14989ba959fe1b9e4c1d8" member_type: VOTER last_known_addr { host: "127.2.141.1" port: 38419 } } peers { permanent_uuid: "fd9416ab47ab447eb6b6cc53a19d3e28" member_type: VOTER last_known_addr { host: "127.2.141.2" port: 37807 } } peers { permanent_uuid: "2164b9be1cab45d7aa9024b8dc1861e3" member_type: VOTER last_known_addr { host: "127.2.141.3" port: 44859 } }
I20260709 13:13:23.496778  2940 raft_consensus.cc:385] T 7470a89316084aa7a58d10e08b626da8 P fd9416ab47ab447eb6b6cc53a19d3e28 [term 0 FOLLOWER]: Consensus starting up: Expiring failure detector timer to make a prompt election more likely
I20260709 13:13:23.497153  2940 raft_consensus.cc:740] T 7470a89316084aa7a58d10e08b626da8 P fd9416ab47ab447eb6b6cc53a19d3e28 [term 0 FOLLOWER]: Becoming Follower/Learner. State: Replica: fd9416ab47ab447eb6b6cc53a19d3e28, State: Initialized, Role: FOLLOWER
I20260709 13:13:23.498397  2940 consensus_queue.cc:260] T 7470a89316084aa7a58d10e08b626da8 P fd9416ab47ab447eb6b6cc53a19d3e28 [NON_LEADER]: Queue going to NON_LEADER mode. State: All replicated index: 0, Majority replicated index: 0, Committed index: 0, Last appended: 0.0, Last appended by leader: 0, Current term: 0, Majority size: -1, State: 0, Mode: NON_LEADER, active raft config: opid_index: -1 OBSOLETE_local: false peers { permanent_uuid: "41898e4c82d14989ba959fe1b9e4c1d8" member_type: VOTER last_known_addr { host: "127.2.141.1" port: 38419 } } peers { permanent_uuid: "fd9416ab47ab447eb6b6cc53a19d3e28" member_type: VOTER last_known_addr { host: "127.2.141.2" port: 37807 } } peers { permanent_uuid: "2164b9be1cab45d7aa9024b8dc1861e3" member_type: VOTER last_known_addr { host: "127.2.141.3" port: 44859 } }
I20260709 13:13:23.499229  2939 ts_tablet_manager.cc:1434] T 7470a89316084aa7a58d10e08b626da8 P 41898e4c82d14989ba959fe1b9e4c1d8: Time spent starting tablet: real 0.013s	user 0.010s	sys 0.000s
I20260709 13:13:23.500368  2939 tablet_bootstrap.cc:492] T 24d7f6fc99ce47ffadd9e361e4cf47ec P 41898e4c82d14989ba959fe1b9e4c1d8: Bootstrap starting.
I20260709 13:13:23.503228  2940 ts_tablet_manager.cc:1434] T 7470a89316084aa7a58d10e08b626da8 P fd9416ab47ab447eb6b6cc53a19d3e28: Time spent starting tablet: real 0.010s	user 0.005s	sys 0.002s
I20260709 13:13:23.512259  2939 tablet_bootstrap.cc:654] T 24d7f6fc99ce47ffadd9e361e4cf47ec P 41898e4c82d14989ba959fe1b9e4c1d8: Neither blocks nor log segments found. Creating new log.
W20260709 13:13:23.523510  2692 auto_rebalancer.cc:288] Could not retrieve cluster info: Service unavailable: Tablet not running
I20260709 13:13:23.529708  2939 tablet_bootstrap.cc:492] T 24d7f6fc99ce47ffadd9e361e4cf47ec P 41898e4c82d14989ba959fe1b9e4c1d8: No bootstrap required, opened a new log
I20260709 13:13:23.530196  2939 ts_tablet_manager.cc:1403] T 24d7f6fc99ce47ffadd9e361e4cf47ec P 41898e4c82d14989ba959fe1b9e4c1d8: Time spent bootstrapping tablet: real 0.030s	user 0.014s	sys 0.003s
I20260709 13:13:23.533319  2939 raft_consensus.cc:359] T 24d7f6fc99ce47ffadd9e361e4cf47ec P 41898e4c82d14989ba959fe1b9e4c1d8 [term 0 FOLLOWER]: Replica starting. Triggering 0 pending ops. Active config: opid_index: -1 OBSOLETE_local: false peers { permanent_uuid: "41898e4c82d14989ba959fe1b9e4c1d8" member_type: VOTER last_known_addr { host: "127.2.141.1" port: 38419 } } peers { permanent_uuid: "fd9416ab47ab447eb6b6cc53a19d3e28" member_type: VOTER last_known_addr { host: "127.2.141.2" port: 37807 } } peers { permanent_uuid: "2164b9be1cab45d7aa9024b8dc1861e3" member_type: VOTER last_known_addr { host: "127.2.141.3" port: 44859 } }
I20260709 13:13:23.533983  2939 raft_consensus.cc:385] T 24d7f6fc99ce47ffadd9e361e4cf47ec P 41898e4c82d14989ba959fe1b9e4c1d8 [term 0 FOLLOWER]: Consensus starting up: Expiring failure detector timer to make a prompt election more likely
I20260709 13:13:23.534253  2939 raft_consensus.cc:740] T 24d7f6fc99ce47ffadd9e361e4cf47ec P 41898e4c82d14989ba959fe1b9e4c1d8 [term 0 FOLLOWER]: Becoming Follower/Learner. State: Replica: 41898e4c82d14989ba959fe1b9e4c1d8, State: Initialized, Role: FOLLOWER
I20260709 13:13:23.534916  2939 consensus_queue.cc:260] T 24d7f6fc99ce47ffadd9e361e4cf47ec P 41898e4c82d14989ba959fe1b9e4c1d8 [NON_LEADER]: Queue going to NON_LEADER mode. State: All replicated index: 0, Majority replicated index: 0, Committed index: 0, Last appended: 0.0, Last appended by leader: 0, Current term: 0, Majority size: -1, State: 0, Mode: NON_LEADER, active raft config: opid_index: -1 OBSOLETE_local: false peers { permanent_uuid: "41898e4c82d14989ba959fe1b9e4c1d8" member_type: VOTER last_known_addr { host: "127.2.141.1" port: 38419 } } peers { permanent_uuid: "fd9416ab47ab447eb6b6cc53a19d3e28" member_type: VOTER last_known_addr { host: "127.2.141.2" port: 37807 } } peers { permanent_uuid: "2164b9be1cab45d7aa9024b8dc1861e3" member_type: VOTER last_known_addr { host: "127.2.141.3" port: 44859 } }
I20260709 13:13:23.537209  2939 ts_tablet_manager.cc:1434] T 24d7f6fc99ce47ffadd9e361e4cf47ec P 41898e4c82d14989ba959fe1b9e4c1d8: Time spent starting tablet: real 0.007s	user 0.007s	sys 0.000s
I20260709 13:13:23.542274  2945 raft_consensus.cc:493] T c6e16cdbd2584ae48d2c3fe410231a16 P 2164b9be1cab45d7aa9024b8dc1861e3 [term 0 FOLLOWER]: Starting pre-election (no leader contacted us within the election timeout)
I20260709 13:13:23.542786  2945 raft_consensus.cc:515] T c6e16cdbd2584ae48d2c3fe410231a16 P 2164b9be1cab45d7aa9024b8dc1861e3 [term 0 FOLLOWER]: Starting pre-election with config: opid_index: -1 OBSOLETE_local: false peers { permanent_uuid: "41898e4c82d14989ba959fe1b9e4c1d8" member_type: VOTER last_known_addr { host: "127.2.141.1" port: 38419 } } peers { permanent_uuid: "fd9416ab47ab447eb6b6cc53a19d3e28" member_type: VOTER last_known_addr { host: "127.2.141.2" port: 37807 } } peers { permanent_uuid: "2164b9be1cab45d7aa9024b8dc1861e3" member_type: VOTER last_known_addr { host: "127.2.141.3" port: 44859 } }
I20260709 13:13:23.544813  2945 leader_election.cc:290] T c6e16cdbd2584ae48d2c3fe410231a16 P 2164b9be1cab45d7aa9024b8dc1861e3 [CANDIDATE]: Term 1 pre-election: Requested pre-vote from peers 41898e4c82d14989ba959fe1b9e4c1d8 (127.2.141.1:38419), fd9416ab47ab447eb6b6cc53a19d3e28 (127.2.141.2:37807)
I20260709 13:13:23.547633  2746 tablet_service.cc:1917] Received RequestConsensusVote() RPC: tablet_id: "c6e16cdbd2584ae48d2c3fe410231a16" candidate_uuid: "2164b9be1cab45d7aa9024b8dc1861e3" candidate_term: 1 candidate_status { last_received { term: 0 index: 0 } } ignore_live_leader: false dest_uuid: "41898e4c82d14989ba959fe1b9e4c1d8" is_pre_election: true
I20260709 13:13:23.548473  2746 raft_consensus.cc:2393] T c6e16cdbd2584ae48d2c3fe410231a16 P 41898e4c82d14989ba959fe1b9e4c1d8 [term 1 FOLLOWER]: Leader pre-election vote request: Denying vote to candidate 2164b9be1cab45d7aa9024b8dc1861e3 in current term 1: Already voted for candidate fd9416ab47ab447eb6b6cc53a19d3e28 in this term.
I20260709 13:13:23.549355  2822 tablet_service.cc:1917] Received RequestConsensusVote() RPC: tablet_id: "c6e16cdbd2584ae48d2c3fe410231a16" candidate_uuid: "2164b9be1cab45d7aa9024b8dc1861e3" candidate_term: 1 candidate_status { last_received { term: 0 index: 0 } } ignore_live_leader: false dest_uuid: "fd9416ab47ab447eb6b6cc53a19d3e28" is_pre_election: true
I20260709 13:13:23.551599  2860 leader_election.cc:304] T c6e16cdbd2584ae48d2c3fe410231a16 P 2164b9be1cab45d7aa9024b8dc1861e3 [CANDIDATE]: Term 1 pre-election: Election decided. Result: candidate lost. Election summary: received 3 responses out of 3 voters: 1 yes votes; 2 no votes. yes voters: 2164b9be1cab45d7aa9024b8dc1861e3; no voters: 41898e4c82d14989ba959fe1b9e4c1d8, fd9416ab47ab447eb6b6cc53a19d3e28
I20260709 13:13:23.552891  2983 raft_consensus.cc:3060] T c6e16cdbd2584ae48d2c3fe410231a16 P 2164b9be1cab45d7aa9024b8dc1861e3 [term 0 FOLLOWER]: Advancing to term 1
I20260709 13:13:23.559945  2983 raft_consensus.cc:2749] T c6e16cdbd2584ae48d2c3fe410231a16 P 2164b9be1cab45d7aa9024b8dc1861e3 [term 1 FOLLOWER]: Leader pre-election lost for term 1. Reason: could not achieve majority
I20260709 13:13:23.552667  2946 consensus_queue.cc:1048] T 6e7d21e67158428cbe4ef9fef4dc7660 P fd9416ab47ab447eb6b6cc53a19d3e28 [LEADER]: Connected to new peer: Peer: permanent_uuid: "41898e4c82d14989ba959fe1b9e4c1d8" member_type: VOTER last_known_addr { host: "127.2.141.1" port: 38419 }, Status: LMP_MISMATCH, Last received: 0.0, Next index: 1, Last known committed idx: 0, Time since last communication: 0.000s
I20260709 13:13:23.582885  2983 raft_consensus.cc:493] T 7e3ceffaa2b549d085bf34c971278489 P 2164b9be1cab45d7aa9024b8dc1861e3 [term 0 FOLLOWER]: Starting pre-election (no leader contacted us within the election timeout)
I20260709 13:13:23.583405  2983 raft_consensus.cc:515] T 7e3ceffaa2b549d085bf34c971278489 P 2164b9be1cab45d7aa9024b8dc1861e3 [term 0 FOLLOWER]: Starting pre-election with config: opid_index: -1 OBSOLETE_local: false peers { permanent_uuid: "41898e4c82d14989ba959fe1b9e4c1d8" member_type: VOTER last_known_addr { host: "127.2.141.1" port: 38419 } } peers { permanent_uuid: "fd9416ab47ab447eb6b6cc53a19d3e28" member_type: VOTER last_known_addr { host: "127.2.141.2" port: 37807 } } peers { permanent_uuid: "2164b9be1cab45d7aa9024b8dc1861e3" member_type: VOTER last_known_addr { host: "127.2.141.3" port: 44859 } }
I20260709 13:13:23.585480  2983 leader_election.cc:290] T 7e3ceffaa2b549d085bf34c971278489 P 2164b9be1cab45d7aa9024b8dc1861e3 [CANDIDATE]: Term 1 pre-election: Requested pre-vote from peers 41898e4c82d14989ba959fe1b9e4c1d8 (127.2.141.1:38419), fd9416ab47ab447eb6b6cc53a19d3e28 (127.2.141.2:37807)
I20260709 13:13:23.586345  2747 tablet_service.cc:1917] Received RequestConsensusVote() RPC: tablet_id: "7e3ceffaa2b549d085bf34c971278489" candidate_uuid: "2164b9be1cab45d7aa9024b8dc1861e3" candidate_term: 1 candidate_status { last_received { term: 0 index: 0 } } ignore_live_leader: false dest_uuid: "41898e4c82d14989ba959fe1b9e4c1d8" is_pre_election: true
I20260709 13:13:23.586621  2822 tablet_service.cc:1917] Received RequestConsensusVote() RPC: tablet_id: "7e3ceffaa2b549d085bf34c971278489" candidate_uuid: "2164b9be1cab45d7aa9024b8dc1861e3" candidate_term: 1 candidate_status { last_received { term: 0 index: 0 } } ignore_live_leader: false dest_uuid: "fd9416ab47ab447eb6b6cc53a19d3e28" is_pre_election: true
I20260709 13:13:23.587014  2747 raft_consensus.cc:2468] T 7e3ceffaa2b549d085bf34c971278489 P 41898e4c82d14989ba959fe1b9e4c1d8 [term 0 FOLLOWER]: Leader pre-election vote request: Granting yes vote for candidate 2164b9be1cab45d7aa9024b8dc1861e3 in term 0.
I20260709 13:13:23.587252  2822 raft_consensus.cc:2468] T 7e3ceffaa2b549d085bf34c971278489 P fd9416ab47ab447eb6b6cc53a19d3e28 [term 0 FOLLOWER]: Leader pre-election vote request: Granting yes vote for candidate 2164b9be1cab45d7aa9024b8dc1861e3 in term 0.
I20260709 13:13:23.588137  2860 leader_election.cc:304] T 7e3ceffaa2b549d085bf34c971278489 P 2164b9be1cab45d7aa9024b8dc1861e3 [CANDIDATE]: Term 1 pre-election: Election decided. Result: candidate won. Election summary: received 2 responses out of 3 voters: 2 yes votes; 0 no votes. yes voters: 2164b9be1cab45d7aa9024b8dc1861e3, 41898e4c82d14989ba959fe1b9e4c1d8; no voters: 
I20260709 13:13:23.588826  2983 raft_consensus.cc:2804] T 7e3ceffaa2b549d085bf34c971278489 P 2164b9be1cab45d7aa9024b8dc1861e3 [term 0 FOLLOWER]: Leader pre-election won for term 1
I20260709 13:13:23.589175  2983 raft_consensus.cc:493] T 7e3ceffaa2b549d085bf34c971278489 P 2164b9be1cab45d7aa9024b8dc1861e3 [term 0 FOLLOWER]: Starting leader election (no leader contacted us within the election timeout)
I20260709 13:13:23.589517  2983 raft_consensus.cc:3060] T 7e3ceffaa2b549d085bf34c971278489 P 2164b9be1cab45d7aa9024b8dc1861e3 [term 0 FOLLOWER]: Advancing to term 1
I20260709 13:13:23.596231  2983 raft_consensus.cc:515] T 7e3ceffaa2b549d085bf34c971278489 P 2164b9be1cab45d7aa9024b8dc1861e3 [term 1 FOLLOWER]: Starting leader election with config: opid_index: -1 OBSOLETE_local: false peers { permanent_uuid: "41898e4c82d14989ba959fe1b9e4c1d8" member_type: VOTER last_known_addr { host: "127.2.141.1" port: 38419 } } peers { permanent_uuid: "fd9416ab47ab447eb6b6cc53a19d3e28" member_type: VOTER last_known_addr { host: "127.2.141.2" port: 37807 } } peers { permanent_uuid: "2164b9be1cab45d7aa9024b8dc1861e3" member_type: VOTER last_known_addr { host: "127.2.141.3" port: 44859 } }
I20260709 13:13:23.599023  2983 leader_election.cc:290] T 7e3ceffaa2b549d085bf34c971278489 P 2164b9be1cab45d7aa9024b8dc1861e3 [CANDIDATE]: Term 1 election: Requested vote from peers 41898e4c82d14989ba959fe1b9e4c1d8 (127.2.141.1:38419), fd9416ab47ab447eb6b6cc53a19d3e28 (127.2.141.2:37807)
I20260709 13:13:23.600122  2822 tablet_service.cc:1917] Received RequestConsensusVote() RPC: tablet_id: "7e3ceffaa2b549d085bf34c971278489" candidate_uuid: "2164b9be1cab45d7aa9024b8dc1861e3" candidate_term: 1 candidate_status { last_received { term: 0 index: 0 } } ignore_live_leader: false dest_uuid: "fd9416ab47ab447eb6b6cc53a19d3e28"
I20260709 13:13:23.600028  2747 tablet_service.cc:1917] Received RequestConsensusVote() RPC: tablet_id: "7e3ceffaa2b549d085bf34c971278489" candidate_uuid: "2164b9be1cab45d7aa9024b8dc1861e3" candidate_term: 1 candidate_status { last_received { term: 0 index: 0 } } ignore_live_leader: false dest_uuid: "41898e4c82d14989ba959fe1b9e4c1d8"
I20260709 13:13:23.600893  2822 raft_consensus.cc:3060] T 7e3ceffaa2b549d085bf34c971278489 P fd9416ab47ab447eb6b6cc53a19d3e28 [term 0 FOLLOWER]: Advancing to term 1
I20260709 13:13:23.600993  2747 raft_consensus.cc:3060] T 7e3ceffaa2b549d085bf34c971278489 P 41898e4c82d14989ba959fe1b9e4c1d8 [term 0 FOLLOWER]: Advancing to term 1
I20260709 13:13:23.606118  2747 raft_consensus.cc:2468] T 7e3ceffaa2b549d085bf34c971278489 P 41898e4c82d14989ba959fe1b9e4c1d8 [term 1 FOLLOWER]: Leader election vote request: Granting yes vote for candidate 2164b9be1cab45d7aa9024b8dc1861e3 in term 1.
I20260709 13:13:23.607162  2860 leader_election.cc:304] T 7e3ceffaa2b549d085bf34c971278489 P 2164b9be1cab45d7aa9024b8dc1861e3 [CANDIDATE]: Term 1 election: Election decided. Result: candidate won. Election summary: received 2 responses out of 3 voters: 2 yes votes; 0 no votes. yes voters: 2164b9be1cab45d7aa9024b8dc1861e3, 41898e4c82d14989ba959fe1b9e4c1d8; no voters: 
I20260709 13:13:23.607533  2822 raft_consensus.cc:2468] T 7e3ceffaa2b549d085bf34c971278489 P fd9416ab47ab447eb6b6cc53a19d3e28 [term 1 FOLLOWER]: Leader election vote request: Granting yes vote for candidate 2164b9be1cab45d7aa9024b8dc1861e3 in term 1.
I20260709 13:13:23.608119  2945 raft_consensus.cc:2804] T 7e3ceffaa2b549d085bf34c971278489 P 2164b9be1cab45d7aa9024b8dc1861e3 [term 1 FOLLOWER]: Leader election won for term 1
I20260709 13:13:23.608646  2945 raft_consensus.cc:697] T 7e3ceffaa2b549d085bf34c971278489 P 2164b9be1cab45d7aa9024b8dc1861e3 [term 1 LEADER]: Becoming Leader. State: Replica: 2164b9be1cab45d7aa9024b8dc1861e3, State: Running, Role: LEADER
I20260709 13:13:23.609557  2945 consensus_queue.cc:237] T 7e3ceffaa2b549d085bf34c971278489 P 2164b9be1cab45d7aa9024b8dc1861e3 [LEADER]: Queue going to LEADER mode. State: All replicated index: 0, Majority replicated index: 0, Committed index: 0, Last appended: 0.0, Last appended by leader: 0, Current term: 1, Majority size: 2, State: 0, Mode: LEADER, active raft config: opid_index: -1 OBSOLETE_local: false peers { permanent_uuid: "41898e4c82d14989ba959fe1b9e4c1d8" member_type: VOTER last_known_addr { host: "127.2.141.1" port: 38419 } } peers { permanent_uuid: "fd9416ab47ab447eb6b6cc53a19d3e28" member_type: VOTER last_known_addr { host: "127.2.141.2" port: 37807 } } peers { permanent_uuid: "2164b9be1cab45d7aa9024b8dc1861e3" member_type: VOTER last_known_addr { host: "127.2.141.3" port: 44859 } }
I20260709 13:13:23.612214  2956 raft_consensus.cc:493] T 24d7f6fc99ce47ffadd9e361e4cf47ec P fd9416ab47ab447eb6b6cc53a19d3e28 [term 0 FOLLOWER]: Starting pre-election (no leader contacted us within the election timeout)
I20260709 13:13:23.612090  2981 consensus_queue.cc:1048] T f0567ce1b5f941b3b156d0e0c1ce2c27 P 2164b9be1cab45d7aa9024b8dc1861e3 [LEADER]: Connected to new peer: Peer: permanent_uuid: "41898e4c82d14989ba959fe1b9e4c1d8" member_type: VOTER last_known_addr { host: "127.2.141.1" port: 38419 }, Status: LMP_MISMATCH, Last received: 0.0, Next index: 1, Last known committed idx: 0, Time since last communication: 0.000s
I20260709 13:13:23.612722  2956 raft_consensus.cc:515] T 24d7f6fc99ce47ffadd9e361e4cf47ec P fd9416ab47ab447eb6b6cc53a19d3e28 [term 0 FOLLOWER]: Starting pre-election with config: opid_index: -1 OBSOLETE_local: false peers { permanent_uuid: "41898e4c82d14989ba959fe1b9e4c1d8" member_type: VOTER last_known_addr { host: "127.2.141.1" port: 38419 } } peers { permanent_uuid: "fd9416ab47ab447eb6b6cc53a19d3e28" member_type: VOTER last_known_addr { host: "127.2.141.2" port: 37807 } } peers { permanent_uuid: "2164b9be1cab45d7aa9024b8dc1861e3" member_type: VOTER last_known_addr { host: "127.2.141.3" port: 44859 } }
I20260709 13:13:23.615047  2956 leader_election.cc:290] T 24d7f6fc99ce47ffadd9e361e4cf47ec P fd9416ab47ab447eb6b6cc53a19d3e28 [CANDIDATE]: Term 1 pre-election: Requested pre-vote from peers 41898e4c82d14989ba959fe1b9e4c1d8 (127.2.141.1:38419), 2164b9be1cab45d7aa9024b8dc1861e3 (127.2.141.3:44859)
I20260709 13:13:23.617050  2894 tablet_service.cc:1917] Received RequestConsensusVote() RPC: tablet_id: "24d7f6fc99ce47ffadd9e361e4cf47ec" candidate_uuid: "fd9416ab47ab447eb6b6cc53a19d3e28" candidate_term: 1 candidate_status { last_received { term: 0 index: 0 } } ignore_live_leader: false dest_uuid: "2164b9be1cab45d7aa9024b8dc1861e3" is_pre_election: true
I20260709 13:13:23.617923  2894 raft_consensus.cc:2468] T 24d7f6fc99ce47ffadd9e361e4cf47ec P 2164b9be1cab45d7aa9024b8dc1861e3 [term 0 FOLLOWER]: Leader pre-election vote request: Granting yes vote for candidate fd9416ab47ab447eb6b6cc53a19d3e28 in term 0.
I20260709 13:13:23.619464  2746 tablet_service.cc:1917] Received RequestConsensusVote() RPC: tablet_id: "24d7f6fc99ce47ffadd9e361e4cf47ec" candidate_uuid: "fd9416ab47ab447eb6b6cc53a19d3e28" candidate_term: 1 candidate_status { last_received { term: 0 index: 0 } } ignore_live_leader: false dest_uuid: "41898e4c82d14989ba959fe1b9e4c1d8" is_pre_election: true
I20260709 13:13:23.620148  2746 raft_consensus.cc:2468] T 24d7f6fc99ce47ffadd9e361e4cf47ec P 41898e4c82d14989ba959fe1b9e4c1d8 [term 0 FOLLOWER]: Leader pre-election vote request: Granting yes vote for candidate fd9416ab47ab447eb6b6cc53a19d3e28 in term 0.
I20260709 13:13:23.621485  2786 leader_election.cc:304] T 24d7f6fc99ce47ffadd9e361e4cf47ec P fd9416ab47ab447eb6b6cc53a19d3e28 [CANDIDATE]: Term 1 pre-election: Election decided. Result: candidate won. Election summary: received 2 responses out of 3 voters: 2 yes votes; 0 no votes. yes voters: 2164b9be1cab45d7aa9024b8dc1861e3, fd9416ab47ab447eb6b6cc53a19d3e28; no voters: 
I20260709 13:13:23.623914  2956 raft_consensus.cc:2804] T 24d7f6fc99ce47ffadd9e361e4cf47ec P fd9416ab47ab447eb6b6cc53a19d3e28 [term 0 FOLLOWER]: Leader pre-election won for term 1
I20260709 13:13:23.624397  2956 raft_consensus.cc:493] T 24d7f6fc99ce47ffadd9e361e4cf47ec P fd9416ab47ab447eb6b6cc53a19d3e28 [term 0 FOLLOWER]: Starting leader election (no leader contacted us within the election timeout)
I20260709 13:13:23.625034  2956 raft_consensus.cc:3060] T 24d7f6fc99ce47ffadd9e361e4cf47ec P fd9416ab47ab447eb6b6cc53a19d3e28 [term 0 FOLLOWER]: Advancing to term 1
I20260709 13:13:23.627048  2641 catalog_manager.cc:5697] T 7e3ceffaa2b549d085bf34c971278489 P 2164b9be1cab45d7aa9024b8dc1861e3 reported cstate change: term changed from 0 to 1, leader changed from <none> to 2164b9be1cab45d7aa9024b8dc1861e3 (127.2.141.3). New cstate: current_term: 1 leader_uuid: "2164b9be1cab45d7aa9024b8dc1861e3" committed_config { opid_index: -1 OBSOLETE_local: false peers { permanent_uuid: "41898e4c82d14989ba959fe1b9e4c1d8" member_type: VOTER last_known_addr { host: "127.2.141.1" port: 38419 } health_report { overall_health: UNKNOWN } } peers { permanent_uuid: "fd9416ab47ab447eb6b6cc53a19d3e28" member_type: VOTER last_known_addr { host: "127.2.141.2" port: 37807 } health_report { overall_health: UNKNOWN } } peers { permanent_uuid: "2164b9be1cab45d7aa9024b8dc1861e3" member_type: VOTER last_known_addr { host: "127.2.141.3" port: 44859 } health_report { overall_health: HEALTHY } } }
I20260709 13:13:23.632222  2956 raft_consensus.cc:515] T 24d7f6fc99ce47ffadd9e361e4cf47ec P fd9416ab47ab447eb6b6cc53a19d3e28 [term 1 FOLLOWER]: Starting leader election with config: opid_index: -1 OBSOLETE_local: false peers { permanent_uuid: "41898e4c82d14989ba959fe1b9e4c1d8" member_type: VOTER last_known_addr { host: "127.2.141.1" port: 38419 } } peers { permanent_uuid: "fd9416ab47ab447eb6b6cc53a19d3e28" member_type: VOTER last_known_addr { host: "127.2.141.2" port: 37807 } } peers { permanent_uuid: "2164b9be1cab45d7aa9024b8dc1861e3" member_type: VOTER last_known_addr { host: "127.2.141.3" port: 44859 } }
I20260709 13:13:23.635622  2747 tablet_service.cc:1917] Received RequestConsensusVote() RPC: tablet_id: "24d7f6fc99ce47ffadd9e361e4cf47ec" candidate_uuid: "fd9416ab47ab447eb6b6cc53a19d3e28" candidate_term: 1 candidate_status { last_received { term: 0 index: 0 } } ignore_live_leader: false dest_uuid: "41898e4c82d14989ba959fe1b9e4c1d8"
I20260709 13:13:23.637096  2747 raft_consensus.cc:3060] T 24d7f6fc99ce47ffadd9e361e4cf47ec P 41898e4c82d14989ba959fe1b9e4c1d8 [term 0 FOLLOWER]: Advancing to term 1
I20260709 13:13:23.638339  2894 tablet_service.cc:1917] Received RequestConsensusVote() RPC: tablet_id: "24d7f6fc99ce47ffadd9e361e4cf47ec" candidate_uuid: "fd9416ab47ab447eb6b6cc53a19d3e28" candidate_term: 1 candidate_status { last_received { term: 0 index: 0 } } ignore_live_leader: false dest_uuid: "2164b9be1cab45d7aa9024b8dc1861e3"
I20260709 13:13:23.638890  2894 raft_consensus.cc:3060] T 24d7f6fc99ce47ffadd9e361e4cf47ec P 2164b9be1cab45d7aa9024b8dc1861e3 [term 0 FOLLOWER]: Advancing to term 1
I20260709 13:13:23.642596  2981 consensus_queue.cc:1048] T f0567ce1b5f941b3b156d0e0c1ce2c27 P 2164b9be1cab45d7aa9024b8dc1861e3 [LEADER]: Connected to new peer: Peer: permanent_uuid: "fd9416ab47ab447eb6b6cc53a19d3e28" member_type: VOTER last_known_addr { host: "127.2.141.2" port: 37807 }, Status: LMP_MISMATCH, Last received: 0.0, Next index: 1, Last known committed idx: 0, Time since last communication: 0.000s
I20260709 13:13:23.646443  2894 raft_consensus.cc:2468] T 24d7f6fc99ce47ffadd9e361e4cf47ec P 2164b9be1cab45d7aa9024b8dc1861e3 [term 1 FOLLOWER]: Leader election vote request: Granting yes vote for candidate fd9416ab47ab447eb6b6cc53a19d3e28 in term 1.
I20260709 13:13:23.649297  2786 leader_election.cc:304] T 24d7f6fc99ce47ffadd9e361e4cf47ec P fd9416ab47ab447eb6b6cc53a19d3e28 [CANDIDATE]: Term 1 election: Election decided. Result: candidate won. Election summary: received 2 responses out of 3 voters: 2 yes votes; 0 no votes. yes voters: 2164b9be1cab45d7aa9024b8dc1861e3, fd9416ab47ab447eb6b6cc53a19d3e28; no voters: 
I20260709 13:13:23.650874  2946 raft_consensus.cc:2804] T 24d7f6fc99ce47ffadd9e361e4cf47ec P fd9416ab47ab447eb6b6cc53a19d3e28 [term 1 FOLLOWER]: Leader election won for term 1
