I20260709 13:13:45.801560  4357 raft_consensus.cc:740] T 6fb5a97d24604c84940b54605d4e3422 P fd124f2a6a884f1fad8a94b68ee53354 [term 0 FOLLOWER]: Becoming Follower/Learner. State: Replica: fd124f2a6a884f1fad8a94b68ee53354, State: Initialized, Role: FOLLOWER
I20260709 13:13:45.802649  4356 tablet_bootstrap.cc:492] T 7a9daadc31ca41f88c36b1a88ed5d030 P c2d59db706514384a2d5536fab6d8e70: Bootstrap starting.
I20260709 13:13:45.803879  4357 consensus_queue.cc:260] T 6fb5a97d24604c84940b54605d4e3422 P fd124f2a6a884f1fad8a94b68ee53354 [NON_LEADER]: Queue going to NON_LEADER mode. State: All replicated index: 0, Majority replicated index: 0, Committed index: 0, Last appended: 0.0, Last appended by leader: 0, Current term: 0, Majority size: -1, State: 0, Mode: NON_LEADER, active raft config: opid_index: -1 OBSOLETE_local: false peers { permanent_uuid: "fd124f2a6a884f1fad8a94b68ee53354" member_type: VOTER last_known_addr { host: "127.2.246.129" port: 44927 } } peers { permanent_uuid: "456df471fbed492b9a74321d1f861f5b" member_type: VOTER last_known_addr { host: "127.2.246.130" port: 44753 } } peers { permanent_uuid: "c2d59db706514384a2d5536fab6d8e70" member_type: VOTER last_known_addr { host: "127.2.246.131" port: 45849 } }
I20260709 13:13:45.809275  4357 ts_tablet_manager.cc:1434] T 6fb5a97d24604c84940b54605d4e3422 P fd124f2a6a884f1fad8a94b68ee53354: Time spent starting tablet: real 0.050s	user 0.007s	sys 0.000s
I20260709 13:13:45.814664  4715 raft_consensus.cc:515] T 8e21ed81514d48b3bbb36c96b0a3d9e3 P c2d59db706514384a2d5536fab6d8e70 [term 1 FOLLOWER]: Starting leader election with config: opid_index: -1 OBSOLETE_local: false peers { permanent_uuid: "fd124f2a6a884f1fad8a94b68ee53354" member_type: VOTER last_known_addr { host: "127.2.246.129" port: 44927 } } peers { permanent_uuid: "456df471fbed492b9a74321d1f861f5b" member_type: VOTER last_known_addr { host: "127.2.246.130" port: 44753 } } peers { permanent_uuid: "c2d59db706514384a2d5536fab6d8e70" member_type: VOTER last_known_addr { host: "127.2.246.131" port: 45849 } }
I20260709 13:13:45.820107  4358 tablet_bootstrap.cc:492] T 6fb5a97d24604c84940b54605d4e3422 P 456df471fbed492b9a74321d1f861f5b: No bootstrap required, opened a new log
I20260709 13:13:45.820559  4358 ts_tablet_manager.cc:1403] T 6fb5a97d24604c84940b54605d4e3422 P 456df471fbed492b9a74321d1f861f5b: Time spent bootstrapping tablet: real 0.272s	user 0.014s	sys 0.011s
I20260709 13:13:45.823024  4358 raft_consensus.cc:359] T 6fb5a97d24604c84940b54605d4e3422 P 456df471fbed492b9a74321d1f861f5b [term 0 FOLLOWER]: Replica starting. Triggering 0 pending ops. Active config: opid_index: -1 OBSOLETE_local: false peers { permanent_uuid: "fd124f2a6a884f1fad8a94b68ee53354" member_type: VOTER last_known_addr { host: "127.2.246.129" port: 44927 } } peers { permanent_uuid: "456df471fbed492b9a74321d1f861f5b" member_type: VOTER last_known_addr { host: "127.2.246.130" port: 44753 } } peers { permanent_uuid: "c2d59db706514384a2d5536fab6d8e70" member_type: VOTER last_known_addr { host: "127.2.246.131" port: 45849 } }
I20260709 13:13:45.823441  4358 raft_consensus.cc:385] T 6fb5a97d24604c84940b54605d4e3422 P 456df471fbed492b9a74321d1f861f5b [term 0 FOLLOWER]: Consensus starting up: Expiring failure detector timer to make a prompt election more likely
I20260709 13:13:45.824983  4242 tablet_service.cc:1917] Received RequestConsensusVote() RPC: tablet_id: "8e21ed81514d48b3bbb36c96b0a3d9e3" candidate_uuid: "c2d59db706514384a2d5536fab6d8e70" candidate_term: 1 candidate_status { last_received { term: 0 index: 0 } } ignore_live_leader: false dest_uuid: "456df471fbed492b9a74321d1f861f5b"
I20260709 13:13:45.825539  4242 raft_consensus.cc:3060] T 8e21ed81514d48b3bbb36c96b0a3d9e3 P 456df471fbed492b9a74321d1f861f5b [term 0 FOLLOWER]: Advancing to term 1
I20260709 13:13:45.828181  4715 leader_election.cc:290] T 8e21ed81514d48b3bbb36c96b0a3d9e3 P c2d59db706514384a2d5536fab6d8e70 [CANDIDATE]: Term 1 election: Requested vote from peers fd124f2a6a884f1fad8a94b68ee53354 (127.2.246.129:44927), 456df471fbed492b9a74321d1f861f5b (127.2.246.130:44753)
I20260709 13:13:45.828426  4163 tablet_service.cc:1917] Received RequestConsensusVote() RPC: tablet_id: "8e21ed81514d48b3bbb36c96b0a3d9e3" candidate_uuid: "c2d59db706514384a2d5536fab6d8e70" candidate_term: 1 candidate_status { last_received { term: 0 index: 0 } } ignore_live_leader: false dest_uuid: "fd124f2a6a884f1fad8a94b68ee53354"
I20260709 13:13:45.823685  4358 raft_consensus.cc:740] T 6fb5a97d24604c84940b54605d4e3422 P 456df471fbed492b9a74321d1f861f5b [term 0 FOLLOWER]: Becoming Follower/Learner. State: Replica: 456df471fbed492b9a74321d1f861f5b, State: Initialized, Role: FOLLOWER
W20260709 13:13:45.831221  4279 leader_election.cc:343] T 8e21ed81514d48b3bbb36c96b0a3d9e3 P c2d59db706514384a2d5536fab6d8e70 [CANDIDATE]: Term 1 election: Tablet error from VoteRequest() call to peer fd124f2a6a884f1fad8a94b68ee53354 (127.2.246.129:44927): Illegal state: must be running to vote when last-logged opid is not known
I20260709 13:13:45.832569  4242 raft_consensus.cc:2468] T 8e21ed81514d48b3bbb36c96b0a3d9e3 P 456df471fbed492b9a74321d1f861f5b [term 1 FOLLOWER]: Leader election vote request: Granting yes vote for candidate c2d59db706514384a2d5536fab6d8e70 in term 1.
I20260709 13:13:45.833889  4280 leader_election.cc:304] T 8e21ed81514d48b3bbb36c96b0a3d9e3 P c2d59db706514384a2d5536fab6d8e70 [CANDIDATE]: Term 1 election: Election decided. Result: candidate won. Election summary: received 3 responses out of 3 voters: 2 yes votes; 1 no votes. yes voters: 456df471fbed492b9a74321d1f861f5b, c2d59db706514384a2d5536fab6d8e70; no voters: fd124f2a6a884f1fad8a94b68ee53354
I20260709 13:13:45.834956  4358 consensus_queue.cc:260] T 6fb5a97d24604c84940b54605d4e3422 P 456df471fbed492b9a74321d1f861f5b [NON_LEADER]: Queue going to NON_LEADER mode. State: All replicated index: 0, Majority replicated index: 0, Committed index: 0, Last appended: 0.0, Last appended by leader: 0, Current term: 0, Majority size: -1, State: 0, Mode: NON_LEADER, active raft config: opid_index: -1 OBSOLETE_local: false peers { permanent_uuid: "fd124f2a6a884f1fad8a94b68ee53354" member_type: VOTER last_known_addr { host: "127.2.246.129" port: 44927 } } peers { permanent_uuid: "456df471fbed492b9a74321d1f861f5b" member_type: VOTER last_known_addr { host: "127.2.246.130" port: 44753 } } peers { permanent_uuid: "c2d59db706514384a2d5536fab6d8e70" member_type: VOTER last_known_addr { host: "127.2.246.131" port: 45849 } }
I20260709 13:13:45.834650  4414 raft_consensus.cc:2804] T 8e21ed81514d48b3bbb36c96b0a3d9e3 P c2d59db706514384a2d5536fab6d8e70 [term 1 FOLLOWER]: Leader election won for term 1
I20260709 13:13:45.838012  4358 ts_tablet_manager.cc:1434] T 6fb5a97d24604c84940b54605d4e3422 P 456df471fbed492b9a74321d1f861f5b: Time spent starting tablet: real 0.017s	user 0.005s	sys 0.000s
I20260709 13:13:45.838651  4414 raft_consensus.cc:697] T 8e21ed81514d48b3bbb36c96b0a3d9e3 P c2d59db706514384a2d5536fab6d8e70 [term 1 LEADER]: Becoming Leader. State: Replica: c2d59db706514384a2d5536fab6d8e70, State: Running, Role: LEADER
I20260709 13:13:45.838937  4358 tablet_bootstrap.cc:492] T 5026977cb3e3435883edf19dac7c1741 P 456df471fbed492b9a74321d1f861f5b: Bootstrap starting.
I20260709 13:13:45.844671  4414 consensus_queue.cc:237] T 8e21ed81514d48b3bbb36c96b0a3d9e3 P c2d59db706514384a2d5536fab6d8e70 [LEADER]: Queue going to LEADER mode. State: All replicated index: 0, Majority replicated index: 0, Committed index: 0, Last appended: 0.0, Last appended by leader: 0, Current term: 1, Majority size: 2, State: 0, Mode: LEADER, active raft config: opid_index: -1 OBSOLETE_local: false peers { permanent_uuid: "fd124f2a6a884f1fad8a94b68ee53354" member_type: VOTER last_known_addr { host: "127.2.246.129" port: 44927 } } peers { permanent_uuid: "456df471fbed492b9a74321d1f861f5b" member_type: VOTER last_known_addr { host: "127.2.246.130" port: 44753 } } peers { permanent_uuid: "c2d59db706514384a2d5536fab6d8e70" member_type: VOTER last_known_addr { host: "127.2.246.131" port: 45849 } }
I20260709 13:13:45.862938  4358 tablet_bootstrap.cc:654] T 5026977cb3e3435883edf19dac7c1741 P 456df471fbed492b9a74321d1f861f5b: Neither blocks nor log segments found. Creating new log.
I20260709 13:13:45.872447  4356 tablet_bootstrap.cc:654] T 7a9daadc31ca41f88c36b1a88ed5d030 P c2d59db706514384a2d5536fab6d8e70: Neither blocks nor log segments found. Creating new log.
W20260709 13:13:45.886348  4280 outbound_call.cc:321] RPC callback for RPC call kudu.consensus.ConsensusService.RequestConsensusVote -> {remote=127.2.246.130:44753, user_credentials={real_user=slave}} blocked reactor thread for 52531.4us
I20260709 13:13:45.878235  4357 tablet_bootstrap.cc:492] T 951dd4d00bcc4b2094e848ab3c1e21d8 P fd124f2a6a884f1fad8a94b68ee53354: Bootstrap starting.
I20260709 13:13:45.878741  4658 consensus_queue.cc:1048] T fdec83271bd64c68b960d9f1eaeaeee4 P 456df471fbed492b9a74321d1f861f5b [LEADER]: Connected to new peer: Peer: permanent_uuid: "fd124f2a6a884f1fad8a94b68ee53354" member_type: VOTER last_known_addr { host: "127.2.246.129" port: 44927 }, Status: LMP_MISMATCH, Last received: 0.0, Next index: 1, Last known committed idx: 0, Time since last communication: 0.000s
I20260709 13:13:45.887936  4485 consensus_queue.cc:1048] T fdec83271bd64c68b960d9f1eaeaeee4 P 456df471fbed492b9a74321d1f861f5b [LEADER]: Connected to new peer: Peer: permanent_uuid: "c2d59db706514384a2d5536fab6d8e70" member_type: VOTER last_known_addr { host: "127.2.246.131" port: 45849 }, Status: LMP_MISMATCH, Last received: 0.0, Next index: 1, Last known committed idx: 0, Time since last communication: 0.000s
I20260709 13:13:45.893698  4701 raft_consensus.cc:493] T 6fb5a97d24604c84940b54605d4e3422 P fd124f2a6a884f1fad8a94b68ee53354 [term 0 FOLLOWER]: Starting pre-election (no leader contacted us within the election timeout)
I20260709 13:13:45.894296  4701 raft_consensus.cc:515] T 6fb5a97d24604c84940b54605d4e3422 P fd124f2a6a884f1fad8a94b68ee53354 [term 0 FOLLOWER]: Starting pre-election with config: opid_index: -1 OBSOLETE_local: false peers { permanent_uuid: "fd124f2a6a884f1fad8a94b68ee53354" member_type: VOTER last_known_addr { host: "127.2.246.129" port: 44927 } } peers { permanent_uuid: "456df471fbed492b9a74321d1f861f5b" member_type: VOTER last_known_addr { host: "127.2.246.130" port: 44753 } } peers { permanent_uuid: "c2d59db706514384a2d5536fab6d8e70" member_type: VOTER last_known_addr { host: "127.2.246.131" port: 45849 } }
I20260709 13:13:45.897145  4701 leader_election.cc:290] T 6fb5a97d24604c84940b54605d4e3422 P fd124f2a6a884f1fad8a94b68ee53354 [CANDIDATE]: Term 1 pre-election: Requested pre-vote from peers 456df471fbed492b9a74321d1f861f5b (127.2.246.130:44753), c2d59db706514384a2d5536fab6d8e70 (127.2.246.131:45849)
I20260709 13:13:45.900046  4242 tablet_service.cc:1917] Received RequestConsensusVote() RPC: tablet_id: "6fb5a97d24604c84940b54605d4e3422" candidate_uuid: "fd124f2a6a884f1fad8a94b68ee53354" candidate_term: 1 candidate_status { last_received { term: 0 index: 0 } } ignore_live_leader: false dest_uuid: "456df471fbed492b9a74321d1f861f5b" is_pre_election: true
I20260709 13:13:45.900606  4242 raft_consensus.cc:2468] T 6fb5a97d24604c84940b54605d4e3422 P 456df471fbed492b9a74321d1f861f5b [term 0 FOLLOWER]: Leader pre-election vote request: Granting yes vote for candidate fd124f2a6a884f1fad8a94b68ee53354 in term 0.
I20260709 13:13:45.902403  4131 leader_election.cc:304] T 6fb5a97d24604c84940b54605d4e3422 P fd124f2a6a884f1fad8a94b68ee53354 [CANDIDATE]: Term 1 pre-election: Election decided. Result: candidate won. Election summary: received 2 responses out of 3 voters: 2 yes votes; 0 no votes. yes voters: 456df471fbed492b9a74321d1f861f5b, fd124f2a6a884f1fad8a94b68ee53354; no voters: 
I20260709 13:13:45.903623  4315 tablet_service.cc:1917] Received RequestConsensusVote() RPC: tablet_id: "6fb5a97d24604c84940b54605d4e3422" candidate_uuid: "fd124f2a6a884f1fad8a94b68ee53354" candidate_term: 1 candidate_status { last_received { term: 0 index: 0 } } ignore_live_leader: false dest_uuid: "c2d59db706514384a2d5536fab6d8e70" is_pre_election: true
I20260709 13:13:45.914438  4358 tablet_bootstrap.cc:492] T 5026977cb3e3435883edf19dac7c1741 P 456df471fbed492b9a74321d1f861f5b: No bootstrap required, opened a new log
I20260709 13:13:45.915098  4358 ts_tablet_manager.cc:1403] T 5026977cb3e3435883edf19dac7c1741 P 456df471fbed492b9a74321d1f861f5b: Time spent bootstrapping tablet: real 0.076s	user 0.025s	sys 0.010s
I20260709 13:13:45.922474  4701 raft_consensus.cc:2804] T 6fb5a97d24604c84940b54605d4e3422 P fd124f2a6a884f1fad8a94b68ee53354 [term 0 FOLLOWER]: Leader pre-election won for term 1
I20260709 13:13:45.924787  4701 raft_consensus.cc:493] T 6fb5a97d24604c84940b54605d4e3422 P fd124f2a6a884f1fad8a94b68ee53354 [term 0 FOLLOWER]: Starting leader election (no leader contacted us within the election timeout)
I20260709 13:13:45.925096  4701 raft_consensus.cc:3060] T 6fb5a97d24604c84940b54605d4e3422 P fd124f2a6a884f1fad8a94b68ee53354 [term 0 FOLLOWER]: Advancing to term 1
I20260709 13:13:45.922184  4315 raft_consensus.cc:2468] T 6fb5a97d24604c84940b54605d4e3422 P c2d59db706514384a2d5536fab6d8e70 [term 0 FOLLOWER]: Leader pre-election vote request: Granting yes vote for candidate fd124f2a6a884f1fad8a94b68ee53354 in term 0.
I20260709 13:13:45.939536  4414 raft_consensus.cc:493] T 5026977cb3e3435883edf19dac7c1741 P c2d59db706514384a2d5536fab6d8e70 [term 0 FOLLOWER]: Starting pre-election (no leader contacted us within the election timeout)
I20260709 13:13:45.940008  4414 raft_consensus.cc:515] T 5026977cb3e3435883edf19dac7c1741 P c2d59db706514384a2d5536fab6d8e70 [term 0 FOLLOWER]: Starting pre-election with config: opid_index: -1 OBSOLETE_local: false peers { permanent_uuid: "fd124f2a6a884f1fad8a94b68ee53354" member_type: VOTER last_known_addr { host: "127.2.246.129" port: 44927 } } peers { permanent_uuid: "456df471fbed492b9a74321d1f861f5b" member_type: VOTER last_known_addr { host: "127.2.246.130" port: 44753 } } peers { permanent_uuid: "c2d59db706514384a2d5536fab6d8e70" member_type: VOTER last_known_addr { host: "127.2.246.131" port: 45849 } }
I20260709 13:13:45.941778  4414 leader_election.cc:290] T 5026977cb3e3435883edf19dac7c1741 P c2d59db706514384a2d5536fab6d8e70 [CANDIDATE]: Term 1 pre-election: Requested pre-vote from peers fd124f2a6a884f1fad8a94b68ee53354 (127.2.246.129:44927), 456df471fbed492b9a74321d1f861f5b (127.2.246.130:44753)
I20260709 13:13:45.946092  4163 tablet_service.cc:1917] Received RequestConsensusVote() RPC: tablet_id: "5026977cb3e3435883edf19dac7c1741" candidate_uuid: "c2d59db706514384a2d5536fab6d8e70" candidate_term: 1 candidate_status { last_received { term: 0 index: 0 } } ignore_live_leader: false dest_uuid: "fd124f2a6a884f1fad8a94b68ee53354" is_pre_election: true
I20260709 13:13:45.946770  4163 raft_consensus.cc:2468] T 5026977cb3e3435883edf19dac7c1741 P fd124f2a6a884f1fad8a94b68ee53354 [term 0 FOLLOWER]: Leader pre-election vote request: Granting yes vote for candidate c2d59db706514384a2d5536fab6d8e70 in term 0.
I20260709 13:13:45.938548  4701 raft_consensus.cc:515] T 6fb5a97d24604c84940b54605d4e3422 P fd124f2a6a884f1fad8a94b68ee53354 [term 1 FOLLOWER]: Starting leader election with config: opid_index: -1 OBSOLETE_local: false peers { permanent_uuid: "fd124f2a6a884f1fad8a94b68ee53354" member_type: VOTER last_known_addr { host: "127.2.246.129" port: 44927 } } peers { permanent_uuid: "456df471fbed492b9a74321d1f861f5b" member_type: VOTER last_known_addr { host: "127.2.246.130" port: 44753 } } peers { permanent_uuid: "c2d59db706514384a2d5536fab6d8e70" member_type: VOTER last_known_addr { host: "127.2.246.131" port: 45849 } }
I20260709 13:13:45.949214  4701 leader_election.cc:290] T 6fb5a97d24604c84940b54605d4e3422 P fd124f2a6a884f1fad8a94b68ee53354 [CANDIDATE]: Term 1 election: Requested vote from peers 456df471fbed492b9a74321d1f861f5b (127.2.246.130:44753), c2d59db706514384a2d5536fab6d8e70 (127.2.246.131:45849)
I20260709 13:13:45.949177  4279 leader_election.cc:304] T 5026977cb3e3435883edf19dac7c1741 P c2d59db706514384a2d5536fab6d8e70 [CANDIDATE]: Term 1 pre-election: Election decided. Result: candidate won. Election summary: received 2 responses out of 3 voters: 2 yes votes; 0 no votes. yes voters: c2d59db706514384a2d5536fab6d8e70, fd124f2a6a884f1fad8a94b68ee53354; no voters: 
I20260709 13:13:45.974435  4414 raft_consensus.cc:2804] T 5026977cb3e3435883edf19dac7c1741 P c2d59db706514384a2d5536fab6d8e70 [term 0 FOLLOWER]: Leader pre-election won for term 1
I20260709 13:13:45.974756  4414 raft_consensus.cc:493] T 5026977cb3e3435883edf19dac7c1741 P c2d59db706514384a2d5536fab6d8e70 [term 0 FOLLOWER]: Starting leader election (no leader contacted us within the election timeout)
I20260709 13:13:45.975070  4414 raft_consensus.cc:3060] T 5026977cb3e3435883edf19dac7c1741 P c2d59db706514384a2d5536fab6d8e70 [term 0 FOLLOWER]: Advancing to term 1
I20260709 13:13:45.953857  4238 tablet_service.cc:1917] Received RequestConsensusVote() RPC: tablet_id: "5026977cb3e3435883edf19dac7c1741" candidate_uuid: "c2d59db706514384a2d5536fab6d8e70" candidate_term: 1 candidate_status { last_received { term: 0 index: 0 } } ignore_live_leader: false dest_uuid: "456df471fbed492b9a74321d1f861f5b" is_pre_election: true
I20260709 13:13:45.977275  4356 tablet_bootstrap.cc:492] T 7a9daadc31ca41f88c36b1a88ed5d030 P c2d59db706514384a2d5536fab6d8e70: No bootstrap required, opened a new log
I20260709 13:13:45.977684  4356 ts_tablet_manager.cc:1403] T 7a9daadc31ca41f88c36b1a88ed5d030 P c2d59db706514384a2d5536fab6d8e70: Time spent bootstrapping tablet: real 0.189s	user 0.016s	sys 0.010s
I20260709 13:13:45.956858  4242 tablet_service.cc:1917] Received RequestConsensusVote() RPC: tablet_id: "6fb5a97d24604c84940b54605d4e3422" candidate_uuid: "fd124f2a6a884f1fad8a94b68ee53354" candidate_term: 1 candidate_status { last_received { term: 0 index: 0 } } ignore_live_leader: false dest_uuid: "456df471fbed492b9a74321d1f861f5b"
I20260709 13:13:45.957238  4063 catalog_manager.cc:5697] T 8e21ed81514d48b3bbb36c96b0a3d9e3 P c2d59db706514384a2d5536fab6d8e70 reported cstate change: term changed from 0 to 1, leader changed from <none> to c2d59db706514384a2d5536fab6d8e70 (127.2.246.131). New cstate: current_term: 1 leader_uuid: "c2d59db706514384a2d5536fab6d8e70" committed_config { opid_index: -1 OBSOLETE_local: false peers { permanent_uuid: "fd124f2a6a884f1fad8a94b68ee53354" member_type: VOTER last_known_addr { host: "127.2.246.129" port: 44927 } health_report { overall_health: UNKNOWN } } peers { permanent_uuid: "456df471fbed492b9a74321d1f861f5b" member_type: VOTER last_known_addr { host: "127.2.246.130" port: 44753 } health_report { overall_health: UNKNOWN } } peers { permanent_uuid: "c2d59db706514384a2d5536fab6d8e70" member_type: VOTER last_known_addr { host: "127.2.246.131" port: 45849 } health_report { overall_health: HEALTHY } } }
I20260709 13:13:45.952358  4357 tablet_bootstrap.cc:654] T 951dd4d00bcc4b2094e848ab3c1e21d8 P fd124f2a6a884f1fad8a94b68ee53354: Neither blocks nor log segments found. Creating new log.
I20260709 13:13:45.983456  4242 raft_consensus.cc:3060] T 6fb5a97d24604c84940b54605d4e3422 P 456df471fbed492b9a74321d1f861f5b [term 0 FOLLOWER]: Advancing to term 1
I20260709 13:13:45.959151  4311 tablet_service.cc:1917] Received RequestConsensusVote() RPC: tablet_id: "6fb5a97d24604c84940b54605d4e3422" candidate_uuid: "fd124f2a6a884f1fad8a94b68ee53354" candidate_term: 1 candidate_status { last_received { term: 0 index: 0 } } ignore_live_leader: false dest_uuid: "c2d59db706514384a2d5536fab6d8e70"
I20260709 13:13:45.972402  4358 raft_consensus.cc:359] T 5026977cb3e3435883edf19dac7c1741 P 456df471fbed492b9a74321d1f861f5b [term 0 FOLLOWER]: Replica starting. Triggering 0 pending ops. Active config: opid_index: -1 OBSOLETE_local: false peers { permanent_uuid: "fd124f2a6a884f1fad8a94b68ee53354" member_type: VOTER last_known_addr { host: "127.2.246.129" port: 44927 } } peers { permanent_uuid: "456df471fbed492b9a74321d1f861f5b" member_type: VOTER last_known_addr { host: "127.2.246.130" port: 44753 } } peers { permanent_uuid: "c2d59db706514384a2d5536fab6d8e70" member_type: VOTER last_known_addr { host: "127.2.246.131" port: 45849 } }
I20260709 13:13:45.985277  4311 raft_consensus.cc:3060] T 6fb5a97d24604c84940b54605d4e3422 P c2d59db706514384a2d5536fab6d8e70 [term 0 FOLLOWER]: Advancing to term 1
I20260709 13:13:45.985445  4358 raft_consensus.cc:385] T 5026977cb3e3435883edf19dac7c1741 P 456df471fbed492b9a74321d1f861f5b [term 0 FOLLOWER]: Consensus starting up: Expiring failure detector timer to make a prompt election more likely
I20260709 13:13:45.985736  4358 raft_consensus.cc:740] T 5026977cb3e3435883edf19dac7c1741 P 456df471fbed492b9a74321d1f861f5b [term 0 FOLLOWER]: Becoming Follower/Learner. State: Replica: 456df471fbed492b9a74321d1f861f5b, State: Initialized, Role: FOLLOWER
I20260709 13:13:45.980014  4356 raft_consensus.cc:359] T 7a9daadc31ca41f88c36b1a88ed5d030 P c2d59db706514384a2d5536fab6d8e70 [term 0 FOLLOWER]: Replica starting. Triggering 0 pending ops. Active config: opid_index: -1 OBSOLETE_local: false peers { permanent_uuid: "fd124f2a6a884f1fad8a94b68ee53354" member_type: VOTER last_known_addr { host: "127.2.246.129" port: 44927 } } peers { permanent_uuid: "456df471fbed492b9a74321d1f861f5b" member_type: VOTER last_known_addr { host: "127.2.246.130" port: 44753 } } peers { permanent_uuid: "c2d59db706514384a2d5536fab6d8e70" member_type: VOTER last_known_addr { host: "127.2.246.131" port: 45849 } }
I20260709 13:13:45.986472  4356 raft_consensus.cc:385] T 7a9daadc31ca41f88c36b1a88ed5d030 P c2d59db706514384a2d5536fab6d8e70 [term 0 FOLLOWER]: Consensus starting up: Expiring failure detector timer to make a prompt election more likely
I20260709 13:13:45.986913  4356 raft_consensus.cc:740] T 7a9daadc31ca41f88c36b1a88ed5d030 P c2d59db706514384a2d5536fab6d8e70 [term 0 FOLLOWER]: Becoming Follower/Learner. State: Replica: c2d59db706514384a2d5536fab6d8e70, State: Initialized, Role: FOLLOWER
I20260709 13:13:45.986445  4358 consensus_queue.cc:260] T 5026977cb3e3435883edf19dac7c1741 P 456df471fbed492b9a74321d1f861f5b [NON_LEADER]: Queue going to NON_LEADER mode. State: All replicated index: 0, Majority replicated index: 0, Committed index: 0, Last appended: 0.0, Last appended by leader: 0, Current term: 0, Majority size: -1, State: 0, Mode: NON_LEADER, active raft config: opid_index: -1 OBSOLETE_local: false peers { permanent_uuid: "fd124f2a6a884f1fad8a94b68ee53354" member_type: VOTER last_known_addr { host: "127.2.246.129" port: 44927 } } peers { permanent_uuid: "456df471fbed492b9a74321d1f861f5b" member_type: VOTER last_known_addr { host: "127.2.246.130" port: 44753 } } peers { permanent_uuid: "c2d59db706514384a2d5536fab6d8e70" member_type: VOTER last_known_addr { host: "127.2.246.131" port: 45849 } }
I20260709 13:13:45.987545  4238 raft_consensus.cc:2468] T 5026977cb3e3435883edf19dac7c1741 P 456df471fbed492b9a74321d1f861f5b [term 0 FOLLOWER]: Leader pre-election vote request: Granting yes vote for candidate c2d59db706514384a2d5536fab6d8e70 in term 0.
I20260709 13:13:45.987517  4356 consensus_queue.cc:260] T 7a9daadc31ca41f88c36b1a88ed5d030 P c2d59db706514384a2d5536fab6d8e70 [NON_LEADER]: Queue going to NON_LEADER mode. State: All replicated index: 0, Majority replicated index: 0, Committed index: 0, Last appended: 0.0, Last appended by leader: 0, Current term: 0, Majority size: -1, State: 0, Mode: NON_LEADER, active raft config: opid_index: -1 OBSOLETE_local: false peers { permanent_uuid: "fd124f2a6a884f1fad8a94b68ee53354" member_type: VOTER last_known_addr { host: "127.2.246.129" port: 44927 } } peers { permanent_uuid: "456df471fbed492b9a74321d1f861f5b" member_type: VOTER last_known_addr { host: "127.2.246.130" port: 44753 } } peers { permanent_uuid: "c2d59db706514384a2d5536fab6d8e70" member_type: VOTER last_known_addr { host: "127.2.246.131" port: 45849 } }
I20260709 13:13:45.989886  4356 ts_tablet_manager.cc:1434] T 7a9daadc31ca41f88c36b1a88ed5d030 P c2d59db706514384a2d5536fab6d8e70: Time spent starting tablet: real 0.012s	user 0.006s	sys 0.000s
I20260709 13:13:45.990792  4356 tablet_bootstrap.cc:492] T 2ed44f48fcc64efb936ccfd02d32798b P c2d59db706514384a2d5536fab6d8e70: Bootstrap starting.
I20260709 13:13:46.000146  4311 raft_consensus.cc:2468] T 6fb5a97d24604c84940b54605d4e3422 P c2d59db706514384a2d5536fab6d8e70 [term 1 FOLLOWER]: Leader election vote request: Granting yes vote for candidate fd124f2a6a884f1fad8a94b68ee53354 in term 1.
I20260709 13:13:46.000504  4242 raft_consensus.cc:2468] T 6fb5a97d24604c84940b54605d4e3422 P 456df471fbed492b9a74321d1f861f5b [term 1 FOLLOWER]: Leader election vote request: Granting yes vote for candidate fd124f2a6a884f1fad8a94b68ee53354 in term 1.
I20260709 13:13:46.002266  4131 leader_election.cc:304] T 6fb5a97d24604c84940b54605d4e3422 P fd124f2a6a884f1fad8a94b68ee53354 [CANDIDATE]: Term 1 election: Election decided. Result: candidate won. Election summary: received 2 responses out of 3 voters: 2 yes votes; 0 no votes. yes voters: 456df471fbed492b9a74321d1f861f5b, fd124f2a6a884f1fad8a94b68ee53354; no voters: 
I20260709 13:13:46.003033  4655 raft_consensus.cc:2804] T 6fb5a97d24604c84940b54605d4e3422 P fd124f2a6a884f1fad8a94b68ee53354 [term 1 FOLLOWER]: Leader election won for term 1
I20260709 13:13:46.003578  4655 raft_consensus.cc:697] T 6fb5a97d24604c84940b54605d4e3422 P fd124f2a6a884f1fad8a94b68ee53354 [term 1 LEADER]: Becoming Leader. State: Replica: fd124f2a6a884f1fad8a94b68ee53354, State: Running, Role: LEADER
I20260709 13:13:46.005230  4655 consensus_queue.cc:237] T 6fb5a97d24604c84940b54605d4e3422 P fd124f2a6a884f1fad8a94b68ee53354 [LEADER]: Queue going to LEADER mode. State: All replicated index: 0, Majority replicated index: 0, Committed index: 0, Last appended: 0.0, Last appended by leader: 0, Current term: 1, Majority size: 2, State: 0, Mode: LEADER, active raft config: opid_index: -1 OBSOLETE_local: false peers { permanent_uuid: "fd124f2a6a884f1fad8a94b68ee53354" member_type: VOTER last_known_addr { host: "127.2.246.129" port: 44927 } } peers { permanent_uuid: "456df471fbed492b9a74321d1f861f5b" member_type: VOTER last_known_addr { host: "127.2.246.130" port: 44753 } } peers { permanent_uuid: "c2d59db706514384a2d5536fab6d8e70" member_type: VOTER last_known_addr { host: "127.2.246.131" port: 45849 } }
I20260709 13:13:46.006093  4358 ts_tablet_manager.cc:1434] T 5026977cb3e3435883edf19dac7c1741 P 456df471fbed492b9a74321d1f861f5b: Time spent starting tablet: real 0.091s	user 0.006s	sys 0.000s
I20260709 13:13:46.005967  4414 raft_consensus.cc:515] T 5026977cb3e3435883edf19dac7c1741 P c2d59db706514384a2d5536fab6d8e70 [term 1 FOLLOWER]: Starting leader election with config: opid_index: -1 OBSOLETE_local: false peers { permanent_uuid: "fd124f2a6a884f1fad8a94b68ee53354" member_type: VOTER last_known_addr { host: "127.2.246.129" port: 44927 } } peers { permanent_uuid: "456df471fbed492b9a74321d1f861f5b" member_type: VOTER last_known_addr { host: "127.2.246.130" port: 44753 } } peers { permanent_uuid: "c2d59db706514384a2d5536fab6d8e70" member_type: VOTER last_known_addr { host: "127.2.246.131" port: 45849 } }
I20260709 13:13:46.006953  4358 tablet_bootstrap.cc:492] T 2554f520e1e44ad080aa864cf66e6d3f P 456df471fbed492b9a74321d1f861f5b: Bootstrap starting.
I20260709 13:13:46.008440  4414 leader_election.cc:290] T 5026977cb3e3435883edf19dac7c1741 P c2d59db706514384a2d5536fab6d8e70 [CANDIDATE]: Term 1 election: Requested vote from peers fd124f2a6a884f1fad8a94b68ee53354 (127.2.246.129:44927), 456df471fbed492b9a74321d1f861f5b (127.2.246.130:44753)
I20260709 13:13:46.008332  4163 tablet_service.cc:1917] Received RequestConsensusVote() RPC: tablet_id: "5026977cb3e3435883edf19dac7c1741" candidate_uuid: "c2d59db706514384a2d5536fab6d8e70" candidate_term: 1 candidate_status { last_received { term: 0 index: 0 } } ignore_live_leader: false dest_uuid: "fd124f2a6a884f1fad8a94b68ee53354"
I20260709 13:13:46.009156  4163 raft_consensus.cc:3060] T 5026977cb3e3435883edf19dac7c1741 P fd124f2a6a884f1fad8a94b68ee53354 [term 0 FOLLOWER]: Advancing to term 1
I20260709 13:13:46.014881  4358 tablet_bootstrap.cc:654] T 2554f520e1e44ad080aa864cf66e6d3f P 456df471fbed492b9a74321d1f861f5b: Neither blocks nor log segments found. Creating new log.
I20260709 13:13:46.015684  4163 raft_consensus.cc:2468] T 5026977cb3e3435883edf19dac7c1741 P fd124f2a6a884f1fad8a94b68ee53354 [term 1 FOLLOWER]: Leader election vote request: Granting yes vote for candidate c2d59db706514384a2d5536fab6d8e70 in term 1.
I20260709 13:13:46.018867  4242 tablet_service.cc:1917] Received RequestConsensusVote() RPC: tablet_id: "5026977cb3e3435883edf19dac7c1741" candidate_uuid: "c2d59db706514384a2d5536fab6d8e70" candidate_term: 1 candidate_status { last_received { term: 0 index: 0 } } ignore_live_leader: false dest_uuid: "456df471fbed492b9a74321d1f861f5b"
I20260709 13:13:46.020506  4279 leader_election.cc:304] T 5026977cb3e3435883edf19dac7c1741 P c2d59db706514384a2d5536fab6d8e70 [CANDIDATE]: Term 1 election: Election decided. Result: candidate won. Election summary: received 2 responses out of 3 voters: 2 yes votes; 0 no votes. yes voters: c2d59db706514384a2d5536fab6d8e70, fd124f2a6a884f1fad8a94b68ee53354; no voters: 
I20260709 13:13:46.022152  4361 raft_consensus.cc:2804] T 5026977cb3e3435883edf19dac7c1741 P c2d59db706514384a2d5536fab6d8e70 [term 1 FOLLOWER]: Leader election won for term 1
I20260709 13:13:46.022641  4361 raft_consensus.cc:697] T 5026977cb3e3435883edf19dac7c1741 P c2d59db706514384a2d5536fab6d8e70 [term 1 LEADER]: Becoming Leader. State: Replica: c2d59db706514384a2d5536fab6d8e70, State: Running, Role: LEADER
I20260709 13:13:46.023429  4361 consensus_queue.cc:237] T 5026977cb3e3435883edf19dac7c1741 P c2d59db706514384a2d5536fab6d8e70 [LEADER]: Queue going to LEADER mode. State: All replicated index: 0, Majority replicated index: 0, Committed index: 0, Last appended: 0.0, Last appended by leader: 0, Current term: 1, Majority size: 2, State: 0, Mode: LEADER, active raft config: opid_index: -1 OBSOLETE_local: false peers { permanent_uuid: "fd124f2a6a884f1fad8a94b68ee53354" member_type: VOTER last_known_addr { host: "127.2.246.129" port: 44927 } } peers { permanent_uuid: "456df471fbed492b9a74321d1f861f5b" member_type: VOTER last_known_addr { host: "127.2.246.130" port: 44753 } } peers { permanent_uuid: "c2d59db706514384a2d5536fab6d8e70" member_type: VOTER last_known_addr { host: "127.2.246.131" port: 45849 } }
I20260709 13:13:46.020541  4242 raft_consensus.cc:3060] T 5026977cb3e3435883edf19dac7c1741 P 456df471fbed492b9a74321d1f861f5b [term 0 FOLLOWER]: Advancing to term 1
I20260709 13:13:46.027799  4356 tablet_bootstrap.cc:654] T 2ed44f48fcc64efb936ccfd02d32798b P c2d59db706514384a2d5536fab6d8e70: Neither blocks nor log segments found. Creating new log.
I20260709 13:13:46.032588  4242 raft_consensus.cc:2468] T 5026977cb3e3435883edf19dac7c1741 P 456df471fbed492b9a74321d1f861f5b [term 1 FOLLOWER]: Leader election vote request: Granting yes vote for candidate c2d59db706514384a2d5536fab6d8e70 in term 1.
I20260709 13:13:46.036919  4358 tablet_bootstrap.cc:492] T 2554f520e1e44ad080aa864cf66e6d3f P 456df471fbed492b9a74321d1f861f5b: No bootstrap required, opened a new log
I20260709 13:13:46.037380  4358 ts_tablet_manager.cc:1403] T 2554f520e1e44ad080aa864cf66e6d3f P 456df471fbed492b9a74321d1f861f5b: Time spent bootstrapping tablet: real 0.031s	user 0.010s	sys 0.000s
I20260709 13:13:46.040189  4358 raft_consensus.cc:359] T 2554f520e1e44ad080aa864cf66e6d3f P 456df471fbed492b9a74321d1f861f5b [term 0 FOLLOWER]: Replica starting. Triggering 0 pending ops. Active config: opid_index: -1 OBSOLETE_local: false peers { permanent_uuid: "fd124f2a6a884f1fad8a94b68ee53354" member_type: VOTER last_known_addr { host: "127.2.246.129" port: 44927 } } peers { permanent_uuid: "456df471fbed492b9a74321d1f861f5b" member_type: VOTER last_known_addr { host: "127.2.246.130" port: 44753 } } peers { permanent_uuid: "c2d59db706514384a2d5536fab6d8e70" member_type: VOTER last_known_addr { host: "127.2.246.131" port: 45849 } }
I20260709 13:13:46.040820  4358 raft_consensus.cc:385] T 2554f520e1e44ad080aa864cf66e6d3f P 456df471fbed492b9a74321d1f861f5b [term 0 FOLLOWER]: Consensus starting up: Expiring failure detector timer to make a prompt election more likely
I20260709 13:13:46.043761  4357 tablet_bootstrap.cc:492] T 951dd4d00bcc4b2094e848ab3c1e21d8 P fd124f2a6a884f1fad8a94b68ee53354: No bootstrap required, opened a new log
I20260709 13:13:46.044214  4357 ts_tablet_manager.cc:1403] T 951dd4d00bcc4b2094e848ab3c1e21d8 P fd124f2a6a884f1fad8a94b68ee53354: Time spent bootstrapping tablet: real 0.176s	user 0.016s	sys 0.010s
I20260709 13:13:46.045056  4356 tablet_bootstrap.cc:492] T 2ed44f48fcc64efb936ccfd02d32798b P c2d59db706514384a2d5536fab6d8e70: No bootstrap required, opened a new log
I20260709 13:13:46.041083  4358 raft_consensus.cc:740] T 2554f520e1e44ad080aa864cf66e6d3f P 456df471fbed492b9a74321d1f861f5b [term 0 FOLLOWER]: Becoming Follower/Learner. State: Replica: 456df471fbed492b9a74321d1f861f5b, State: Initialized, Role: FOLLOWER
I20260709 13:13:46.046201  4356 ts_tablet_manager.cc:1403] T 2ed44f48fcc64efb936ccfd02d32798b P c2d59db706514384a2d5536fab6d8e70: Time spent bootstrapping tablet: real 0.056s	user 0.005s	sys 0.005s
I20260709 13:13:46.047384  4357 raft_consensus.cc:359] T 951dd4d00bcc4b2094e848ab3c1e21d8 P fd124f2a6a884f1fad8a94b68ee53354 [term 0 FOLLOWER]: Replica starting. Triggering 0 pending ops. Active config: opid_index: -1 OBSOLETE_local: false peers { permanent_uuid: "fd124f2a6a884f1fad8a94b68ee53354" member_type: VOTER last_known_addr { host: "127.2.246.129" port: 44927 } } peers { permanent_uuid: "456df471fbed492b9a74321d1f861f5b" member_type: VOTER last_known_addr { host: "127.2.246.130" port: 44753 } } peers { permanent_uuid: "c2d59db706514384a2d5536fab6d8e70" member_type: VOTER last_known_addr { host: "127.2.246.131" port: 45849 } }
I20260709 13:13:46.048243  4357 raft_consensus.cc:385] T 951dd4d00bcc4b2094e848ab3c1e21d8 P fd124f2a6a884f1fad8a94b68ee53354 [term 0 FOLLOWER]: Consensus starting up: Expiring failure detector timer to make a prompt election more likely
I20260709 13:13:46.048547  4357 raft_consensus.cc:740] T 951dd4d00bcc4b2094e848ab3c1e21d8 P fd124f2a6a884f1fad8a94b68ee53354 [term 0 FOLLOWER]: Becoming Follower/Learner. State: Replica: fd124f2a6a884f1fad8a94b68ee53354, State: Initialized, Role: FOLLOWER
I20260709 13:13:46.048346  4358 consensus_queue.cc:260] T 2554f520e1e44ad080aa864cf66e6d3f P 456df471fbed492b9a74321d1f861f5b [NON_LEADER]: Queue going to NON_LEADER mode. State: All replicated index: 0, Majority replicated index: 0, Committed index: 0, Last appended: 0.0, Last appended by leader: 0, Current term: 0, Majority size: -1, State: 0, Mode: NON_LEADER, active raft config: opid_index: -1 OBSOLETE_local: false peers { permanent_uuid: "fd124f2a6a884f1fad8a94b68ee53354" member_type: VOTER last_known_addr { host: "127.2.246.129" port: 44927 } } peers { permanent_uuid: "456df471fbed492b9a74321d1f861f5b" member_type: VOTER last_known_addr { host: "127.2.246.130" port: 44753 } } peers { permanent_uuid: "c2d59db706514384a2d5536fab6d8e70" member_type: VOTER last_known_addr { host: "127.2.246.131" port: 45849 } }
I20260709 13:13:46.049275  4357 consensus_queue.cc:260] T 951dd4d00bcc4b2094e848ab3c1e21d8 P fd124f2a6a884f1fad8a94b68ee53354 [NON_LEADER]: Queue going to NON_LEADER mode. State: All replicated index: 0, Majority replicated index: 0, Committed index: 0, Last appended: 0.0, Last appended by leader: 0, Current term: 0, Majority size: -1, State: 0, Mode: NON_LEADER, active raft config: opid_index: -1 OBSOLETE_local: false peers { permanent_uuid: "fd124f2a6a884f1fad8a94b68ee53354" member_type: VOTER last_known_addr { host: "127.2.246.129" port: 44927 } } peers { permanent_uuid: "456df471fbed492b9a74321d1f861f5b" member_type: VOTER last_known_addr { host: "127.2.246.130" port: 44753 } } peers { permanent_uuid: "c2d59db706514384a2d5536fab6d8e70" member_type: VOTER last_known_addr { host: "127.2.246.131" port: 45849 } }
I20260709 13:13:46.051326  4357 ts_tablet_manager.cc:1434] T 951dd4d00bcc4b2094e848ab3c1e21d8 P fd124f2a6a884f1fad8a94b68ee53354: Time spent starting tablet: real 0.007s	user 0.004s	sys 0.000s
I20260709 13:13:46.054100  4358 ts_tablet_manager.cc:1434] T 2554f520e1e44ad080aa864cf66e6d3f P 456df471fbed492b9a74321d1f861f5b: Time spent starting tablet: real 0.016s	user 0.006s	sys 0.000s
I20260709 13:13:46.055480  4358 tablet_bootstrap.cc:492] T 2ed44f48fcc64efb936ccfd02d32798b P 456df471fbed492b9a74321d1f861f5b: Bootstrap starting.
I20260709 13:13:46.048261  4356 raft_consensus.cc:359] T 2ed44f48fcc64efb936ccfd02d32798b P c2d59db706514384a2d5536fab6d8e70 [term 0 FOLLOWER]: Replica starting. Triggering 0 pending ops. Active config: opid_index: -1 OBSOLETE_local: false peers { permanent_uuid: "fd124f2a6a884f1fad8a94b68ee53354" member_type: VOTER last_known_addr { host: "127.2.246.129" port: 44927 } } peers { permanent_uuid: "456df471fbed492b9a74321d1f861f5b" member_type: VOTER last_known_addr { host: "127.2.246.130" port: 44753 } } peers { permanent_uuid: "c2d59db706514384a2d5536fab6d8e70" member_type: VOTER last_known_addr { host: "127.2.246.131" port: 45849 } }
I20260709 13:13:46.059407  4356 raft_consensus.cc:385] T 2ed44f48fcc64efb936ccfd02d32798b P c2d59db706514384a2d5536fab6d8e70 [term 0 FOLLOWER]: Consensus starting up: Expiring failure detector timer to make a prompt election more likely
I20260709 13:13:46.059638  4356 raft_consensus.cc:740] T 2ed44f48fcc64efb936ccfd02d32798b P c2d59db706514384a2d5536fab6d8e70 [term 0 FOLLOWER]: Becoming Follower/Learner. State: Replica: c2d59db706514384a2d5536fab6d8e70, State: Initialized, Role: FOLLOWER
I20260709 13:13:46.060444  4356 consensus_queue.cc:260] T 2ed44f48fcc64efb936ccfd02d32798b P c2d59db706514384a2d5536fab6d8e70 [NON_LEADER]: Queue going to NON_LEADER mode. State: All replicated index: 0, Majority replicated index: 0, Committed index: 0, Last appended: 0.0, Last appended by leader: 0, Current term: 0, Majority size: -1, State: 0, Mode: NON_LEADER, active raft config: opid_index: -1 OBSOLETE_local: false peers { permanent_uuid: "fd124f2a6a884f1fad8a94b68ee53354" member_type: VOTER last_known_addr { host: "127.2.246.129" port: 44927 } } peers { permanent_uuid: "456df471fbed492b9a74321d1f861f5b" member_type: VOTER last_known_addr { host: "127.2.246.130" port: 44753 } } peers { permanent_uuid: "c2d59db706514384a2d5536fab6d8e70" member_type: VOTER last_known_addr { host: "127.2.246.131" port: 45849 } }
I20260709 13:13:46.062263  4358 tablet_bootstrap.cc:654] T 2ed44f48fcc64efb936ccfd02d32798b P 456df471fbed492b9a74321d1f861f5b: Neither blocks nor log segments found. Creating new log.
I20260709 13:13:46.062608  4356 ts_tablet_manager.cc:1434] T 2ed44f48fcc64efb936ccfd02d32798b P c2d59db706514384a2d5536fab6d8e70: Time spent starting tablet: real 0.016s	user 0.006s	sys 0.000s
I20260709 13:13:46.063548  4356 tablet_bootstrap.cc:492] T b5ed86d5572849768ec57b98183a7891 P c2d59db706514384a2d5536fab6d8e70: Bootstrap starting.
I20260709 13:13:46.064592  4357 tablet_bootstrap.cc:492] T b8146ff0f20e47bbab1120e0a1c4f1c2 P fd124f2a6a884f1fad8a94b68ee53354: Bootstrap starting.
I20260709 13:13:46.074136  4356 tablet_bootstrap.cc:654] T b5ed86d5572849768ec57b98183a7891 P c2d59db706514384a2d5536fab6d8e70: Neither blocks nor log segments found. Creating new log.
I20260709 13:13:46.076161  4065 catalog_manager.cc:5697] T 5026977cb3e3435883edf19dac7c1741 P c2d59db706514384a2d5536fab6d8e70 reported cstate change: term changed from 0 to 1, leader changed from <none> to c2d59db706514384a2d5536fab6d8e70 (127.2.246.131). New cstate: current_term: 1 leader_uuid: "c2d59db706514384a2d5536fab6d8e70" committed_config { opid_index: -1 OBSOLETE_local: false peers { permanent_uuid: "fd124f2a6a884f1fad8a94b68ee53354" member_type: VOTER last_known_addr { host: "127.2.246.129" port: 44927 } health_report { overall_health: UNKNOWN } } peers { permanent_uuid: "456df471fbed492b9a74321d1f861f5b" member_type: VOTER last_known_addr { host: "127.2.246.130" port: 44753 } health_report { overall_health: UNKNOWN } } peers { permanent_uuid: "c2d59db706514384a2d5536fab6d8e70" member_type: VOTER last_known_addr { host: "127.2.246.131" port: 45849 } health_report { overall_health: HEALTHY } } }
I20260709 13:13:46.078182  4063 catalog_manager.cc:5697] T 6fb5a97d24604c84940b54605d4e3422 P fd124f2a6a884f1fad8a94b68ee53354 reported cstate change: term changed from 0 to 1, leader changed from <none> to fd124f2a6a884f1fad8a94b68ee53354 (127.2.246.129). New cstate: current_term: 1 leader_uuid: "fd124f2a6a884f1fad8a94b68ee53354" committed_config { opid_index: -1 OBSOLETE_local: false peers { permanent_uuid: "fd124f2a6a884f1fad8a94b68ee53354" member_type: VOTER last_known_addr { host: "127.2.246.129" port: 44927 } health_report { overall_health: HEALTHY } } peers { permanent_uuid: "456df471fbed492b9a74321d1f861f5b" member_type: VOTER last_known_addr { host: "127.2.246.130" port: 44753 } health_report { overall_health: UNKNOWN } } peers { permanent_uuid: "c2d59db706514384a2d5536fab6d8e70" member_type: VOTER last_known_addr { host: "127.2.246.131" port: 45849 } health_report { overall_health: UNKNOWN } } }
I20260709 13:13:46.080353  4357 tablet_bootstrap.cc:654] T b8146ff0f20e47bbab1120e0a1c4f1c2 P fd124f2a6a884f1fad8a94b68ee53354: Neither blocks nor log segments found. Creating new log.
I20260709 13:13:46.086405  4311 raft_consensus.cc:3060] T 7a9daadc31ca41f88c36b1a88ed5d030 P c2d59db706514384a2d5536fab6d8e70 [term 0 FOLLOWER]: Advancing to term 1
I20260709 13:13:46.101678  4357 tablet_bootstrap.cc:492] T b8146ff0f20e47bbab1120e0a1c4f1c2 P fd124f2a6a884f1fad8a94b68ee53354: No bootstrap required, opened a new log
I20260709 13:13:46.102413  4357 ts_tablet_manager.cc:1403] T b8146ff0f20e47bbab1120e0a1c4f1c2 P fd124f2a6a884f1fad8a94b68ee53354: Time spent bootstrapping tablet: real 0.038s	user 0.014s	sys 0.000s
I20260709 13:13:46.105996  4357 raft_consensus.cc:359] T b8146ff0f20e47bbab1120e0a1c4f1c2 P fd124f2a6a884f1fad8a94b68ee53354 [term 0 FOLLOWER]: Replica starting. Triggering 0 pending ops. Active config: opid_index: -1 OBSOLETE_local: false peers { permanent_uuid: "fd124f2a6a884f1fad8a94b68ee53354" member_type: VOTER last_known_addr { host: "127.2.246.129" port: 44927 } } peers { permanent_uuid: "456df471fbed492b9a74321d1f861f5b" member_type: VOTER last_known_addr { host: "127.2.246.130" port: 44753 } } peers { permanent_uuid: "c2d59db706514384a2d5536fab6d8e70" member_type: VOTER last_known_addr { host: "127.2.246.131" port: 45849 } }
I20260709 13:13:46.112048  4655 raft_consensus.cc:493] T 951dd4d00bcc4b2094e848ab3c1e21d8 P fd124f2a6a884f1fad8a94b68ee53354 [term 0 FOLLOWER]: Starting pre-election (no leader contacted us within the election timeout)
I20260709 13:13:46.119540  4357 raft_consensus.cc:385] T b8146ff0f20e47bbab1120e0a1c4f1c2 P fd124f2a6a884f1fad8a94b68ee53354 [term 0 FOLLOWER]: Consensus starting up: Expiring failure detector timer to make a prompt election more likely
I20260709 13:13:46.119858  4357 raft_consensus.cc:740] T b8146ff0f20e47bbab1120e0a1c4f1c2 P fd124f2a6a884f1fad8a94b68ee53354 [term 0 FOLLOWER]: Becoming Follower/Learner. State: Replica: fd124f2a6a884f1fad8a94b68ee53354, State: Initialized, Role: FOLLOWER
I20260709 13:13:46.119899  4655 raft_consensus.cc:515] T 951dd4d00bcc4b2094e848ab3c1e21d8 P fd124f2a6a884f1fad8a94b68ee53354 [term 0 FOLLOWER]: Starting pre-election with config: opid_index: -1 OBSOLETE_local: false peers { permanent_uuid: "fd124f2a6a884f1fad8a94b68ee53354" member_type: VOTER last_known_addr { host: "127.2.246.129" port: 44927 } } peers { permanent_uuid: "456df471fbed492b9a74321d1f861f5b" member_type: VOTER last_known_addr { host: "127.2.246.130" port: 44753 } } peers { permanent_uuid: "c2d59db706514384a2d5536fab6d8e70" member_type: VOTER last_known_addr { host: "127.2.246.131" port: 45849 } }
I20260709 13:13:46.120821  4357 consensus_queue.cc:260] T b8146ff0f20e47bbab1120e0a1c4f1c2 P fd124f2a6a884f1fad8a94b68ee53354 [NON_LEADER]: Queue going to NON_LEADER mode. State: All replicated index: 0, Majority replicated index: 0, Committed index: 0, Last appended: 0.0, Last appended by leader: 0, Current term: 0, Majority size: -1, State: 0, Mode: NON_LEADER, active raft config: opid_index: -1 OBSOLETE_local: false peers { permanent_uuid: "fd124f2a6a884f1fad8a94b68ee53354" member_type: VOTER last_known_addr { host: "127.2.246.129" port: 44927 } } peers { permanent_uuid: "456df471fbed492b9a74321d1f861f5b" member_type: VOTER last_known_addr { host: "127.2.246.130" port: 44753 } } peers { permanent_uuid: "c2d59db706514384a2d5536fab6d8e70" member_type: VOTER last_known_addr { host: "127.2.246.131" port: 45849 } }
I20260709 13:13:46.121961  4655 leader_election.cc:290] T 951dd4d00bcc4b2094e848ab3c1e21d8 P fd124f2a6a884f1fad8a94b68ee53354 [CANDIDATE]: Term 1 pre-election: Requested pre-vote from peers 456df471fbed492b9a74321d1f861f5b (127.2.246.130:44753), c2d59db706514384a2d5536fab6d8e70 (127.2.246.131:45849)
I20260709 13:13:46.122494  4242 tablet_service.cc:1917] Received RequestConsensusVote() RPC: tablet_id: "951dd4d00bcc4b2094e848ab3c1e21d8" candidate_uuid: "fd124f2a6a884f1fad8a94b68ee53354" candidate_term: 1 candidate_status { last_received { term: 0 index: 0 } } ignore_live_leader: false dest_uuid: "456df471fbed492b9a74321d1f861f5b" is_pre_election: true
I20260709 13:13:46.123049  4242 raft_consensus.cc:2468] T 951dd4d00bcc4b2094e848ab3c1e21d8 P 456df471fbed492b9a74321d1f861f5b [term 0 FOLLOWER]: Leader pre-election vote request: Granting yes vote for candidate fd124f2a6a884f1fad8a94b68ee53354 in term 0.
I20260709 13:13:46.124737  4131 leader_election.cc:304] T 951dd4d00bcc4b2094e848ab3c1e21d8 P fd124f2a6a884f1fad8a94b68ee53354 [CANDIDATE]: Term 1 pre-election: Election decided. Result: candidate won. Election summary: received 2 responses out of 3 voters: 2 yes votes; 0 no votes. yes voters: 456df471fbed492b9a74321d1f861f5b, fd124f2a6a884f1fad8a94b68ee53354; no voters: 
I20260709 13:13:46.125156  4311 tablet_service.cc:1917] Received RequestConsensusVote() RPC: tablet_id: "951dd4d00bcc4b2094e848ab3c1e21d8" candidate_uuid: "fd124f2a6a884f1fad8a94b68ee53354" candidate_term: 1 candidate_status { last_received { term: 0 index: 0 } } ignore_live_leader: false dest_uuid: "c2d59db706514384a2d5536fab6d8e70" is_pre_election: true
I20260709 13:13:46.125666  4718 raft_consensus.cc:2804] T 951dd4d00bcc4b2094e848ab3c1e21d8 P fd124f2a6a884f1fad8a94b68ee53354 [term 0 FOLLOWER]: Leader pre-election won for term 1
I20260709 13:13:46.126034  4718 raft_consensus.cc:493] T 951dd4d00bcc4b2094e848ab3c1e21d8 P fd124f2a6a884f1fad8a94b68ee53354 [term 0 FOLLOWER]: Starting leader election (no leader contacted us within the election timeout)
I20260709 13:13:46.126358  4718 raft_consensus.cc:3060] T 951dd4d00bcc4b2094e848ab3c1e21d8 P fd124f2a6a884f1fad8a94b68ee53354 [term 0 FOLLOWER]: Advancing to term 1
I20260709 13:13:46.126771  4357 ts_tablet_manager.cc:1434] T b8146ff0f20e47bbab1120e0a1c4f1c2 P fd124f2a6a884f1fad8a94b68ee53354: Time spent starting tablet: real 0.024s	user 0.005s	sys 0.000s
I20260709 13:13:46.127653  4357 tablet_bootstrap.cc:492] T 8e21ed81514d48b3bbb36c96b0a3d9e3 P fd124f2a6a884f1fad8a94b68ee53354: Bootstrap starting.
W20260709 13:13:46.127604  4131 leader_election.cc:343] T 951dd4d00bcc4b2094e848ab3c1e21d8 P fd124f2a6a884f1fad8a94b68ee53354 [CANDIDATE]: Term 1 pre-election: Tablet error from VoteRequest() call to peer c2d59db706514384a2d5536fab6d8e70 (127.2.246.131:45849): Illegal state: must be running to vote when last-logged opid is not known
I20260709 13:13:46.133153  4718 raft_consensus.cc:515] T 951dd4d00bcc4b2094e848ab3c1e21d8 P fd124f2a6a884f1fad8a94b68ee53354 [term 1 FOLLOWER]: Starting leader election with config: opid_index: -1 OBSOLETE_local: false peers { permanent_uuid: "fd124f2a6a884f1fad8a94b68ee53354" member_type: VOTER last_known_addr { host: "127.2.246.129" port: 44927 } } peers { permanent_uuid: "456df471fbed492b9a74321d1f861f5b" member_type: VOTER last_known_addr { host: "127.2.246.130" port: 44753 } } peers { permanent_uuid: "c2d59db706514384a2d5536fab6d8e70" member_type: VOTER last_known_addr { host: "127.2.246.131" port: 45849 } }
I20260709 13:13:46.135084  4718 leader_election.cc:290] T 951dd4d00bcc4b2094e848ab3c1e21d8 P fd124f2a6a884f1fad8a94b68ee53354 [CANDIDATE]: Term 1 election: Requested vote from peers 456df471fbed492b9a74321d1f861f5b (127.2.246.130:44753), c2d59db706514384a2d5536fab6d8e70 (127.2.246.131:45849)
I20260709 13:13:46.137603  4311 tablet_service.cc:1917] Received RequestConsensusVote() RPC: tablet_id: "951dd4d00bcc4b2094e848ab3c1e21d8" candidate_uuid: "fd124f2a6a884f1fad8a94b68ee53354" candidate_term: 1 candidate_status { last_received { term: 0 index: 0 } } ignore_live_leader: false dest_uuid: "c2d59db706514384a2d5536fab6d8e70"
I20260709 13:13:46.141100  4242 tablet_service.cc:1917] Received RequestConsensusVote() RPC: tablet_id: "951dd4d00bcc4b2094e848ab3c1e21d8" candidate_uuid: "fd124f2a6a884f1fad8a94b68ee53354" candidate_term: 1 candidate_status { last_received { term: 0 index: 0 } } ignore_live_leader: false dest_uuid: "456df471fbed492b9a74321d1f861f5b"
I20260709 13:13:46.141705  4242 raft_consensus.cc:3060] T 951dd4d00bcc4b2094e848ab3c1e21d8 P 456df471fbed492b9a74321d1f861f5b [term 0 FOLLOWER]: Advancing to term 1
I20260709 13:13:46.142544  4357 tablet_bootstrap.cc:654] T 8e21ed81514d48b3bbb36c96b0a3d9e3 P fd124f2a6a884f1fad8a94b68ee53354: Neither blocks nor log segments found. Creating new log.
W20260709 13:13:46.152141  4131 leader_election.cc:343] T 951dd4d00bcc4b2094e848ab3c1e21d8 P fd124f2a6a884f1fad8a94b68ee53354 [CANDIDATE]: Term 1 election: Tablet error from VoteRequest() call to peer c2d59db706514384a2d5536fab6d8e70 (127.2.246.131:45849): Illegal state: must be running to vote when last-logged opid is not known
