I20260709 13:13:39.232499 10091 raft_consensus.cc:385] T 8e3c6b8773bc4e54b6bf7d7e82a334d6 P 2b4595725e2e4a81ae5b3e5a83e65215 [term 0 FOLLOWER]: Consensus starting up: Expiring failure detector timer to make a prompt election more likely
I20260709 13:13:39.232760 10091 raft_consensus.cc:740] T 8e3c6b8773bc4e54b6bf7d7e82a334d6 P 2b4595725e2e4a81ae5b3e5a83e65215 [term 0 FOLLOWER]: Becoming Follower/Learner. State: Replica: 2b4595725e2e4a81ae5b3e5a83e65215, State: Initialized, Role: FOLLOWER
I20260709 13:13:39.233381 10091 consensus_queue.cc:260] T 8e3c6b8773bc4e54b6bf7d7e82a334d6 P 2b4595725e2e4a81ae5b3e5a83e65215 [NON_LEADER]: Queue going to NON_LEADER mode. State: All replicated index: 0, Majority replicated index: 0, Committed index: 0, Last appended: 0.0, Last appended by leader: 0, Current term: 0, Majority size: -1, State: 0, Mode: NON_LEADER, active raft config: opid_index: -1 OBSOLETE_local: false peers { permanent_uuid: "ae00acb4245a4d3c948df476bce09a93" member_type: VOTER last_known_addr { host: "127.8.149.65" port: 41711 } } peers { permanent_uuid: "0e86e2da6c154028961805d0c62809e3" member_type: VOTER last_known_addr { host: "127.8.149.66" port: 35439 } } peers { permanent_uuid: "2b4595725e2e4a81ae5b3e5a83e65215" member_type: VOTER last_known_addr { host: "127.8.149.67" port: 33575 } }
I20260709 13:13:39.235420 10091 ts_tablet_manager.cc:1434] T 8e3c6b8773bc4e54b6bf7d7e82a334d6 P 2b4595725e2e4a81ae5b3e5a83e65215: Time spent starting tablet: real 0.017s	user 0.005s	sys 0.000s
I20260709 13:13:39.236455 10091 tablet_bootstrap.cc:492] T 5f9e07aeca984eb691d971c15a7a25dc P 2b4595725e2e4a81ae5b3e5a83e65215: Bootstrap starting.
I20260709 13:13:39.224536 10048 tablet_service.cc:1917] Received RequestConsensusVote() RPC: tablet_id: "208de8cc4fd5440587f83e0ac636d868" candidate_uuid: "0e86e2da6c154028961805d0c62809e3" candidate_term: 1 candidate_status { last_received { term: 0 index: 0 } } ignore_live_leader: false dest_uuid: "2b4595725e2e4a81ae5b3e5a83e65215" is_pre_election: true
I20260709 13:13:39.238864 10048 raft_consensus.cc:2468] T 208de8cc4fd5440587f83e0ac636d868 P 2b4595725e2e4a81ae5b3e5a83e65215 [term 0 FOLLOWER]: Leader pre-election vote request: Granting yes vote for candidate 0e86e2da6c154028961805d0c62809e3 in term 0.
W20260709 13:13:39.240685 10016 outbound_call.cc:321] RPC callback for RPC call kudu.consensus.ConsensusService.RequestConsensusVote -> {remote=127.8.149.65:41711, user_credentials={real_user=slave}} blocked reactor thread for 64967.9us
I20260709 13:13:39.241731  9942 leader_election.cc:304] T 208de8cc4fd5440587f83e0ac636d868 P 0e86e2da6c154028961805d0c62809e3 [CANDIDATE]: Term 1 pre-election: Election decided. Result: candidate won. Election summary: received 3 responses out of 3 voters: 2 yes votes; 1 no votes. yes voters: 0e86e2da6c154028961805d0c62809e3, 2b4595725e2e4a81ae5b3e5a83e65215; no voters: ae00acb4245a4d3c948df476bce09a93
I20260709 13:13:39.223469 10238 raft_consensus.cc:3060] T 69b10215fa0a4aee90aee52852524d31 P ae00acb4245a4d3c948df476bce09a93 [term 0 FOLLOWER]: Advancing to term 1
I20260709 13:13:39.242511 10124 raft_consensus.cc:2804] T 208de8cc4fd5440587f83e0ac636d868 P 0e86e2da6c154028961805d0c62809e3 [term 0 FOLLOWER]: Leader pre-election won for term 1
I20260709 13:13:39.242888 10124 raft_consensus.cc:493] T 208de8cc4fd5440587f83e0ac636d868 P 0e86e2da6c154028961805d0c62809e3 [term 0 FOLLOWER]: Starting leader election (no leader contacted us within the election timeout)
I20260709 13:13:39.243136 10124 raft_consensus.cc:3060] T 208de8cc4fd5440587f83e0ac636d868 P 0e86e2da6c154028961805d0c62809e3 [term 0 FOLLOWER]: Advancing to term 1
I20260709 13:13:39.255725 10092 raft_consensus.cc:359] T f4ab77c630b34307bcaee52be76723f2 P 0e86e2da6c154028961805d0c62809e3 [term 0 FOLLOWER]: Replica starting. Triggering 0 pending ops. Active config: opid_index: -1 OBSOLETE_local: false peers { permanent_uuid: "ae00acb4245a4d3c948df476bce09a93" member_type: VOTER last_known_addr { host: "127.8.149.65" port: 41711 } } peers { permanent_uuid: "0e86e2da6c154028961805d0c62809e3" member_type: VOTER last_known_addr { host: "127.8.149.66" port: 35439 } } peers { permanent_uuid: "2b4595725e2e4a81ae5b3e5a83e65215" member_type: VOTER last_known_addr { host: "127.8.149.67" port: 33575 } }
I20260709 13:13:39.256464 10092 raft_consensus.cc:385] T f4ab77c630b34307bcaee52be76723f2 P 0e86e2da6c154028961805d0c62809e3 [term 0 FOLLOWER]: Consensus starting up: Expiring failure detector timer to make a prompt election more likely
I20260709 13:13:39.256731 10092 raft_consensus.cc:740] T f4ab77c630b34307bcaee52be76723f2 P 0e86e2da6c154028961805d0c62809e3 [term 0 FOLLOWER]: Becoming Follower/Learner. State: Replica: 0e86e2da6c154028961805d0c62809e3, State: Initialized, Role: FOLLOWER
I20260709 13:13:39.257361 10092 consensus_queue.cc:260] T f4ab77c630b34307bcaee52be76723f2 P 0e86e2da6c154028961805d0c62809e3 [NON_LEADER]: Queue going to NON_LEADER mode. State: All replicated index: 0, Majority replicated index: 0, Committed index: 0, Last appended: 0.0, Last appended by leader: 0, Current term: 0, Majority size: -1, State: 0, Mode: NON_LEADER, active raft config: opid_index: -1 OBSOLETE_local: false peers { permanent_uuid: "ae00acb4245a4d3c948df476bce09a93" member_type: VOTER last_known_addr { host: "127.8.149.65" port: 41711 } } peers { permanent_uuid: "0e86e2da6c154028961805d0c62809e3" member_type: VOTER last_known_addr { host: "127.8.149.66" port: 35439 } } peers { permanent_uuid: "2b4595725e2e4a81ae5b3e5a83e65215" member_type: VOTER last_known_addr { host: "127.8.149.67" port: 33575 } }
I20260709 13:13:39.259336 10092 ts_tablet_manager.cc:1434] T f4ab77c630b34307bcaee52be76723f2 P 0e86e2da6c154028961805d0c62809e3: Time spent starting tablet: real 0.031s	user 0.005s	sys 0.000s
I20260709 13:13:39.261548 10092 tablet_bootstrap.cc:492] T 69b10215fa0a4aee90aee52852524d31 P 0e86e2da6c154028961805d0c62809e3: Bootstrap starting.
I20260709 13:13:39.260519 10124 raft_consensus.cc:515] T 208de8cc4fd5440587f83e0ac636d868 P 0e86e2da6c154028961805d0c62809e3 [term 1 FOLLOWER]: Starting leader election with config: opid_index: -1 OBSOLETE_local: false peers { permanent_uuid: "ae00acb4245a4d3c948df476bce09a93" member_type: VOTER last_known_addr { host: "127.8.149.65" port: 41711 } } peers { permanent_uuid: "0e86e2da6c154028961805d0c62809e3" member_type: VOTER last_known_addr { host: "127.8.149.66" port: 35439 } } peers { permanent_uuid: "2b4595725e2e4a81ae5b3e5a83e65215" member_type: VOTER last_known_addr { host: "127.8.149.67" port: 33575 } }
I20260709 13:13:39.263935 10093 raft_consensus.cc:359] T da6f07c20c1448378d8f3df43e44bb43 P ae00acb4245a4d3c948df476bce09a93 [term 0 FOLLOWER]: Replica starting. Triggering 0 pending ops. Active config: opid_index: -1 OBSOLETE_local: false peers { permanent_uuid: "ae00acb4245a4d3c948df476bce09a93" member_type: VOTER last_known_addr { host: "127.8.149.65" port: 41711 } } peers { permanent_uuid: "0e86e2da6c154028961805d0c62809e3" member_type: VOTER last_known_addr { host: "127.8.149.66" port: 35439 } } peers { permanent_uuid: "2b4595725e2e4a81ae5b3e5a83e65215" member_type: VOTER last_known_addr { host: "127.8.149.67" port: 33575 } }
I20260709 13:13:39.264246 10124 leader_election.cc:290] T 208de8cc4fd5440587f83e0ac636d868 P 0e86e2da6c154028961805d0c62809e3 [CANDIDATE]: Term 1 election: Requested vote from peers ae00acb4245a4d3c948df476bce09a93 (127.8.149.65:41711), 2b4595725e2e4a81ae5b3e5a83e65215 (127.8.149.67:33575)
I20260709 13:13:39.264593 10093 raft_consensus.cc:385] T da6f07c20c1448378d8f3df43e44bb43 P ae00acb4245a4d3c948df476bce09a93 [term 0 FOLLOWER]: Consensus starting up: Expiring failure detector timer to make a prompt election more likely
I20260709 13:13:39.264914 10093 raft_consensus.cc:740] T da6f07c20c1448378d8f3df43e44bb43 P ae00acb4245a4d3c948df476bce09a93 [term 0 FOLLOWER]: Becoming Follower/Learner. State: Replica: ae00acb4245a4d3c948df476bce09a93, State: Initialized, Role: FOLLOWER
W20260709 13:13:39.301990  9848 auto_rebalancer.cc:288] Could not retrieve cluster info: Service unavailable: Tablet not running
I20260709 13:13:39.289531 10415 consensus_queue.cc:1048] T ecaaef4594864a7f995082f178ee0f58 P ae00acb4245a4d3c948df476bce09a93 [LEADER]: Connected to new peer: Peer: permanent_uuid: "0e86e2da6c154028961805d0c62809e3" member_type: VOTER last_known_addr { host: "127.8.149.66" port: 35439 }, Status: LMP_MISMATCH, Last received: 0.0, Next index: 1, Last known committed idx: 0, Time since last communication: 0.015s
I20260709 13:13:39.266898  9900 tablet_service.cc:1917] Received RequestConsensusVote() RPC: tablet_id: "208de8cc4fd5440587f83e0ac636d868" candidate_uuid: "0e86e2da6c154028961805d0c62809e3" candidate_term: 1 candidate_status { last_received { term: 0 index: 0 } } ignore_live_leader: false dest_uuid: "ae00acb4245a4d3c948df476bce09a93"
I20260709 13:13:39.298733 10430 raft_consensus.cc:493] T 3db06bae724a4d05a12db36e5a24c737 P 2b4595725e2e4a81ae5b3e5a83e65215 [term 0 FOLLOWER]: Starting pre-election (no leader contacted us within the election timeout)
W20260709 13:13:39.305426  9942 leader_election.cc:343] T 208de8cc4fd5440587f83e0ac636d868 P 0e86e2da6c154028961805d0c62809e3 [CANDIDATE]: Term 1 election: Tablet error from VoteRequest() call to peer ae00acb4245a4d3c948df476bce09a93 (127.8.149.65:41711): Illegal state: must be running to vote when last-logged opid is not known
I20260709 13:13:39.305343 10430 raft_consensus.cc:515] T 3db06bae724a4d05a12db36e5a24c737 P 2b4595725e2e4a81ae5b3e5a83e65215 [term 0 FOLLOWER]: Starting pre-election with config: opid_index: -1 OBSOLETE_local: false peers { permanent_uuid: "ae00acb4245a4d3c948df476bce09a93" member_type: VOTER last_known_addr { host: "127.8.149.65" port: 41711 } } peers { permanent_uuid: "0e86e2da6c154028961805d0c62809e3" member_type: VOTER last_known_addr { host: "127.8.149.66" port: 35439 } } peers { permanent_uuid: "2b4595725e2e4a81ae5b3e5a83e65215" member_type: VOTER last_known_addr { host: "127.8.149.67" port: 33575 } }
I20260709 13:13:39.266547 10093 consensus_queue.cc:260] T da6f07c20c1448378d8f3df43e44bb43 P ae00acb4245a4d3c948df476bce09a93 [NON_LEADER]: Queue going to NON_LEADER mode. State: All replicated index: 0, Majority replicated index: 0, Committed index: 0, Last appended: 0.0, Last appended by leader: 0, Current term: 0, Majority size: -1, State: 0, Mode: NON_LEADER, active raft config: opid_index: -1 OBSOLETE_local: false peers { permanent_uuid: "ae00acb4245a4d3c948df476bce09a93" member_type: VOTER last_known_addr { host: "127.8.149.65" port: 41711 } } peers { permanent_uuid: "0e86e2da6c154028961805d0c62809e3" member_type: VOTER last_known_addr { host: "127.8.149.66" port: 35439 } } peers { permanent_uuid: "2b4595725e2e4a81ae5b3e5a83e65215" member_type: VOTER last_known_addr { host: "127.8.149.67" port: 33575 } }
I20260709 13:13:39.307507 10430 leader_election.cc:290] T 3db06bae724a4d05a12db36e5a24c737 P 2b4595725e2e4a81ae5b3e5a83e65215 [CANDIDATE]: Term 1 pre-election: Requested pre-vote from peers ae00acb4245a4d3c948df476bce09a93 (127.8.149.65:41711), 0e86e2da6c154028961805d0c62809e3 (127.8.149.66:35439)
I20260709 13:13:39.272816 10238 raft_consensus.cc:515] T 69b10215fa0a4aee90aee52852524d31 P ae00acb4245a4d3c948df476bce09a93 [term 1 FOLLOWER]: Starting leader election with config: opid_index: -1 OBSOLETE_local: false peers { permanent_uuid: "ae00acb4245a4d3c948df476bce09a93" member_type: VOTER last_known_addr { host: "127.8.149.65" port: 41711 } } peers { permanent_uuid: "0e86e2da6c154028961805d0c62809e3" member_type: VOTER last_known_addr { host: "127.8.149.66" port: 35439 } } peers { permanent_uuid: "2b4595725e2e4a81ae5b3e5a83e65215" member_type: VOTER last_known_addr { host: "127.8.149.67" port: 33575 } }
I20260709 13:13:39.308284  9897 tablet_service.cc:1917] Received RequestConsensusVote() RPC: tablet_id: "3db06bae724a4d05a12db36e5a24c737" candidate_uuid: "2b4595725e2e4a81ae5b3e5a83e65215" candidate_term: 1 candidate_status { last_received { term: 0 index: 0 } } ignore_live_leader: false dest_uuid: "ae00acb4245a4d3c948df476bce09a93" is_pre_election: true
W20260709 13:13:39.309648 10016 leader_election.cc:343] T 3db06bae724a4d05a12db36e5a24c737 P 2b4595725e2e4a81ae5b3e5a83e65215 [CANDIDATE]: Term 1 pre-election: Tablet error from VoteRequest() call to peer ae00acb4245a4d3c948df476bce09a93 (127.8.149.65:41711): Illegal state: must be running to vote when last-logged opid is not known
I20260709 13:13:39.310597  9973 tablet_service.cc:1917] Received RequestConsensusVote() RPC: tablet_id: "69b10215fa0a4aee90aee52852524d31" candidate_uuid: "ae00acb4245a4d3c948df476bce09a93" candidate_term: 1 candidate_status { last_received { term: 0 index: 0 } } ignore_live_leader: false dest_uuid: "0e86e2da6c154028961805d0c62809e3"
I20260709 13:13:39.311770  9977 tablet_service.cc:1917] Received RequestConsensusVote() RPC: tablet_id: "3db06bae724a4d05a12db36e5a24c737" candidate_uuid: "2b4595725e2e4a81ae5b3e5a83e65215" candidate_term: 1 candidate_status { last_received { term: 0 index: 0 } } ignore_live_leader: false dest_uuid: "0e86e2da6c154028961805d0c62809e3" is_pre_election: true
I20260709 13:13:39.273967 10092 tablet_bootstrap.cc:654] T 69b10215fa0a4aee90aee52852524d31 P 0e86e2da6c154028961805d0c62809e3: Neither blocks nor log segments found. Creating new log.
W20260709 13:13:39.312867  9866 leader_election.cc:343] T 69b10215fa0a4aee90aee52852524d31 P ae00acb4245a4d3c948df476bce09a93 [CANDIDATE]: Term 1 election: Tablet error from VoteRequest() call to peer 0e86e2da6c154028961805d0c62809e3 (127.8.149.66:35439): Illegal state: must be running to vote when last-logged opid is not known
W20260709 13:13:39.312981 10015 leader_election.cc:343] T 3db06bae724a4d05a12db36e5a24c737 P 2b4595725e2e4a81ae5b3e5a83e65215 [CANDIDATE]: Term 1 pre-election: Tablet error from VoteRequest() call to peer 0e86e2da6c154028961805d0c62809e3 (127.8.149.66:35439): Illegal state: must be running to vote when last-logged opid is not known
I20260709 13:13:39.313457 10015 leader_election.cc:304] T 3db06bae724a4d05a12db36e5a24c737 P 2b4595725e2e4a81ae5b3e5a83e65215 [CANDIDATE]: Term 1 pre-election: Election decided. Result: candidate lost. Election summary: received 3 responses out of 3 voters: 1 yes votes; 2 no votes. yes voters: 2b4595725e2e4a81ae5b3e5a83e65215; no voters: 0e86e2da6c154028961805d0c62809e3, ae00acb4245a4d3c948df476bce09a93
I20260709 13:13:39.314230 10429 raft_consensus.cc:2749] T 3db06bae724a4d05a12db36e5a24c737 P 2b4595725e2e4a81ae5b3e5a83e65215 [term 0 FOLLOWER]: Leader pre-election lost for term 1. Reason: could not achieve majority
I20260709 13:13:39.271905 10091 tablet_bootstrap.cc:654] T 5f9e07aeca984eb691d971c15a7a25dc P 2b4595725e2e4a81ae5b3e5a83e65215: Neither blocks nor log segments found. Creating new log.
I20260709 13:13:39.315001 10415 raft_consensus.cc:493] T 014fc0c6c925418dbc2deb08d08365bc P ae00acb4245a4d3c948df476bce09a93 [term 0 FOLLOWER]: Starting pre-election (no leader contacted us within the election timeout)
I20260709 13:13:39.315531 10415 raft_consensus.cc:515] T 014fc0c6c925418dbc2deb08d08365bc P ae00acb4245a4d3c948df476bce09a93 [term 0 FOLLOWER]: Starting pre-election with config: opid_index: -1 OBSOLETE_local: false peers { permanent_uuid: "ae00acb4245a4d3c948df476bce09a93" member_type: VOTER last_known_addr { host: "127.8.149.65" port: 41711 } } peers { permanent_uuid: "0e86e2da6c154028961805d0c62809e3" member_type: VOTER last_known_addr { host: "127.8.149.66" port: 35439 } } peers { permanent_uuid: "2b4595725e2e4a81ae5b3e5a83e65215" member_type: VOTER last_known_addr { host: "127.8.149.67" port: 33575 } }
I20260709 13:13:39.319329  9977 tablet_service.cc:1917] Received RequestConsensusVote() RPC: tablet_id: "014fc0c6c925418dbc2deb08d08365bc" candidate_uuid: "ae00acb4245a4d3c948df476bce09a93" candidate_term: 1 candidate_status { last_received { term: 0 index: 0 } } ignore_live_leader: false dest_uuid: "0e86e2da6c154028961805d0c62809e3" is_pre_election: true
W20260709 13:13:39.320515  9866 leader_election.cc:343] T 014fc0c6c925418dbc2deb08d08365bc P ae00acb4245a4d3c948df476bce09a93 [CANDIDATE]: Term 1 pre-election: Tablet error from VoteRequest() call to peer 0e86e2da6c154028961805d0c62809e3 (127.8.149.66:35439): Illegal state: must be running to vote when last-logged opid is not known
I20260709 13:13:39.322979 10238 leader_election.cc:290] T 69b10215fa0a4aee90aee52852524d31 P ae00acb4245a4d3c948df476bce09a93 [CANDIDATE]: Term 1 election: Requested vote from peers 0e86e2da6c154028961805d0c62809e3 (127.8.149.66:35439), 2b4595725e2e4a81ae5b3e5a83e65215 (127.8.149.67:33575)
I20260709 13:13:39.323241 10050 tablet_service.cc:1917] Received RequestConsensusVote() RPC: tablet_id: "69b10215fa0a4aee90aee52852524d31" candidate_uuid: "ae00acb4245a4d3c948df476bce09a93" candidate_term: 1 candidate_status { last_received { term: 0 index: 0 } } ignore_live_leader: false dest_uuid: "2b4595725e2e4a81ae5b3e5a83e65215"
I20260709 13:13:39.323736 10050 raft_consensus.cc:3060] T 69b10215fa0a4aee90aee52852524d31 P 2b4595725e2e4a81ae5b3e5a83e65215 [term 0 FOLLOWER]: Advancing to term 1
I20260709 13:13:39.327528 10091 tablet_bootstrap.cc:492] T 5f9e07aeca984eb691d971c15a7a25dc P 2b4595725e2e4a81ae5b3e5a83e65215: No bootstrap required, opened a new log
I20260709 13:13:39.327960 10091 ts_tablet_manager.cc:1403] T 5f9e07aeca984eb691d971c15a7a25dc P 2b4595725e2e4a81ae5b3e5a83e65215: Time spent bootstrapping tablet: real 0.092s	user 0.018s	sys 0.000s
I20260709 13:13:39.328795 10147 consensus_queue.cc:1048] T ecaaef4594864a7f995082f178ee0f58 P ae00acb4245a4d3c948df476bce09a93 [LEADER]: Connected to new peer: Peer: permanent_uuid: "2b4595725e2e4a81ae5b3e5a83e65215" member_type: VOTER last_known_addr { host: "127.8.149.67" port: 33575 }, Status: LMP_MISMATCH, Last received: 0.0, Next index: 1, Last known committed idx: 0, Time since last communication: 0.000s
I20260709 13:13:39.330030 10147 raft_consensus.cc:493] T 220e2e0a87f24f77b30ee91456e1848b P ae00acb4245a4d3c948df476bce09a93 [term 0 FOLLOWER]: Starting pre-election (no leader contacted us within the election timeout)
I20260709 13:13:39.330507 10147 raft_consensus.cc:515] T 220e2e0a87f24f77b30ee91456e1848b P ae00acb4245a4d3c948df476bce09a93 [term 0 FOLLOWER]: Starting pre-election with config: opid_index: -1 OBSOLETE_local: false peers { permanent_uuid: "ae00acb4245a4d3c948df476bce09a93" member_type: VOTER last_known_addr { host: "127.8.149.65" port: 41711 } } peers { permanent_uuid: "0e86e2da6c154028961805d0c62809e3" member_type: VOTER last_known_addr { host: "127.8.149.66" port: 35439 } } peers { permanent_uuid: "2b4595725e2e4a81ae5b3e5a83e65215" member_type: VOTER last_known_addr { host: "127.8.149.67" port: 33575 } }
I20260709 13:13:39.331377 10050 raft_consensus.cc:2468] T 69b10215fa0a4aee90aee52852524d31 P 2b4595725e2e4a81ae5b3e5a83e65215 [term 1 FOLLOWER]: Leader election vote request: Granting yes vote for candidate ae00acb4245a4d3c948df476bce09a93 in term 1.
I20260709 13:13:39.266898 10048 tablet_service.cc:1917] Received RequestConsensusVote() RPC: tablet_id: "208de8cc4fd5440587f83e0ac636d868" candidate_uuid: "0e86e2da6c154028961805d0c62809e3" candidate_term: 1 candidate_status { last_received { term: 0 index: 0 } } ignore_live_leader: false dest_uuid: "2b4595725e2e4a81ae5b3e5a83e65215"
I20260709 13:13:39.332270 10048 raft_consensus.cc:3060] T 208de8cc4fd5440587f83e0ac636d868 P 2b4595725e2e4a81ae5b3e5a83e65215 [term 0 FOLLOWER]: Advancing to term 1
I20260709 13:13:39.332386 10147 leader_election.cc:290] T 220e2e0a87f24f77b30ee91456e1848b P ae00acb4245a4d3c948df476bce09a93 [CANDIDATE]: Term 1 pre-election: Requested pre-vote from peers 0e86e2da6c154028961805d0c62809e3 (127.8.149.66:35439), 2b4595725e2e4a81ae5b3e5a83e65215 (127.8.149.67:33575)
I20260709 13:13:39.333021  9973 tablet_service.cc:1917] Received RequestConsensusVote() RPC: tablet_id: "220e2e0a87f24f77b30ee91456e1848b" candidate_uuid: "ae00acb4245a4d3c948df476bce09a93" candidate_term: 1 candidate_status { last_received { term: 0 index: 0 } } ignore_live_leader: false dest_uuid: "0e86e2da6c154028961805d0c62809e3" is_pre_election: true
I20260709 13:13:39.333838  9867 leader_election.cc:304] T 69b10215fa0a4aee90aee52852524d31 P ae00acb4245a4d3c948df476bce09a93 [CANDIDATE]: Term 1 election: Election decided. Result: candidate won. Election summary: received 3 responses out of 3 voters: 2 yes votes; 1 no votes. yes voters: 2b4595725e2e4a81ae5b3e5a83e65215, ae00acb4245a4d3c948df476bce09a93; no voters: 0e86e2da6c154028961805d0c62809e3
I20260709 13:13:39.334563 10147 raft_consensus.cc:2804] T 69b10215fa0a4aee90aee52852524d31 P ae00acb4245a4d3c948df476bce09a93 [term 1 FOLLOWER]: Leader election won for term 1
I20260709 13:13:39.335232 10147 raft_consensus.cc:697] T 69b10215fa0a4aee90aee52852524d31 P ae00acb4245a4d3c948df476bce09a93 [term 1 LEADER]: Becoming Leader. State: Replica: ae00acb4245a4d3c948df476bce09a93, State: Running, Role: LEADER
I20260709 13:13:39.334499 10046 tablet_service.cc:1917] Received RequestConsensusVote() RPC: tablet_id: "220e2e0a87f24f77b30ee91456e1848b" candidate_uuid: "ae00acb4245a4d3c948df476bce09a93" candidate_term: 1 candidate_status { last_received { term: 0 index: 0 } } ignore_live_leader: false dest_uuid: "2b4595725e2e4a81ae5b3e5a83e65215" is_pre_election: true
I20260709 13:13:39.336033 10092 tablet_bootstrap.cc:492] T 69b10215fa0a4aee90aee52852524d31 P 0e86e2da6c154028961805d0c62809e3: No bootstrap required, opened a new log
I20260709 13:13:39.336529 10092 ts_tablet_manager.cc:1403] T 69b10215fa0a4aee90aee52852524d31 P 0e86e2da6c154028961805d0c62809e3: Time spent bootstrapping tablet: real 0.075s	user 0.009s	sys 0.007s
I20260709 13:13:39.336124 10147 consensus_queue.cc:237] T 69b10215fa0a4aee90aee52852524d31 P ae00acb4245a4d3c948df476bce09a93 [LEADER]: Queue going to LEADER mode. State: All replicated index: 0, Majority replicated index: 0, Committed index: 0, Last appended: 0.0, Last appended by leader: 0, Current term: 1, Majority size: 2, State: 0, Mode: LEADER, active raft config: opid_index: -1 OBSOLETE_local: false peers { permanent_uuid: "ae00acb4245a4d3c948df476bce09a93" member_type: VOTER last_known_addr { host: "127.8.149.65" port: 41711 } } peers { permanent_uuid: "0e86e2da6c154028961805d0c62809e3" member_type: VOTER last_known_addr { host: "127.8.149.66" port: 35439 } } peers { permanent_uuid: "2b4595725e2e4a81ae5b3e5a83e65215" member_type: VOTER last_known_addr { host: "127.8.149.67" port: 33575 } }
I20260709 13:13:39.339005 10430 consensus_queue.cc:1048] T e180e8073f5d4c00be2aedda6c829758 P 2b4595725e2e4a81ae5b3e5a83e65215 [LEADER]: Connected to new peer: Peer: permanent_uuid: "ae00acb4245a4d3c948df476bce09a93" member_type: VOTER last_known_addr { host: "127.8.149.65" port: 41711 }, Status: LMP_MISMATCH, Last received: 0.0, Next index: 1, Last known committed idx: 0, Time since last communication: 0.000s
I20260709 13:13:39.341694 10093 ts_tablet_manager.cc:1434] T da6f07c20c1448378d8f3df43e44bb43 P ae00acb4245a4d3c948df476bce09a93: Time spent starting tablet: real 0.141s	user 0.007s	sys 0.002s
I20260709 13:13:39.341571  9867 leader_election.cc:304] T 220e2e0a87f24f77b30ee91456e1848b P ae00acb4245a4d3c948df476bce09a93 [CANDIDATE]: Term 1 pre-election: Election decided. Result: candidate lost. Election summary: received 3 responses out of 3 voters: 1 yes votes; 2 no votes. yes voters: ae00acb4245a4d3c948df476bce09a93; no voters: 0e86e2da6c154028961805d0c62809e3, 2b4595725e2e4a81ae5b3e5a83e65215
I20260709 13:13:39.342686 10093 tablet_bootstrap.cc:492] T fb0797a064e449a49357d0953b6781cb P ae00acb4245a4d3c948df476bce09a93: Bootstrap starting.
I20260709 13:13:39.343117 10100 raft_consensus.cc:2749] T 220e2e0a87f24f77b30ee91456e1848b P ae00acb4245a4d3c948df476bce09a93 [term 0 FOLLOWER]: Leader pre-election lost for term 1. Reason: could not achieve majority
I20260709 13:13:39.342844 10091 raft_consensus.cc:359] T 5f9e07aeca984eb691d971c15a7a25dc P 2b4595725e2e4a81ae5b3e5a83e65215 [term 0 FOLLOWER]: Replica starting. Triggering 0 pending ops. Active config: opid_index: -1 OBSOLETE_local: false peers { permanent_uuid: "ae00acb4245a4d3c948df476bce09a93" member_type: VOTER last_known_addr { host: "127.8.149.65" port: 41711 } } peers { permanent_uuid: "0e86e2da6c154028961805d0c62809e3" member_type: VOTER last_known_addr { host: "127.8.149.66" port: 35439 } } peers { permanent_uuid: "2b4595725e2e4a81ae5b3e5a83e65215" member_type: VOTER last_known_addr { host: "127.8.149.67" port: 33575 } }
I20260709 13:13:39.343511 10091 raft_consensus.cc:385] T 5f9e07aeca984eb691d971c15a7a25dc P 2b4595725e2e4a81ae5b3e5a83e65215 [term 0 FOLLOWER]: Consensus starting up: Expiring failure detector timer to make a prompt election more likely
I20260709 13:13:39.343777 10091 raft_consensus.cc:740] T 5f9e07aeca984eb691d971c15a7a25dc P 2b4595725e2e4a81ae5b3e5a83e65215 [term 0 FOLLOWER]: Becoming Follower/Learner. State: Replica: 2b4595725e2e4a81ae5b3e5a83e65215, State: Initialized, Role: FOLLOWER
I20260709 13:13:39.339080 10092 raft_consensus.cc:359] T 69b10215fa0a4aee90aee52852524d31 P 0e86e2da6c154028961805d0c62809e3 [term 0 FOLLOWER]: Replica starting. Triggering 0 pending ops. Active config: opid_index: -1 OBSOLETE_local: false peers { permanent_uuid: "ae00acb4245a4d3c948df476bce09a93" member_type: VOTER last_known_addr { host: "127.8.149.65" port: 41711 } } peers { permanent_uuid: "0e86e2da6c154028961805d0c62809e3" member_type: VOTER last_known_addr { host: "127.8.149.66" port: 35439 } } peers { permanent_uuid: "2b4595725e2e4a81ae5b3e5a83e65215" member_type: VOTER last_known_addr { host: "127.8.149.67" port: 33575 } }
I20260709 13:13:39.346772  9897 raft_consensus.cc:3060] T 220e2e0a87f24f77b30ee91456e1848b P ae00acb4245a4d3c948df476bce09a93 [term 0 FOLLOWER]: Advancing to term 1
I20260709 13:13:39.347009 10092 raft_consensus.cc:385] T 69b10215fa0a4aee90aee52852524d31 P 0e86e2da6c154028961805d0c62809e3 [term 0 FOLLOWER]: Consensus starting up: Expiring failure detector timer to make a prompt election more likely
I20260709 13:13:39.346908 10045 tablet_service.cc:1917] Received RequestConsensusVote() RPC: tablet_id: "014fc0c6c925418dbc2deb08d08365bc" candidate_uuid: "ae00acb4245a4d3c948df476bce09a93" candidate_term: 1 candidate_status { last_received { term: 0 index: 0 } } ignore_live_leader: false dest_uuid: "2b4595725e2e4a81ae5b3e5a83e65215" is_pre_election: true
I20260709 13:13:39.347450 10092 raft_consensus.cc:740] T 69b10215fa0a4aee90aee52852524d31 P 0e86e2da6c154028961805d0c62809e3 [term 0 FOLLOWER]: Becoming Follower/Learner. State: Replica: 0e86e2da6c154028961805d0c62809e3, State: Initialized, Role: FOLLOWER
I20260709 13:13:39.347810 10045 raft_consensus.cc:2468] T 014fc0c6c925418dbc2deb08d08365bc P 2b4595725e2e4a81ae5b3e5a83e65215 [term 0 FOLLOWER]: Leader pre-election vote request: Granting yes vote for candidate ae00acb4245a4d3c948df476bce09a93 in term 0.
I20260709 13:13:39.348101 10092 consensus_queue.cc:260] T 69b10215fa0a4aee90aee52852524d31 P 0e86e2da6c154028961805d0c62809e3 [NON_LEADER]: Queue going to NON_LEADER mode. State: All replicated index: 0, Majority replicated index: 0, Committed index: 0, Last appended: 0.0, Last appended by leader: 0, Current term: 0, Majority size: -1, State: 0, Mode: NON_LEADER, active raft config: opid_index: -1 OBSOLETE_local: false peers { permanent_uuid: "ae00acb4245a4d3c948df476bce09a93" member_type: VOTER last_known_addr { host: "127.8.149.65" port: 41711 } } peers { permanent_uuid: "0e86e2da6c154028961805d0c62809e3" member_type: VOTER last_known_addr { host: "127.8.149.66" port: 35439 } } peers { permanent_uuid: "2b4595725e2e4a81ae5b3e5a83e65215" member_type: VOTER last_known_addr { host: "127.8.149.67" port: 33575 } }
I20260709 13:13:39.349350  9867 leader_election.cc:304] T 014fc0c6c925418dbc2deb08d08365bc P ae00acb4245a4d3c948df476bce09a93 [CANDIDATE]: Term 1 pre-election: Election decided. Result: candidate won. Election summary: received 3 responses out of 3 voters: 2 yes votes; 1 no votes. yes voters: 2b4595725e2e4a81ae5b3e5a83e65215, ae00acb4245a4d3c948df476bce09a93; no voters: 0e86e2da6c154028961805d0c62809e3
I20260709 13:13:39.350034 10100 raft_consensus.cc:2804] T 014fc0c6c925418dbc2deb08d08365bc P ae00acb4245a4d3c948df476bce09a93 [term 0 FOLLOWER]: Leader pre-election won for term 1
I20260709 13:13:39.350387 10100 raft_consensus.cc:493] T 014fc0c6c925418dbc2deb08d08365bc P ae00acb4245a4d3c948df476bce09a93 [term 0 FOLLOWER]: Starting leader election (no leader contacted us within the election timeout)
I20260709 13:13:39.350170 10091 consensus_queue.cc:260] T 5f9e07aeca984eb691d971c15a7a25dc P 2b4595725e2e4a81ae5b3e5a83e65215 [NON_LEADER]: Queue going to NON_LEADER mode. State: All replicated index: 0, Majority replicated index: 0, Committed index: 0, Last appended: 0.0, Last appended by leader: 0, Current term: 0, Majority size: -1, State: 0, Mode: NON_LEADER, active raft config: opid_index: -1 OBSOLETE_local: false peers { permanent_uuid: "ae00acb4245a4d3c948df476bce09a93" member_type: VOTER last_known_addr { host: "127.8.149.65" port: 41711 } } peers { permanent_uuid: "0e86e2da6c154028961805d0c62809e3" member_type: VOTER last_known_addr { host: "127.8.149.66" port: 35439 } } peers { permanent_uuid: "2b4595725e2e4a81ae5b3e5a83e65215" member_type: VOTER last_known_addr { host: "127.8.149.67" port: 33575 } }
I20260709 13:13:39.350709 10100 raft_consensus.cc:3060] T 014fc0c6c925418dbc2deb08d08365bc P ae00acb4245a4d3c948df476bce09a93 [term 0 FOLLOWER]: Advancing to term 1
I20260709 13:13:39.353754 10091 ts_tablet_manager.cc:1434] T 5f9e07aeca984eb691d971c15a7a25dc P 2b4595725e2e4a81ae5b3e5a83e65215: Time spent starting tablet: real 0.026s	user 0.008s	sys 0.000s
I20260709 13:13:39.355213 10092 ts_tablet_manager.cc:1434] T 69b10215fa0a4aee90aee52852524d31 P 0e86e2da6c154028961805d0c62809e3: Time spent starting tablet: real 0.018s	user 0.006s	sys 0.001s
I20260709 13:13:39.356173 10092 tablet_bootstrap.cc:492] T 77c89534f96842e0961f9ccd86d056e6 P 0e86e2da6c154028961805d0c62809e3: Bootstrap starting.
I20260709 13:13:39.359265 10100 raft_consensus.cc:515] T 014fc0c6c925418dbc2deb08d08365bc P ae00acb4245a4d3c948df476bce09a93 [term 1 FOLLOWER]: Starting leader election with config: opid_index: -1 OBSOLETE_local: false peers { permanent_uuid: "ae00acb4245a4d3c948df476bce09a93" member_type: VOTER last_known_addr { host: "127.8.149.65" port: 41711 } } peers { permanent_uuid: "0e86e2da6c154028961805d0c62809e3" member_type: VOTER last_known_addr { host: "127.8.149.66" port: 35439 } } peers { permanent_uuid: "2b4595725e2e4a81ae5b3e5a83e65215" member_type: VOTER last_known_addr { host: "127.8.149.67" port: 33575 } }
I20260709 13:13:39.361301 10091 tablet_bootstrap.cc:492] T ef4b1f3f145242788da08edc9d7a67b8 P 2b4595725e2e4a81ae5b3e5a83e65215: Bootstrap starting.
I20260709 13:13:39.366205  9799 catalog_manager.cc:5697] T 69b10215fa0a4aee90aee52852524d31 P ae00acb4245a4d3c948df476bce09a93 reported cstate change: term changed from 0 to 1, leader changed from <none> to ae00acb4245a4d3c948df476bce09a93 (127.8.149.65). New cstate: current_term: 1 leader_uuid: "ae00acb4245a4d3c948df476bce09a93" committed_config { opid_index: -1 OBSOLETE_local: false peers { permanent_uuid: "ae00acb4245a4d3c948df476bce09a93" member_type: VOTER last_known_addr { host: "127.8.149.65" port: 41711 } health_report { overall_health: HEALTHY } } peers { permanent_uuid: "0e86e2da6c154028961805d0c62809e3" member_type: VOTER last_known_addr { host: "127.8.149.66" port: 35439 } health_report { overall_health: UNKNOWN } } peers { permanent_uuid: "2b4595725e2e4a81ae5b3e5a83e65215" member_type: VOTER last_known_addr { host: "127.8.149.67" port: 33575 } health_report { overall_health: UNKNOWN } } }
I20260709 13:13:39.377950 10100 leader_election.cc:290] T 014fc0c6c925418dbc2deb08d08365bc P ae00acb4245a4d3c948df476bce09a93 [CANDIDATE]: Term 1 election: Requested vote from peers 0e86e2da6c154028961805d0c62809e3 (127.8.149.66:35439), 2b4595725e2e4a81ae5b3e5a83e65215 (127.8.149.67:33575)
I20260709 13:13:39.364456 10415 leader_election.cc:290] T 014fc0c6c925418dbc2deb08d08365bc P ae00acb4245a4d3c948df476bce09a93 [CANDIDATE]: Term 1 pre-election: Requested pre-vote from peers 0e86e2da6c154028961805d0c62809e3 (127.8.149.66:35439), 2b4595725e2e4a81ae5b3e5a83e65215 (127.8.149.67:33575)
I20260709 13:13:39.385715 10046 tablet_service.cc:1917] Received RequestConsensusVote() RPC: tablet_id: "014fc0c6c925418dbc2deb08d08365bc" candidate_uuid: "ae00acb4245a4d3c948df476bce09a93" candidate_term: 1 candidate_status { last_received { term: 0 index: 0 } } ignore_live_leader: false dest_uuid: "2b4595725e2e4a81ae5b3e5a83e65215"
I20260709 13:13:39.393388 10046 raft_consensus.cc:3060] T 014fc0c6c925418dbc2deb08d08365bc P 2b4595725e2e4a81ae5b3e5a83e65215 [term 0 FOLLOWER]: Advancing to term 1
I20260709 13:13:39.399120 10092 tablet_bootstrap.cc:654] T 77c89534f96842e0961f9ccd86d056e6 P 0e86e2da6c154028961805d0c62809e3: Neither blocks nor log segments found. Creating new log.
I20260709 13:13:39.413021 10315 raft_consensus.cc:493] T 69b10215fa0a4aee90aee52852524d31 P 0e86e2da6c154028961805d0c62809e3 [term 0 FOLLOWER]: Starting pre-election (no leader contacted us within the election timeout)
I20260709 13:13:39.417302 10315 raft_consensus.cc:515] T 69b10215fa0a4aee90aee52852524d31 P 0e86e2da6c154028961805d0c62809e3 [term 0 FOLLOWER]: Starting pre-election with config: opid_index: -1 OBSOLETE_local: false peers { permanent_uuid: "ae00acb4245a4d3c948df476bce09a93" member_type: VOTER last_known_addr { host: "127.8.149.65" port: 41711 } } peers { permanent_uuid: "0e86e2da6c154028961805d0c62809e3" member_type: VOTER last_known_addr { host: "127.8.149.66" port: 35439 } } peers { permanent_uuid: "2b4595725e2e4a81ae5b3e5a83e65215" member_type: VOTER last_known_addr { host: "127.8.149.67" port: 33575 } }
I20260709 13:13:39.418186  9973 tablet_service.cc:1917] Received RequestConsensusVote() RPC: tablet_id: "014fc0c6c925418dbc2deb08d08365bc" candidate_uuid: "ae00acb4245a4d3c948df476bce09a93" candidate_term: 1 candidate_status { last_received { term: 0 index: 0 } } ignore_live_leader: false dest_uuid: "0e86e2da6c154028961805d0c62809e3"
I20260709 13:13:39.418944 10091 tablet_bootstrap.cc:654] T ef4b1f3f145242788da08edc9d7a67b8 P 2b4595725e2e4a81ae5b3e5a83e65215: Neither blocks nor log segments found. Creating new log.
W20260709 13:13:39.420239  9866 leader_election.cc:343] T 014fc0c6c925418dbc2deb08d08365bc P ae00acb4245a4d3c948df476bce09a93 [CANDIDATE]: Term 1 election: Tablet error from VoteRequest() call to peer 0e86e2da6c154028961805d0c62809e3 (127.8.149.66:35439): Illegal state: must be running to vote when last-logged opid is not known
I20260709 13:13:39.422115  9896 tablet_service.cc:1917] Received RequestConsensusVote() RPC: tablet_id: "69b10215fa0a4aee90aee52852524d31" candidate_uuid: "0e86e2da6c154028961805d0c62809e3" candidate_term: 1 candidate_status { last_received { term: 0 index: 0 } } ignore_live_leader: false dest_uuid: "ae00acb4245a4d3c948df476bce09a93" is_pre_election: true
I20260709 13:13:39.426667 10045 tablet_service.cc:1917] Received RequestConsensusVote() RPC: tablet_id: "69b10215fa0a4aee90aee52852524d31" candidate_uuid: "0e86e2da6c154028961805d0c62809e3" candidate_term: 1 candidate_status { last_received { term: 0 index: 0 } } ignore_live_leader: false dest_uuid: "2b4595725e2e4a81ae5b3e5a83e65215" is_pre_election: true
I20260709 13:13:39.425951 10315 leader_election.cc:290] T 69b10215fa0a4aee90aee52852524d31 P 0e86e2da6c154028961805d0c62809e3 [CANDIDATE]: Term 1 pre-election: Requested pre-vote from peers ae00acb4245a4d3c948df476bce09a93 (127.8.149.65:41711), 2b4595725e2e4a81ae5b3e5a83e65215 (127.8.149.67:33575)
I20260709 13:13:39.427452 10045 raft_consensus.cc:2393] T 69b10215fa0a4aee90aee52852524d31 P 2b4595725e2e4a81ae5b3e5a83e65215 [term 1 FOLLOWER]: Leader pre-election vote request: Denying vote to candidate 0e86e2da6c154028961805d0c62809e3 in current term 1: Already voted for candidate ae00acb4245a4d3c948df476bce09a93 in this term.
I20260709 13:13:39.427436 10046 raft_consensus.cc:2468] T 014fc0c6c925418dbc2deb08d08365bc P 2b4595725e2e4a81ae5b3e5a83e65215 [term 1 FOLLOWER]: Leader election vote request: Granting yes vote for candidate ae00acb4245a4d3c948df476bce09a93 in term 1.
I20260709 13:13:39.428527  9942 leader_election.cc:304] T 69b10215fa0a4aee90aee52852524d31 P 0e86e2da6c154028961805d0c62809e3 [CANDIDATE]: Term 1 pre-election: Election decided. Result: candidate lost. Election summary: received 3 responses out of 3 voters: 1 yes votes; 2 no votes. yes voters: 0e86e2da6c154028961805d0c62809e3; no voters: 2b4595725e2e4a81ae5b3e5a83e65215, ae00acb4245a4d3c948df476bce09a93
I20260709 13:13:39.425220 10415 raft_consensus.cc:493] T da6f07c20c1448378d8f3df43e44bb43 P ae00acb4245a4d3c948df476bce09a93 [term 0 FOLLOWER]: Starting pre-election (no leader contacted us within the election timeout)
I20260709 13:13:39.429737  9867 leader_election.cc:304] T 014fc0c6c925418dbc2deb08d08365bc P ae00acb4245a4d3c948df476bce09a93 [CANDIDATE]: Term 1 election: Election decided. Result: candidate won. Election summary: received 3 responses out of 3 voters: 2 yes votes; 1 no votes. yes voters: 2b4595725e2e4a81ae5b3e5a83e65215, ae00acb4245a4d3c948df476bce09a93; no voters: 0e86e2da6c154028961805d0c62809e3
I20260709 13:13:39.431375 10315 raft_consensus.cc:3060] T 69b10215fa0a4aee90aee52852524d31 P 0e86e2da6c154028961805d0c62809e3 [term 0 FOLLOWER]: Advancing to term 1
I20260709 13:13:39.432158 10414 raft_consensus.cc:2804] T 014fc0c6c925418dbc2deb08d08365bc P ae00acb4245a4d3c948df476bce09a93 [term 1 FOLLOWER]: Leader election won for term 1
I20260709 13:13:39.432650 10414 raft_consensus.cc:697] T 014fc0c6c925418dbc2deb08d08365bc P ae00acb4245a4d3c948df476bce09a93 [term 1 LEADER]: Becoming Leader. State: Replica: ae00acb4245a4d3c948df476bce09a93, State: Running, Role: LEADER
I20260709 13:13:39.425521 10048 raft_consensus.cc:2468] T 208de8cc4fd5440587f83e0ac636d868 P 2b4595725e2e4a81ae5b3e5a83e65215 [term 1 FOLLOWER]: Leader election vote request: Granting yes vote for candidate 0e86e2da6c154028961805d0c62809e3 in term 1.
I20260709 13:13:39.433467 10414 consensus_queue.cc:237] T 014fc0c6c925418dbc2deb08d08365bc P ae00acb4245a4d3c948df476bce09a93 [LEADER]: Queue going to LEADER mode. State: All replicated index: 0, Majority replicated index: 0, Committed index: 0, Last appended: 0.0, Last appended by leader: 0, Current term: 1, Majority size: 2, State: 0, Mode: LEADER, active raft config: opid_index: -1 OBSOLETE_local: false peers { permanent_uuid: "ae00acb4245a4d3c948df476bce09a93" member_type: VOTER last_known_addr { host: "127.8.149.65" port: 41711 } } peers { permanent_uuid: "0e86e2da6c154028961805d0c62809e3" member_type: VOTER last_known_addr { host: "127.8.149.66" port: 35439 } } peers { permanent_uuid: "2b4595725e2e4a81ae5b3e5a83e65215" member_type: VOTER last_known_addr { host: "127.8.149.67" port: 33575 } }
I20260709 13:13:39.429447 10415 raft_consensus.cc:515] T da6f07c20c1448378d8f3df43e44bb43 P ae00acb4245a4d3c948df476bce09a93 [term 0 FOLLOWER]: Starting pre-election with config: opid_index: -1 OBSOLETE_local: false peers { permanent_uuid: "ae00acb4245a4d3c948df476bce09a93" member_type: VOTER last_known_addr { host: "127.8.149.65" port: 41711 } } peers { permanent_uuid: "0e86e2da6c154028961805d0c62809e3" member_type: VOTER last_known_addr { host: "127.8.149.66" port: 35439 } } peers { permanent_uuid: "2b4595725e2e4a81ae5b3e5a83e65215" member_type: VOTER last_known_addr { host: "127.8.149.67" port: 33575 } }
I20260709 13:13:39.434888  9942 leader_election.cc:304] T 208de8cc4fd5440587f83e0ac636d868 P 0e86e2da6c154028961805d0c62809e3 [CANDIDATE]: Term 1 election: Election decided. Result: candidate won. Election summary: received 3 responses out of 3 voters: 2 yes votes; 1 no votes. yes voters: 0e86e2da6c154028961805d0c62809e3, 2b4595725e2e4a81ae5b3e5a83e65215; no voters: ae00acb4245a4d3c948df476bce09a93
I20260709 13:13:39.435959 10341 raft_consensus.cc:2804] T 208de8cc4fd5440587f83e0ac636d868 P 0e86e2da6c154028961805d0c62809e3 [term 1 FOLLOWER]: Leader election won for term 1
I20260709 13:13:39.436416 10341 raft_consensus.cc:697] T 208de8cc4fd5440587f83e0ac636d868 P 0e86e2da6c154028961805d0c62809e3 [term 1 LEADER]: Becoming Leader. State: Replica: 0e86e2da6c154028961805d0c62809e3, State: Running, Role: LEADER
I20260709 13:13:39.436641 10415 leader_election.cc:290] T da6f07c20c1448378d8f3df43e44bb43 P ae00acb4245a4d3c948df476bce09a93 [CANDIDATE]: Term 1 pre-election: Requested pre-vote from peers 0e86e2da6c154028961805d0c62809e3 (127.8.149.66:35439), 2b4595725e2e4a81ae5b3e5a83e65215 (127.8.149.67:33575)
I20260709 13:13:39.442353  9977 tablet_service.cc:1917] Received RequestConsensusVote() RPC: tablet_id: "da6f07c20c1448378d8f3df43e44bb43" candidate_uuid: "ae00acb4245a4d3c948df476bce09a93" candidate_term: 1 candidate_status { last_received { term: 0 index: 0 } } ignore_live_leader: false dest_uuid: "0e86e2da6c154028961805d0c62809e3" is_pre_election: true
I20260709 13:13:39.437225 10341 consensus_queue.cc:237] T 208de8cc4fd5440587f83e0ac636d868 P 0e86e2da6c154028961805d0c62809e3 [LEADER]: Queue going to LEADER mode. State: All replicated index: 0, Majority replicated index: 0, Committed index: 0, Last appended: 0.0, Last appended by leader: 0, Current term: 1, Majority size: 2, State: 0, Mode: LEADER, active raft config: opid_index: -1 OBSOLETE_local: false peers { permanent_uuid: "ae00acb4245a4d3c948df476bce09a93" member_type: VOTER last_known_addr { host: "127.8.149.65" port: 41711 } } peers { permanent_uuid: "0e86e2da6c154028961805d0c62809e3" member_type: VOTER last_known_addr { host: "127.8.149.66" port: 35439 } } peers { permanent_uuid: "2b4595725e2e4a81ae5b3e5a83e65215" member_type: VOTER last_known_addr { host: "127.8.149.67" port: 33575 } }
I20260709 13:13:39.441298 10048 tablet_service.cc:1917] Received RequestConsensusVote() RPC: tablet_id: "da6f07c20c1448378d8f3df43e44bb43" candidate_uuid: "ae00acb4245a4d3c948df476bce09a93" candidate_term: 1 candidate_status { last_received { term: 0 index: 0 } } ignore_live_leader: false dest_uuid: "2b4595725e2e4a81ae5b3e5a83e65215" is_pre_election: true
I20260709 13:13:39.446389 10048 raft_consensus.cc:2393] T da6f07c20c1448378d8f3df43e44bb43 P 2b4595725e2e4a81ae5b3e5a83e65215 [term 1 FOLLOWER]: Leader pre-election vote request: Denying vote to candidate ae00acb4245a4d3c948df476bce09a93 in current term 1: Already voted for candidate 0e86e2da6c154028961805d0c62809e3 in this term.
I20260709 13:13:39.447369  9867 leader_election.cc:304] T da6f07c20c1448378d8f3df43e44bb43 P ae00acb4245a4d3c948df476bce09a93 [CANDIDATE]: Term 1 pre-election: Election decided. Result: candidate lost. Election summary: received 3 responses out of 3 voters: 1 yes votes; 2 no votes. yes voters: ae00acb4245a4d3c948df476bce09a93; no voters: 0e86e2da6c154028961805d0c62809e3, 2b4595725e2e4a81ae5b3e5a83e65215
I20260709 13:13:39.452893 10091 tablet_bootstrap.cc:492] T ef4b1f3f145242788da08edc9d7a67b8 P 2b4595725e2e4a81ae5b3e5a83e65215: No bootstrap required, opened a new log
I20260709 13:13:39.454154 10091 ts_tablet_manager.cc:1403] T ef4b1f3f145242788da08edc9d7a67b8 P 2b4595725e2e4a81ae5b3e5a83e65215: Time spent bootstrapping tablet: real 0.093s	user 0.009s	sys 0.006s
I20260709 13:13:39.451685 10147 raft_consensus.cc:3060] T da6f07c20c1448378d8f3df43e44bb43 P ae00acb4245a4d3c948df476bce09a93 [term 0 FOLLOWER]: Advancing to term 1
I20260709 13:13:39.455760 10406 raft_consensus.cc:493] T 8e3c6b8773bc4e54b6bf7d7e82a334d6 P 2b4595725e2e4a81ae5b3e5a83e65215 [term 0 FOLLOWER]: Starting pre-election (no leader contacted us within the election timeout)
I20260709 13:13:39.456229 10406 raft_consensus.cc:515] T 8e3c6b8773bc4e54b6bf7d7e82a334d6 P 2b4595725e2e4a81ae5b3e5a83e65215 [term 0 FOLLOWER]: Starting pre-election with config: opid_index: -1 OBSOLETE_local: false peers { permanent_uuid: "ae00acb4245a4d3c948df476bce09a93" member_type: VOTER last_known_addr { host: "127.8.149.65" port: 41711 } } peers { permanent_uuid: "0e86e2da6c154028961805d0c62809e3" member_type: VOTER last_known_addr { host: "127.8.149.66" port: 35439 } } peers { permanent_uuid: "2b4595725e2e4a81ae5b3e5a83e65215" member_type: VOTER last_known_addr { host: "127.8.149.67" port: 33575 } }
I20260709 13:13:39.459030 10406 leader_election.cc:290] T 8e3c6b8773bc4e54b6bf7d7e82a334d6 P 2b4595725e2e4a81ae5b3e5a83e65215 [CANDIDATE]: Term 1 pre-election: Requested pre-vote from peers ae00acb4245a4d3c948df476bce09a93 (127.8.149.65:41711), 0e86e2da6c154028961805d0c62809e3 (127.8.149.66:35439)
I20260709 13:13:39.464340  9971 tablet_service.cc:1917] Received RequestConsensusVote() RPC: tablet_id: "8e3c6b8773bc4e54b6bf7d7e82a334d6" candidate_uuid: "2b4595725e2e4a81ae5b3e5a83e65215" candidate_term: 1 candidate_status { last_received { term: 0 index: 0 } } ignore_live_leader: false dest_uuid: "0e86e2da6c154028961805d0c62809e3" is_pre_election: true
I20260709 13:13:39.466812 10091 raft_consensus.cc:359] T ef4b1f3f145242788da08edc9d7a67b8 P 2b4595725e2e4a81ae5b3e5a83e65215 [term 0 FOLLOWER]: Replica starting. Triggering 0 pending ops. Active config: opid_index: -1 OBSOLETE_local: false peers { permanent_uuid: "ae00acb4245a4d3c948df476bce09a93" member_type: VOTER last_known_addr { host: "127.8.149.65" port: 41711 } } peers { permanent_uuid: "0e86e2da6c154028961805d0c62809e3" member_type: VOTER last_known_addr { host: "127.8.149.66" port: 35439 } } peers { permanent_uuid: "2b4595725e2e4a81ae5b3e5a83e65215" member_type: VOTER last_known_addr { host: "127.8.149.67" port: 33575 } }
I20260709 13:13:39.467495 10091 raft_consensus.cc:385] T ef4b1f3f145242788da08edc9d7a67b8 P 2b4595725e2e4a81ae5b3e5a83e65215 [term 0 FOLLOWER]: Consensus starting up: Expiring failure detector timer to make a prompt election more likely
I20260709 13:13:39.467753 10091 raft_consensus.cc:740] T ef4b1f3f145242788da08edc9d7a67b8 P 2b4595725e2e4a81ae5b3e5a83e65215 [term 0 FOLLOWER]: Becoming Follower/Learner. State: Replica: 2b4595725e2e4a81ae5b3e5a83e65215, State: Initialized, Role: FOLLOWER
I20260709 13:13:39.467796  9896 tablet_service.cc:1917] Received RequestConsensusVote() RPC: tablet_id: "8e3c6b8773bc4e54b6bf7d7e82a334d6" candidate_uuid: "2b4595725e2e4a81ae5b3e5a83e65215" candidate_term: 1 candidate_status { last_received { term: 0 index: 0 } } ignore_live_leader: false dest_uuid: "ae00acb4245a4d3c948df476bce09a93" is_pre_election: true
I20260709 13:13:39.468456 10091 consensus_queue.cc:260] T ef4b1f3f145242788da08edc9d7a67b8 P 2b4595725e2e4a81ae5b3e5a83e65215 [NON_LEADER]: Queue going to NON_LEADER mode. State: All replicated index: 0, Majority replicated index: 0, Committed index: 0, Last appended: 0.0, Last appended by leader: 0, Current term: 0, Majority size: -1, State: 0, Mode: NON_LEADER, active raft config: opid_index: -1 OBSOLETE_local: false peers { permanent_uuid: "ae00acb4245a4d3c948df476bce09a93" member_type: VOTER last_known_addr { host: "127.8.149.65" port: 41711 } } peers { permanent_uuid: "0e86e2da6c154028961805d0c62809e3" member_type: VOTER last_known_addr { host: "127.8.149.66" port: 35439 } } peers { permanent_uuid: "2b4595725e2e4a81ae5b3e5a83e65215" member_type: VOTER last_known_addr { host: "127.8.149.67" port: 33575 } }
W20260709 13:13:39.469987 10016 leader_election.cc:343] T 8e3c6b8773bc4e54b6bf7d7e82a334d6 P 2b4595725e2e4a81ae5b3e5a83e65215 [CANDIDATE]: Term 1 pre-election: Tablet error from VoteRequest() call to peer ae00acb4245a4d3c948df476bce09a93 (127.8.149.65:41711): Illegal state: must be running to vote when last-logged opid is not known
I20260709 13:13:39.472460 10093 tablet_bootstrap.cc:654] T fb0797a064e449a49357d0953b6781cb P ae00acb4245a4d3c948df476bce09a93: Neither blocks nor log segments found. Creating new log.
W20260709 13:13:39.478820 10015 leader_election.cc:343] T 8e3c6b8773bc4e54b6bf7d7e82a334d6 P 2b4595725e2e4a81ae5b3e5a83e65215 [CANDIDATE]: Term 1 pre-election: Tablet error from VoteRequest() call to peer 0e86e2da6c154028961805d0c62809e3 (127.8.149.66:35439): Illegal state: must be running to vote when last-logged opid is not known
I20260709 13:13:39.479300 10015 leader_election.cc:304] T 8e3c6b8773bc4e54b6bf7d7e82a334d6 P 2b4595725e2e4a81ae5b3e5a83e65215 [CANDIDATE]: Term 1 pre-election: Election decided. Result: candidate lost. Election summary: received 3 responses out of 3 voters: 1 yes votes; 2 no votes. yes voters: 2b4595725e2e4a81ae5b3e5a83e65215; no voters: 0e86e2da6c154028961805d0c62809e3, ae00acb4245a4d3c948df476bce09a93
I20260709 13:13:39.480885  9977 raft_consensus.cc:3060] T f4ab77c630b34307bcaee52be76723f2 P 0e86e2da6c154028961805d0c62809e3 [term 0 FOLLOWER]: Advancing to term 1
I20260709 13:13:39.485453 10406 raft_consensus.cc:2749] T 8e3c6b8773bc4e54b6bf7d7e82a334d6 P 2b4595725e2e4a81ae5b3e5a83e65215 [term 0 FOLLOWER]: Leader pre-election lost for term 1. Reason: could not achieve majority
I20260709 13:13:39.500111 10147 raft_consensus.cc:2749] T da6f07c20c1448378d8f3df43e44bb43 P ae00acb4245a4d3c948df476bce09a93 [term 1 FOLLOWER]: Leader pre-election lost for term 1. Reason: could not achieve majority
I20260709 13:13:39.505764 10413 consensus_queue.cc:1048] T c394312419dd4281a1b2098ac96bb1fc P 0e86e2da6c154028961805d0c62809e3 [LEADER]: Connected to new peer: Peer: permanent_uuid: "2b4595725e2e4a81ae5b3e5a83e65215" member_type: VOTER last_known_addr { host: "127.8.149.67" port: 33575 }, Status: LMP_MISMATCH, Last received: 0.0, Next index: 1, Last known committed idx: 0, Time since last communication: 0.000s
I20260709 13:13:39.507326 10315 raft_consensus.cc:2749] T 69b10215fa0a4aee90aee52852524d31 P 0e86e2da6c154028961805d0c62809e3 [term 1 FOLLOWER]: Leader pre-election lost for term 1. Reason: could not achieve majority
I20260709 13:13:39.511519 10092 tablet_bootstrap.cc:492] T 77c89534f96842e0961f9ccd86d056e6 P 0e86e2da6c154028961805d0c62809e3: No bootstrap required, opened a new log
