I20260709 13:13:32.146211 32753 raft_consensus.cc:515] T 8fc7782753ec4fedad2ddf20652d6da7 P 64ddeb0e92d8472fa75e6264aefcc435 [term 0 FOLLOWER]: Starting pre-election with config: opid_index: -1 OBSOLETE_local: false peers { permanent_uuid: "bbd4839a3b90414c9761a26e1aa5793e" member_type: VOTER last_known_addr { host: "127.30.164.193" port: 46031 } } peers { permanent_uuid: "b989a1346830485db705fab16e1f90a3" member_type: VOTER last_known_addr { host: "127.30.164.194" port: 33455 } } peers { permanent_uuid: "64ddeb0e92d8472fa75e6264aefcc435" member_type: VOTER last_known_addr { host: "127.30.164.195" port: 34213 } }
I20260709 13:13:32.160156 32753 leader_election.cc:290] T 8fc7782753ec4fedad2ddf20652d6da7 P 64ddeb0e92d8472fa75e6264aefcc435 [CANDIDATE]: Term 1 pre-election: Requested pre-vote from peers bbd4839a3b90414c9761a26e1aa5793e (127.30.164.193:46031), b989a1346830485db705fab16e1f90a3 (127.30.164.194:33455)
I20260709 13:13:32.162451 32484 tablet_service.cc:1917] Received RequestConsensusVote() RPC: tablet_id: "8fc7782753ec4fedad2ddf20652d6da7" candidate_uuid: "64ddeb0e92d8472fa75e6264aefcc435" candidate_term: 1 candidate_status { last_received { term: 0 index: 0 } } ignore_live_leader: false dest_uuid: "bbd4839a3b90414c9761a26e1aa5793e" is_pre_election: true
W20260709 13:13:32.165652 32603 leader_election.cc:343] T 8fc7782753ec4fedad2ddf20652d6da7 P 64ddeb0e92d8472fa75e6264aefcc435 [CANDIDATE]: Term 1 pre-election: Tablet error from VoteRequest() call to peer bbd4839a3b90414c9761a26e1aa5793e (127.30.164.193:46031): Illegal state: must be running to vote when last-logged opid is not known
I20260709 13:13:32.167631 32563 raft_consensus.cc:2468] T 7ff508cfd78d49b79c0cb57f5d6dcbc5 P b989a1346830485db705fab16e1f90a3 [term 1 FOLLOWER]: Leader election vote request: Granting yes vote for candidate bbd4839a3b90414c9761a26e1aa5793e in term 1.
W20260709 13:13:32.171633 32603 leader_election.cc:343] T b1913b7e0d5b497ebd31469668866f1b P 64ddeb0e92d8472fa75e6264aefcc435 [CANDIDATE]: Term 1 pre-election: Tablet error from VoteRequest() call to peer b989a1346830485db705fab16e1f90a3 (127.30.164.194:33455): Illegal state: must be running to vote when last-logged opid is not known
I20260709 13:13:32.171741 32727 consensus_queue.cc:1048] T cc10a44df83b4a85b8932c05ed5c7bda P bbd4839a3b90414c9761a26e1aa5793e [LEADER]: Connected to new peer: Peer: permanent_uuid: "b989a1346830485db705fab16e1f90a3" member_type: VOTER last_known_addr { host: "127.30.164.194" port: 33455 }, Status: LMP_MISMATCH, Last received: 0.0, Next index: 1, Last known committed idx: 0, Time since last communication: 0.000s
I20260709 13:13:32.172197 32603 leader_election.cc:304] T b1913b7e0d5b497ebd31469668866f1b P 64ddeb0e92d8472fa75e6264aefcc435 [CANDIDATE]: Term 1 pre-election: Election decided. Result: candidate lost. Election summary: received 3 responses out of 3 voters: 1 yes votes; 2 no votes. yes voters: 64ddeb0e92d8472fa75e6264aefcc435; no voters: b989a1346830485db705fab16e1f90a3, bbd4839a3b90414c9761a26e1aa5793e
I20260709 13:13:32.172807 32678 tablet_bootstrap.cc:492] T 22b6e87951f34af79c5f96a97fe66b56 P b989a1346830485db705fab16e1f90a3: No bootstrap required, opened a new log
I20260709 13:13:32.172715   343 raft_consensus.cc:493] T fa64534a57c74149af3fdf37ab7f8e67 P b989a1346830485db705fab16e1f90a3 [term 0 FOLLOWER]: Starting pre-election (no leader contacted us within the election timeout)
I20260709 13:13:32.173313 32678 ts_tablet_manager.cc:1403] T 22b6e87951f34af79c5f96a97fe66b56 P b989a1346830485db705fab16e1f90a3: Time spent bootstrapping tablet: real 0.158s	user 0.019s	sys 0.038s
I20260709 13:13:32.173271   343 raft_consensus.cc:515] T fa64534a57c74149af3fdf37ab7f8e67 P b989a1346830485db705fab16e1f90a3 [term 0 FOLLOWER]: Starting pre-election with config: opid_index: -1 OBSOLETE_local: false peers { permanent_uuid: "bbd4839a3b90414c9761a26e1aa5793e" member_type: VOTER last_known_addr { host: "127.30.164.193" port: 46031 } } peers { permanent_uuid: "b989a1346830485db705fab16e1f90a3" member_type: VOTER last_known_addr { host: "127.30.164.194" port: 33455 } } peers { permanent_uuid: "64ddeb0e92d8472fa75e6264aefcc435" member_type: VOTER last_known_addr { host: "127.30.164.195" port: 34213 } }
I20260709 13:13:32.173868   346 raft_consensus.cc:2749] T b1913b7e0d5b497ebd31469668866f1b P 64ddeb0e92d8472fa75e6264aefcc435 [term 0 FOLLOWER]: Leader pre-election lost for term 1. Reason: could not achieve majority
I20260709 13:13:32.175879   343 leader_election.cc:290] T fa64534a57c74149af3fdf37ab7f8e67 P b989a1346830485db705fab16e1f90a3 [CANDIDATE]: Term 1 pre-election: Requested pre-vote from peers bbd4839a3b90414c9761a26e1aa5793e (127.30.164.193:46031), 64ddeb0e92d8472fa75e6264aefcc435 (127.30.164.195:34213)
I20260709 13:13:32.176052 32634 raft_consensus.cc:2468] T 13089ad4d9c44405916d1f272d9d591f P 64ddeb0e92d8472fa75e6264aefcc435 [term 1 FOLLOWER]: Leader election vote request: Granting yes vote for candidate b989a1346830485db705fab16e1f90a3 in term 1.
I20260709 13:13:32.177609 32636 tablet_service.cc:1917] Received RequestConsensusVote() RPC: tablet_id: "fa64534a57c74149af3fdf37ab7f8e67" candidate_uuid: "b989a1346830485db705fab16e1f90a3" candidate_term: 1 candidate_status { last_received { term: 0 index: 0 } } ignore_live_leader: false dest_uuid: "64ddeb0e92d8472fa75e6264aefcc435" is_pre_election: true
I20260709 13:13:32.177814 32527 leader_election.cc:304] T 13089ad4d9c44405916d1f272d9d591f P b989a1346830485db705fab16e1f90a3 [CANDIDATE]: Term 1 election: Election decided. Result: candidate won. Election summary: received 3 responses out of 3 voters: 2 yes votes; 1 no votes. yes voters: 64ddeb0e92d8472fa75e6264aefcc435, b989a1346830485db705fab16e1f90a3; no voters: bbd4839a3b90414c9761a26e1aa5793e
I20260709 13:13:32.178203 32636 raft_consensus.cc:2468] T fa64534a57c74149af3fdf37ab7f8e67 P 64ddeb0e92d8472fa75e6264aefcc435 [term 0 FOLLOWER]: Leader pre-election vote request: Granting yes vote for candidate b989a1346830485db705fab16e1f90a3 in term 0.
I20260709 13:13:32.178663   343 raft_consensus.cc:2804] T 13089ad4d9c44405916d1f272d9d591f P b989a1346830485db705fab16e1f90a3 [term 1 FOLLOWER]: Leader election won for term 1
I20260709 13:13:32.178808 32678 raft_consensus.cc:359] T 22b6e87951f34af79c5f96a97fe66b56 P b989a1346830485db705fab16e1f90a3 [term 0 FOLLOWER]: Replica starting. Triggering 0 pending ops. Active config: opid_index: -1 OBSOLETE_local: false peers { permanent_uuid: "bbd4839a3b90414c9761a26e1aa5793e" member_type: VOTER last_known_addr { host: "127.30.164.193" port: 46031 } } peers { permanent_uuid: "b989a1346830485db705fab16e1f90a3" member_type: VOTER last_known_addr { host: "127.30.164.194" port: 33455 } } peers { permanent_uuid: "64ddeb0e92d8472fa75e6264aefcc435" member_type: VOTER last_known_addr { host: "127.30.164.195" port: 34213 } }
I20260709 13:13:32.179462 32678 raft_consensus.cc:385] T 22b6e87951f34af79c5f96a97fe66b56 P b989a1346830485db705fab16e1f90a3 [term 0 FOLLOWER]: Consensus starting up: Expiring failure detector timer to make a prompt election more likely
I20260709 13:13:32.179352 32527 leader_election.cc:304] T fa64534a57c74149af3fdf37ab7f8e67 P b989a1346830485db705fab16e1f90a3 [CANDIDATE]: Term 1 pre-election: Election decided. Result: candidate won. Election summary: received 2 responses out of 3 voters: 2 yes votes; 0 no votes. yes voters: 64ddeb0e92d8472fa75e6264aefcc435, b989a1346830485db705fab16e1f90a3; no voters: 
I20260709 13:13:32.179693   343 raft_consensus.cc:697] T 13089ad4d9c44405916d1f272d9d591f P b989a1346830485db705fab16e1f90a3 [term 1 LEADER]: Becoming Leader. State: Replica: b989a1346830485db705fab16e1f90a3, State: Running, Role: LEADER
I20260709 13:13:32.179816 32678 raft_consensus.cc:740] T 22b6e87951f34af79c5f96a97fe66b56 P b989a1346830485db705fab16e1f90a3 [term 0 FOLLOWER]: Becoming Follower/Learner. State: Replica: b989a1346830485db705fab16e1f90a3, State: Initialized, Role: FOLLOWER
I20260709 13:13:32.180246 32684 raft_consensus.cc:2804] T fa64534a57c74149af3fdf37ab7f8e67 P b989a1346830485db705fab16e1f90a3 [term 0 FOLLOWER]: Leader pre-election won for term 1
I20260709 13:13:32.180625 32684 raft_consensus.cc:493] T fa64534a57c74149af3fdf37ab7f8e67 P b989a1346830485db705fab16e1f90a3 [term 0 FOLLOWER]: Starting leader election (no leader contacted us within the election timeout)
I20260709 13:13:32.180580 32678 consensus_queue.cc:260] T 22b6e87951f34af79c5f96a97fe66b56 P b989a1346830485db705fab16e1f90a3 [NON_LEADER]: Queue going to NON_LEADER mode. State: All replicated index: 0, Majority replicated index: 0, Committed index: 0, Last appended: 0.0, Last appended by leader: 0, Current term: 0, Majority size: -1, State: 0, Mode: NON_LEADER, active raft config: opid_index: -1 OBSOLETE_local: false peers { permanent_uuid: "bbd4839a3b90414c9761a26e1aa5793e" member_type: VOTER last_known_addr { host: "127.30.164.193" port: 46031 } } peers { permanent_uuid: "b989a1346830485db705fab16e1f90a3" member_type: VOTER last_known_addr { host: "127.30.164.194" port: 33455 } } peers { permanent_uuid: "64ddeb0e92d8472fa75e6264aefcc435" member_type: VOTER last_known_addr { host: "127.30.164.195" port: 34213 } }
I20260709 13:13:32.181123 32684 raft_consensus.cc:3060] T fa64534a57c74149af3fdf37ab7f8e67 P b989a1346830485db705fab16e1f90a3 [term 0 FOLLOWER]: Advancing to term 1
I20260709 13:13:32.181959 32727 consensus_queue.cc:1048] T 9cf2112a3997495b8d81d7fbad40d1b6 P bbd4839a3b90414c9761a26e1aa5793e [LEADER]: Connected to new peer: Peer: permanent_uuid: "b989a1346830485db705fab16e1f90a3" member_type: VOTER last_known_addr { host: "127.30.164.194" port: 33455 }, Status: LMP_MISMATCH, Last received: 0.0, Next index: 1, Last known committed idx: 0, Time since last communication: 0.000s
I20260709 13:13:32.182775 32678 ts_tablet_manager.cc:1434] T 22b6e87951f34af79c5f96a97fe66b56 P b989a1346830485db705fab16e1f90a3: Time spent starting tablet: real 0.009s	user 0.005s	sys 0.000s
I20260709 13:13:32.183646 32678 tablet_bootstrap.cc:492] T 97933c39170d4e84aaa0487403978c3e P b989a1346830485db705fab16e1f90a3: Bootstrap starting.
I20260709 13:13:32.189309 32680 tablet_bootstrap.cc:654] T 13089ad4d9c44405916d1f272d9d591f P bbd4839a3b90414c9761a26e1aa5793e: Neither blocks nor log segments found. Creating new log.
I20260709 13:13:32.191890 32563 tablet_service.cc:1917] Received RequestConsensusVote() RPC: tablet_id: "8fc7782753ec4fedad2ddf20652d6da7" candidate_uuid: "64ddeb0e92d8472fa75e6264aefcc435" candidate_term: 1 candidate_status { last_received { term: 0 index: 0 } } ignore_live_leader: false dest_uuid: "b989a1346830485db705fab16e1f90a3" is_pre_election: true
I20260709 13:13:32.180645   343 consensus_queue.cc:237] T 13089ad4d9c44405916d1f272d9d591f P b989a1346830485db705fab16e1f90a3 [LEADER]: Queue going to LEADER mode. State: All replicated index: 0, Majority replicated index: 0, Committed index: 0, Last appended: 0.0, Last appended by leader: 0, Current term: 1, Majority size: 2, State: 0, Mode: LEADER, active raft config: opid_index: -1 OBSOLETE_local: false peers { permanent_uuid: "bbd4839a3b90414c9761a26e1aa5793e" member_type: VOTER last_known_addr { host: "127.30.164.193" port: 46031 } } peers { permanent_uuid: "b989a1346830485db705fab16e1f90a3" member_type: VOTER last_known_addr { host: "127.30.164.194" port: 33455 } } peers { permanent_uuid: "64ddeb0e92d8472fa75e6264aefcc435" member_type: VOTER last_known_addr { host: "127.30.164.195" port: 34213 } }
I20260709 13:13:32.194908 32486 tablet_service.cc:1917] Received RequestConsensusVote() RPC: tablet_id: "fa64534a57c74149af3fdf37ab7f8e67" candidate_uuid: "b989a1346830485db705fab16e1f90a3" candidate_term: 1 candidate_status { last_received { term: 0 index: 0 } } ignore_live_leader: false dest_uuid: "bbd4839a3b90414c9761a26e1aa5793e" is_pre_election: true
I20260709 13:13:32.195582 32486 raft_consensus.cc:2468] T fa64534a57c74149af3fdf37ab7f8e67 P bbd4839a3b90414c9761a26e1aa5793e [term 0 FOLLOWER]: Leader pre-election vote request: Granting yes vote for candidate b989a1346830485db705fab16e1f90a3 in term 0.
I20260709 13:13:32.194725 32684 raft_consensus.cc:515] T fa64534a57c74149af3fdf37ab7f8e67 P b989a1346830485db705fab16e1f90a3 [term 1 FOLLOWER]: Starting leader election with config: opid_index: -1 OBSOLETE_local: false peers { permanent_uuid: "bbd4839a3b90414c9761a26e1aa5793e" member_type: VOTER last_known_addr { host: "127.30.164.193" port: 46031 } } peers { permanent_uuid: "b989a1346830485db705fab16e1f90a3" member_type: VOTER last_known_addr { host: "127.30.164.194" port: 33455 } } peers { permanent_uuid: "64ddeb0e92d8472fa75e6264aefcc435" member_type: VOTER last_known_addr { host: "127.30.164.195" port: 34213 } }
W20260709 13:13:32.197610 32603 leader_election.cc:343] T 8fc7782753ec4fedad2ddf20652d6da7 P 64ddeb0e92d8472fa75e6264aefcc435 [CANDIDATE]: Term 1 pre-election: Tablet error from VoteRequest() call to peer b989a1346830485db705fab16e1f90a3 (127.30.164.194:33455): Illegal state: must be running to vote when last-logged opid is not known
I20260709 13:13:32.198181 32603 leader_election.cc:304] T 8fc7782753ec4fedad2ddf20652d6da7 P 64ddeb0e92d8472fa75e6264aefcc435 [CANDIDATE]: Term 1 pre-election: Election decided. Result: candidate lost. Election summary: received 3 responses out of 3 voters: 1 yes votes; 2 no votes. yes voters: 64ddeb0e92d8472fa75e6264aefcc435; no voters: b989a1346830485db705fab16e1f90a3, bbd4839a3b90414c9761a26e1aa5793e
I20260709 13:13:32.198900   346 raft_consensus.cc:2749] T 8fc7782753ec4fedad2ddf20652d6da7 P 64ddeb0e92d8472fa75e6264aefcc435 [term 0 FOLLOWER]: Leader pre-election lost for term 1. Reason: could not achieve majority
I20260709 13:13:32.200745   346 raft_consensus.cc:493] T 97933c39170d4e84aaa0487403978c3e P 64ddeb0e92d8472fa75e6264aefcc435 [term 0 FOLLOWER]: Starting pre-election (no leader contacted us within the election timeout)
I20260709 13:13:32.201140   346 raft_consensus.cc:515] T 97933c39170d4e84aaa0487403978c3e P 64ddeb0e92d8472fa75e6264aefcc435 [term 0 FOLLOWER]: Starting pre-election with config: opid_index: -1 OBSOLETE_local: false peers { permanent_uuid: "bbd4839a3b90414c9761a26e1aa5793e" member_type: VOTER last_known_addr { host: "127.30.164.193" port: 46031 } } peers { permanent_uuid: "b989a1346830485db705fab16e1f90a3" member_type: VOTER last_known_addr { host: "127.30.164.194" port: 33455 } } peers { permanent_uuid: "64ddeb0e92d8472fa75e6264aefcc435" member_type: VOTER last_known_addr { host: "127.30.164.195" port: 34213 } }
I20260709 13:13:32.202663 32677 tablet_bootstrap.cc:654] T b35301c24fda45298519f4be6ed1bf5b P 64ddeb0e92d8472fa75e6264aefcc435: Neither blocks nor log segments found. Creating new log.
I20260709 13:13:32.203598 32684 leader_election.cc:290] T fa64534a57c74149af3fdf37ab7f8e67 P b989a1346830485db705fab16e1f90a3 [CANDIDATE]: Term 1 election: Requested vote from peers bbd4839a3b90414c9761a26e1aa5793e (127.30.164.193:46031), 64ddeb0e92d8472fa75e6264aefcc435 (127.30.164.195:34213)
I20260709 13:13:32.205793   346 leader_election.cc:290] T 97933c39170d4e84aaa0487403978c3e P 64ddeb0e92d8472fa75e6264aefcc435 [CANDIDATE]: Term 1 pre-election: Requested pre-vote from peers bbd4839a3b90414c9761a26e1aa5793e (127.30.164.193:46031), b989a1346830485db705fab16e1f90a3 (127.30.164.194:33455)
I20260709 13:13:32.209043 32636 tablet_service.cc:1917] Received RequestConsensusVote() RPC: tablet_id: "fa64534a57c74149af3fdf37ab7f8e67" candidate_uuid: "b989a1346830485db705fab16e1f90a3" candidate_term: 1 candidate_status { last_received { term: 0 index: 0 } } ignore_live_leader: false dest_uuid: "64ddeb0e92d8472fa75e6264aefcc435"
I20260709 13:13:32.210834 32562 tablet_service.cc:1917] Received RequestConsensusVote() RPC: tablet_id: "97933c39170d4e84aaa0487403978c3e" candidate_uuid: "64ddeb0e92d8472fa75e6264aefcc435" candidate_term: 1 candidate_status { last_received { term: 0 index: 0 } } ignore_live_leader: false dest_uuid: "b989a1346830485db705fab16e1f90a3" is_pre_election: true
I20260709 13:13:32.211484 32636 raft_consensus.cc:3060] T fa64534a57c74149af3fdf37ab7f8e67 P 64ddeb0e92d8472fa75e6264aefcc435 [term 0 FOLLOWER]: Advancing to term 1
W20260709 13:13:32.212162 32603 leader_election.cc:343] T 97933c39170d4e84aaa0487403978c3e P 64ddeb0e92d8472fa75e6264aefcc435 [CANDIDATE]: Term 1 pre-election: Tablet error from VoteRequest() call to peer b989a1346830485db705fab16e1f90a3 (127.30.164.194:33455): Illegal state: must be running to vote when last-logged opid is not known
I20260709 13:13:32.215308 32678 tablet_bootstrap.cc:654] T 97933c39170d4e84aaa0487403978c3e P b989a1346830485db705fab16e1f90a3: Neither blocks nor log segments found. Creating new log.
I20260709 13:13:32.219167 32385 catalog_manager.cc:5697] T 78b38b832ba144c1a52240bf0846f6c2 P b989a1346830485db705fab16e1f90a3 reported cstate change: term changed from 0 to 1, leader changed from <none> to b989a1346830485db705fab16e1f90a3 (127.30.164.194). New cstate: current_term: 1 leader_uuid: "b989a1346830485db705fab16e1f90a3" committed_config { opid_index: -1 OBSOLETE_local: false peers { permanent_uuid: "bbd4839a3b90414c9761a26e1aa5793e" member_type: VOTER last_known_addr { host: "127.30.164.193" port: 46031 } health_report { overall_health: UNKNOWN } } peers { permanent_uuid: "b989a1346830485db705fab16e1f90a3" member_type: VOTER last_known_addr { host: "127.30.164.194" port: 33455 } health_report { overall_health: HEALTHY } } peers { permanent_uuid: "64ddeb0e92d8472fa75e6264aefcc435" member_type: VOTER last_known_addr { host: "127.30.164.195" port: 34213 } health_report { overall_health: UNKNOWN } } }
I20260709 13:13:32.221148 32385 catalog_manager.cc:5697] T 13089ad4d9c44405916d1f272d9d591f P b989a1346830485db705fab16e1f90a3 reported cstate change: term changed from 0 to 1, leader changed from <none> to b989a1346830485db705fab16e1f90a3 (127.30.164.194). New cstate: current_term: 1 leader_uuid: "b989a1346830485db705fab16e1f90a3" committed_config { opid_index: -1 OBSOLETE_local: false peers { permanent_uuid: "bbd4839a3b90414c9761a26e1aa5793e" member_type: VOTER last_known_addr { host: "127.30.164.193" port: 46031 } health_report { overall_health: UNKNOWN } } peers { permanent_uuid: "b989a1346830485db705fab16e1f90a3" member_type: VOTER last_known_addr { host: "127.30.164.194" port: 33455 } health_report { overall_health: HEALTHY } } peers { permanent_uuid: "64ddeb0e92d8472fa75e6264aefcc435" member_type: VOTER last_known_addr { host: "127.30.164.195" port: 34213 } health_report { overall_health: UNKNOWN } } }
I20260709 13:13:32.222579 32636 raft_consensus.cc:2468] T fa64534a57c74149af3fdf37ab7f8e67 P 64ddeb0e92d8472fa75e6264aefcc435 [term 1 FOLLOWER]: Leader election vote request: Granting yes vote for candidate b989a1346830485db705fab16e1f90a3 in term 1.
I20260709 13:13:32.222977 32483 tablet_service.cc:1917] Received RequestConsensusVote() RPC: tablet_id: "fa64534a57c74149af3fdf37ab7f8e67" candidate_uuid: "b989a1346830485db705fab16e1f90a3" candidate_term: 1 candidate_status { last_received { term: 0 index: 0 } } ignore_live_leader: false dest_uuid: "bbd4839a3b90414c9761a26e1aa5793e"
I20260709 13:13:32.223573 32483 raft_consensus.cc:3060] T fa64534a57c74149af3fdf37ab7f8e67 P bbd4839a3b90414c9761a26e1aa5793e [term 0 FOLLOWER]: Advancing to term 1
I20260709 13:13:32.224085 32484 tablet_service.cc:1917] Received RequestConsensusVote() RPC: tablet_id: "97933c39170d4e84aaa0487403978c3e" candidate_uuid: "64ddeb0e92d8472fa75e6264aefcc435" candidate_term: 1 candidate_status { last_received { term: 0 index: 0 } } ignore_live_leader: false dest_uuid: "bbd4839a3b90414c9761a26e1aa5793e" is_pre_election: true
I20260709 13:13:32.224738 32484 raft_consensus.cc:2468] T 97933c39170d4e84aaa0487403978c3e P bbd4839a3b90414c9761a26e1aa5793e [term 0 FOLLOWER]: Leader pre-election vote request: Granting yes vote for candidate 64ddeb0e92d8472fa75e6264aefcc435 in term 0.
I20260709 13:13:32.227558 32527 leader_election.cc:304] T fa64534a57c74149af3fdf37ab7f8e67 P b989a1346830485db705fab16e1f90a3 [CANDIDATE]: Term 1 election: Election decided. Result: candidate won. Election summary: received 2 responses out of 3 voters: 2 yes votes; 0 no votes. yes voters: 64ddeb0e92d8472fa75e6264aefcc435, b989a1346830485db705fab16e1f90a3; no voters: 
I20260709 13:13:32.228621 32684 raft_consensus.cc:2804] T fa64534a57c74149af3fdf37ab7f8e67 P b989a1346830485db705fab16e1f90a3 [term 1 FOLLOWER]: Leader election won for term 1
I20260709 13:13:32.229136 32684 raft_consensus.cc:697] T fa64534a57c74149af3fdf37ab7f8e67 P b989a1346830485db705fab16e1f90a3 [term 1 LEADER]: Becoming Leader. State: Replica: b989a1346830485db705fab16e1f90a3, State: Running, Role: LEADER
I20260709 13:13:32.229375 32603 leader_election.cc:304] T 97933c39170d4e84aaa0487403978c3e P 64ddeb0e92d8472fa75e6264aefcc435 [CANDIDATE]: Term 1 pre-election: Election decided. Result: candidate won. Election summary: received 3 responses out of 3 voters: 2 yes votes; 1 no votes. yes voters: 64ddeb0e92d8472fa75e6264aefcc435, bbd4839a3b90414c9761a26e1aa5793e; no voters: b989a1346830485db705fab16e1f90a3
I20260709 13:13:32.235464 32483 raft_consensus.cc:2468] T fa64534a57c74149af3fdf37ab7f8e67 P bbd4839a3b90414c9761a26e1aa5793e [term 1 FOLLOWER]: Leader election vote request: Granting yes vote for candidate b989a1346830485db705fab16e1f90a3 in term 1.
I20260709 13:13:32.235903   346 raft_consensus.cc:2804] T 97933c39170d4e84aaa0487403978c3e P 64ddeb0e92d8472fa75e6264aefcc435 [term 0 FOLLOWER]: Leader pre-election won for term 1
I20260709 13:13:32.236286   346 raft_consensus.cc:493] T 97933c39170d4e84aaa0487403978c3e P 64ddeb0e92d8472fa75e6264aefcc435 [term 0 FOLLOWER]: Starting leader election (no leader contacted us within the election timeout)
I20260709 13:13:32.236657   346 raft_consensus.cc:3060] T 97933c39170d4e84aaa0487403978c3e P 64ddeb0e92d8472fa75e6264aefcc435 [term 0 FOLLOWER]: Advancing to term 1
I20260709 13:13:32.237700 32677 tablet_bootstrap.cc:492] T b35301c24fda45298519f4be6ed1bf5b P 64ddeb0e92d8472fa75e6264aefcc435: No bootstrap required, opened a new log
I20260709 13:13:32.238109 32677 ts_tablet_manager.cc:1403] T b35301c24fda45298519f4be6ed1bf5b P 64ddeb0e92d8472fa75e6264aefcc435: Time spent bootstrapping tablet: real 0.116s	user 0.012s	sys 0.000s
I20260709 13:13:32.234501 32684 consensus_queue.cc:237] T fa64534a57c74149af3fdf37ab7f8e67 P b989a1346830485db705fab16e1f90a3 [LEADER]: Queue going to LEADER mode. State: All replicated index: 0, Majority replicated index: 0, Committed index: 0, Last appended: 0.0, Last appended by leader: 0, Current term: 1, Majority size: 2, State: 0, Mode: LEADER, active raft config: opid_index: -1 OBSOLETE_local: false peers { permanent_uuid: "bbd4839a3b90414c9761a26e1aa5793e" member_type: VOTER last_known_addr { host: "127.30.164.193" port: 46031 } } peers { permanent_uuid: "b989a1346830485db705fab16e1f90a3" member_type: VOTER last_known_addr { host: "127.30.164.194" port: 33455 } } peers { permanent_uuid: "64ddeb0e92d8472fa75e6264aefcc435" member_type: VOTER last_known_addr { host: "127.30.164.195" port: 34213 } }
I20260709 13:13:32.241520 32680 tablet_bootstrap.cc:492] T 13089ad4d9c44405916d1f272d9d591f P bbd4839a3b90414c9761a26e1aa5793e: No bootstrap required, opened a new log
I20260709 13:13:32.241952 32680 ts_tablet_manager.cc:1403] T 13089ad4d9c44405916d1f272d9d591f P bbd4839a3b90414c9761a26e1aa5793e: Time spent bootstrapping tablet: real 0.222s	user 0.014s	sys 0.001s
I20260709 13:13:32.243288 32677 raft_consensus.cc:359] T b35301c24fda45298519f4be6ed1bf5b P 64ddeb0e92d8472fa75e6264aefcc435 [term 0 FOLLOWER]: Replica starting. Triggering 0 pending ops. Active config: opid_index: -1 OBSOLETE_local: false peers { permanent_uuid: "bbd4839a3b90414c9761a26e1aa5793e" member_type: VOTER last_known_addr { host: "127.30.164.193" port: 46031 } } peers { permanent_uuid: "b989a1346830485db705fab16e1f90a3" member_type: VOTER last_known_addr { host: "127.30.164.194" port: 33455 } } peers { permanent_uuid: "64ddeb0e92d8472fa75e6264aefcc435" member_type: VOTER last_known_addr { host: "127.30.164.195" port: 34213 } }
I20260709 13:13:32.244901 32680 raft_consensus.cc:359] T 13089ad4d9c44405916d1f272d9d591f P bbd4839a3b90414c9761a26e1aa5793e [term 0 FOLLOWER]: Replica starting. Triggering 0 pending ops. Active config: opid_index: -1 OBSOLETE_local: false peers { permanent_uuid: "bbd4839a3b90414c9761a26e1aa5793e" member_type: VOTER last_known_addr { host: "127.30.164.193" port: 46031 } } peers { permanent_uuid: "b989a1346830485db705fab16e1f90a3" member_type: VOTER last_known_addr { host: "127.30.164.194" port: 33455 } } peers { permanent_uuid: "64ddeb0e92d8472fa75e6264aefcc435" member_type: VOTER last_known_addr { host: "127.30.164.195" port: 34213 } }
I20260709 13:13:32.245852 32677 raft_consensus.cc:385] T b35301c24fda45298519f4be6ed1bf5b P 64ddeb0e92d8472fa75e6264aefcc435 [term 0 FOLLOWER]: Consensus starting up: Expiring failure detector timer to make a prompt election more likely
I20260709 13:13:32.245852 32680 raft_consensus.cc:385] T 13089ad4d9c44405916d1f272d9d591f P bbd4839a3b90414c9761a26e1aa5793e [term 0 FOLLOWER]: Consensus starting up: Expiring failure detector timer to make a prompt election more likely
I20260709 13:13:32.246465 32680 raft_consensus.cc:740] T 13089ad4d9c44405916d1f272d9d591f P bbd4839a3b90414c9761a26e1aa5793e [term 0 FOLLOWER]: Becoming Follower/Learner. State: Replica: bbd4839a3b90414c9761a26e1aa5793e, State: Initialized, Role: FOLLOWER
I20260709 13:13:32.246465 32677 raft_consensus.cc:740] T b35301c24fda45298519f4be6ed1bf5b P 64ddeb0e92d8472fa75e6264aefcc435 [term 0 FOLLOWER]: Becoming Follower/Learner. State: Replica: 64ddeb0e92d8472fa75e6264aefcc435, State: Initialized, Role: FOLLOWER
I20260709 13:13:32.247323 32680 consensus_queue.cc:260] T 13089ad4d9c44405916d1f272d9d591f P bbd4839a3b90414c9761a26e1aa5793e [NON_LEADER]: Queue going to NON_LEADER mode. State: All replicated index: 0, Majority replicated index: 0, Committed index: 0, Last appended: 0.0, Last appended by leader: 0, Current term: 0, Majority size: -1, State: 0, Mode: NON_LEADER, active raft config: opid_index: -1 OBSOLETE_local: false peers { permanent_uuid: "bbd4839a3b90414c9761a26e1aa5793e" member_type: VOTER last_known_addr { host: "127.30.164.193" port: 46031 } } peers { permanent_uuid: "b989a1346830485db705fab16e1f90a3" member_type: VOTER last_known_addr { host: "127.30.164.194" port: 33455 } } peers { permanent_uuid: "64ddeb0e92d8472fa75e6264aefcc435" member_type: VOTER last_known_addr { host: "127.30.164.195" port: 34213 } }
I20260709 13:13:32.247686 32677 consensus_queue.cc:260] T b35301c24fda45298519f4be6ed1bf5b P 64ddeb0e92d8472fa75e6264aefcc435 [NON_LEADER]: Queue going to NON_LEADER mode. State: All replicated index: 0, Majority replicated index: 0, Committed index: 0, Last appended: 0.0, Last appended by leader: 0, Current term: 0, Majority size: -1, State: 0, Mode: NON_LEADER, active raft config: opid_index: -1 OBSOLETE_local: false peers { permanent_uuid: "bbd4839a3b90414c9761a26e1aa5793e" member_type: VOTER last_known_addr { host: "127.30.164.193" port: 46031 } } peers { permanent_uuid: "b989a1346830485db705fab16e1f90a3" member_type: VOTER last_known_addr { host: "127.30.164.194" port: 33455 } } peers { permanent_uuid: "64ddeb0e92d8472fa75e6264aefcc435" member_type: VOTER last_known_addr { host: "127.30.164.195" port: 34213 } }
I20260709 13:13:32.249415 32680 ts_tablet_manager.cc:1434] T 13089ad4d9c44405916d1f272d9d591f P bbd4839a3b90414c9761a26e1aa5793e: Time spent starting tablet: real 0.007s	user 0.007s	sys 0.000s
I20260709 13:13:32.251120 32680 tablet_bootstrap.cc:492] T 78b38b832ba144c1a52240bf0846f6c2 P bbd4839a3b90414c9761a26e1aa5793e: Bootstrap starting.
I20260709 13:13:32.246506   346 raft_consensus.cc:515] T 97933c39170d4e84aaa0487403978c3e P 64ddeb0e92d8472fa75e6264aefcc435 [term 1 FOLLOWER]: Starting leader election with config: opid_index: -1 OBSOLETE_local: false peers { permanent_uuid: "bbd4839a3b90414c9761a26e1aa5793e" member_type: VOTER last_known_addr { host: "127.30.164.193" port: 46031 } } peers { permanent_uuid: "b989a1346830485db705fab16e1f90a3" member_type: VOTER last_known_addr { host: "127.30.164.194" port: 33455 } } peers { permanent_uuid: "64ddeb0e92d8472fa75e6264aefcc435" member_type: VOTER last_known_addr { host: "127.30.164.195" port: 34213 } }
I20260709 13:13:32.258318 32677 ts_tablet_manager.cc:1434] T b35301c24fda45298519f4be6ed1bf5b P 64ddeb0e92d8472fa75e6264aefcc435: Time spent starting tablet: real 0.020s	user 0.005s	sys 0.003s
I20260709 13:13:32.258488 32704 raft_consensus.cc:493] T 86211f7e3b88431c80bf4d68f2700ad4 P 64ddeb0e92d8472fa75e6264aefcc435 [term 0 FOLLOWER]: Starting pre-election (no leader contacted us within the election timeout)
I20260709 13:13:32.259169 32704 raft_consensus.cc:515] T 86211f7e3b88431c80bf4d68f2700ad4 P 64ddeb0e92d8472fa75e6264aefcc435 [term 0 FOLLOWER]: Starting pre-election with config: opid_index: -1 OBSOLETE_local: false peers { permanent_uuid: "bbd4839a3b90414c9761a26e1aa5793e" member_type: VOTER last_known_addr { host: "127.30.164.193" port: 46031 } } peers { permanent_uuid: "b989a1346830485db705fab16e1f90a3" member_type: VOTER last_known_addr { host: "127.30.164.194" port: 33455 } } peers { permanent_uuid: "64ddeb0e92d8472fa75e6264aefcc435" member_type: VOTER last_known_addr { host: "127.30.164.195" port: 34213 } }
I20260709 13:13:32.260143 32677 tablet_bootstrap.cc:492] T b3c13e77cc2a45d99d1a6349879a9a13 P 64ddeb0e92d8472fa75e6264aefcc435: Bootstrap starting.
I20260709 13:13:32.268115 32704 leader_election.cc:290] T 86211f7e3b88431c80bf4d68f2700ad4 P 64ddeb0e92d8472fa75e6264aefcc435 [CANDIDATE]: Term 1 pre-election: Requested pre-vote from peers bbd4839a3b90414c9761a26e1aa5793e (127.30.164.193:46031), b989a1346830485db705fab16e1f90a3 (127.30.164.194:33455)
I20260709 13:13:32.268745   346 leader_election.cc:290] T 97933c39170d4e84aaa0487403978c3e P 64ddeb0e92d8472fa75e6264aefcc435 [CANDIDATE]: Term 1 election: Requested vote from peers bbd4839a3b90414c9761a26e1aa5793e (127.30.164.193:46031), b989a1346830485db705fab16e1f90a3 (127.30.164.194:33455)
I20260709 13:13:32.270051 32561 tablet_service.cc:1917] Received RequestConsensusVote() RPC: tablet_id: "86211f7e3b88431c80bf4d68f2700ad4" candidate_uuid: "64ddeb0e92d8472fa75e6264aefcc435" candidate_term: 1 candidate_status { last_received { term: 0 index: 0 } } ignore_live_leader: false dest_uuid: "b989a1346830485db705fab16e1f90a3" is_pre_election: true
I20260709 13:13:32.271724 32484 tablet_service.cc:1917] Received RequestConsensusVote() RPC: tablet_id: "97933c39170d4e84aaa0487403978c3e" candidate_uuid: "64ddeb0e92d8472fa75e6264aefcc435" candidate_term: 1 candidate_status { last_received { term: 0 index: 0 } } ignore_live_leader: false dest_uuid: "bbd4839a3b90414c9761a26e1aa5793e"
I20260709 13:13:32.272523 32484 raft_consensus.cc:3060] T 97933c39170d4e84aaa0487403978c3e P bbd4839a3b90414c9761a26e1aa5793e [term 0 FOLLOWER]: Advancing to term 1
W20260709 13:13:32.273914 32603 leader_election.cc:343] T 86211f7e3b88431c80bf4d68f2700ad4 P 64ddeb0e92d8472fa75e6264aefcc435 [CANDIDATE]: Term 1 pre-election: Tablet error from VoteRequest() call to peer b989a1346830485db705fab16e1f90a3 (127.30.164.194:33455): Illegal state: must be running to vote when last-logged opid is not known
I20260709 13:13:32.283592 32678 tablet_bootstrap.cc:492] T 97933c39170d4e84aaa0487403978c3e P b989a1346830485db705fab16e1f90a3: No bootstrap required, opened a new log
I20260709 13:13:32.284124 32678 ts_tablet_manager.cc:1403] T 97933c39170d4e84aaa0487403978c3e P b989a1346830485db705fab16e1f90a3: Time spent bootstrapping tablet: real 0.101s	user 0.021s	sys 0.017s
I20260709 13:13:32.285382 32483 tablet_service.cc:1917] Received RequestConsensusVote() RPC: tablet_id: "86211f7e3b88431c80bf4d68f2700ad4" candidate_uuid: "64ddeb0e92d8472fa75e6264aefcc435" candidate_term: 1 candidate_status { last_received { term: 0 index: 0 } } ignore_live_leader: false dest_uuid: "bbd4839a3b90414c9761a26e1aa5793e" is_pre_election: true
W20260709 13:13:32.286840 32603 leader_election.cc:343] T 86211f7e3b88431c80bf4d68f2700ad4 P 64ddeb0e92d8472fa75e6264aefcc435 [CANDIDATE]: Term 1 pre-election: Tablet error from VoteRequest() call to peer bbd4839a3b90414c9761a26e1aa5793e (127.30.164.193:46031): Illegal state: must be running to vote when last-logged opid is not known
I20260709 13:13:32.287303 32603 leader_election.cc:304] T 86211f7e3b88431c80bf4d68f2700ad4 P 64ddeb0e92d8472fa75e6264aefcc435 [CANDIDATE]: Term 1 pre-election: Election decided. Result: candidate lost. Election summary: received 3 responses out of 3 voters: 1 yes votes; 2 no votes. yes voters: 64ddeb0e92d8472fa75e6264aefcc435; no voters: b989a1346830485db705fab16e1f90a3, bbd4839a3b90414c9761a26e1aa5793e
I20260709 13:13:32.287982   346 raft_consensus.cc:2749] T 86211f7e3b88431c80bf4d68f2700ad4 P 64ddeb0e92d8472fa75e6264aefcc435 [term 0 FOLLOWER]: Leader pre-election lost for term 1. Reason: could not achieve majority
I20260709 13:13:32.278071 32561 tablet_service.cc:1917] Received RequestConsensusVote() RPC: tablet_id: "97933c39170d4e84aaa0487403978c3e" candidate_uuid: "64ddeb0e92d8472fa75e6264aefcc435" candidate_term: 1 candidate_status { last_received { term: 0 index: 0 } } ignore_live_leader: false dest_uuid: "b989a1346830485db705fab16e1f90a3"
I20260709 13:13:32.289077 32484 raft_consensus.cc:2468] T 97933c39170d4e84aaa0487403978c3e P bbd4839a3b90414c9761a26e1aa5793e [term 1 FOLLOWER]: Leader election vote request: Granting yes vote for candidate 64ddeb0e92d8472fa75e6264aefcc435 in term 1.
I20260709 13:13:32.290300 32603 leader_election.cc:304] T 97933c39170d4e84aaa0487403978c3e P 64ddeb0e92d8472fa75e6264aefcc435 [CANDIDATE]: Term 1 election: Election decided. Result: candidate won. Election summary: received 2 responses out of 3 voters: 2 yes votes; 0 no votes. yes voters: 64ddeb0e92d8472fa75e6264aefcc435, bbd4839a3b90414c9761a26e1aa5793e; no voters: 
I20260709 13:13:32.290417 32678 raft_consensus.cc:359] T 97933c39170d4e84aaa0487403978c3e P b989a1346830485db705fab16e1f90a3 [term 0 FOLLOWER]: Replica starting. Triggering 0 pending ops. Active config: opid_index: -1 OBSOLETE_local: false peers { permanent_uuid: "bbd4839a3b90414c9761a26e1aa5793e" member_type: VOTER last_known_addr { host: "127.30.164.193" port: 46031 } } peers { permanent_uuid: "b989a1346830485db705fab16e1f90a3" member_type: VOTER last_known_addr { host: "127.30.164.194" port: 33455 } } peers { permanent_uuid: "64ddeb0e92d8472fa75e6264aefcc435" member_type: VOTER last_known_addr { host: "127.30.164.195" port: 34213 } }
I20260709 13:13:32.291064 32678 raft_consensus.cc:385] T 97933c39170d4e84aaa0487403978c3e P b989a1346830485db705fab16e1f90a3 [term 0 FOLLOWER]: Consensus starting up: Expiring failure detector timer to make a prompt election more likely
I20260709 13:13:32.291030 32704 raft_consensus.cc:2804] T 97933c39170d4e84aaa0487403978c3e P 64ddeb0e92d8472fa75e6264aefcc435 [term 1 FOLLOWER]: Leader election won for term 1
I20260709 13:13:32.291492 32678 raft_consensus.cc:740] T 97933c39170d4e84aaa0487403978c3e P b989a1346830485db705fab16e1f90a3 [term 0 FOLLOWER]: Becoming Follower/Learner. State: Replica: b989a1346830485db705fab16e1f90a3, State: Initialized, Role: FOLLOWER
I20260709 13:13:32.291678 32704 raft_consensus.cc:697] T 97933c39170d4e84aaa0487403978c3e P 64ddeb0e92d8472fa75e6264aefcc435 [term 1 LEADER]: Becoming Leader. State: Replica: 64ddeb0e92d8472fa75e6264aefcc435, State: Running, Role: LEADER
I20260709 13:13:32.292331 32678 consensus_queue.cc:260] T 97933c39170d4e84aaa0487403978c3e P b989a1346830485db705fab16e1f90a3 [NON_LEADER]: Queue going to NON_LEADER mode. State: All replicated index: 0, Majority replicated index: 0, Committed index: 0, Last appended: 0.0, Last appended by leader: 0, Current term: 0, Majority size: -1, State: 0, Mode: NON_LEADER, active raft config: opid_index: -1 OBSOLETE_local: false peers { permanent_uuid: "bbd4839a3b90414c9761a26e1aa5793e" member_type: VOTER last_known_addr { host: "127.30.164.193" port: 46031 } } peers { permanent_uuid: "b989a1346830485db705fab16e1f90a3" member_type: VOTER last_known_addr { host: "127.30.164.194" port: 33455 } } peers { permanent_uuid: "64ddeb0e92d8472fa75e6264aefcc435" member_type: VOTER last_known_addr { host: "127.30.164.195" port: 34213 } }
I20260709 13:13:32.291749 32680 tablet_bootstrap.cc:654] T 78b38b832ba144c1a52240bf0846f6c2 P bbd4839a3b90414c9761a26e1aa5793e: Neither blocks nor log segments found. Creating new log.
I20260709 13:13:32.292582 32704 consensus_queue.cc:237] T 97933c39170d4e84aaa0487403978c3e P 64ddeb0e92d8472fa75e6264aefcc435 [LEADER]: Queue going to LEADER mode. State: All replicated index: 0, Majority replicated index: 0, Committed index: 0, Last appended: 0.0, Last appended by leader: 0, Current term: 1, Majority size: 2, State: 0, Mode: LEADER, active raft config: opid_index: -1 OBSOLETE_local: false peers { permanent_uuid: "bbd4839a3b90414c9761a26e1aa5793e" member_type: VOTER last_known_addr { host: "127.30.164.193" port: 46031 } } peers { permanent_uuid: "b989a1346830485db705fab16e1f90a3" member_type: VOTER last_known_addr { host: "127.30.164.194" port: 33455 } } peers { permanent_uuid: "64ddeb0e92d8472fa75e6264aefcc435" member_type: VOTER last_known_addr { host: "127.30.164.195" port: 34213 } }
I20260709 13:13:32.294823 32678 ts_tablet_manager.cc:1434] T 97933c39170d4e84aaa0487403978c3e P b989a1346830485db705fab16e1f90a3: Time spent starting tablet: real 0.010s	user 0.004s	sys 0.000s
I20260709 13:13:32.295684 32678 tablet_bootstrap.cc:492] T 86211f7e3b88431c80bf4d68f2700ad4 P b989a1346830485db705fab16e1f90a3: Bootstrap starting.
I20260709 13:13:32.298177 32677 tablet_bootstrap.cc:654] T b3c13e77cc2a45d99d1a6349879a9a13 P 64ddeb0e92d8472fa75e6264aefcc435: Neither blocks nor log segments found. Creating new log.
I20260709 13:13:32.288041 32385 catalog_manager.cc:5697] T fa64534a57c74149af3fdf37ab7f8e67 P b989a1346830485db705fab16e1f90a3 reported cstate change: term changed from 0 to 1, leader changed from <none> to b989a1346830485db705fab16e1f90a3 (127.30.164.194). New cstate: current_term: 1 leader_uuid: "b989a1346830485db705fab16e1f90a3" committed_config { opid_index: -1 OBSOLETE_local: false peers { permanent_uuid: "bbd4839a3b90414c9761a26e1aa5793e" member_type: VOTER last_known_addr { host: "127.30.164.193" port: 46031 } health_report { overall_health: UNKNOWN } } peers { permanent_uuid: "b989a1346830485db705fab16e1f90a3" member_type: VOTER last_known_addr { host: "127.30.164.194" port: 33455 } health_report { overall_health: HEALTHY } } peers { permanent_uuid: "64ddeb0e92d8472fa75e6264aefcc435" member_type: VOTER last_known_addr { host: "127.30.164.195" port: 34213 } health_report { overall_health: UNKNOWN } } }
I20260709 13:13:32.300277 32727 consensus_queue.cc:1048] T 98e1aabe01a545948254eae07683d23a P bbd4839a3b90414c9761a26e1aa5793e [LEADER]: Connected to new peer: Peer: permanent_uuid: "64ddeb0e92d8472fa75e6264aefcc435" member_type: VOTER last_known_addr { host: "127.30.164.195" port: 34213 }, Status: LMP_MISMATCH, Last received: 0.0, Next index: 1, Last known committed idx: 0, Time since last communication: 0.000s
I20260709 13:13:32.301270 32678 tablet_bootstrap.cc:654] T 86211f7e3b88431c80bf4d68f2700ad4 P b989a1346830485db705fab16e1f90a3: Neither blocks nor log segments found. Creating new log.
W20260709 13:13:32.305742 32603 leader_election.cc:343] T 97933c39170d4e84aaa0487403978c3e P 64ddeb0e92d8472fa75e6264aefcc435 [CANDIDATE]: Term 1 election: Tablet error from VoteRequest() call to peer b989a1346830485db705fab16e1f90a3 (127.30.164.194:33455): Illegal state: must be running to vote when last-logged opid is not known
I20260709 13:13:32.306664 32680 tablet_bootstrap.cc:492] T 78b38b832ba144c1a52240bf0846f6c2 P bbd4839a3b90414c9761a26e1aa5793e: No bootstrap required, opened a new log
I20260709 13:13:32.309780 32680 ts_tablet_manager.cc:1403] T 78b38b832ba144c1a52240bf0846f6c2 P bbd4839a3b90414c9761a26e1aa5793e: Time spent bootstrapping tablet: real 0.059s	user 0.006s	sys 0.006s
I20260709 13:13:32.309234 32678 tablet_bootstrap.cc:492] T 86211f7e3b88431c80bf4d68f2700ad4 P b989a1346830485db705fab16e1f90a3: No bootstrap required, opened a new log
I20260709 13:13:32.312901 32678 ts_tablet_manager.cc:1403] T 86211f7e3b88431c80bf4d68f2700ad4 P b989a1346830485db705fab16e1f90a3: Time spent bootstrapping tablet: real 0.017s	user 0.006s	sys 0.004s
I20260709 13:13:32.316051 32678 raft_consensus.cc:359] T 86211f7e3b88431c80bf4d68f2700ad4 P b989a1346830485db705fab16e1f90a3 [term 0 FOLLOWER]: Replica starting. Triggering 0 pending ops. Active config: opid_index: -1 OBSOLETE_local: false peers { permanent_uuid: "bbd4839a3b90414c9761a26e1aa5793e" member_type: VOTER last_known_addr { host: "127.30.164.193" port: 46031 } } peers { permanent_uuid: "b989a1346830485db705fab16e1f90a3" member_type: VOTER last_known_addr { host: "127.30.164.194" port: 33455 } } peers { permanent_uuid: "64ddeb0e92d8472fa75e6264aefcc435" member_type: VOTER last_known_addr { host: "127.30.164.195" port: 34213 } }
I20260709 13:13:32.316879 32678 raft_consensus.cc:385] T 86211f7e3b88431c80bf4d68f2700ad4 P b989a1346830485db705fab16e1f90a3 [term 0 FOLLOWER]: Consensus starting up: Expiring failure detector timer to make a prompt election more likely
I20260709 13:13:32.316741 32680 raft_consensus.cc:359] T 78b38b832ba144c1a52240bf0846f6c2 P bbd4839a3b90414c9761a26e1aa5793e [term 0 FOLLOWER]: Replica starting. Triggering 0 pending ops. Active config: opid_index: -1 OBSOLETE_local: false peers { permanent_uuid: "bbd4839a3b90414c9761a26e1aa5793e" member_type: VOTER last_known_addr { host: "127.30.164.193" port: 46031 } } peers { permanent_uuid: "b989a1346830485db705fab16e1f90a3" member_type: VOTER last_known_addr { host: "127.30.164.194" port: 33455 } } peers { permanent_uuid: "64ddeb0e92d8472fa75e6264aefcc435" member_type: VOTER last_known_addr { host: "127.30.164.195" port: 34213 } }
I20260709 13:13:32.317412 32680 raft_consensus.cc:385] T 78b38b832ba144c1a52240bf0846f6c2 P bbd4839a3b90414c9761a26e1aa5793e [term 0 FOLLOWER]: Consensus starting up: Expiring failure detector timer to make a prompt election more likely
I20260709 13:13:32.317734 32680 raft_consensus.cc:740] T 78b38b832ba144c1a52240bf0846f6c2 P bbd4839a3b90414c9761a26e1aa5793e [term 0 FOLLOWER]: Becoming Follower/Learner. State: Replica: bbd4839a3b90414c9761a26e1aa5793e, State: Initialized, Role: FOLLOWER
I20260709 13:13:32.318337 32680 consensus_queue.cc:260] T 78b38b832ba144c1a52240bf0846f6c2 P bbd4839a3b90414c9761a26e1aa5793e [NON_LEADER]: Queue going to NON_LEADER mode. State: All replicated index: 0, Majority replicated index: 0, Committed index: 0, Last appended: 0.0, Last appended by leader: 0, Current term: 0, Majority size: -1, State: 0, Mode: NON_LEADER, active raft config: opid_index: -1 OBSOLETE_local: false peers { permanent_uuid: "bbd4839a3b90414c9761a26e1aa5793e" member_type: VOTER last_known_addr { host: "127.30.164.193" port: 46031 } } peers { permanent_uuid: "b989a1346830485db705fab16e1f90a3" member_type: VOTER last_known_addr { host: "127.30.164.194" port: 33455 } } peers { permanent_uuid: "64ddeb0e92d8472fa75e6264aefcc435" member_type: VOTER last_known_addr { host: "127.30.164.195" port: 34213 } }
I20260709 13:13:32.317298 32678 raft_consensus.cc:740] T 86211f7e3b88431c80bf4d68f2700ad4 P b989a1346830485db705fab16e1f90a3 [term 0 FOLLOWER]: Becoming Follower/Learner. State: Replica: b989a1346830485db705fab16e1f90a3, State: Initialized, Role: FOLLOWER
I20260709 13:13:32.319679 32678 consensus_queue.cc:260] T 86211f7e3b88431c80bf4d68f2700ad4 P b989a1346830485db705fab16e1f90a3 [NON_LEADER]: Queue going to NON_LEADER mode. State: All replicated index: 0, Majority replicated index: 0, Committed index: 0, Last appended: 0.0, Last appended by leader: 0, Current term: 0, Majority size: -1, State: 0, Mode: NON_LEADER, active raft config: opid_index: -1 OBSOLETE_local: false peers { permanent_uuid: "bbd4839a3b90414c9761a26e1aa5793e" member_type: VOTER last_known_addr { host: "127.30.164.193" port: 46031 } } peers { permanent_uuid: "b989a1346830485db705fab16e1f90a3" member_type: VOTER last_known_addr { host: "127.30.164.194" port: 33455 } } peers { permanent_uuid: "64ddeb0e92d8472fa75e6264aefcc435" member_type: VOTER last_known_addr { host: "127.30.164.195" port: 34213 } }
I20260709 13:13:32.321574 32678 ts_tablet_manager.cc:1434] T 86211f7e3b88431c80bf4d68f2700ad4 P b989a1346830485db705fab16e1f90a3: Time spent starting tablet: real 0.008s	user 0.005s	sys 0.000s
I20260709 13:13:32.329530 32678 tablet_bootstrap.cc:492] T b3c13e77cc2a45d99d1a6349879a9a13 P b989a1346830485db705fab16e1f90a3: Bootstrap starting.
I20260709 13:13:32.338840 32680 ts_tablet_manager.cc:1434] T 78b38b832ba144c1a52240bf0846f6c2 P bbd4839a3b90414c9761a26e1aa5793e: Time spent starting tablet: real 0.029s	user 0.005s	sys 0.000s
I20260709 13:13:32.339263 32727 consensus_queue.cc:1048] T 98e1aabe01a545948254eae07683d23a P bbd4839a3b90414c9761a26e1aa5793e [LEADER]: Connected to new peer: Peer: permanent_uuid: "b989a1346830485db705fab16e1f90a3" member_type: VOTER last_known_addr { host: "127.30.164.194" port: 33455 }, Status: LMP_MISMATCH, Last received: 0.0, Next index: 1, Last known committed idx: 0, Time since last communication: 0.000s
I20260709 13:13:32.339792 32680 tablet_bootstrap.cc:492] T 22b6e87951f34af79c5f96a97fe66b56 P bbd4839a3b90414c9761a26e1aa5793e: Bootstrap starting.
I20260709 13:13:32.341058 32727 consensus_queue.cc:1048] T 09c461a57b0944dc87f3f109a42c396b P bbd4839a3b90414c9761a26e1aa5793e [LEADER]: Connected to new peer: Peer: permanent_uuid: "64ddeb0e92d8472fa75e6264aefcc435" member_type: VOTER last_known_addr { host: "127.30.164.195" port: 34213 }, Status: LMP_MISMATCH, Last received: 0.0, Next index: 1, Last known committed idx: 0, Time since last communication: 0.000s
I20260709 13:13:32.345506 32678 tablet_bootstrap.cc:654] T b3c13e77cc2a45d99d1a6349879a9a13 P b989a1346830485db705fab16e1f90a3: Neither blocks nor log segments found. Creating new log.
I20260709 13:13:32.352610 32680 tablet_bootstrap.cc:654] T 22b6e87951f34af79c5f96a97fe66b56 P bbd4839a3b90414c9761a26e1aa5793e: Neither blocks nor log segments found. Creating new log.
I20260709 13:13:32.352651 32386 catalog_manager.cc:5697] T 97933c39170d4e84aaa0487403978c3e P 64ddeb0e92d8472fa75e6264aefcc435 reported cstate change: term changed from 0 to 1, leader changed from <none> to 64ddeb0e92d8472fa75e6264aefcc435 (127.30.164.195). New cstate: current_term: 1 leader_uuid: "64ddeb0e92d8472fa75e6264aefcc435" committed_config { opid_index: -1 OBSOLETE_local: false peers { permanent_uuid: "bbd4839a3b90414c9761a26e1aa5793e" member_type: VOTER last_known_addr { host: "127.30.164.193" port: 46031 } health_report { overall_health: UNKNOWN } } peers { permanent_uuid: "b989a1346830485db705fab16e1f90a3" member_type: VOTER last_known_addr { host: "127.30.164.194" port: 33455 } health_report { overall_health: UNKNOWN } } peers { permanent_uuid: "64ddeb0e92d8472fa75e6264aefcc435" member_type: VOTER last_known_addr { host: "127.30.164.195" port: 34213 } health_report { overall_health: HEALTHY } } }
I20260709 13:13:32.357280   301 consensus_queue.cc:1048] T 09c461a57b0944dc87f3f109a42c396b P bbd4839a3b90414c9761a26e1aa5793e [LEADER]: Connected to new peer: Peer: permanent_uuid: "b989a1346830485db705fab16e1f90a3" member_type: VOTER last_known_addr { host: "127.30.164.194" port: 33455 }, Status: LMP_MISMATCH, Last received: 0.0, Next index: 1, Last known committed idx: 0, Time since last communication: 0.000s
I20260709 13:13:32.364842 32677 tablet_bootstrap.cc:492] T b3c13e77cc2a45d99d1a6349879a9a13 P 64ddeb0e92d8472fa75e6264aefcc435: No bootstrap required, opened a new log
I20260709 13:13:32.365327 32677 ts_tablet_manager.cc:1403] T b3c13e77cc2a45d99d1a6349879a9a13 P 64ddeb0e92d8472fa75e6264aefcc435: Time spent bootstrapping tablet: real 0.106s	user 0.027s	sys 0.012s
I20260709 13:13:32.367987 32677 raft_consensus.cc:359] T b3c13e77cc2a45d99d1a6349879a9a13 P 64ddeb0e92d8472fa75e6264aefcc435 [term 0 FOLLOWER]: Replica starting. Triggering 0 pending ops. Active config: opid_index: -1 OBSOLETE_local: false peers { permanent_uuid: "bbd4839a3b90414c9761a26e1aa5793e" member_type: VOTER last_known_addr { host: "127.30.164.193" port: 46031 } } peers { permanent_uuid: "b989a1346830485db705fab16e1f90a3" member_type: VOTER last_known_addr { host: "127.30.164.194" port: 33455 } } peers { permanent_uuid: "64ddeb0e92d8472fa75e6264aefcc435" member_type: VOTER last_known_addr { host: "127.30.164.195" port: 34213 } }
I20260709 13:13:32.368609 32684 raft_consensus.cc:493] T 86211f7e3b88431c80bf4d68f2700ad4 P b989a1346830485db705fab16e1f90a3 [term 0 FOLLOWER]: Starting pre-election (no leader contacted us within the election timeout)
I20260709 13:13:32.368898 32677 raft_consensus.cc:385] T b3c13e77cc2a45d99d1a6349879a9a13 P 64ddeb0e92d8472fa75e6264aefcc435 [term 0 FOLLOWER]: Consensus starting up: Expiring failure detector timer to make a prompt election more likely
I20260709 13:13:32.369131 32684 raft_consensus.cc:515] T 86211f7e3b88431c80bf4d68f2700ad4 P b989a1346830485db705fab16e1f90a3 [term 0 FOLLOWER]: Starting pre-election with config: opid_index: -1 OBSOLETE_local: false peers { permanent_uuid: "bbd4839a3b90414c9761a26e1aa5793e" member_type: VOTER last_known_addr { host: "127.30.164.193" port: 46031 } } peers { permanent_uuid: "b989a1346830485db705fab16e1f90a3" member_type: VOTER last_known_addr { host: "127.30.164.194" port: 33455 } } peers { permanent_uuid: "64ddeb0e92d8472fa75e6264aefcc435" member_type: VOTER last_known_addr { host: "127.30.164.195" port: 34213 } }
I20260709 13:13:32.369307 32677 raft_consensus.cc:740] T b3c13e77cc2a45d99d1a6349879a9a13 P 64ddeb0e92d8472fa75e6264aefcc435 [term 0 FOLLOWER]: Becoming Follower/Learner. State: Replica: 64ddeb0e92d8472fa75e6264aefcc435, State: Initialized, Role: FOLLOWER
