I20260709 13:13:16.614060  2860 raft_consensus.cc:740] T f52909b463f4419fb7780b817676739e P 0482c953261d4b118ddb06ca8123f919 [term 0 FOLLOWER]: Becoming Follower/Learner. State: Replica: 0482c953261d4b118ddb06ca8123f919, State: Initialized, Role: FOLLOWER
I20260709 13:13:16.615146  2860 consensus_queue.cc:260] T f52909b463f4419fb7780b817676739e P 0482c953261d4b118ddb06ca8123f919 [NON_LEADER]: Queue going to NON_LEADER mode. State: All replicated index: 0, Majority replicated index: 0, Committed index: 0, Last appended: 0.0, Last appended by leader: 0, Current term: 0, Majority size: -1, State: 0, Mode: NON_LEADER, active raft config: opid_index: -1 OBSOLETE_local: false peers { permanent_uuid: "678c4d9c315d4937af41a60b4421c025" member_type: VOTER last_known_addr { host: "127.1.248.1" port: 36081 } } peers { permanent_uuid: "0482c953261d4b118ddb06ca8123f919" member_type: VOTER last_known_addr { host: "127.1.248.2" port: 43033 } } peers { permanent_uuid: "488d4e429eca40e4a796624881b96db6" member_type: VOTER last_known_addr { host: "127.1.248.3" port: 35053 } }
I20260709 13:13:16.629235  2865 raft_consensus.cc:493] T b1f816d1bf2d4e32af7564769cac3fea P 678c4d9c315d4937af41a60b4421c025 [term 0 FOLLOWER]: Starting pre-election (no leader contacted us within the election timeout)
I20260709 13:13:16.629966  2865 raft_consensus.cc:515] T b1f816d1bf2d4e32af7564769cac3fea P 678c4d9c315d4937af41a60b4421c025 [term 0 FOLLOWER]: Starting pre-election with config: opid_index: -1 OBSOLETE_local: false peers { permanent_uuid: "678c4d9c315d4937af41a60b4421c025" member_type: VOTER last_known_addr { host: "127.1.248.1" port: 36081 } } peers { permanent_uuid: "0482c953261d4b118ddb06ca8123f919" member_type: VOTER last_known_addr { host: "127.1.248.2" port: 43033 } } peers { permanent_uuid: "488d4e429eca40e4a796624881b96db6" member_type: VOTER last_known_addr { host: "127.1.248.3" port: 35053 } }
I20260709 13:13:16.637881  2865 leader_election.cc:290] T b1f816d1bf2d4e32af7564769cac3fea P 678c4d9c315d4937af41a60b4421c025 [CANDIDATE]: Term 1 pre-election: Requested pre-vote from peers 0482c953261d4b118ddb06ca8123f919 (127.1.248.2:43033), 488d4e429eca40e4a796624881b96db6 (127.1.248.3:35053)
I20260709 13:13:16.655441  2866 raft_consensus.cc:493] T d5d6f511881048708cc5ce1567ae54ec P 0482c953261d4b118ddb06ca8123f919 [term 0 FOLLOWER]: Starting pre-election (no leader contacted us within the election timeout)
I20260709 13:13:16.657006  2866 raft_consensus.cc:515] T d5d6f511881048708cc5ce1567ae54ec P 0482c953261d4b118ddb06ca8123f919 [term 0 FOLLOWER]: Starting pre-election with config: opid_index: -1 OBSOLETE_local: false peers { permanent_uuid: "678c4d9c315d4937af41a60b4421c025" member_type: VOTER last_known_addr { host: "127.1.248.1" port: 36081 } } peers { permanent_uuid: "0482c953261d4b118ddb06ca8123f919" member_type: VOTER last_known_addr { host: "127.1.248.2" port: 43033 } } peers { permanent_uuid: "488d4e429eca40e4a796624881b96db6" member_type: VOTER last_known_addr { host: "127.1.248.3" port: 35053 } }
I20260709 13:13:16.662089  2861 raft_consensus.cc:493] T 4520d2b1331d44cb8b73afef27263004 P 488d4e429eca40e4a796624881b96db6 [term 0 FOLLOWER]: Starting pre-election (no leader contacted us within the election timeout)
I20260709 13:13:16.662578  2861 raft_consensus.cc:515] T 4520d2b1331d44cb8b73afef27263004 P 488d4e429eca40e4a796624881b96db6 [term 0 FOLLOWER]: Starting pre-election with config: opid_index: -1 OBSOLETE_local: false peers { permanent_uuid: "678c4d9c315d4937af41a60b4421c025" member_type: VOTER last_known_addr { host: "127.1.248.1" port: 36081 } } peers { permanent_uuid: "0482c953261d4b118ddb06ca8123f919" member_type: VOTER last_known_addr { host: "127.1.248.2" port: 43033 } } peers { permanent_uuid: "488d4e429eca40e4a796624881b96db6" member_type: VOTER last_known_addr { host: "127.1.248.3" port: 35053 } }
I20260709 13:13:16.655995  2872 raft_consensus.cc:493] T 65dc314d2c7947e79d10e2e5dca9962a P 0482c953261d4b118ddb06ca8123f919 [term 0 FOLLOWER]: Starting pre-election (no leader contacted us within the election timeout)
I20260709 13:13:16.663625  2872 raft_consensus.cc:515] T 65dc314d2c7947e79d10e2e5dca9962a P 0482c953261d4b118ddb06ca8123f919 [term 0 FOLLOWER]: Starting pre-election with config: opid_index: -1 OBSOLETE_local: false peers { permanent_uuid: "678c4d9c315d4937af41a60b4421c025" member_type: VOTER last_known_addr { host: "127.1.248.1" port: 36081 } } peers { permanent_uuid: "0482c953261d4b118ddb06ca8123f919" member_type: VOTER last_known_addr { host: "127.1.248.2" port: 43033 } } peers { permanent_uuid: "488d4e429eca40e4a796624881b96db6" member_type: VOTER last_known_addr { host: "127.1.248.3" port: 35053 } }
I20260709 13:13:16.669886  2872 leader_election.cc:290] T 65dc314d2c7947e79d10e2e5dca9962a P 0482c953261d4b118ddb06ca8123f919 [CANDIDATE]: Term 1 pre-election: Requested pre-vote from peers 678c4d9c315d4937af41a60b4421c025 (127.1.248.1:36081), 488d4e429eca40e4a796624881b96db6 (127.1.248.3:35053)
I20260709 13:13:16.673667  2861 leader_election.cc:290] T 4520d2b1331d44cb8b73afef27263004 P 488d4e429eca40e4a796624881b96db6 [CANDIDATE]: Term 1 pre-election: Requested pre-vote from peers 678c4d9c315d4937af41a60b4421c025 (127.1.248.1:36081), 0482c953261d4b118ddb06ca8123f919 (127.1.248.2:43033)
I20260709 13:13:16.673949  2857 tablet_bootstrap.cc:654] T 65dc314d2c7947e79d10e2e5dca9962a P 678c4d9c315d4937af41a60b4421c025: Neither blocks nor log segments found. Creating new log.
I20260709 13:13:16.697356  2866 leader_election.cc:290] T d5d6f511881048708cc5ce1567ae54ec P 0482c953261d4b118ddb06ca8123f919 [CANDIDATE]: Term 1 pre-election: Requested pre-vote from peers 678c4d9c315d4937af41a60b4421c025 (127.1.248.1:36081), 488d4e429eca40e4a796624881b96db6 (127.1.248.3:35053)
I20260709 13:13:16.704963  2860 ts_tablet_manager.cc:1434] T f52909b463f4419fb7780b817676739e P 0482c953261d4b118ddb06ca8123f919: Time spent starting tablet: real 0.095s	user 0.020s	sys 0.031s
I20260709 13:13:16.705843  2860 tablet_bootstrap.cc:492] T 42395aeaad814b21bf6560c4b952c041 P 0482c953261d4b118ddb06ca8123f919: Bootstrap starting.
I20260709 13:13:16.709110  2743 tablet_service.cc:1917] Received RequestConsensusVote() RPC: tablet_id: "b1f816d1bf2d4e32af7564769cac3fea" candidate_uuid: "678c4d9c315d4937af41a60b4421c025" candidate_term: 1 candidate_status { last_received { term: 0 index: 0 } } ignore_live_leader: false dest_uuid: "0482c953261d4b118ddb06ca8123f919" is_pre_election: true
W20260709 13:13:16.710481  2631 leader_election.cc:343] T b1f816d1bf2d4e32af7564769cac3fea P 678c4d9c315d4937af41a60b4421c025 [CANDIDATE]: Term 1 pre-election: Tablet error from VoteRequest() call to peer 0482c953261d4b118ddb06ca8123f919 (127.1.248.2:43033): Illegal state: must be running to vote when last-logged opid is not known
I20260709 13:13:16.712491  2860 tablet_bootstrap.cc:654] T 42395aeaad814b21bf6560c4b952c041 P 0482c953261d4b118ddb06ca8123f919: Neither blocks nor log segments found. Creating new log.
I20260709 13:13:16.745344  2858 tablet_bootstrap.cc:492] T 824fc44261b54b2c9eb2a5e6494e193b P 488d4e429eca40e4a796624881b96db6: No bootstrap required, opened a new log
I20260709 13:13:16.745854  2858 ts_tablet_manager.cc:1403] T 824fc44261b54b2c9eb2a5e6494e193b P 488d4e429eca40e4a796624881b96db6: Time spent bootstrapping tablet: real 0.284s	user 0.044s	sys 0.104s
I20260709 13:13:16.748799  2858 raft_consensus.cc:359] T 824fc44261b54b2c9eb2a5e6494e193b P 488d4e429eca40e4a796624881b96db6 [term 0 FOLLOWER]: Replica starting. Triggering 0 pending ops. Active config: opid_index: -1 OBSOLETE_local: false peers { permanent_uuid: "678c4d9c315d4937af41a60b4421c025" member_type: VOTER last_known_addr { host: "127.1.248.1" port: 36081 } } peers { permanent_uuid: "0482c953261d4b118ddb06ca8123f919" member_type: VOTER last_known_addr { host: "127.1.248.2" port: 43033 } } peers { permanent_uuid: "488d4e429eca40e4a796624881b96db6" member_type: VOTER last_known_addr { host: "127.1.248.3" port: 35053 } }
I20260709 13:13:16.749554  2858 raft_consensus.cc:385] T 824fc44261b54b2c9eb2a5e6494e193b P 488d4e429eca40e4a796624881b96db6 [term 0 FOLLOWER]: Consensus starting up: Expiring failure detector timer to make a prompt election more likely
W20260709 13:13:16.756631  2614 auto_rebalancer.cc:288] Could not retrieve cluster info: Service unavailable: Tablet not running
I20260709 13:13:16.771090  2668 tablet_service.cc:1917] Received RequestConsensusVote() RPC: tablet_id: "4520d2b1331d44cb8b73afef27263004" candidate_uuid: "488d4e429eca40e4a796624881b96db6" candidate_term: 1 candidate_status { last_received { term: 0 index: 0 } } ignore_live_leader: false dest_uuid: "678c4d9c315d4937af41a60b4421c025" is_pre_election: true
W20260709 13:13:16.772703  2783 leader_election.cc:343] T 4520d2b1331d44cb8b73afef27263004 P 488d4e429eca40e4a796624881b96db6 [CANDIDATE]: Term 1 pre-election: Tablet error from VoteRequest() call to peer 678c4d9c315d4937af41a60b4421c025 (127.1.248.1:36081): Illegal state: must be running to vote when last-logged opid is not known
I20260709 13:13:16.749874  2858 raft_consensus.cc:740] T 824fc44261b54b2c9eb2a5e6494e193b P 488d4e429eca40e4a796624881b96db6 [term 0 FOLLOWER]: Becoming Follower/Learner. State: Replica: 488d4e429eca40e4a796624881b96db6, State: Initialized, Role: FOLLOWER
I20260709 13:13:16.776250  2858 consensus_queue.cc:260] T 824fc44261b54b2c9eb2a5e6494e193b P 488d4e429eca40e4a796624881b96db6 [NON_LEADER]: Queue going to NON_LEADER mode. State: All replicated index: 0, Majority replicated index: 0, Committed index: 0, Last appended: 0.0, Last appended by leader: 0, Current term: 0, Majority size: -1, State: 0, Mode: NON_LEADER, active raft config: opid_index: -1 OBSOLETE_local: false peers { permanent_uuid: "678c4d9c315d4937af41a60b4421c025" member_type: VOTER last_known_addr { host: "127.1.248.1" port: 36081 } } peers { permanent_uuid: "0482c953261d4b118ddb06ca8123f919" member_type: VOTER last_known_addr { host: "127.1.248.2" port: 43033 } } peers { permanent_uuid: "488d4e429eca40e4a796624881b96db6" member_type: VOTER last_known_addr { host: "127.1.248.3" port: 35053 } }
I20260709 13:13:16.791157  2858 ts_tablet_manager.cc:1434] T 824fc44261b54b2c9eb2a5e6494e193b P 488d4e429eca40e4a796624881b96db6: Time spent starting tablet: real 0.045s	user 0.003s	sys 0.005s
I20260709 13:13:16.805111  2817 tablet_service.cc:1917] Received RequestConsensusVote() RPC: tablet_id: "d5d6f511881048708cc5ce1567ae54ec" candidate_uuid: "0482c953261d4b118ddb06ca8123f919" candidate_term: 1 candidate_status { last_received { term: 0 index: 0 } } ignore_live_leader: false dest_uuid: "488d4e429eca40e4a796624881b96db6" is_pre_election: true
I20260709 13:13:16.805894  2668 tablet_service.cc:1917] Received RequestConsensusVote() RPC: tablet_id: "d5d6f511881048708cc5ce1567ae54ec" candidate_uuid: "0482c953261d4b118ddb06ca8123f919" candidate_term: 1 candidate_status { last_received { term: 0 index: 0 } } ignore_live_leader: false dest_uuid: "678c4d9c315d4937af41a60b4421c025" is_pre_election: true
I20260709 13:13:16.806252  2860 tablet_bootstrap.cc:492] T 42395aeaad814b21bf6560c4b952c041 P 0482c953261d4b118ddb06ca8123f919: No bootstrap required, opened a new log
I20260709 13:13:16.807200  2860 ts_tablet_manager.cc:1403] T 42395aeaad814b21bf6560c4b952c041 P 0482c953261d4b118ddb06ca8123f919: Time spent bootstrapping tablet: real 0.101s	user 0.042s	sys 0.049s
I20260709 13:13:16.807650  2667 tablet_service.cc:1917] Received RequestConsensusVote() RPC: tablet_id: "65dc314d2c7947e79d10e2e5dca9962a" candidate_uuid: "0482c953261d4b118ddb06ca8123f919" candidate_term: 1 candidate_status { last_received { term: 0 index: 0 } } ignore_live_leader: false dest_uuid: "678c4d9c315d4937af41a60b4421c025" is_pre_election: true
I20260709 13:13:16.808243  2816 tablet_service.cc:1917] Received RequestConsensusVote() RPC: tablet_id: "65dc314d2c7947e79d10e2e5dca9962a" candidate_uuid: "0482c953261d4b118ddb06ca8123f919" candidate_term: 1 candidate_status { last_received { term: 0 index: 0 } } ignore_live_leader: false dest_uuid: "488d4e429eca40e4a796624881b96db6" is_pre_election: true
I20260709 13:13:16.809495  2858 tablet_bootstrap.cc:492] T d5d6f511881048708cc5ce1567ae54ec P 488d4e429eca40e4a796624881b96db6: Bootstrap starting.
I20260709 13:13:16.809564  2815 tablet_service.cc:1917] Received RequestConsensusVote() RPC: tablet_id: "b1f816d1bf2d4e32af7564769cac3fea" candidate_uuid: "678c4d9c315d4937af41a60b4421c025" candidate_term: 1 candidate_status { last_received { term: 0 index: 0 } } ignore_live_leader: false dest_uuid: "488d4e429eca40e4a796624881b96db6" is_pre_election: true
W20260709 13:13:16.811969  2709 leader_election.cc:343] T d5d6f511881048708cc5ce1567ae54ec P 0482c953261d4b118ddb06ca8123f919 [CANDIDATE]: Term 1 pre-election: Tablet error from VoteRequest() call to peer 678c4d9c315d4937af41a60b4421c025 (127.1.248.1:36081): Illegal state: must be running to vote when last-logged opid is not known
W20260709 13:13:16.813025  2707 leader_election.cc:343] T 65dc314d2c7947e79d10e2e5dca9962a P 0482c953261d4b118ddb06ca8123f919 [CANDIDATE]: Term 1 pre-election: Tablet error from VoteRequest() call to peer 488d4e429eca40e4a796624881b96db6 (127.1.248.3:35053): Illegal state: must be running to vote when last-logged opid is not known
W20260709 13:13:16.813931  2707 leader_election.cc:343] T d5d6f511881048708cc5ce1567ae54ec P 0482c953261d4b118ddb06ca8123f919 [CANDIDATE]: Term 1 pre-election: Tablet error from VoteRequest() call to peer 488d4e429eca40e4a796624881b96db6 (127.1.248.3:35053): Illegal state: must be running to vote when last-logged opid is not known
I20260709 13:13:16.814342  2707 leader_election.cc:304] T d5d6f511881048708cc5ce1567ae54ec P 0482c953261d4b118ddb06ca8123f919 [CANDIDATE]: Term 1 pre-election: Election decided. Result: candidate lost. Election summary: received 3 responses out of 3 voters: 1 yes votes; 2 no votes. yes voters: 0482c953261d4b118ddb06ca8123f919; no voters: 488d4e429eca40e4a796624881b96db6, 678c4d9c315d4937af41a60b4421c025
W20260709 13:13:16.814880  2709 leader_election.cc:343] T 65dc314d2c7947e79d10e2e5dca9962a P 0482c953261d4b118ddb06ca8123f919 [CANDIDATE]: Term 1 pre-election: Tablet error from VoteRequest() call to peer 678c4d9c315d4937af41a60b4421c025 (127.1.248.1:36081): Illegal state: must be running to vote when last-logged opid is not known
I20260709 13:13:16.815290  2709 leader_election.cc:304] T 65dc314d2c7947e79d10e2e5dca9962a P 0482c953261d4b118ddb06ca8123f919 [CANDIDATE]: Term 1 pre-election: Election decided. Result: candidate lost. Election summary: received 3 responses out of 3 voters: 1 yes votes; 2 no votes. yes voters: 0482c953261d4b118ddb06ca8123f919; no voters: 488d4e429eca40e4a796624881b96db6, 678c4d9c315d4937af41a60b4421c025
I20260709 13:13:16.815809  2743 tablet_service.cc:1917] Received RequestConsensusVote() RPC: tablet_id: "4520d2b1331d44cb8b73afef27263004" candidate_uuid: "488d4e429eca40e4a796624881b96db6" candidate_term: 1 candidate_status { last_received { term: 0 index: 0 } } ignore_live_leader: false dest_uuid: "0482c953261d4b118ddb06ca8123f919" is_pre_election: true
I20260709 13:13:16.816566  2869 raft_consensus.cc:2749] T d5d6f511881048708cc5ce1567ae54ec P 0482c953261d4b118ddb06ca8123f919 [term 0 FOLLOWER]: Leader pre-election lost for term 1. Reason: could not achieve majority
I20260709 13:13:16.816886  2866 raft_consensus.cc:2749] T 65dc314d2c7947e79d10e2e5dca9962a P 0482c953261d4b118ddb06ca8123f919 [term 0 FOLLOWER]: Leader pre-election lost for term 1. Reason: could not achieve majority
I20260709 13:13:16.818662  2860 raft_consensus.cc:359] T 42395aeaad814b21bf6560c4b952c041 P 0482c953261d4b118ddb06ca8123f919 [term 0 FOLLOWER]: Replica starting. Triggering 0 pending ops. Active config: opid_index: -1 OBSOLETE_local: false peers { permanent_uuid: "678c4d9c315d4937af41a60b4421c025" member_type: VOTER last_known_addr { host: "127.1.248.1" port: 36081 } } peers { permanent_uuid: "0482c953261d4b118ddb06ca8123f919" member_type: VOTER last_known_addr { host: "127.1.248.2" port: 43033 } } peers { permanent_uuid: "488d4e429eca40e4a796624881b96db6" member_type: VOTER last_known_addr { host: "127.1.248.3" port: 35053 } }
I20260709 13:13:16.819440  2860 raft_consensus.cc:385] T 42395aeaad814b21bf6560c4b952c041 P 0482c953261d4b118ddb06ca8123f919 [term 0 FOLLOWER]: Consensus starting up: Expiring failure detector timer to make a prompt election more likely
I20260709 13:13:16.819782  2860 raft_consensus.cc:740] T 42395aeaad814b21bf6560c4b952c041 P 0482c953261d4b118ddb06ca8123f919 [term 0 FOLLOWER]: Becoming Follower/Learner. State: Replica: 0482c953261d4b118ddb06ca8123f919, State: Initialized, Role: FOLLOWER
I20260709 13:13:16.816738  2858 tablet_bootstrap.cc:654] T d5d6f511881048708cc5ce1567ae54ec P 488d4e429eca40e4a796624881b96db6: Neither blocks nor log segments found. Creating new log.
I20260709 13:13:16.820752  2857 tablet_bootstrap.cc:492] T 65dc314d2c7947e79d10e2e5dca9962a P 678c4d9c315d4937af41a60b4421c025: No bootstrap required, opened a new log
W20260709 13:13:16.819275  2632 leader_election.cc:343] T b1f816d1bf2d4e32af7564769cac3fea P 678c4d9c315d4937af41a60b4421c025 [CANDIDATE]: Term 1 pre-election: Tablet error from VoteRequest() call to peer 488d4e429eca40e4a796624881b96db6 (127.1.248.3:35053): Illegal state: must be running to vote when last-logged opid is not known
I20260709 13:13:16.820559  2860 consensus_queue.cc:260] T 42395aeaad814b21bf6560c4b952c041 P 0482c953261d4b118ddb06ca8123f919 [NON_LEADER]: Queue going to NON_LEADER mode. State: All replicated index: 0, Majority replicated index: 0, Committed index: 0, Last appended: 0.0, Last appended by leader: 0, Current term: 0, Majority size: -1, State: 0, Mode: NON_LEADER, active raft config: opid_index: -1 OBSOLETE_local: false peers { permanent_uuid: "678c4d9c315d4937af41a60b4421c025" member_type: VOTER last_known_addr { host: "127.1.248.1" port: 36081 } } peers { permanent_uuid: "0482c953261d4b118ddb06ca8123f919" member_type: VOTER last_known_addr { host: "127.1.248.2" port: 43033 } } peers { permanent_uuid: "488d4e429eca40e4a796624881b96db6" member_type: VOTER last_known_addr { host: "127.1.248.3" port: 35053 } }
I20260709 13:13:16.821375  2857 ts_tablet_manager.cc:1403] T 65dc314d2c7947e79d10e2e5dca9962a P 678c4d9c315d4937af41a60b4421c025: Time spent bootstrapping tablet: real 0.239s	user 0.010s	sys 0.009s
I20260709 13:13:16.823295  2860 ts_tablet_manager.cc:1434] T 42395aeaad814b21bf6560c4b952c041 P 0482c953261d4b118ddb06ca8123f919: Time spent starting tablet: real 0.016s	user 0.005s	sys 0.000s
I20260709 13:13:16.824517  2860 tablet_bootstrap.cc:492] T 4520d2b1331d44cb8b73afef27263004 P 0482c953261d4b118ddb06ca8123f919: Bootstrap starting.
I20260709 13:13:16.821507  2632 leader_election.cc:304] T b1f816d1bf2d4e32af7564769cac3fea P 678c4d9c315d4937af41a60b4421c025 [CANDIDATE]: Term 1 pre-election: Election decided. Result: candidate lost. Election summary: received 3 responses out of 3 voters: 1 yes votes; 2 no votes. yes voters: 678c4d9c315d4937af41a60b4421c025; no voters: 0482c953261d4b118ddb06ca8123f919, 488d4e429eca40e4a796624881b96db6
I20260709 13:13:16.826170  2865 raft_consensus.cc:2749] T b1f816d1bf2d4e32af7564769cac3fea P 678c4d9c315d4937af41a60b4421c025 [term 0 FOLLOWER]: Leader pre-election lost for term 1. Reason: could not achieve majority
W20260709 13:13:16.827581  2780 leader_election.cc:343] T 4520d2b1331d44cb8b73afef27263004 P 488d4e429eca40e4a796624881b96db6 [CANDIDATE]: Term 1 pre-election: Tablet error from VoteRequest() call to peer 0482c953261d4b118ddb06ca8123f919 (127.1.248.2:43033): Illegal state: must be running to vote when last-logged opid is not known
I20260709 13:13:16.829213  2780 leader_election.cc:304] T 4520d2b1331d44cb8b73afef27263004 P 488d4e429eca40e4a796624881b96db6 [CANDIDATE]: Term 1 pre-election: Election decided. Result: candidate lost. Election summary: received 3 responses out of 3 voters: 1 yes votes; 2 no votes. yes voters: 488d4e429eca40e4a796624881b96db6; no voters: 0482c953261d4b118ddb06ca8123f919, 678c4d9c315d4937af41a60b4421c025
I20260709 13:13:16.831055  2861 raft_consensus.cc:2749] T 4520d2b1331d44cb8b73afef27263004 P 488d4e429eca40e4a796624881b96db6 [term 0 FOLLOWER]: Leader pre-election lost for term 1. Reason: could not achieve majority
I20260709 13:13:16.834308  2860 tablet_bootstrap.cc:654] T 4520d2b1331d44cb8b73afef27263004 P 0482c953261d4b118ddb06ca8123f919: Neither blocks nor log segments found. Creating new log.
I20260709 13:13:16.834200  2857 raft_consensus.cc:359] T 65dc314d2c7947e79d10e2e5dca9962a P 678c4d9c315d4937af41a60b4421c025 [term 0 FOLLOWER]: Replica starting. Triggering 0 pending ops. Active config: opid_index: -1 OBSOLETE_local: false peers { permanent_uuid: "678c4d9c315d4937af41a60b4421c025" member_type: VOTER last_known_addr { host: "127.1.248.1" port: 36081 } } peers { permanent_uuid: "0482c953261d4b118ddb06ca8123f919" member_type: VOTER last_known_addr { host: "127.1.248.2" port: 43033 } } peers { permanent_uuid: "488d4e429eca40e4a796624881b96db6" member_type: VOTER last_known_addr { host: "127.1.248.3" port: 35053 } }
I20260709 13:13:16.835139  2857 raft_consensus.cc:385] T 65dc314d2c7947e79d10e2e5dca9962a P 678c4d9c315d4937af41a60b4421c025 [term 0 FOLLOWER]: Consensus starting up: Expiring failure detector timer to make a prompt election more likely
I20260709 13:13:16.835584  2857 raft_consensus.cc:740] T 65dc314d2c7947e79d10e2e5dca9962a P 678c4d9c315d4937af41a60b4421c025 [term 0 FOLLOWER]: Becoming Follower/Learner. State: Replica: 678c4d9c315d4937af41a60b4421c025, State: Initialized, Role: FOLLOWER
I20260709 13:13:16.836591  2857 consensus_queue.cc:260] T 65dc314d2c7947e79d10e2e5dca9962a P 678c4d9c315d4937af41a60b4421c025 [NON_LEADER]: Queue going to NON_LEADER mode. State: All replicated index: 0, Majority replicated index: 0, Committed index: 0, Last appended: 0.0, Last appended by leader: 0, Current term: 0, Majority size: -1, State: 0, Mode: NON_LEADER, active raft config: opid_index: -1 OBSOLETE_local: false peers { permanent_uuid: "678c4d9c315d4937af41a60b4421c025" member_type: VOTER last_known_addr { host: "127.1.248.1" port: 36081 } } peers { permanent_uuid: "0482c953261d4b118ddb06ca8123f919" member_type: VOTER last_known_addr { host: "127.1.248.2" port: 43033 } } peers { permanent_uuid: "488d4e429eca40e4a796624881b96db6" member_type: VOTER last_known_addr { host: "127.1.248.3" port: 35053 } }
I20260709 13:13:16.838744  2857 ts_tablet_manager.cc:1434] T 65dc314d2c7947e79d10e2e5dca9962a P 678c4d9c315d4937af41a60b4421c025: Time spent starting tablet: real 0.017s	user 0.004s	sys 0.002s
I20260709 13:13:16.838776  2858 tablet_bootstrap.cc:492] T d5d6f511881048708cc5ce1567ae54ec P 488d4e429eca40e4a796624881b96db6: No bootstrap required, opened a new log
I20260709 13:13:16.839707  2858 ts_tablet_manager.cc:1403] T d5d6f511881048708cc5ce1567ae54ec P 488d4e429eca40e4a796624881b96db6: Time spent bootstrapping tablet: real 0.036s	user 0.011s	sys 0.013s
I20260709 13:13:16.839844  2857 tablet_bootstrap.cc:492] T 2f1e8cf9f7064edd8e29b467071b0012 P 678c4d9c315d4937af41a60b4421c025: Bootstrap starting.
I20260709 13:13:16.843142  2860 tablet_bootstrap.cc:492] T 4520d2b1331d44cb8b73afef27263004 P 0482c953261d4b118ddb06ca8123f919: No bootstrap required, opened a new log
I20260709 13:13:16.843770  2860 ts_tablet_manager.cc:1403] T 4520d2b1331d44cb8b73afef27263004 P 0482c953261d4b118ddb06ca8123f919: Time spent bootstrapping tablet: real 0.020s	user 0.010s	sys 0.007s
I20260709 13:13:16.843158  2858 raft_consensus.cc:359] T d5d6f511881048708cc5ce1567ae54ec P 488d4e429eca40e4a796624881b96db6 [term 0 FOLLOWER]: Replica starting. Triggering 0 pending ops. Active config: opid_index: -1 OBSOLETE_local: false peers { permanent_uuid: "678c4d9c315d4937af41a60b4421c025" member_type: VOTER last_known_addr { host: "127.1.248.1" port: 36081 } } peers { permanent_uuid: "0482c953261d4b118ddb06ca8123f919" member_type: VOTER last_known_addr { host: "127.1.248.2" port: 43033 } } peers { permanent_uuid: "488d4e429eca40e4a796624881b96db6" member_type: VOTER last_known_addr { host: "127.1.248.3" port: 35053 } }
I20260709 13:13:16.844262  2858 raft_consensus.cc:385] T d5d6f511881048708cc5ce1567ae54ec P 488d4e429eca40e4a796624881b96db6 [term 0 FOLLOWER]: Consensus starting up: Expiring failure detector timer to make a prompt election more likely
I20260709 13:13:16.844720  2858 raft_consensus.cc:740] T d5d6f511881048708cc5ce1567ae54ec P 488d4e429eca40e4a796624881b96db6 [term 0 FOLLOWER]: Becoming Follower/Learner. State: Replica: 488d4e429eca40e4a796624881b96db6, State: Initialized, Role: FOLLOWER
I20260709 13:13:16.845589  2858 consensus_queue.cc:260] T d5d6f511881048708cc5ce1567ae54ec P 488d4e429eca40e4a796624881b96db6 [NON_LEADER]: Queue going to NON_LEADER mode. State: All replicated index: 0, Majority replicated index: 0, Committed index: 0, Last appended: 0.0, Last appended by leader: 0, Current term: 0, Majority size: -1, State: 0, Mode: NON_LEADER, active raft config: opid_index: -1 OBSOLETE_local: false peers { permanent_uuid: "678c4d9c315d4937af41a60b4421c025" member_type: VOTER last_known_addr { host: "127.1.248.1" port: 36081 } } peers { permanent_uuid: "0482c953261d4b118ddb06ca8123f919" member_type: VOTER last_known_addr { host: "127.1.248.2" port: 43033 } } peers { permanent_uuid: "488d4e429eca40e4a796624881b96db6" member_type: VOTER last_known_addr { host: "127.1.248.3" port: 35053 } }
I20260709 13:13:16.846882  2860 raft_consensus.cc:359] T 4520d2b1331d44cb8b73afef27263004 P 0482c953261d4b118ddb06ca8123f919 [term 0 FOLLOWER]: Replica starting. Triggering 0 pending ops. Active config: opid_index: -1 OBSOLETE_local: false peers { permanent_uuid: "678c4d9c315d4937af41a60b4421c025" member_type: VOTER last_known_addr { host: "127.1.248.1" port: 36081 } } peers { permanent_uuid: "0482c953261d4b118ddb06ca8123f919" member_type: VOTER last_known_addr { host: "127.1.248.2" port: 43033 } } peers { permanent_uuid: "488d4e429eca40e4a796624881b96db6" member_type: VOTER last_known_addr { host: "127.1.248.3" port: 35053 } }
I20260709 13:13:16.847729  2860 raft_consensus.cc:385] T 4520d2b1331d44cb8b73afef27263004 P 0482c953261d4b118ddb06ca8123f919 [term 0 FOLLOWER]: Consensus starting up: Expiring failure detector timer to make a prompt election more likely
I20260709 13:13:16.848147  2860 raft_consensus.cc:740] T 4520d2b1331d44cb8b73afef27263004 P 0482c953261d4b118ddb06ca8123f919 [term 0 FOLLOWER]: Becoming Follower/Learner. State: Replica: 0482c953261d4b118ddb06ca8123f919, State: Initialized, Role: FOLLOWER
I20260709 13:13:16.848289  2858 ts_tablet_manager.cc:1434] T d5d6f511881048708cc5ce1567ae54ec P 488d4e429eca40e4a796624881b96db6: Time spent starting tablet: real 0.008s	user 0.004s	sys 0.003s
I20260709 13:13:16.849103  2861 raft_consensus.cc:493] T 824fc44261b54b2c9eb2a5e6494e193b P 488d4e429eca40e4a796624881b96db6 [term 0 FOLLOWER]: Starting pre-election (no leader contacted us within the election timeout)
I20260709 13:13:16.849143  2860 consensus_queue.cc:260] T 4520d2b1331d44cb8b73afef27263004 P 0482c953261d4b118ddb06ca8123f919 [NON_LEADER]: Queue going to NON_LEADER mode. State: All replicated index: 0, Majority replicated index: 0, Committed index: 0, Last appended: 0.0, Last appended by leader: 0, Current term: 0, Majority size: -1, State: 0, Mode: NON_LEADER, active raft config: opid_index: -1 OBSOLETE_local: false peers { permanent_uuid: "678c4d9c315d4937af41a60b4421c025" member_type: VOTER last_known_addr { host: "127.1.248.1" port: 36081 } } peers { permanent_uuid: "0482c953261d4b118ddb06ca8123f919" member_type: VOTER last_known_addr { host: "127.1.248.2" port: 43033 } } peers { permanent_uuid: "488d4e429eca40e4a796624881b96db6" member_type: VOTER last_known_addr { host: "127.1.248.3" port: 35053 } }
I20260709 13:13:16.849689  2861 raft_consensus.cc:515] T 824fc44261b54b2c9eb2a5e6494e193b P 488d4e429eca40e4a796624881b96db6 [term 0 FOLLOWER]: Starting pre-election with config: opid_index: -1 OBSOLETE_local: false peers { permanent_uuid: "678c4d9c315d4937af41a60b4421c025" member_type: VOTER last_known_addr { host: "127.1.248.1" port: 36081 } } peers { permanent_uuid: "0482c953261d4b118ddb06ca8123f919" member_type: VOTER last_known_addr { host: "127.1.248.2" port: 43033 } } peers { permanent_uuid: "488d4e429eca40e4a796624881b96db6" member_type: VOTER last_known_addr { host: "127.1.248.3" port: 35053 } }
I20260709 13:13:16.851629  2860 ts_tablet_manager.cc:1434] T 4520d2b1331d44cb8b73afef27263004 P 0482c953261d4b118ddb06ca8123f919: Time spent starting tablet: real 0.008s	user 0.007s	sys 0.000s
I20260709 13:13:16.853410  2743 tablet_service.cc:1917] Received RequestConsensusVote() RPC: tablet_id: "824fc44261b54b2c9eb2a5e6494e193b" candidate_uuid: "488d4e429eca40e4a796624881b96db6" candidate_term: 1 candidate_status { last_received { term: 0 index: 0 } } ignore_live_leader: false dest_uuid: "0482c953261d4b118ddb06ca8123f919" is_pre_election: true
I20260709 13:13:16.853662  2857 tablet_bootstrap.cc:654] T 2f1e8cf9f7064edd8e29b467071b0012 P 678c4d9c315d4937af41a60b4421c025: Neither blocks nor log segments found. Creating new log.
W20260709 13:13:16.854763  2780 leader_election.cc:343] T 824fc44261b54b2c9eb2a5e6494e193b P 488d4e429eca40e4a796624881b96db6 [CANDIDATE]: Term 1 pre-election: Tablet error from VoteRequest() call to peer 0482c953261d4b118ddb06ca8123f919 (127.1.248.2:43033): Illegal state: must be running to vote when last-logged opid is not known
I20260709 13:13:16.855249  2860 tablet_bootstrap.cc:492] T 849ae92706a646549542120a945cbf32 P 0482c953261d4b118ddb06ca8123f919: Bootstrap starting.
I20260709 13:13:16.856307  2861 leader_election.cc:290] T 824fc44261b54b2c9eb2a5e6494e193b P 488d4e429eca40e4a796624881b96db6 [CANDIDATE]: Term 1 pre-election: Requested pre-vote from peers 678c4d9c315d4937af41a60b4421c025 (127.1.248.1:36081), 0482c953261d4b118ddb06ca8123f919 (127.1.248.2:43033)
I20260709 13:13:16.856469  2667 tablet_service.cc:1917] Received RequestConsensusVote() RPC: tablet_id: "824fc44261b54b2c9eb2a5e6494e193b" candidate_uuid: "488d4e429eca40e4a796624881b96db6" candidate_term: 1 candidate_status { last_received { term: 0 index: 0 } } ignore_live_leader: false dest_uuid: "678c4d9c315d4937af41a60b4421c025" is_pre_election: true
I20260709 13:13:16.857640  2858 tablet_bootstrap.cc:492] T 65dc314d2c7947e79d10e2e5dca9962a P 488d4e429eca40e4a796624881b96db6: Bootstrap starting.
W20260709 13:13:16.857888  2783 leader_election.cc:343] T 824fc44261b54b2c9eb2a5e6494e193b P 488d4e429eca40e4a796624881b96db6 [CANDIDATE]: Term 1 pre-election: Tablet error from VoteRequest() call to peer 678c4d9c315d4937af41a60b4421c025 (127.1.248.1:36081): Illegal state: must be running to vote when last-logged opid is not known
I20260709 13:13:16.858330  2783 leader_election.cc:304] T 824fc44261b54b2c9eb2a5e6494e193b P 488d4e429eca40e4a796624881b96db6 [CANDIDATE]: Term 1 pre-election: Election decided. Result: candidate lost. Election summary: received 3 responses out of 3 voters: 1 yes votes; 2 no votes. yes voters: 488d4e429eca40e4a796624881b96db6; no voters: 0482c953261d4b118ddb06ca8123f919, 678c4d9c315d4937af41a60b4421c025
I20260709 13:13:16.860841  2861 raft_consensus.cc:2749] T 824fc44261b54b2c9eb2a5e6494e193b P 488d4e429eca40e4a796624881b96db6 [term 0 FOLLOWER]: Leader pre-election lost for term 1. Reason: could not achieve majority
I20260709 13:13:16.862524  2860 tablet_bootstrap.cc:654] T 849ae92706a646549542120a945cbf32 P 0482c953261d4b118ddb06ca8123f919: Neither blocks nor log segments found. Creating new log.
I20260709 13:13:16.864777  2858 tablet_bootstrap.cc:654] T 65dc314d2c7947e79d10e2e5dca9962a P 488d4e429eca40e4a796624881b96db6: Neither blocks nor log segments found. Creating new log.
I20260709 13:13:16.868007  2857 tablet_bootstrap.cc:492] T 2f1e8cf9f7064edd8e29b467071b0012 P 678c4d9c315d4937af41a60b4421c025: No bootstrap required, opened a new log
I20260709 13:13:16.868474  2857 ts_tablet_manager.cc:1403] T 2f1e8cf9f7064edd8e29b467071b0012 P 678c4d9c315d4937af41a60b4421c025: Time spent bootstrapping tablet: real 0.029s	user 0.013s	sys 0.003s
I20260709 13:13:16.871368  2857 raft_consensus.cc:359] T 2f1e8cf9f7064edd8e29b467071b0012 P 678c4d9c315d4937af41a60b4421c025 [term 0 FOLLOWER]: Replica starting. Triggering 0 pending ops. Active config: opid_index: -1 OBSOLETE_local: false peers { permanent_uuid: "488d4e429eca40e4a796624881b96db6" member_type: VOTER last_known_addr { host: "127.1.248.3" port: 35053 } } peers { permanent_uuid: "678c4d9c315d4937af41a60b4421c025" member_type: VOTER last_known_addr { host: "127.1.248.1" port: 36081 } } peers { permanent_uuid: "0482c953261d4b118ddb06ca8123f919" member_type: VOTER last_known_addr { host: "127.1.248.2" port: 43033 } }
I20260709 13:13:16.872078  2857 raft_consensus.cc:385] T 2f1e8cf9f7064edd8e29b467071b0012 P 678c4d9c315d4937af41a60b4421c025 [term 0 FOLLOWER]: Consensus starting up: Expiring failure detector timer to make a prompt election more likely
I20260709 13:13:16.872371  2857 raft_consensus.cc:740] T 2f1e8cf9f7064edd8e29b467071b0012 P 678c4d9c315d4937af41a60b4421c025 [term 0 FOLLOWER]: Becoming Follower/Learner. State: Replica: 678c4d9c315d4937af41a60b4421c025, State: Initialized, Role: FOLLOWER
I20260709 13:13:16.873332  2857 consensus_queue.cc:260] T 2f1e8cf9f7064edd8e29b467071b0012 P 678c4d9c315d4937af41a60b4421c025 [NON_LEADER]: Queue going to NON_LEADER mode. State: All replicated index: 0, Majority replicated index: 0, Committed index: 0, Last appended: 0.0, Last appended by leader: 0, Current term: 0, Majority size: -1, State: 0, Mode: NON_LEADER, active raft config: opid_index: -1 OBSOLETE_local: false peers { permanent_uuid: "488d4e429eca40e4a796624881b96db6" member_type: VOTER last_known_addr { host: "127.1.248.3" port: 35053 } } peers { permanent_uuid: "678c4d9c315d4937af41a60b4421c025" member_type: VOTER last_known_addr { host: "127.1.248.1" port: 36081 } } peers { permanent_uuid: "0482c953261d4b118ddb06ca8123f919" member_type: VOTER last_known_addr { host: "127.1.248.2" port: 43033 } }
I20260709 13:13:16.876596  2865 raft_consensus.cc:493] T 2f1e8cf9f7064edd8e29b467071b0012 P 678c4d9c315d4937af41a60b4421c025 [term 0 FOLLOWER]: Starting pre-election (no leader contacted us within the election timeout)
I20260709 13:13:16.877058  2865 raft_consensus.cc:515] T 2f1e8cf9f7064edd8e29b467071b0012 P 678c4d9c315d4937af41a60b4421c025 [term 0 FOLLOWER]: Starting pre-election with config: opid_index: -1 OBSOLETE_local: false peers { permanent_uuid: "488d4e429eca40e4a796624881b96db6" member_type: VOTER last_known_addr { host: "127.1.248.3" port: 35053 } } peers { permanent_uuid: "678c4d9c315d4937af41a60b4421c025" member_type: VOTER last_known_addr { host: "127.1.248.1" port: 36081 } } peers { permanent_uuid: "0482c953261d4b118ddb06ca8123f919" member_type: VOTER last_known_addr { host: "127.1.248.2" port: 43033 } }
I20260709 13:13:16.879274  2865 leader_election.cc:290] T 2f1e8cf9f7064edd8e29b467071b0012 P 678c4d9c315d4937af41a60b4421c025 [CANDIDATE]: Term 1 pre-election: Requested pre-vote from peers 488d4e429eca40e4a796624881b96db6 (127.1.248.3:35053), 0482c953261d4b118ddb06ca8123f919 (127.1.248.2:43033)
I20260709 13:13:16.879881  2817 tablet_service.cc:1917] Received RequestConsensusVote() RPC: tablet_id: "2f1e8cf9f7064edd8e29b467071b0012" candidate_uuid: "678c4d9c315d4937af41a60b4421c025" candidate_term: 1 candidate_status { last_received { term: 0 index: 0 } } ignore_live_leader: false dest_uuid: "488d4e429eca40e4a796624881b96db6" is_pre_election: true
I20260709 13:13:16.882512  2743 tablet_service.cc:1917] Received RequestConsensusVote() RPC: tablet_id: "2f1e8cf9f7064edd8e29b467071b0012" candidate_uuid: "678c4d9c315d4937af41a60b4421c025" candidate_term: 1 candidate_status { last_received { term: 0 index: 0 } } ignore_live_leader: false dest_uuid: "0482c953261d4b118ddb06ca8123f919" is_pre_election: true
I20260709 13:13:16.889921  2857 ts_tablet_manager.cc:1434] T 2f1e8cf9f7064edd8e29b467071b0012 P 678c4d9c315d4937af41a60b4421c025: Time spent starting tablet: real 0.021s	user 0.001s	sys 0.006s
W20260709 13:13:16.890621  2632 leader_election.cc:343] T 2f1e8cf9f7064edd8e29b467071b0012 P 678c4d9c315d4937af41a60b4421c025 [CANDIDATE]: Term 1 pre-election: Tablet error from VoteRequest() call to peer 488d4e429eca40e4a796624881b96db6 (127.1.248.3:35053): Illegal state: must be running to vote when last-logged opid is not known
I20260709 13:13:16.890925  2857 tablet_bootstrap.cc:492] T d267369ab0bd493d85f7874bb3fb3efe P 678c4d9c315d4937af41a60b4421c025: Bootstrap starting.
W20260709 13:13:16.891674  2631 leader_election.cc:343] T 2f1e8cf9f7064edd8e29b467071b0012 P 678c4d9c315d4937af41a60b4421c025 [CANDIDATE]: Term 1 pre-election: Tablet error from VoteRequest() call to peer 0482c953261d4b118ddb06ca8123f919 (127.1.248.2:43033): Illegal state: must be running to vote when last-logged opid is not known
I20260709 13:13:16.892244  2631 leader_election.cc:304] T 2f1e8cf9f7064edd8e29b467071b0012 P 678c4d9c315d4937af41a60b4421c025 [CANDIDATE]: Term 1 pre-election: Election decided. Result: candidate lost. Election summary: received 3 responses out of 3 voters: 1 yes votes; 2 no votes. yes voters: 678c4d9c315d4937af41a60b4421c025; no voters: 0482c953261d4b118ddb06ca8123f919, 488d4e429eca40e4a796624881b96db6
I20260709 13:13:16.893743  2865 raft_consensus.cc:2749] T 2f1e8cf9f7064edd8e29b467071b0012 P 678c4d9c315d4937af41a60b4421c025 [term 0 FOLLOWER]: Leader pre-election lost for term 1. Reason: could not achieve majority
I20260709 13:13:16.897413  2860 tablet_bootstrap.cc:492] T 849ae92706a646549542120a945cbf32 P 0482c953261d4b118ddb06ca8123f919: No bootstrap required, opened a new log
I20260709 13:13:16.897931  2860 ts_tablet_manager.cc:1403] T 849ae92706a646549542120a945cbf32 P 0482c953261d4b118ddb06ca8123f919: Time spent bootstrapping tablet: real 0.043s	user 0.024s	sys 0.011s
I20260709 13:13:16.899297  2858 tablet_bootstrap.cc:492] T 65dc314d2c7947e79d10e2e5dca9962a P 488d4e429eca40e4a796624881b96db6: No bootstrap required, opened a new log
I20260709 13:13:16.899725  2858 ts_tablet_manager.cc:1403] T 65dc314d2c7947e79d10e2e5dca9962a P 488d4e429eca40e4a796624881b96db6: Time spent bootstrapping tablet: real 0.042s	user 0.023s	sys 0.012s
I20260709 13:13:16.900815  2857 tablet_bootstrap.cc:654] T d267369ab0bd493d85f7874bb3fb3efe P 678c4d9c315d4937af41a60b4421c025: Neither blocks nor log segments found. Creating new log.
I20260709 13:13:16.900851  2860 raft_consensus.cc:359] T 849ae92706a646549542120a945cbf32 P 0482c953261d4b118ddb06ca8123f919 [term 0 FOLLOWER]: Replica starting. Triggering 0 pending ops. Active config: opid_index: -1 OBSOLETE_local: false peers { permanent_uuid: "678c4d9c315d4937af41a60b4421c025" member_type: VOTER last_known_addr { host: "127.1.248.1" port: 36081 } } peers { permanent_uuid: "0482c953261d4b118ddb06ca8123f919" member_type: VOTER last_known_addr { host: "127.1.248.2" port: 43033 } } peers { permanent_uuid: "488d4e429eca40e4a796624881b96db6" member_type: VOTER last_known_addr { host: "127.1.248.3" port: 35053 } }
I20260709 13:13:16.901659  2860 raft_consensus.cc:385] T 849ae92706a646549542120a945cbf32 P 0482c953261d4b118ddb06ca8123f919 [term 0 FOLLOWER]: Consensus starting up: Expiring failure detector timer to make a prompt election more likely
I20260709 13:13:16.901974  2860 raft_consensus.cc:740] T 849ae92706a646549542120a945cbf32 P 0482c953261d4b118ddb06ca8123f919 [term 0 FOLLOWER]: Becoming Follower/Learner. State: Replica: 0482c953261d4b118ddb06ca8123f919, State: Initialized, Role: FOLLOWER
I20260709 13:13:16.902087  2858 raft_consensus.cc:359] T 65dc314d2c7947e79d10e2e5dca9962a P 488d4e429eca40e4a796624881b96db6 [term 0 FOLLOWER]: Replica starting. Triggering 0 pending ops. Active config: opid_index: -1 OBSOLETE_local: false peers { permanent_uuid: "678c4d9c315d4937af41a60b4421c025" member_type: VOTER last_known_addr { host: "127.1.248.1" port: 36081 } } peers { permanent_uuid: "0482c953261d4b118ddb06ca8123f919" member_type: VOTER last_known_addr { host: "127.1.248.2" port: 43033 } } peers { permanent_uuid: "488d4e429eca40e4a796624881b96db6" member_type: VOTER last_known_addr { host: "127.1.248.3" port: 35053 } }
I20260709 13:13:16.902720  2858 raft_consensus.cc:385] T 65dc314d2c7947e79d10e2e5dca9962a P 488d4e429eca40e4a796624881b96db6 [term 0 FOLLOWER]: Consensus starting up: Expiring failure detector timer to make a prompt election more likely
I20260709 13:13:16.903024  2858 raft_consensus.cc:740] T 65dc314d2c7947e79d10e2e5dca9962a P 488d4e429eca40e4a796624881b96db6 [term 0 FOLLOWER]: Becoming Follower/Learner. State: Replica: 488d4e429eca40e4a796624881b96db6, State: Initialized, Role: FOLLOWER
I20260709 13:13:16.902760  2860 consensus_queue.cc:260] T 849ae92706a646549542120a945cbf32 P 0482c953261d4b118ddb06ca8123f919 [NON_LEADER]: Queue going to NON_LEADER mode. State: All replicated index: 0, Majority replicated index: 0, Committed index: 0, Last appended: 0.0, Last appended by leader: 0, Current term: 0, Majority size: -1, State: 0, Mode: NON_LEADER, active raft config: opid_index: -1 OBSOLETE_local: false peers { permanent_uuid: "678c4d9c315d4937af41a60b4421c025" member_type: VOTER last_known_addr { host: "127.1.248.1" port: 36081 } } peers { permanent_uuid: "0482c953261d4b118ddb06ca8123f919" member_type: VOTER last_known_addr { host: "127.1.248.2" port: 43033 } } peers { permanent_uuid: "488d4e429eca40e4a796624881b96db6" member_type: VOTER last_known_addr { host: "127.1.248.3" port: 35053 } }
I20260709 13:13:16.905005  2860 ts_tablet_manager.cc:1434] T 849ae92706a646549542120a945cbf32 P 0482c953261d4b118ddb06ca8123f919: Time spent starting tablet: real 0.007s	user 0.008s	sys 0.000s
I20260709 13:13:16.905936  2860 tablet_bootstrap.cc:492] T d267369ab0bd493d85f7874bb3fb3efe P 0482c953261d4b118ddb06ca8123f919: Bootstrap starting.
I20260709 13:13:16.906201  2857 tablet_bootstrap.cc:492] T d267369ab0bd493d85f7874bb3fb3efe P 678c4d9c315d4937af41a60b4421c025: No bootstrap required, opened a new log
I20260709 13:13:16.906634  2857 ts_tablet_manager.cc:1403] T d267369ab0bd493d85f7874bb3fb3efe P 678c4d9c315d4937af41a60b4421c025: Time spent bootstrapping tablet: real 0.016s	user 0.005s	sys 0.005s
I20260709 13:13:16.903678  2858 consensus_queue.cc:260] T 65dc314d2c7947e79d10e2e5dca9962a P 488d4e429eca40e4a796624881b96db6 [NON_LEADER]: Queue going to NON_LEADER mode. State: All replicated index: 0, Majority replicated index: 0, Committed index: 0, Last appended: 0.0, Last appended by leader: 0, Current term: 0, Majority size: -1, State: 0, Mode: NON_LEADER, active raft config: opid_index: -1 OBSOLETE_local: false peers { permanent_uuid: "678c4d9c315d4937af41a60b4421c025" member_type: VOTER last_known_addr { host: "127.1.248.1" port: 36081 } } peers { permanent_uuid: "0482c953261d4b118ddb06ca8123f919" member_type: VOTER last_known_addr { host: "127.1.248.2" port: 43033 } } peers { permanent_uuid: "488d4e429eca40e4a796624881b96db6" member_type: VOTER last_known_addr { host: "127.1.248.3" port: 35053 } }
I20260709 13:13:16.909390  2857 raft_consensus.cc:359] T d267369ab0bd493d85f7874bb3fb3efe P 678c4d9c315d4937af41a60b4421c025 [term 0 FOLLOWER]: Replica starting. Triggering 0 pending ops. Active config: opid_index: -1 OBSOLETE_local: false peers { permanent_uuid: "678c4d9c315d4937af41a60b4421c025" member_type: VOTER last_known_addr { host: "127.1.248.1" port: 36081 } } peers { permanent_uuid: "0482c953261d4b118ddb06ca8123f919" member_type: VOTER last_known_addr { host: "127.1.248.2" port: 43033 } } peers { permanent_uuid: "488d4e429eca40e4a796624881b96db6" member_type: VOTER last_known_addr { host: "127.1.248.3" port: 35053 } }
I20260709 13:13:16.911366  2857 raft_consensus.cc:385] T d267369ab0bd493d85f7874bb3fb3efe P 678c4d9c315d4937af41a60b4421c025 [term 0 FOLLOWER]: Consensus starting up: Expiring failure detector timer to make a prompt election more likely
I20260709 13:13:16.911748  2857 raft_consensus.cc:740] T d267369ab0bd493d85f7874bb3fb3efe P 678c4d9c315d4937af41a60b4421c025 [term 0 FOLLOWER]: Becoming Follower/Learner. State: Replica: 678c4d9c315d4937af41a60b4421c025, State: Initialized, Role: FOLLOWER
I20260709 13:13:16.912163  2860 tablet_bootstrap.cc:654] T d267369ab0bd493d85f7874bb3fb3efe P 0482c953261d4b118ddb06ca8123f919: Neither blocks nor log segments found. Creating new log.
I20260709 13:13:16.912824  2857 consensus_queue.cc:260] T d267369ab0bd493d85f7874bb3fb3efe P 678c4d9c315d4937af41a60b4421c025 [NON_LEADER]: Queue going to NON_LEADER mode. State: All replicated index: 0, Majority replicated index: 0, Committed index: 0, Last appended: 0.0, Last appended by leader: 0, Current term: 0, Majority size: -1, State: 0, Mode: NON_LEADER, active raft config: opid_index: -1 OBSOLETE_local: false peers { permanent_uuid: "678c4d9c315d4937af41a60b4421c025" member_type: VOTER last_known_addr { host: "127.1.248.1" port: 36081 } } peers { permanent_uuid: "0482c953261d4b118ddb06ca8123f919" member_type: VOTER last_known_addr { host: "127.1.248.2" port: 43033 } } peers { permanent_uuid: "488d4e429eca40e4a796624881b96db6" member_type: VOTER last_known_addr { host: "127.1.248.3" port: 35053 } }
I20260709 13:13:16.914621  2858 ts_tablet_manager.cc:1434] T 65dc314d2c7947e79d10e2e5dca9962a P 488d4e429eca40e4a796624881b96db6: Time spent starting tablet: real 0.015s	user 0.005s	sys 0.002s
I20260709 13:13:16.915788  2858 tablet_bootstrap.cc:492] T d267369ab0bd493d85f7874bb3fb3efe P 488d4e429eca40e4a796624881b96db6: Bootstrap starting.
I20260709 13:13:16.922838  2857 ts_tablet_manager.cc:1434] T d267369ab0bd493d85f7874bb3fb3efe P 678c4d9c315d4937af41a60b4421c025: Time spent starting tablet: real 0.016s	user 0.008s	sys 0.000s
I20260709 13:13:16.924482  2858 tablet_bootstrap.cc:654] T d267369ab0bd493d85f7874bb3fb3efe P 488d4e429eca40e4a796624881b96db6: Neither blocks nor log segments found. Creating new log.
I20260709 13:13:16.927557  2857 tablet_bootstrap.cc:492] T d5d6f511881048708cc5ce1567ae54ec P 678c4d9c315d4937af41a60b4421c025: Bootstrap starting.
I20260709 13:13:16.935099  2857 tablet_bootstrap.cc:654] T d5d6f511881048708cc5ce1567ae54ec P 678c4d9c315d4937af41a60b4421c025: Neither blocks nor log segments found. Creating new log.
I20260709 13:13:16.939949  2860 tablet_bootstrap.cc:492] T d267369ab0bd493d85f7874bb3fb3efe P 0482c953261d4b118ddb06ca8123f919: No bootstrap required, opened a new log
I20260709 13:13:16.940052  2858 tablet_bootstrap.cc:492] T d267369ab0bd493d85f7874bb3fb3efe P 488d4e429eca40e4a796624881b96db6: No bootstrap required, opened a new log
I20260709 13:13:16.939988  2857 tablet_bootstrap.cc:492] T d5d6f511881048708cc5ce1567ae54ec P 678c4d9c315d4937af41a60b4421c025: No bootstrap required, opened a new log
I20260709 13:13:16.940685  2860 ts_tablet_manager.cc:1403] T d267369ab0bd493d85f7874bb3fb3efe P 0482c953261d4b118ddb06ca8123f919: Time spent bootstrapping tablet: real 0.035s	user 0.010s	sys 0.024s
I20260709 13:13:16.940716  2858 ts_tablet_manager.cc:1403] T d267369ab0bd493d85f7874bb3fb3efe P 488d4e429eca40e4a796624881b96db6: Time spent bootstrapping tablet: real 0.025s	user 0.022s	sys 0.003s
I20260709 13:13:16.940804  2857 ts_tablet_manager.cc:1403] T d5d6f511881048708cc5ce1567ae54ec P 678c4d9c315d4937af41a60b4421c025: Time spent bootstrapping tablet: real 0.013s	user 0.012s	sys 0.000s
I20260709 13:13:16.940971  2861 raft_consensus.cc:493] T d5d6f511881048708cc5ce1567ae54ec P 488d4e429eca40e4a796624881b96db6 [term 0 FOLLOWER]: Starting pre-election (no leader contacted us within the election timeout)
I20260709 13:13:16.941512  2861 raft_consensus.cc:515] T d5d6f511881048708cc5ce1567ae54ec P 488d4e429eca40e4a796624881b96db6 [term 0 FOLLOWER]: Starting pre-election with config: opid_index: -1 OBSOLETE_local: false peers { permanent_uuid: "678c4d9c315d4937af41a60b4421c025" member_type: VOTER last_known_addr { host: "127.1.248.1" port: 36081 } } peers { permanent_uuid: "0482c953261d4b118ddb06ca8123f919" member_type: VOTER last_known_addr { host: "127.1.248.2" port: 43033 } } peers { permanent_uuid: "488d4e429eca40e4a796624881b96db6" member_type: VOTER last_known_addr { host: "127.1.248.3" port: 35053 } }
I20260709 13:13:16.943567  2861 leader_election.cc:290] T d5d6f511881048708cc5ce1567ae54ec P 488d4e429eca40e4a796624881b96db6 [CANDIDATE]: Term 1 pre-election: Requested pre-vote from peers 678c4d9c315d4937af41a60b4421c025 (127.1.248.1:36081), 0482c953261d4b118ddb06ca8123f919 (127.1.248.2:43033)
I20260709 13:13:16.943974  2860 raft_consensus.cc:359] T d267369ab0bd493d85f7874bb3fb3efe P 0482c953261d4b118ddb06ca8123f919 [term 0 FOLLOWER]: Replica starting. Triggering 0 pending ops. Active config: opid_index: -1 OBSOLETE_local: false peers { permanent_uuid: "678c4d9c315d4937af41a60b4421c025" member_type: VOTER last_known_addr { host: "127.1.248.1" port: 36081 } } peers { permanent_uuid: "0482c953261d4b118ddb06ca8123f919" member_type: VOTER last_known_addr { host: "127.1.248.2" port: 43033 } } peers { permanent_uuid: "488d4e429eca40e4a796624881b96db6" member_type: VOTER last_known_addr { host: "127.1.248.3" port: 35053 } }
I20260709 13:13:16.944193  2858 raft_consensus.cc:359] T d267369ab0bd493d85f7874bb3fb3efe P 488d4e429eca40e4a796624881b96db6 [term 0 FOLLOWER]: Replica starting. Triggering 0 pending ops. Active config: opid_index: -1 OBSOLETE_local: false peers { permanent_uuid: "678c4d9c315d4937af41a60b4421c025" member_type: VOTER last_known_addr { host: "127.1.248.1" port: 36081 } } peers { permanent_uuid: "0482c953261d4b118ddb06ca8123f919" member_type: VOTER last_known_addr { host: "127.1.248.2" port: 43033 } } peers { permanent_uuid: "488d4e429eca40e4a796624881b96db6" member_type: VOTER last_known_addr { host: "127.1.248.3" port: 35053 } }
