I20260709 13:13:05.223968 32359 tablet_service.cc:2072] Received LeaderStepDown RPC: tablet_id: "5d1783364087459ca4d1a2ba01e40fc1"
dest_uuid: "4b383e0ba9fa4456acf749fddcdc497d"
mode: GRACEFUL
new_leader_uuid: "ec92c5058f094b81ba3f12ac7fbed4de"
 from {username='slave'} at 127.0.0.1:59356
I20260709 13:13:05.224506 32359 raft_consensus.cc:606] T 5d1783364087459ca4d1a2ba01e40fc1 P 4b383e0ba9fa4456acf749fddcdc497d [term 1 LEADER]: Received request to transfer leadership to TS ec92c5058f094b81ba3f12ac7fbed4de
I20260709 13:13:05.240989 32647 raft_consensus.cc:993] T 2e3c697a16144165900b2c5683501663 P 4b383e0ba9fa4456acf749fddcdc497d: : Instructing follower 54164b295f5d408cb32993d87a0fcf0d to start an election
I20260709 13:13:05.241495 32647 raft_consensus.cc:1081] T 2e3c697a16144165900b2c5683501663 P 4b383e0ba9fa4456acf749fddcdc497d [term 1 LEADER]: Signalling peer 54164b295f5d408cb32993d87a0fcf0d to start an election
I20260709 13:13:05.243273 32434 tablet_service.cc:2044] Received Run Leader Election RPC: tablet_id: "2e3c697a16144165900b2c5683501663"
dest_uuid: "54164b295f5d408cb32993d87a0fcf0d"
 from {username='slave'} at 127.0.0.1:49030
I20260709 13:13:05.243898 32434 raft_consensus.cc:493] T 2e3c697a16144165900b2c5683501663 P 54164b295f5d408cb32993d87a0fcf0d [term 1 FOLLOWER]: Starting forced leader election (received explicit request)
I20260709 13:13:05.244222 32434 raft_consensus.cc:3060] T 2e3c697a16144165900b2c5683501663 P 54164b295f5d408cb32993d87a0fcf0d [term 1 FOLLOWER]: Advancing to term 2
I20260709 13:13:05.248955 32623 raft_consensus.cc:993] T 78b75c9a698146a8955ad5731d29b520 P 4b383e0ba9fa4456acf749fddcdc497d: : Instructing follower 54164b295f5d408cb32993d87a0fcf0d to start an election
I20260709 13:13:05.248924 32434 raft_consensus.cc:515] T 2e3c697a16144165900b2c5683501663 P 54164b295f5d408cb32993d87a0fcf0d [term 2 FOLLOWER]: Starting forced leader election with config: opid_index: -1 OBSOLETE_local: false peers { permanent_uuid: "4b383e0ba9fa4456acf749fddcdc497d" member_type: VOTER last_known_addr { host: "127.31.120.65" port: 45387 } } peers { permanent_uuid: "54164b295f5d408cb32993d87a0fcf0d" member_type: VOTER last_known_addr { host: "127.31.120.66" port: 38265 } } peers { permanent_uuid: "ec92c5058f094b81ba3f12ac7fbed4de" member_type: VOTER last_known_addr { host: "127.31.120.67" port: 46163 } }
I20260709 13:13:05.249368 32623 raft_consensus.cc:1081] T 78b75c9a698146a8955ad5731d29b520 P 4b383e0ba9fa4456acf749fddcdc497d [term 1 LEADER]: Signalling peer 54164b295f5d408cb32993d87a0fcf0d to start an election
I20260709 13:13:05.250720 32434 leader_election.cc:290] T 2e3c697a16144165900b2c5683501663 P 54164b295f5d408cb32993d87a0fcf0d [CANDIDATE]: Term 2 election: Requested vote from peers 4b383e0ba9fa4456acf749fddcdc497d (127.31.120.65:45387), ec92c5058f094b81ba3f12ac7fbed4de (127.31.120.67:46163)
I20260709 13:13:05.251003 32435 tablet_service.cc:2044] Received Run Leader Election RPC: tablet_id: "78b75c9a698146a8955ad5731d29b520"
dest_uuid: "54164b295f5d408cb32993d87a0fcf0d"
 from {username='slave'} at 127.0.0.1:49030
I20260709 13:13:05.251546 32435 raft_consensus.cc:493] T 78b75c9a698146a8955ad5731d29b520 P 54164b295f5d408cb32993d87a0fcf0d [term 1 FOLLOWER]: Starting forced leader election (received explicit request)
I20260709 13:13:05.251484 32359 tablet_service.cc:1917] Received RequestConsensusVote() RPC: tablet_id: "2e3c697a16144165900b2c5683501663" candidate_uuid: "54164b295f5d408cb32993d87a0fcf0d" candidate_term: 2 candidate_status { last_received { term: 1 index: 1 } } ignore_live_leader: true dest_uuid: "4b383e0ba9fa4456acf749fddcdc497d"
I20260709 13:13:05.251859 32509 tablet_service.cc:1917] Received RequestConsensusVote() RPC: tablet_id: "2e3c697a16144165900b2c5683501663" candidate_uuid: "54164b295f5d408cb32993d87a0fcf0d" candidate_term: 2 candidate_status { last_received { term: 1 index: 1 } } ignore_live_leader: true dest_uuid: "ec92c5058f094b81ba3f12ac7fbed4de"
I20260709 13:13:05.252009 32435 raft_consensus.cc:3060] T 78b75c9a698146a8955ad5731d29b520 P 54164b295f5d408cb32993d87a0fcf0d [term 1 FOLLOWER]: Advancing to term 2
I20260709 13:13:05.252194 32359 raft_consensus.cc:3055] T 2e3c697a16144165900b2c5683501663 P 4b383e0ba9fa4456acf749fddcdc497d [term 1 LEADER]: Stepping down as leader of term 1
I20260709 13:13:05.252481 32509 raft_consensus.cc:3060] T 2e3c697a16144165900b2c5683501663 P ec92c5058f094b81ba3f12ac7fbed4de [term 1 FOLLOWER]: Advancing to term 2
I20260709 13:13:05.252562 32359 raft_consensus.cc:740] T 2e3c697a16144165900b2c5683501663 P 4b383e0ba9fa4456acf749fddcdc497d [term 1 LEADER]: Becoming Follower/Learner. State: Replica: 4b383e0ba9fa4456acf749fddcdc497d, State: Running, Role: LEADER
I20260709 13:13:05.253449 32359 consensus_queue.cc:260] T 2e3c697a16144165900b2c5683501663 P 4b383e0ba9fa4456acf749fddcdc497d [NON_LEADER]: Queue going to NON_LEADER mode. State: All replicated index: 0, Majority replicated index: 1, Committed index: 1, Last appended: 1.1, Last appended by leader: 1, Current term: 1, Majority size: -1, State: 0, Mode: NON_LEADER, active raft config: opid_index: -1 OBSOLETE_local: false peers { permanent_uuid: "4b383e0ba9fa4456acf749fddcdc497d" member_type: VOTER last_known_addr { host: "127.31.120.65" port: 45387 } } peers { permanent_uuid: "54164b295f5d408cb32993d87a0fcf0d" member_type: VOTER last_known_addr { host: "127.31.120.66" port: 38265 } } peers { permanent_uuid: "ec92c5058f094b81ba3f12ac7fbed4de" member_type: VOTER last_known_addr { host: "127.31.120.67" port: 46163 } }
I20260709 13:13:05.254807 32359 raft_consensus.cc:3060] T 2e3c697a16144165900b2c5683501663 P 4b383e0ba9fa4456acf749fddcdc497d [term 1 FOLLOWER]: Advancing to term 2
I20260709 13:13:05.257264 32509 raft_consensus.cc:2468] T 2e3c697a16144165900b2c5683501663 P ec92c5058f094b81ba3f12ac7fbed4de [term 2 FOLLOWER]: Leader election vote request: Granting yes vote for candidate 54164b295f5d408cb32993d87a0fcf0d in term 2.
I20260709 13:13:05.258322 32398 leader_election.cc:304] T 2e3c697a16144165900b2c5683501663 P 54164b295f5d408cb32993d87a0fcf0d [CANDIDATE]: Term 2 election: Election decided. Result: candidate won. Election summary: received 2 responses out of 3 voters: 2 yes votes; 0 no votes. yes voters: 54164b295f5d408cb32993d87a0fcf0d, ec92c5058f094b81ba3f12ac7fbed4de; no voters: 
I20260709 13:13:05.259055 32637 raft_consensus.cc:2804] T 2e3c697a16144165900b2c5683501663 P 54164b295f5d408cb32993d87a0fcf0d [term 2 FOLLOWER]: Leader election won for term 2
I20260709 13:13:05.258666 32435 raft_consensus.cc:515] T 78b75c9a698146a8955ad5731d29b520 P 54164b295f5d408cb32993d87a0fcf0d [term 2 FOLLOWER]: Starting forced leader election with config: opid_index: -1 OBSOLETE_local: false peers { permanent_uuid: "4b383e0ba9fa4456acf749fddcdc497d" member_type: VOTER last_known_addr { host: "127.31.120.65" port: 45387 } } peers { permanent_uuid: "54164b295f5d408cb32993d87a0fcf0d" member_type: VOTER last_known_addr { host: "127.31.120.66" port: 38265 } } peers { permanent_uuid: "ec92c5058f094b81ba3f12ac7fbed4de" member_type: VOTER last_known_addr { host: "127.31.120.67" port: 46163 } }
I20260709 13:13:05.259470 32637 raft_consensus.cc:697] T 2e3c697a16144165900b2c5683501663 P 54164b295f5d408cb32993d87a0fcf0d [term 2 LEADER]: Becoming Leader. State: Replica: 54164b295f5d408cb32993d87a0fcf0d, State: Running, Role: LEADER
I20260709 13:13:05.260156 32637 consensus_queue.cc:237] T 2e3c697a16144165900b2c5683501663 P 54164b295f5d408cb32993d87a0fcf0d [LEADER]: Queue going to LEADER mode. State: All replicated index: 0, Majority replicated index: 1, Committed index: 1, Last appended: 1.1, Last appended by leader: 1, Current term: 2, Majority size: 2, State: 0, Mode: LEADER, active raft config: opid_index: -1 OBSOLETE_local: false peers { permanent_uuid: "4b383e0ba9fa4456acf749fddcdc497d" member_type: VOTER last_known_addr { host: "127.31.120.65" port: 45387 } } peers { permanent_uuid: "54164b295f5d408cb32993d87a0fcf0d" member_type: VOTER last_known_addr { host: "127.31.120.66" port: 38265 } } peers { permanent_uuid: "ec92c5058f094b81ba3f12ac7fbed4de" member_type: VOTER last_known_addr { host: "127.31.120.67" port: 46163 } }
I20260709 13:13:05.261214 32359 raft_consensus.cc:2468] T 2e3c697a16144165900b2c5683501663 P 4b383e0ba9fa4456acf749fddcdc497d [term 2 FOLLOWER]: Leader election vote request: Granting yes vote for candidate 54164b295f5d408cb32993d87a0fcf0d in term 2.
I20260709 13:13:05.261427 32435 leader_election.cc:290] T 78b75c9a698146a8955ad5731d29b520 P 54164b295f5d408cb32993d87a0fcf0d [CANDIDATE]: Term 2 election: Requested vote from peers 4b383e0ba9fa4456acf749fddcdc497d (127.31.120.65:45387), ec92c5058f094b81ba3f12ac7fbed4de (127.31.120.67:46163)
I20260709 13:13:05.262952 32509 tablet_service.cc:1917] Received RequestConsensusVote() RPC: tablet_id: "78b75c9a698146a8955ad5731d29b520" candidate_uuid: "54164b295f5d408cb32993d87a0fcf0d" candidate_term: 2 candidate_status { last_received { term: 1 index: 1 } } ignore_live_leader: true dest_uuid: "ec92c5058f094b81ba3f12ac7fbed4de"
I20260709 13:13:05.263046 32359 tablet_service.cc:1917] Received RequestConsensusVote() RPC: tablet_id: "78b75c9a698146a8955ad5731d29b520" candidate_uuid: "54164b295f5d408cb32993d87a0fcf0d" candidate_term: 2 candidate_status { last_received { term: 1 index: 1 } } ignore_live_leader: true dest_uuid: "4b383e0ba9fa4456acf749fddcdc497d"
I20260709 13:13:05.263556 32509 raft_consensus.cc:3060] T 78b75c9a698146a8955ad5731d29b520 P ec92c5058f094b81ba3f12ac7fbed4de [term 1 FOLLOWER]: Advancing to term 2
I20260709 13:13:05.264083 32359 raft_consensus.cc:3055] T 78b75c9a698146a8955ad5731d29b520 P 4b383e0ba9fa4456acf749fddcdc497d [term 1 LEADER]: Stepping down as leader of term 1
I20260709 13:13:05.264812 32359 raft_consensus.cc:740] T 78b75c9a698146a8955ad5731d29b520 P 4b383e0ba9fa4456acf749fddcdc497d [term 1 LEADER]: Becoming Follower/Learner. State: Replica: 4b383e0ba9fa4456acf749fddcdc497d, State: Running, Role: LEADER
I20260709 13:13:05.266122 32359 consensus_queue.cc:260] T 78b75c9a698146a8955ad5731d29b520 P 4b383e0ba9fa4456acf749fddcdc497d [NON_LEADER]: Queue going to NON_LEADER mode. State: All replicated index: 0, Majority replicated index: 1, Committed index: 1, Last appended: 1.1, Last appended by leader: 1, Current term: 1, Majority size: -1, State: 0, Mode: NON_LEADER, active raft config: opid_index: -1 OBSOLETE_local: false peers { permanent_uuid: "4b383e0ba9fa4456acf749fddcdc497d" member_type: VOTER last_known_addr { host: "127.31.120.65" port: 45387 } } peers { permanent_uuid: "54164b295f5d408cb32993d87a0fcf0d" member_type: VOTER last_known_addr { host: "127.31.120.66" port: 38265 } } peers { permanent_uuid: "ec92c5058f094b81ba3f12ac7fbed4de" member_type: VOTER last_known_addr { host: "127.31.120.67" port: 46163 } }
I20260709 13:13:05.267210 32359 raft_consensus.cc:3060] T 78b75c9a698146a8955ad5731d29b520 P 4b383e0ba9fa4456acf749fddcdc497d [term 1 FOLLOWER]: Advancing to term 2
I20260709 13:13:05.268865 32257 catalog_manager.cc:5697] T 2e3c697a16144165900b2c5683501663 P 54164b295f5d408cb32993d87a0fcf0d reported cstate change: term changed from 1 to 2, leader changed from 4b383e0ba9fa4456acf749fddcdc497d (127.31.120.65) to 54164b295f5d408cb32993d87a0fcf0d (127.31.120.66). New cstate: current_term: 2 leader_uuid: "54164b295f5d408cb32993d87a0fcf0d" committed_config { opid_index: -1 OBSOLETE_local: false peers { permanent_uuid: "4b383e0ba9fa4456acf749fddcdc497d" member_type: VOTER last_known_addr { host: "127.31.120.65" port: 45387 } health_report { overall_health: UNKNOWN } } peers { permanent_uuid: "54164b295f5d408cb32993d87a0fcf0d" member_type: VOTER last_known_addr { host: "127.31.120.66" port: 38265 } health_report { overall_health: HEALTHY } } peers { permanent_uuid: "ec92c5058f094b81ba3f12ac7fbed4de" member_type: VOTER last_known_addr { host: "127.31.120.67" port: 46163 } health_report { overall_health: UNKNOWN } } }
I20260709 13:13:05.269927 32509 raft_consensus.cc:2468] T 78b75c9a698146a8955ad5731d29b520 P ec92c5058f094b81ba3f12ac7fbed4de [term 2 FOLLOWER]: Leader election vote request: Granting yes vote for candidate 54164b295f5d408cb32993d87a0fcf0d in term 2.
I20260709 13:13:05.271214 32398 leader_election.cc:304] T 78b75c9a698146a8955ad5731d29b520 P 54164b295f5d408cb32993d87a0fcf0d [CANDIDATE]: Term 2 election: Election decided. Result: candidate won. Election summary: received 2 responses out of 3 voters: 2 yes votes; 0 no votes. yes voters: 54164b295f5d408cb32993d87a0fcf0d, ec92c5058f094b81ba3f12ac7fbed4de; no voters: 
I20260709 13:13:05.271931 32637 raft_consensus.cc:2804] T 78b75c9a698146a8955ad5731d29b520 P 54164b295f5d408cb32993d87a0fcf0d [term 2 FOLLOWER]: Leader election won for term 2
I20260709 13:13:05.272400 32637 raft_consensus.cc:697] T 78b75c9a698146a8955ad5731d29b520 P 54164b295f5d408cb32993d87a0fcf0d [term 2 LEADER]: Becoming Leader. State: Replica: 54164b295f5d408cb32993d87a0fcf0d, State: Running, Role: LEADER
I20260709 13:13:05.273190 32637 consensus_queue.cc:237] T 78b75c9a698146a8955ad5731d29b520 P 54164b295f5d408cb32993d87a0fcf0d [LEADER]: Queue going to LEADER mode. State: All replicated index: 0, Majority replicated index: 1, Committed index: 1, Last appended: 1.1, Last appended by leader: 1, Current term: 2, Majority size: 2, State: 0, Mode: LEADER, active raft config: opid_index: -1 OBSOLETE_local: false peers { permanent_uuid: "4b383e0ba9fa4456acf749fddcdc497d" member_type: VOTER last_known_addr { host: "127.31.120.65" port: 45387 } } peers { permanent_uuid: "54164b295f5d408cb32993d87a0fcf0d" member_type: VOTER last_known_addr { host: "127.31.120.66" port: 38265 } } peers { permanent_uuid: "ec92c5058f094b81ba3f12ac7fbed4de" member_type: VOTER last_known_addr { host: "127.31.120.67" port: 46163 } }
I20260709 13:13:05.274194 32359 raft_consensus.cc:2468] T 78b75c9a698146a8955ad5731d29b520 P 4b383e0ba9fa4456acf749fddcdc497d [term 2 FOLLOWER]: Leader election vote request: Granting yes vote for candidate 54164b295f5d408cb32993d87a0fcf0d in term 2.
I20260709 13:13:05.276640 32649 raft_consensus.cc:993] T 5219a8cc6e9b4311b8f9b4a8f9e63f9b P ec92c5058f094b81ba3f12ac7fbed4de: : Instructing follower 54164b295f5d408cb32993d87a0fcf0d to start an election
I20260709 13:13:05.277210 32589 raft_consensus.cc:1081] T 5219a8cc6e9b4311b8f9b4a8f9e63f9b P ec92c5058f094b81ba3f12ac7fbed4de [term 1 LEADER]: Signalling peer 54164b295f5d408cb32993d87a0fcf0d to start an election
I20260709 13:13:05.278966 32435 tablet_service.cc:2044] Received Run Leader Election RPC: tablet_id: "5219a8cc6e9b4311b8f9b4a8f9e63f9b"
dest_uuid: "54164b295f5d408cb32993d87a0fcf0d"
 from {username='slave'} at 127.0.0.1:49018
I20260709 13:13:05.279417 32435 raft_consensus.cc:493] T 5219a8cc6e9b4311b8f9b4a8f9e63f9b P 54164b295f5d408cb32993d87a0fcf0d [term 1 FOLLOWER]: Starting forced leader election (received explicit request)
I20260709 13:13:05.279728 32435 raft_consensus.cc:3060] T 5219a8cc6e9b4311b8f9b4a8f9e63f9b P 54164b295f5d408cb32993d87a0fcf0d [term 1 FOLLOWER]: Advancing to term 2
I20260709 13:13:05.283603 32257 catalog_manager.cc:5697] T 78b75c9a698146a8955ad5731d29b520 P 54164b295f5d408cb32993d87a0fcf0d reported cstate change: term changed from 1 to 2, leader changed from 4b383e0ba9fa4456acf749fddcdc497d (127.31.120.65) to 54164b295f5d408cb32993d87a0fcf0d (127.31.120.66). New cstate: current_term: 2 leader_uuid: "54164b295f5d408cb32993d87a0fcf0d" committed_config { opid_index: -1 OBSOLETE_local: false peers { permanent_uuid: "4b383e0ba9fa4456acf749fddcdc497d" member_type: VOTER last_known_addr { host: "127.31.120.65" port: 45387 } health_report { overall_health: UNKNOWN } } peers { permanent_uuid: "54164b295f5d408cb32993d87a0fcf0d" member_type: VOTER last_known_addr { host: "127.31.120.66" port: 38265 } health_report { overall_health: HEALTHY } } peers { permanent_uuid: "ec92c5058f094b81ba3f12ac7fbed4de" member_type: VOTER last_known_addr { host: "127.31.120.67" port: 46163 } health_report { overall_health: UNKNOWN } } }
I20260709 13:13:05.284909 32435 raft_consensus.cc:515] T 5219a8cc6e9b4311b8f9b4a8f9e63f9b P 54164b295f5d408cb32993d87a0fcf0d [term 2 FOLLOWER]: Starting forced leader election with config: opid_index: -1 OBSOLETE_local: false peers { permanent_uuid: "4b383e0ba9fa4456acf749fddcdc497d" member_type: VOTER last_known_addr { host: "127.31.120.65" port: 45387 } } peers { permanent_uuid: "54164b295f5d408cb32993d87a0fcf0d" member_type: VOTER last_known_addr { host: "127.31.120.66" port: 38265 } } peers { permanent_uuid: "ec92c5058f094b81ba3f12ac7fbed4de" member_type: VOTER last_known_addr { host: "127.31.120.67" port: 46163 } }
I20260709 13:13:05.286409 32435 leader_election.cc:290] T 5219a8cc6e9b4311b8f9b4a8f9e63f9b P 54164b295f5d408cb32993d87a0fcf0d [CANDIDATE]: Term 2 election: Requested vote from peers 4b383e0ba9fa4456acf749fddcdc497d (127.31.120.65:45387), ec92c5058f094b81ba3f12ac7fbed4de (127.31.120.67:46163)
I20260709 13:13:05.287181 32359 tablet_service.cc:1917] Received RequestConsensusVote() RPC: tablet_id: "5219a8cc6e9b4311b8f9b4a8f9e63f9b" candidate_uuid: "54164b295f5d408cb32993d87a0fcf0d" candidate_term: 2 candidate_status { last_received { term: 1 index: 1 } } ignore_live_leader: true dest_uuid: "4b383e0ba9fa4456acf749fddcdc497d"
I20260709 13:13:05.287675 32359 raft_consensus.cc:3060] T 5219a8cc6e9b4311b8f9b4a8f9e63f9b P 4b383e0ba9fa4456acf749fddcdc497d [term 1 FOLLOWER]: Advancing to term 2
I20260709 13:13:05.287925 32509 tablet_service.cc:1917] Received RequestConsensusVote() RPC: tablet_id: "5219a8cc6e9b4311b8f9b4a8f9e63f9b" candidate_uuid: "54164b295f5d408cb32993d87a0fcf0d" candidate_term: 2 candidate_status { last_received { term: 1 index: 1 } } ignore_live_leader: true dest_uuid: "ec92c5058f094b81ba3f12ac7fbed4de"
I20260709 13:13:05.288415 32509 raft_consensus.cc:3055] T 5219a8cc6e9b4311b8f9b4a8f9e63f9b P ec92c5058f094b81ba3f12ac7fbed4de [term 1 LEADER]: Stepping down as leader of term 1
I20260709 13:13:05.288722 32509 raft_consensus.cc:740] T 5219a8cc6e9b4311b8f9b4a8f9e63f9b P ec92c5058f094b81ba3f12ac7fbed4de [term 1 LEADER]: Becoming Follower/Learner. State: Replica: ec92c5058f094b81ba3f12ac7fbed4de, State: Running, Role: LEADER
I20260709 13:13:05.289433 32509 consensus_queue.cc:260] T 5219a8cc6e9b4311b8f9b4a8f9e63f9b P ec92c5058f094b81ba3f12ac7fbed4de [NON_LEADER]: Queue going to NON_LEADER mode. State: All replicated index: 0, Majority replicated index: 1, Committed index: 1, Last appended: 1.1, Last appended by leader: 1, Current term: 1, Majority size: -1, State: 0, Mode: NON_LEADER, active raft config: opid_index: -1 OBSOLETE_local: false peers { permanent_uuid: "4b383e0ba9fa4456acf749fddcdc497d" member_type: VOTER last_known_addr { host: "127.31.120.65" port: 45387 } } peers { permanent_uuid: "54164b295f5d408cb32993d87a0fcf0d" member_type: VOTER last_known_addr { host: "127.31.120.66" port: 38265 } } peers { permanent_uuid: "ec92c5058f094b81ba3f12ac7fbed4de" member_type: VOTER last_known_addr { host: "127.31.120.67" port: 46163 } }
I20260709 13:13:05.291373 32509 raft_consensus.cc:3060] T 5219a8cc6e9b4311b8f9b4a8f9e63f9b P ec92c5058f094b81ba3f12ac7fbed4de [term 1 FOLLOWER]: Advancing to term 2
I20260709 13:13:05.292969 32359 raft_consensus.cc:2468] T 5219a8cc6e9b4311b8f9b4a8f9e63f9b P 4b383e0ba9fa4456acf749fddcdc497d [term 2 FOLLOWER]: Leader election vote request: Granting yes vote for candidate 54164b295f5d408cb32993d87a0fcf0d in term 2.
I20260709 13:13:05.293888 32398 leader_election.cc:304] T 5219a8cc6e9b4311b8f9b4a8f9e63f9b P 54164b295f5d408cb32993d87a0fcf0d [CANDIDATE]: Term 2 election: Election decided. Result: candidate won. Election summary: received 2 responses out of 3 voters: 2 yes votes; 0 no votes. yes voters: 4b383e0ba9fa4456acf749fddcdc497d, 54164b295f5d408cb32993d87a0fcf0d; no voters: 
I20260709 13:13:05.294484 32637 raft_consensus.cc:2804] T 5219a8cc6e9b4311b8f9b4a8f9e63f9b P 54164b295f5d408cb32993d87a0fcf0d [term 2 FOLLOWER]: Leader election won for term 2
I20260709 13:13:05.294834 32637 raft_consensus.cc:697] T 5219a8cc6e9b4311b8f9b4a8f9e63f9b P 54164b295f5d408cb32993d87a0fcf0d [term 2 LEADER]: Becoming Leader. State: Replica: 54164b295f5d408cb32993d87a0fcf0d, State: Running, Role: LEADER
I20260709 13:13:05.295966 32509 raft_consensus.cc:2468] T 5219a8cc6e9b4311b8f9b4a8f9e63f9b P ec92c5058f094b81ba3f12ac7fbed4de [term 2 FOLLOWER]: Leader election vote request: Granting yes vote for candidate 54164b295f5d408cb32993d87a0fcf0d in term 2.
I20260709 13:13:05.295578 32637 consensus_queue.cc:237] T 5219a8cc6e9b4311b8f9b4a8f9e63f9b P 54164b295f5d408cb32993d87a0fcf0d [LEADER]: Queue going to LEADER mode. State: All replicated index: 0, Majority replicated index: 1, Committed index: 1, Last appended: 1.1, Last appended by leader: 1, Current term: 2, Majority size: 2, State: 0, Mode: LEADER, active raft config: opid_index: -1 OBSOLETE_local: false peers { permanent_uuid: "4b383e0ba9fa4456acf749fddcdc497d" member_type: VOTER last_known_addr { host: "127.31.120.65" port: 45387 } } peers { permanent_uuid: "54164b295f5d408cb32993d87a0fcf0d" member_type: VOTER last_known_addr { host: "127.31.120.66" port: 38265 } } peers { permanent_uuid: "ec92c5058f094b81ba3f12ac7fbed4de" member_type: VOTER last_known_addr { host: "127.31.120.67" port: 46163 } }
I20260709 13:13:05.302894 32257 catalog_manager.cc:5697] T 5219a8cc6e9b4311b8f9b4a8f9e63f9b P 54164b295f5d408cb32993d87a0fcf0d reported cstate change: term changed from 1 to 2, leader changed from ec92c5058f094b81ba3f12ac7fbed4de (127.31.120.67) to 54164b295f5d408cb32993d87a0fcf0d (127.31.120.66). New cstate: current_term: 2 leader_uuid: "54164b295f5d408cb32993d87a0fcf0d" committed_config { opid_index: -1 OBSOLETE_local: false peers { permanent_uuid: "4b383e0ba9fa4456acf749fddcdc497d" member_type: VOTER last_known_addr { host: "127.31.120.65" port: 45387 } health_report { overall_health: UNKNOWN } } peers { permanent_uuid: "54164b295f5d408cb32993d87a0fcf0d" member_type: VOTER last_known_addr { host: "127.31.120.66" port: 38265 } health_report { overall_health: HEALTHY } } peers { permanent_uuid: "ec92c5058f094b81ba3f12ac7fbed4de" member_type: VOTER last_known_addr { host: "127.31.120.67" port: 46163 } health_report { overall_health: UNKNOWN } } }
I20260709 13:13:05.305810 32647 raft_consensus.cc:993] T 5d1783364087459ca4d1a2ba01e40fc1 P 4b383e0ba9fa4456acf749fddcdc497d: : Instructing follower ec92c5058f094b81ba3f12ac7fbed4de to start an election
I20260709 13:13:05.306213 32623 raft_consensus.cc:1081] T 5d1783364087459ca4d1a2ba01e40fc1 P 4b383e0ba9fa4456acf749fddcdc497d [term 1 LEADER]: Signalling peer ec92c5058f094b81ba3f12ac7fbed4de to start an election
I20260709 13:13:05.307773 32509 tablet_service.cc:2044] Received Run Leader Election RPC: tablet_id: "5d1783364087459ca4d1a2ba01e40fc1"
dest_uuid: "ec92c5058f094b81ba3f12ac7fbed4de"
 from {username='slave'} at 127.0.0.1:34818
I20260709 13:13:05.308300 32509 raft_consensus.cc:493] T 5d1783364087459ca4d1a2ba01e40fc1 P ec92c5058f094b81ba3f12ac7fbed4de [term 1 FOLLOWER]: Starting forced leader election (received explicit request)
I20260709 13:13:05.308646 32509 raft_consensus.cc:3060] T 5d1783364087459ca4d1a2ba01e40fc1 P ec92c5058f094b81ba3f12ac7fbed4de [term 1 FOLLOWER]: Advancing to term 2
I20260709 13:13:05.314231 32509 raft_consensus.cc:515] T 5d1783364087459ca4d1a2ba01e40fc1 P ec92c5058f094b81ba3f12ac7fbed4de [term 2 FOLLOWER]: Starting forced leader election with config: opid_index: -1 OBSOLETE_local: false peers { permanent_uuid: "4b383e0ba9fa4456acf749fddcdc497d" member_type: VOTER last_known_addr { host: "127.31.120.65" port: 45387 } } peers { permanent_uuid: "54164b295f5d408cb32993d87a0fcf0d" member_type: VOTER last_known_addr { host: "127.31.120.66" port: 38265 } } peers { permanent_uuid: "ec92c5058f094b81ba3f12ac7fbed4de" member_type: VOTER last_known_addr { host: "127.31.120.67" port: 46163 } }
I20260709 13:13:05.316018 32509 leader_election.cc:290] T 5d1783364087459ca4d1a2ba01e40fc1 P ec92c5058f094b81ba3f12ac7fbed4de [CANDIDATE]: Term 2 election: Requested vote from peers 4b383e0ba9fa4456acf749fddcdc497d (127.31.120.65:45387), 54164b295f5d408cb32993d87a0fcf0d (127.31.120.66:38265)
I20260709 13:13:05.316846 32359 tablet_service.cc:1917] Received RequestConsensusVote() RPC: tablet_id: "5d1783364087459ca4d1a2ba01e40fc1" candidate_uuid: "ec92c5058f094b81ba3f12ac7fbed4de" candidate_term: 2 candidate_status { last_received { term: 1 index: 1 } } ignore_live_leader: true dest_uuid: "4b383e0ba9fa4456acf749fddcdc497d"
I20260709 13:13:05.317154 32435 tablet_service.cc:1917] Received RequestConsensusVote() RPC: tablet_id: "5d1783364087459ca4d1a2ba01e40fc1" candidate_uuid: "ec92c5058f094b81ba3f12ac7fbed4de" candidate_term: 2 candidate_status { last_received { term: 1 index: 1 } } ignore_live_leader: true dest_uuid: "54164b295f5d408cb32993d87a0fcf0d"
I20260709 13:13:05.317490 32359 raft_consensus.cc:3055] T 5d1783364087459ca4d1a2ba01e40fc1 P 4b383e0ba9fa4456acf749fddcdc497d [term 1 LEADER]: Stepping down as leader of term 1
I20260709 13:13:05.317720 32435 raft_consensus.cc:3060] T 5d1783364087459ca4d1a2ba01e40fc1 P 54164b295f5d408cb32993d87a0fcf0d [term 1 FOLLOWER]: Advancing to term 2
I20260709 13:13:05.317881 32359 raft_consensus.cc:740] T 5d1783364087459ca4d1a2ba01e40fc1 P 4b383e0ba9fa4456acf749fddcdc497d [term 1 LEADER]: Becoming Follower/Learner. State: Replica: 4b383e0ba9fa4456acf749fddcdc497d, State: Running, Role: LEADER
I20260709 13:13:05.318699 32359 consensus_queue.cc:260] T 5d1783364087459ca4d1a2ba01e40fc1 P 4b383e0ba9fa4456acf749fddcdc497d [NON_LEADER]: Queue going to NON_LEADER mode. State: All replicated index: 0, Majority replicated index: 1, Committed index: 1, Last appended: 1.1, Last appended by leader: 1, Current term: 1, Majority size: -1, State: 0, Mode: NON_LEADER, active raft config: opid_index: -1 OBSOLETE_local: false peers { permanent_uuid: "4b383e0ba9fa4456acf749fddcdc497d" member_type: VOTER last_known_addr { host: "127.31.120.65" port: 45387 } } peers { permanent_uuid: "54164b295f5d408cb32993d87a0fcf0d" member_type: VOTER last_known_addr { host: "127.31.120.66" port: 38265 } } peers { permanent_uuid: "ec92c5058f094b81ba3f12ac7fbed4de" member_type: VOTER last_known_addr { host: "127.31.120.67" port: 46163 } }
I20260709 13:13:05.319883 32359 raft_consensus.cc:3060] T 5d1783364087459ca4d1a2ba01e40fc1 P 4b383e0ba9fa4456acf749fddcdc497d [term 1 FOLLOWER]: Advancing to term 2
I20260709 13:13:05.324648 32435 raft_consensus.cc:2468] T 5d1783364087459ca4d1a2ba01e40fc1 P 54164b295f5d408cb32993d87a0fcf0d [term 2 FOLLOWER]: Leader election vote request: Granting yes vote for candidate ec92c5058f094b81ba3f12ac7fbed4de in term 2.
I20260709 13:13:05.326133 32475 leader_election.cc:304] T 5d1783364087459ca4d1a2ba01e40fc1 P ec92c5058f094b81ba3f12ac7fbed4de [CANDIDATE]: Term 2 election: Election decided. Result: candidate won. Election summary: received 2 responses out of 3 voters: 2 yes votes; 0 no votes. yes voters: 54164b295f5d408cb32993d87a0fcf0d, ec92c5058f094b81ba3f12ac7fbed4de; no voters: 
I20260709 13:13:05.326529 32359 raft_consensus.cc:2468] T 5d1783364087459ca4d1a2ba01e40fc1 P 4b383e0ba9fa4456acf749fddcdc497d [term 2 FOLLOWER]: Leader election vote request: Granting yes vote for candidate ec92c5058f094b81ba3f12ac7fbed4de in term 2.
I20260709 13:13:05.327031 32589 raft_consensus.cc:2804] T 5d1783364087459ca4d1a2ba01e40fc1 P ec92c5058f094b81ba3f12ac7fbed4de [term 2 FOLLOWER]: Leader election won for term 2
I20260709 13:13:05.327504 32589 raft_consensus.cc:697] T 5d1783364087459ca4d1a2ba01e40fc1 P ec92c5058f094b81ba3f12ac7fbed4de [term 2 LEADER]: Becoming Leader. State: Replica: ec92c5058f094b81ba3f12ac7fbed4de, State: Running, Role: LEADER
I20260709 13:13:05.328295 32589 consensus_queue.cc:237] T 5d1783364087459ca4d1a2ba01e40fc1 P ec92c5058f094b81ba3f12ac7fbed4de [LEADER]: Queue going to LEADER mode. State: All replicated index: 0, Majority replicated index: 1, Committed index: 1, Last appended: 1.1, Last appended by leader: 1, Current term: 2, Majority size: 2, State: 0, Mode: LEADER, active raft config: opid_index: -1 OBSOLETE_local: false peers { permanent_uuid: "4b383e0ba9fa4456acf749fddcdc497d" member_type: VOTER last_known_addr { host: "127.31.120.65" port: 45387 } } peers { permanent_uuid: "54164b295f5d408cb32993d87a0fcf0d" member_type: VOTER last_known_addr { host: "127.31.120.66" port: 38265 } } peers { permanent_uuid: "ec92c5058f094b81ba3f12ac7fbed4de" member_type: VOTER last_known_addr { host: "127.31.120.67" port: 46163 } }
I20260709 13:13:05.335584 32257 catalog_manager.cc:5697] T 5d1783364087459ca4d1a2ba01e40fc1 P ec92c5058f094b81ba3f12ac7fbed4de reported cstate change: term changed from 1 to 2, leader changed from 4b383e0ba9fa4456acf749fddcdc497d (127.31.120.65) to ec92c5058f094b81ba3f12ac7fbed4de (127.31.120.67). New cstate: current_term: 2 leader_uuid: "ec92c5058f094b81ba3f12ac7fbed4de" committed_config { opid_index: -1 OBSOLETE_local: false peers { permanent_uuid: "4b383e0ba9fa4456acf749fddcdc497d" member_type: VOTER last_known_addr { host: "127.31.120.65" port: 45387 } health_report { overall_health: UNKNOWN } } peers { permanent_uuid: "54164b295f5d408cb32993d87a0fcf0d" member_type: VOTER last_known_addr { host: "127.31.120.66" port: 38265 } health_report { overall_health: UNKNOWN } } peers { permanent_uuid: "ec92c5058f094b81ba3f12ac7fbed4de" member_type: VOTER last_known_addr { host: "127.31.120.67" port: 46163 } health_report { overall_health: HEALTHY } } }
I20260709 13:13:05.344237 32359 raft_consensus.cc:1275] T 877e6e0b926048b098f61b5db1345838 P 4b383e0ba9fa4456acf749fddcdc497d [term 2 FOLLOWER]: Refusing update from remote peer 54164b295f5d408cb32993d87a0fcf0d: Log matching property violated. Preceding OpId in replica: term: 0 index: 0. Preceding OpId from leader: term: 2 index: 1. (index mismatch)
I20260709 13:13:05.345430 32637 consensus_queue.cc:1048] T 877e6e0b926048b098f61b5db1345838 P 54164b295f5d408cb32993d87a0fcf0d [LEADER]: Connected to new peer: Peer: permanent_uuid: "4b383e0ba9fa4456acf749fddcdc497d" member_type: VOTER last_known_addr { host: "127.31.120.65" port: 45387 }, Status: LMP_MISMATCH, Last received: 0.0, Next index: 1, Last known committed idx: 0, Time since last communication: 0.000s
I20260709 13:13:05.351087 32579 raft_consensus.cc:993] T 877e6e0b926048b098f61b5db1345838 P 54164b295f5d408cb32993d87a0fcf0d: : Instructing follower 4b383e0ba9fa4456acf749fddcdc497d to start an election
I20260709 13:13:05.351847 32637 raft_consensus.cc:1081] T 877e6e0b926048b098f61b5db1345838 P 54164b295f5d408cb32993d87a0fcf0d [term 2 LEADER]: Signalling peer 4b383e0ba9fa4456acf749fddcdc497d to start an election
I20260709 13:13:05.353510 32360 tablet_service.cc:2044] Received Run Leader Election RPC: tablet_id: "877e6e0b926048b098f61b5db1345838"
dest_uuid: "4b383e0ba9fa4456acf749fddcdc497d"
 from {username='slave'} at 127.0.0.1:59350
I20260709 13:13:05.355855 32360 raft_consensus.cc:493] T 877e6e0b926048b098f61b5db1345838 P 4b383e0ba9fa4456acf749fddcdc497d [term 2 FOLLOWER]: Starting forced leader election (received explicit request)
I20260709 13:13:05.356238 32360 raft_consensus.cc:3060] T 877e6e0b926048b098f61b5db1345838 P 4b383e0ba9fa4456acf749fddcdc497d [term 2 FOLLOWER]: Advancing to term 3
I20260709 13:13:05.357479 32509 raft_consensus.cc:1275] T 877e6e0b926048b098f61b5db1345838 P ec92c5058f094b81ba3f12ac7fbed4de [term 2 FOLLOWER]: Refusing update from remote peer 54164b295f5d408cb32993d87a0fcf0d: Log matching property violated. Preceding OpId in replica: term: 0 index: 0. Preceding OpId from leader: term: 2 index: 1. (index mismatch)
I20260709 13:13:05.359150 32579 consensus_queue.cc:1048] T 877e6e0b926048b098f61b5db1345838 P 54164b295f5d408cb32993d87a0fcf0d [LEADER]: Connected to new peer: Peer: permanent_uuid: "ec92c5058f094b81ba3f12ac7fbed4de" member_type: VOTER last_known_addr { host: "127.31.120.67" port: 46163 }, Status: LMP_MISMATCH, Last received: 0.0, Next index: 1, Last known committed idx: 0, Time since last communication: 0.000s
I20260709 13:13:05.362390 32360 raft_consensus.cc:515] T 877e6e0b926048b098f61b5db1345838 P 4b383e0ba9fa4456acf749fddcdc497d [term 3 FOLLOWER]: Starting forced leader election with config: opid_index: -1 OBSOLETE_local: false peers { permanent_uuid: "4b383e0ba9fa4456acf749fddcdc497d" member_type: VOTER last_known_addr { host: "127.31.120.65" port: 45387 } } peers { permanent_uuid: "54164b295f5d408cb32993d87a0fcf0d" member_type: VOTER last_known_addr { host: "127.31.120.66" port: 38265 } } peers { permanent_uuid: "ec92c5058f094b81ba3f12ac7fbed4de" member_type: VOTER last_known_addr { host: "127.31.120.67" port: 46163 } }
I20260709 13:13:05.367802 32360 leader_election.cc:290] T 877e6e0b926048b098f61b5db1345838 P 4b383e0ba9fa4456acf749fddcdc497d [CANDIDATE]: Term 3 election: Requested vote from peers 54164b295f5d408cb32993d87a0fcf0d (127.31.120.66:38265), ec92c5058f094b81ba3f12ac7fbed4de (127.31.120.67:46163)
I20260709 13:13:05.368551 32435 tablet_service.cc:1917] Received RequestConsensusVote() RPC: tablet_id: "877e6e0b926048b098f61b5db1345838" candidate_uuid: "4b383e0ba9fa4456acf749fddcdc497d" candidate_term: 3 candidate_status { last_received { term: 2 index: 1 } } ignore_live_leader: true dest_uuid: "54164b295f5d408cb32993d87a0fcf0d"
I20260709 13:13:05.369092 32435 raft_consensus.cc:3055] T 877e6e0b926048b098f61b5db1345838 P 54164b295f5d408cb32993d87a0fcf0d [term 2 LEADER]: Stepping down as leader of term 2
I20260709 13:13:05.369341 32435 raft_consensus.cc:740] T 877e6e0b926048b098f61b5db1345838 P 54164b295f5d408cb32993d87a0fcf0d [term 2 LEADER]: Becoming Follower/Learner. State: Replica: 54164b295f5d408cb32993d87a0fcf0d, State: Running, Role: LEADER
I20260709 13:13:05.369921 32435 consensus_queue.cc:260] T 877e6e0b926048b098f61b5db1345838 P 54164b295f5d408cb32993d87a0fcf0d [NON_LEADER]: Queue going to NON_LEADER mode. State: All replicated index: 0, Majority replicated index: 1, Committed index: 1, Last appended: 2.1, Last appended by leader: 1, Current term: 2, Majority size: -1, State: 0, Mode: NON_LEADER, active raft config: opid_index: -1 OBSOLETE_local: false peers { permanent_uuid: "4b383e0ba9fa4456acf749fddcdc497d" member_type: VOTER last_known_addr { host: "127.31.120.65" port: 45387 } } peers { permanent_uuid: "54164b295f5d408cb32993d87a0fcf0d" member_type: VOTER last_known_addr { host: "127.31.120.66" port: 38265 } } peers { permanent_uuid: "ec92c5058f094b81ba3f12ac7fbed4de" member_type: VOTER last_known_addr { host: "127.31.120.67" port: 46163 } }
I20260709 13:13:05.370224 32509 tablet_service.cc:1917] Received RequestConsensusVote() RPC: tablet_id: "877e6e0b926048b098f61b5db1345838" candidate_uuid: "4b383e0ba9fa4456acf749fddcdc497d" candidate_term: 3 candidate_status { last_received { term: 2 index: 1 } } ignore_live_leader: true dest_uuid: "ec92c5058f094b81ba3f12ac7fbed4de"
I20260709 13:13:05.370775 32509 raft_consensus.cc:3060] T 877e6e0b926048b098f61b5db1345838 P ec92c5058f094b81ba3f12ac7fbed4de [term 2 FOLLOWER]: Advancing to term 3
I20260709 13:13:05.371150 32435 raft_consensus.cc:3060] T 877e6e0b926048b098f61b5db1345838 P 54164b295f5d408cb32993d87a0fcf0d [term 2 FOLLOWER]: Advancing to term 3
I20260709 13:13:05.377929 32509 raft_consensus.cc:2468] T 877e6e0b926048b098f61b5db1345838 P ec92c5058f094b81ba3f12ac7fbed4de [term 3 FOLLOWER]: Leader election vote request: Granting yes vote for candidate 4b383e0ba9fa4456acf749fddcdc497d in term 3.
I20260709 13:13:05.377929 32435 raft_consensus.cc:2468] T 877e6e0b926048b098f61b5db1345838 P 54164b295f5d408cb32993d87a0fcf0d [term 3 FOLLOWER]: Leader election vote request: Granting yes vote for candidate 4b383e0ba9fa4456acf749fddcdc497d in term 3.
I20260709 13:13:05.379288 32323 leader_election.cc:304] T 877e6e0b926048b098f61b5db1345838 P 4b383e0ba9fa4456acf749fddcdc497d [CANDIDATE]: Term 3 election: Election decided. Result: candidate won. Election summary: received 2 responses out of 3 voters: 2 yes votes; 0 no votes. yes voters: 4b383e0ba9fa4456acf749fddcdc497d, ec92c5058f094b81ba3f12ac7fbed4de; no voters: 
I20260709 13:13:05.379997 32623 raft_consensus.cc:2804] T 877e6e0b926048b098f61b5db1345838 P 4b383e0ba9fa4456acf749fddcdc497d [term 3 FOLLOWER]: Leader election won for term 3
I20260709 13:13:05.380487 32623 raft_consensus.cc:697] T 877e6e0b926048b098f61b5db1345838 P 4b383e0ba9fa4456acf749fddcdc497d [term 3 LEADER]: Becoming Leader. State: Replica: 4b383e0ba9fa4456acf749fddcdc497d, State: Running, Role: LEADER
I20260709 13:13:05.381296 32623 consensus_queue.cc:237] T 877e6e0b926048b098f61b5db1345838 P 4b383e0ba9fa4456acf749fddcdc497d [LEADER]: Queue going to LEADER mode. State: All replicated index: 0, Majority replicated index: 1, Committed index: 1, Last appended: 2.1, Last appended by leader: 1, Current term: 3, Majority size: 2, State: 0, Mode: LEADER, active raft config: opid_index: -1 OBSOLETE_local: false peers { permanent_uuid: "4b383e0ba9fa4456acf749fddcdc497d" member_type: VOTER last_known_addr { host: "127.31.120.65" port: 45387 } } peers { permanent_uuid: "54164b295f5d408cb32993d87a0fcf0d" member_type: VOTER last_known_addr { host: "127.31.120.66" port: 38265 } } peers { permanent_uuid: "ec92c5058f094b81ba3f12ac7fbed4de" member_type: VOTER last_known_addr { host: "127.31.120.67" port: 46163 } }
I20260709 13:13:05.387677 32256 catalog_manager.cc:5697] T 877e6e0b926048b098f61b5db1345838 P 4b383e0ba9fa4456acf749fddcdc497d reported cstate change: term changed from 2 to 3, leader changed from 54164b295f5d408cb32993d87a0fcf0d (127.31.120.66) to 4b383e0ba9fa4456acf749fddcdc497d (127.31.120.65). New cstate: current_term: 3 leader_uuid: "4b383e0ba9fa4456acf749fddcdc497d" committed_config { opid_index: -1 OBSOLETE_local: false peers { permanent_uuid: "4b383e0ba9fa4456acf749fddcdc497d" member_type: VOTER last_known_addr { host: "127.31.120.65" port: 45387 } health_report { overall_health: HEALTHY } } peers { permanent_uuid: "54164b295f5d408cb32993d87a0fcf0d" member_type: VOTER last_known_addr { host: "127.31.120.66" port: 38265 } health_report { overall_health: UNKNOWN } } peers { permanent_uuid: "ec92c5058f094b81ba3f12ac7fbed4de" member_type: VOTER last_known_addr { host: "127.31.120.67" port: 46163 } health_report { overall_health: UNKNOWN } } }
I20260709 13:13:05.462548 32637 raft_consensus.cc:993] T 38c06719b81c4816a87a6e492a05de9b P 54164b295f5d408cb32993d87a0fcf0d: : Instructing follower 4b383e0ba9fa4456acf749fddcdc497d to start an election
I20260709 13:13:05.463176 32579 raft_consensus.cc:1081] T 38c06719b81c4816a87a6e492a05de9b P 54164b295f5d408cb32993d87a0fcf0d [term 1 LEADER]: Signalling peer 4b383e0ba9fa4456acf749fddcdc497d to start an election
I20260709 13:13:05.464939 32360 tablet_service.cc:2044] Received Run Leader Election RPC: tablet_id: "38c06719b81c4816a87a6e492a05de9b"
dest_uuid: "4b383e0ba9fa4456acf749fddcdc497d"
 from {username='slave'} at 127.0.0.1:59350
I20260709 13:13:05.465416 32360 raft_consensus.cc:493] T 38c06719b81c4816a87a6e492a05de9b P 4b383e0ba9fa4456acf749fddcdc497d [term 1 FOLLOWER]: Starting forced leader election (received explicit request)
I20260709 13:13:05.465699 32360 raft_consensus.cc:3060] T 38c06719b81c4816a87a6e492a05de9b P 4b383e0ba9fa4456acf749fddcdc497d [term 1 FOLLOWER]: Advancing to term 2
I20260709 13:13:05.470387 32360 raft_consensus.cc:515] T 38c06719b81c4816a87a6e492a05de9b P 4b383e0ba9fa4456acf749fddcdc497d [term 2 FOLLOWER]: Starting forced leader election with config: opid_index: -1 OBSOLETE_local: false peers { permanent_uuid: "4b383e0ba9fa4456acf749fddcdc497d" member_type: VOTER last_known_addr { host: "127.31.120.65" port: 45387 } } peers { permanent_uuid: "ec92c5058f094b81ba3f12ac7fbed4de" member_type: VOTER last_known_addr { host: "127.31.120.67" port: 46163 } } peers { permanent_uuid: "54164b295f5d408cb32993d87a0fcf0d" member_type: VOTER last_known_addr { host: "127.31.120.66" port: 38265 } }
I20260709 13:13:05.472139 32360 leader_election.cc:290] T 38c06719b81c4816a87a6e492a05de9b P 4b383e0ba9fa4456acf749fddcdc497d [CANDIDATE]: Term 2 election: Requested vote from peers ec92c5058f094b81ba3f12ac7fbed4de (127.31.120.67:46163), 54164b295f5d408cb32993d87a0fcf0d (127.31.120.66:38265)
I20260709 13:13:05.472838 32509 tablet_service.cc:1917] Received RequestConsensusVote() RPC: tablet_id: "38c06719b81c4816a87a6e492a05de9b" candidate_uuid: "4b383e0ba9fa4456acf749fddcdc497d" candidate_term: 2 candidate_status { last_received { term: 1 index: 1 } } ignore_live_leader: true dest_uuid: "ec92c5058f094b81ba3f12ac7fbed4de"
I20260709 13:13:05.473163 32435 tablet_service.cc:1917] Received RequestConsensusVote() RPC: tablet_id: "38c06719b81c4816a87a6e492a05de9b" candidate_uuid: "4b383e0ba9fa4456acf749fddcdc497d" candidate_term: 2 candidate_status { last_received { term: 1 index: 1 } } ignore_live_leader: true dest_uuid: "54164b295f5d408cb32993d87a0fcf0d"
I20260709 13:13:05.473400 32509 raft_consensus.cc:3060] T 38c06719b81c4816a87a6e492a05de9b P ec92c5058f094b81ba3f12ac7fbed4de [term 1 FOLLOWER]: Advancing to term 2
I20260709 13:13:05.473655 32435 raft_consensus.cc:3055] T 38c06719b81c4816a87a6e492a05de9b P 54164b295f5d408cb32993d87a0fcf0d [term 1 LEADER]: Stepping down as leader of term 1
I20260709 13:13:05.473929 32435 raft_consensus.cc:740] T 38c06719b81c4816a87a6e492a05de9b P 54164b295f5d408cb32993d87a0fcf0d [term 1 LEADER]: Becoming Follower/Learner. State: Replica: 54164b295f5d408cb32993d87a0fcf0d, State: Running, Role: LEADER
I20260709 13:13:05.474553 32435 consensus_queue.cc:260] T 38c06719b81c4816a87a6e492a05de9b P 54164b295f5d408cb32993d87a0fcf0d [NON_LEADER]: Queue going to NON_LEADER mode. State: All replicated index: 0, Majority replicated index: 1, Committed index: 1, Last appended: 1.1, Last appended by leader: 1, Current term: 1, Majority size: -1, State: 0, Mode: NON_LEADER, active raft config: opid_index: -1 OBSOLETE_local: false peers { permanent_uuid: "4b383e0ba9fa4456acf749fddcdc497d" member_type: VOTER last_known_addr { host: "127.31.120.65" port: 45387 } } peers { permanent_uuid: "ec92c5058f094b81ba3f12ac7fbed4de" member_type: VOTER last_known_addr { host: "127.31.120.67" port: 46163 } } peers { permanent_uuid: "54164b295f5d408cb32993d87a0fcf0d" member_type: VOTER last_known_addr { host: "127.31.120.66" port: 38265 } }
I20260709 13:13:05.475407 32435 raft_consensus.cc:3060] T 38c06719b81c4816a87a6e492a05de9b P 54164b295f5d408cb32993d87a0fcf0d [term 1 FOLLOWER]: Advancing to term 2
I20260709 13:13:05.478817 32509 raft_consensus.cc:2468] T 38c06719b81c4816a87a6e492a05de9b P ec92c5058f094b81ba3f12ac7fbed4de [term 2 FOLLOWER]: Leader election vote request: Granting yes vote for candidate 4b383e0ba9fa4456acf749fddcdc497d in term 2.
I20260709 13:13:05.480362 32323 leader_election.cc:304] T 38c06719b81c4816a87a6e492a05de9b P 4b383e0ba9fa4456acf749fddcdc497d [CANDIDATE]: Term 2 election: Election decided. Result: candidate won. Election summary: received 2 responses out of 3 voters: 2 yes votes; 0 no votes. yes voters: 4b383e0ba9fa4456acf749fddcdc497d, ec92c5058f094b81ba3f12ac7fbed4de; no voters: 
I20260709 13:13:05.481025 32623 raft_consensus.cc:2804] T 38c06719b81c4816a87a6e492a05de9b P 4b383e0ba9fa4456acf749fddcdc497d [term 2 FOLLOWER]: Leader election won for term 2
I20260709 13:13:05.481432 32623 raft_consensus.cc:697] T 38c06719b81c4816a87a6e492a05de9b P 4b383e0ba9fa4456acf749fddcdc497d [term 2 LEADER]: Becoming Leader. State: Replica: 4b383e0ba9fa4456acf749fddcdc497d, State: Running, Role: LEADER
I20260709 13:13:05.482327 32623 consensus_queue.cc:237] T 38c06719b81c4816a87a6e492a05de9b P 4b383e0ba9fa4456acf749fddcdc497d [LEADER]: Queue going to LEADER mode. State: All replicated index: 0, Majority replicated index: 1, Committed index: 1, Last appended: 1.1, Last appended by leader: 1, Current term: 2, Majority size: 2, State: 0, Mode: LEADER, active raft config: opid_index: -1 OBSOLETE_local: false peers { permanent_uuid: "4b383e0ba9fa4456acf749fddcdc497d" member_type: VOTER last_known_addr { host: "127.31.120.65" port: 45387 } } peers { permanent_uuid: "ec92c5058f094b81ba3f12ac7fbed4de" member_type: VOTER last_known_addr { host: "127.31.120.67" port: 46163 } } peers { permanent_uuid: "54164b295f5d408cb32993d87a0fcf0d" member_type: VOTER last_known_addr { host: "127.31.120.66" port: 38265 } }
I20260709 13:13:05.483147 32435 raft_consensus.cc:2468] T 38c06719b81c4816a87a6e492a05de9b P 54164b295f5d408cb32993d87a0fcf0d [term 2 FOLLOWER]: Leader election vote request: Granting yes vote for candidate 4b383e0ba9fa4456acf749fddcdc497d in term 2.
I20260709 13:13:05.488986 32256 catalog_manager.cc:5697] T 38c06719b81c4816a87a6e492a05de9b P 4b383e0ba9fa4456acf749fddcdc497d reported cstate change: term changed from 1 to 2, leader changed from 54164b295f5d408cb32993d87a0fcf0d (127.31.120.66) to 4b383e0ba9fa4456acf749fddcdc497d (127.31.120.65). New cstate: current_term: 2 leader_uuid: "4b383e0ba9fa4456acf749fddcdc497d" committed_config { opid_index: -1 OBSOLETE_local: false peers { permanent_uuid: "4b383e0ba9fa4456acf749fddcdc497d" member_type: VOTER last_known_addr { host: "127.31.120.65" port: 45387 } health_report { overall_health: HEALTHY } } peers { permanent_uuid: "ec92c5058f094b81ba3f12ac7fbed4de" member_type: VOTER last_known_addr { host: "127.31.120.67" port: 46163 } health_report { overall_health: UNKNOWN } } peers { permanent_uuid: "54164b295f5d408cb32993d87a0fcf0d" member_type: VOTER last_known_addr { host: "127.31.120.66" port: 38265 } health_report { overall_health: UNKNOWN } } }
I20260709 13:13:05.510295 32637 raft_consensus.cc:993] T 6d6dce5ca27e442ab340c2c5089e4435 P 54164b295f5d408cb32993d87a0fcf0d: : Instructing follower 4b383e0ba9fa4456acf749fddcdc497d to start an election
I20260709 13:13:05.510682 32637 raft_consensus.cc:1081] T 6d6dce5ca27e442ab340c2c5089e4435 P 54164b295f5d408cb32993d87a0fcf0d [term 1 LEADER]: Signalling peer 4b383e0ba9fa4456acf749fddcdc497d to start an election
I20260709 13:13:05.512053 32360 tablet_service.cc:2044] Received Run Leader Election RPC: tablet_id: "6d6dce5ca27e442ab340c2c5089e4435"
dest_uuid: "4b383e0ba9fa4456acf749fddcdc497d"
 from {username='slave'} at 127.0.0.1:59350
I20260709 13:13:05.512504 32360 raft_consensus.cc:493] T 6d6dce5ca27e442ab340c2c5089e4435 P 4b383e0ba9fa4456acf749fddcdc497d [term 1 FOLLOWER]: Starting forced leader election (received explicit request)
I20260709 13:13:05.512760 32360 raft_consensus.cc:3060] T 6d6dce5ca27e442ab340c2c5089e4435 P 4b383e0ba9fa4456acf749fddcdc497d [term 1 FOLLOWER]: Advancing to term 2
I20260709 13:13:05.518723 32360 raft_consensus.cc:515] T 6d6dce5ca27e442ab340c2c5089e4435 P 4b383e0ba9fa4456acf749fddcdc497d [term 2 FOLLOWER]: Starting forced leader election with config: opid_index: -1 OBSOLETE_local: false peers { permanent_uuid: "4b383e0ba9fa4456acf749fddcdc497d" member_type: VOTER last_known_addr { host: "127.31.120.65" port: 45387 } } peers { permanent_uuid: "54164b295f5d408cb32993d87a0fcf0d" member_type: VOTER last_known_addr { host: "127.31.120.66" port: 38265 } } peers { permanent_uuid: "ec92c5058f094b81ba3f12ac7fbed4de" member_type: VOTER last_known_addr { host: "127.31.120.67" port: 46163 } }
I20260709 13:13:05.520529 32360 leader_election.cc:290] T 6d6dce5ca27e442ab340c2c5089e4435 P 4b383e0ba9fa4456acf749fddcdc497d [CANDIDATE]: Term 2 election: Requested vote from peers 54164b295f5d408cb32993d87a0fcf0d (127.31.120.66:38265), ec92c5058f094b81ba3f12ac7fbed4de (127.31.120.67:46163)
I20260709 13:13:05.521651 32435 tablet_service.cc:1917] Received RequestConsensusVote() RPC: tablet_id: "6d6dce5ca27e442ab340c2c5089e4435" candidate_uuid: "4b383e0ba9fa4456acf749fddcdc497d" candidate_term: 2 candidate_status { last_received { term: 1 index: 1 } } ignore_live_leader: true dest_uuid: "54164b295f5d408cb32993d87a0fcf0d"
I20260709 13:13:05.521920 32509 tablet_service.cc:1917] Received RequestConsensusVote() RPC: tablet_id: "6d6dce5ca27e442ab340c2c5089e4435" candidate_uuid: "4b383e0ba9fa4456acf749fddcdc497d" candidate_term: 2 candidate_status { last_received { term: 1 index: 1 } } ignore_live_leader: true dest_uuid: "ec92c5058f094b81ba3f12ac7fbed4de"
I20260709 13:13:05.522861 32509 raft_consensus.cc:3060] T 6d6dce5ca27e442ab340c2c5089e4435 P ec92c5058f094b81ba3f12ac7fbed4de [term 1 FOLLOWER]: Advancing to term 2
I20260709 13:13:05.522827 32435 raft_consensus.cc:3055] T 6d6dce5ca27e442ab340c2c5089e4435 P 54164b295f5d408cb32993d87a0fcf0d [term 1 LEADER]: Stepping down as leader of term 1
I20260709 13:13:05.523367 32435 raft_consensus.cc:740] T 6d6dce5ca27e442ab340c2c5089e4435 P 54164b295f5d408cb32993d87a0fcf0d [term 1 LEADER]: Becoming Follower/Learner. State: Replica: 54164b295f5d408cb32993d87a0fcf0d, State: Running, Role: LEADER
I20260709 13:13:05.524176 32435 consensus_queue.cc:260] T 6d6dce5ca27e442ab340c2c5089e4435 P 54164b295f5d408cb32993d87a0fcf0d [NON_LEADER]: Queue going to NON_LEADER mode. State: All replicated index: 0, Majority replicated index: 1, Committed index: 1, Last appended: 1.1, Last appended by leader: 1, Current term: 1, Majority size: -1, State: 0, Mode: NON_LEADER, active raft config: opid_index: -1 OBSOLETE_local: false peers { permanent_uuid: "4b383e0ba9fa4456acf749fddcdc497d" member_type: VOTER last_known_addr { host: "127.31.120.65" port: 45387 } } peers { permanent_uuid: "54164b295f5d408cb32993d87a0fcf0d" member_type: VOTER last_known_addr { host: "127.31.120.66" port: 38265 } } peers { permanent_uuid: "ec92c5058f094b81ba3f12ac7fbed4de" member_type: VOTER last_known_addr { host: "127.31.120.67" port: 46163 } }
I20260709 13:13:05.525405 32435 raft_consensus.cc:3060] T 6d6dce5ca27e442ab340c2c5089e4435 P 54164b295f5d408cb32993d87a0fcf0d [term 1 FOLLOWER]: Advancing to term 2
I20260709 13:13:05.527477 32509 raft_consensus.cc:2468] T 6d6dce5ca27e442ab340c2c5089e4435 P ec92c5058f094b81ba3f12ac7fbed4de [term 2 FOLLOWER]: Leader election vote request: Granting yes vote for candidate 4b383e0ba9fa4456acf749fddcdc497d in term 2.
