I20260709 13:13:26.061352 10232 consensus_queue.cc:260] T a1ba9da626624a80a2093d24a001b4a2 P e594f7d5b1664534b30478d98d821342 [NON_LEADER]: Queue going to NON_LEADER mode. State: All replicated index: 0, Majority replicated index: 0, Committed index: 0, Last appended: 0.0, Last appended by leader: 0, Current term: 0, Majority size: -1, State: 0, Mode: NON_LEADER, active raft config: opid_index: -1 OBSOLETE_local: false peers { permanent_uuid: "e594f7d5b1664534b30478d98d821342" member_type: VOTER last_known_addr { host: "127.8.185.65" port: 39945 } } peers { permanent_uuid: "918afa588a7040b79e72169d9c3dee33" member_type: VOTER last_known_addr { host: "127.8.185.66" port: 43749 } } peers { permanent_uuid: "5b2663011dd64f16be5ed1ed58a1c11f" member_type: VOTER last_known_addr { host: "127.8.185.67" port: 40631 } }
I20260709 13:13:26.064069 10232 ts_tablet_manager.cc:1434] T a1ba9da626624a80a2093d24a001b4a2 P e594f7d5b1664534b30478d98d821342: Time spent starting tablet: real 0.010s	user 0.009s	sys 0.000s
W20260709 13:13:26.054332 10148 leader_election.cc:343] T a1ba9da626624a80a2093d24a001b4a2 P 5b2663011dd64f16be5ed1ed58a1c11f [CANDIDATE]: Term 1 election: Tablet error from VoteRequest() call to peer e594f7d5b1664534b30478d98d821342 (127.8.185.65:39945): Illegal state: must be running to vote when last-logged opid is not known
I20260709 13:13:26.067631 10232 tablet_bootstrap.cc:492] T 83b623d9186f4b008dfb31c7fcec7038 P e594f7d5b1664534b30478d98d821342: Bootstrap starting.
I20260709 13:13:26.080123  9933 catalog_manager.cc:5697] T c056717f1b494eaa87aa02d2a8fe1d94 P e594f7d5b1664534b30478d98d821342 reported cstate change: term changed from 0 to 1, leader changed from <none> to e594f7d5b1664534b30478d98d821342 (127.8.185.65). New cstate: current_term: 1 leader_uuid: "e594f7d5b1664534b30478d98d821342" committed_config { opid_index: -1 OBSOLETE_local: false peers { permanent_uuid: "e594f7d5b1664534b30478d98d821342" member_type: VOTER last_known_addr { host: "127.8.185.65" port: 39945 } health_report { overall_health: HEALTHY } } peers { permanent_uuid: "918afa588a7040b79e72169d9c3dee33" member_type: VOTER last_known_addr { host: "127.8.185.66" port: 43749 } health_report { overall_health: UNKNOWN } } peers { permanent_uuid: "5b2663011dd64f16be5ed1ed58a1c11f" member_type: VOTER last_known_addr { host: "127.8.185.67" port: 40631 } health_report { overall_health: UNKNOWN } } }
I20260709 13:13:26.083204 10346 raft_consensus.cc:493] T a1ba9da626624a80a2093d24a001b4a2 P e594f7d5b1664534b30478d98d821342 [term 0 FOLLOWER]: Starting pre-election (no leader contacted us within the election timeout)
I20260709 13:13:26.083863 10346 raft_consensus.cc:515] T a1ba9da626624a80a2093d24a001b4a2 P e594f7d5b1664534b30478d98d821342 [term 0 FOLLOWER]: Starting pre-election with config: opid_index: -1 OBSOLETE_local: false peers { permanent_uuid: "e594f7d5b1664534b30478d98d821342" member_type: VOTER last_known_addr { host: "127.8.185.65" port: 39945 } } peers { permanent_uuid: "918afa588a7040b79e72169d9c3dee33" member_type: VOTER last_known_addr { host: "127.8.185.66" port: 43749 } } peers { permanent_uuid: "5b2663011dd64f16be5ed1ed58a1c11f" member_type: VOTER last_known_addr { host: "127.8.185.67" port: 40631 } }
I20260709 13:13:26.113423 10226 tablet_bootstrap.cc:492] T 0b1c233877c14da38193aa33f47b042e P 5b2663011dd64f16be5ed1ed58a1c11f: No bootstrap required, opened a new log
I20260709 13:13:26.113917 10226 ts_tablet_manager.cc:1403] T 0b1c233877c14da38193aa33f47b042e P 5b2663011dd64f16be5ed1ed58a1c11f: Time spent bootstrapping tablet: real 0.139s	user 0.020s	sys 0.024s
I20260709 13:13:26.113261 10108 raft_consensus.cc:2468] T a1ba9da626624a80a2093d24a001b4a2 P 918afa588a7040b79e72169d9c3dee33 [term 1 FOLLOWER]: Leader election vote request: Granting yes vote for candidate 5b2663011dd64f16be5ed1ed58a1c11f in term 1.
I20260709 13:13:26.117865 10248 consensus_queue.cc:1048] T 053c6dd55fdf44dd9e3abad35c63bb9e P 918afa588a7040b79e72169d9c3dee33 [LEADER]: Connected to new peer: Peer: permanent_uuid: "e594f7d5b1664534b30478d98d821342" member_type: VOTER last_known_addr { host: "127.8.185.65" port: 39945 }, Status: LMP_MISMATCH, Last received: 0.0, Next index: 1, Last known committed idx: 0, Time since last communication: 0.000s
I20260709 13:13:26.118615 10346 leader_election.cc:290] T a1ba9da626624a80a2093d24a001b4a2 P e594f7d5b1664534b30478d98d821342 [CANDIDATE]: Term 1 pre-election: Requested pre-vote from peers 918afa588a7040b79e72169d9c3dee33 (127.8.185.66:43749), 5b2663011dd64f16be5ed1ed58a1c11f (127.8.185.67:40631)
I20260709 13:13:26.119513 10150 leader_election.cc:304] T a1ba9da626624a80a2093d24a001b4a2 P 5b2663011dd64f16be5ed1ed58a1c11f [CANDIDATE]: Term 1 election: Election decided. Result: candidate won. Election summary: received 3 responses out of 3 voters: 2 yes votes; 1 no votes. yes voters: 5b2663011dd64f16be5ed1ed58a1c11f, 918afa588a7040b79e72169d9c3dee33; no voters: e594f7d5b1664534b30478d98d821342
I20260709 13:13:26.119735 10184 tablet_service.cc:1917] Received RequestConsensusVote() RPC: tablet_id: "a1ba9da626624a80a2093d24a001b4a2" candidate_uuid: "e594f7d5b1664534b30478d98d821342" candidate_term: 1 candidate_status { last_received { term: 0 index: 0 } } ignore_live_leader: false dest_uuid: "5b2663011dd64f16be5ed1ed58a1c11f" is_pre_election: true
I20260709 13:13:26.120508 10184 raft_consensus.cc:2393] T a1ba9da626624a80a2093d24a001b4a2 P 5b2663011dd64f16be5ed1ed58a1c11f [term 1 FOLLOWER]: Leader pre-election vote request: Denying vote to candidate e594f7d5b1664534b30478d98d821342 in current term 1: Already voted for candidate 5b2663011dd64f16be5ed1ed58a1c11f in this term.
I20260709 13:13:26.118085 10180 raft_consensus.cc:2468] T c056717f1b494eaa87aa02d2a8fe1d94 P 5b2663011dd64f16be5ed1ed58a1c11f [term 1 FOLLOWER]: Leader election vote request: Granting yes vote for candidate e594f7d5b1664534b30478d98d821342 in term 1.
I20260709 13:13:26.122432 10333 raft_consensus.cc:2804] T a1ba9da626624a80a2093d24a001b4a2 P 5b2663011dd64f16be5ed1ed58a1c11f [term 1 FOLLOWER]: Leader election won for term 1
I20260709 13:13:26.122920 10333 raft_consensus.cc:697] T a1ba9da626624a80a2093d24a001b4a2 P 5b2663011dd64f16be5ed1ed58a1c11f [term 1 LEADER]: Becoming Leader. State: Replica: 5b2663011dd64f16be5ed1ed58a1c11f, State: Running, Role: LEADER
I20260709 13:13:26.121347 10108 tablet_service.cc:1917] Received RequestConsensusVote() RPC: tablet_id: "a1ba9da626624a80a2093d24a001b4a2" candidate_uuid: "e594f7d5b1664534b30478d98d821342" candidate_term: 1 candidate_status { last_received { term: 0 index: 0 } } ignore_live_leader: false dest_uuid: "918afa588a7040b79e72169d9c3dee33" is_pre_election: true
I20260709 13:13:26.123706 10108 raft_consensus.cc:2393] T a1ba9da626624a80a2093d24a001b4a2 P 918afa588a7040b79e72169d9c3dee33 [term 1 FOLLOWER]: Leader pre-election vote request: Denying vote to candidate e594f7d5b1664534b30478d98d821342 in current term 1: Already voted for candidate 5b2663011dd64f16be5ed1ed58a1c11f in this term.
I20260709 13:13:26.121063 10226 raft_consensus.cc:359] T 0b1c233877c14da38193aa33f47b042e P 5b2663011dd64f16be5ed1ed58a1c11f [term 0 FOLLOWER]: Replica starting. Triggering 0 pending ops. Active config: opid_index: -1 OBSOLETE_local: false peers { permanent_uuid: "e594f7d5b1664534b30478d98d821342" member_type: VOTER last_known_addr { host: "127.8.185.65" port: 39945 } } peers { permanent_uuid: "918afa588a7040b79e72169d9c3dee33" member_type: VOTER last_known_addr { host: "127.8.185.66" port: 43749 } } peers { permanent_uuid: "5b2663011dd64f16be5ed1ed58a1c11f" member_type: VOTER last_known_addr { host: "127.8.185.67" port: 40631 } }
I20260709 13:13:26.124115 10226 raft_consensus.cc:385] T 0b1c233877c14da38193aa33f47b042e P 5b2663011dd64f16be5ed1ed58a1c11f [term 0 FOLLOWER]: Consensus starting up: Expiring failure detector timer to make a prompt election more likely
I20260709 13:13:26.124910 10226 raft_consensus.cc:740] T 0b1c233877c14da38193aa33f47b042e P 5b2663011dd64f16be5ed1ed58a1c11f [term 0 FOLLOWER]: Becoming Follower/Learner. State: Replica: 5b2663011dd64f16be5ed1ed58a1c11f, State: Initialized, Role: FOLLOWER
I20260709 13:13:26.123704 10333 consensus_queue.cc:237] T a1ba9da626624a80a2093d24a001b4a2 P 5b2663011dd64f16be5ed1ed58a1c11f [LEADER]: Queue going to LEADER mode. State: All replicated index: 0, Majority replicated index: 0, Committed index: 0, Last appended: 0.0, Last appended by leader: 0, Current term: 1, Majority size: 2, State: 0, Mode: LEADER, active raft config: opid_index: -1 OBSOLETE_local: false peers { permanent_uuid: "e594f7d5b1664534b30478d98d821342" member_type: VOTER last_known_addr { host: "127.8.185.65" port: 39945 } } peers { permanent_uuid: "918afa588a7040b79e72169d9c3dee33" member_type: VOTER last_known_addr { host: "127.8.185.66" port: 43749 } } peers { permanent_uuid: "5b2663011dd64f16be5ed1ed58a1c11f" member_type: VOTER last_known_addr { host: "127.8.185.67" port: 40631 } }
I20260709 13:13:26.125627 10226 consensus_queue.cc:260] T 0b1c233877c14da38193aa33f47b042e P 5b2663011dd64f16be5ed1ed58a1c11f [NON_LEADER]: Queue going to NON_LEADER mode. State: All replicated index: 0, Majority replicated index: 0, Committed index: 0, Last appended: 0.0, Last appended by leader: 0, Current term: 0, Majority size: -1, State: 0, Mode: NON_LEADER, active raft config: opid_index: -1 OBSOLETE_local: false peers { permanent_uuid: "e594f7d5b1664534b30478d98d821342" member_type: VOTER last_known_addr { host: "127.8.185.65" port: 39945 } } peers { permanent_uuid: "918afa588a7040b79e72169d9c3dee33" member_type: VOTER last_known_addr { host: "127.8.185.66" port: 43749 } } peers { permanent_uuid: "5b2663011dd64f16be5ed1ed58a1c11f" member_type: VOTER last_known_addr { host: "127.8.185.67" port: 40631 } }
I20260709 13:13:26.127782 10226 ts_tablet_manager.cc:1434] T 0b1c233877c14da38193aa33f47b042e P 5b2663011dd64f16be5ed1ed58a1c11f: Time spent starting tablet: real 0.014s	user 0.002s	sys 0.004s
I20260709 13:13:26.128700 10226 tablet_bootstrap.cc:492] T 20376e439f7d4b37bcdb90ad193007b9 P 5b2663011dd64f16be5ed1ed58a1c11f: Bootstrap starting.
I20260709 13:13:26.133020 10347 consensus_queue.cc:1048] T cb22440b352840c29c6a4831c5ccc068 P 918afa588a7040b79e72169d9c3dee33 [LEADER]: Connected to new peer: Peer: permanent_uuid: "e594f7d5b1664534b30478d98d821342" member_type: VOTER last_known_addr { host: "127.8.185.65" port: 39945 }, Status: LMP_MISMATCH, Last received: 0.0, Next index: 1, Last known committed idx: 0, Time since last communication: 0.000s
I20260709 13:13:26.133975 10224 tablet_bootstrap.cc:492] T 0b1c233877c14da38193aa33f47b042e P 918afa588a7040b79e72169d9c3dee33: No bootstrap required, opened a new log
I20260709 13:13:26.131162 10181 raft_consensus.cc:3060] T cb22440b352840c29c6a4831c5ccc068 P 5b2663011dd64f16be5ed1ed58a1c11f [term 0 FOLLOWER]: Advancing to term 1
I20260709 13:13:26.128561  9999 leader_election.cc:304] T a1ba9da626624a80a2093d24a001b4a2 P e594f7d5b1664534b30478d98d821342 [CANDIDATE]: Term 1 pre-election: Election decided. Result: candidate lost. Election summary: received 3 responses out of 3 voters: 1 yes votes; 2 no votes. yes voters: e594f7d5b1664534b30478d98d821342; no voters: 5b2663011dd64f16be5ed1ed58a1c11f, 918afa588a7040b79e72169d9c3dee33
I20260709 13:13:26.143375 10224 ts_tablet_manager.cc:1403] T 0b1c233877c14da38193aa33f47b042e P 918afa588a7040b79e72169d9c3dee33: Time spent bootstrapping tablet: real 0.231s	user 0.021s	sys 0.062s
I20260709 13:13:26.136096 10232 tablet_bootstrap.cc:654] T 83b623d9186f4b008dfb31c7fcec7038 P e594f7d5b1664534b30478d98d821342: Neither blocks nor log segments found. Creating new log.
I20260709 13:13:26.148083 10224 raft_consensus.cc:359] T 0b1c233877c14da38193aa33f47b042e P 918afa588a7040b79e72169d9c3dee33 [term 0 FOLLOWER]: Replica starting. Triggering 0 pending ops. Active config: opid_index: -1 OBSOLETE_local: false peers { permanent_uuid: "e594f7d5b1664534b30478d98d821342" member_type: VOTER last_known_addr { host: "127.8.185.65" port: 39945 } } peers { permanent_uuid: "918afa588a7040b79e72169d9c3dee33" member_type: VOTER last_known_addr { host: "127.8.185.66" port: 43749 } } peers { permanent_uuid: "5b2663011dd64f16be5ed1ed58a1c11f" member_type: VOTER last_known_addr { host: "127.8.185.67" port: 40631 } }
I20260709 13:13:26.148756 10224 raft_consensus.cc:385] T 0b1c233877c14da38193aa33f47b042e P 918afa588a7040b79e72169d9c3dee33 [term 0 FOLLOWER]: Consensus starting up: Expiring failure detector timer to make a prompt election more likely
I20260709 13:13:26.149207 10224 raft_consensus.cc:740] T 0b1c233877c14da38193aa33f47b042e P 918afa588a7040b79e72169d9c3dee33 [term 0 FOLLOWER]: Becoming Follower/Learner. State: Replica: 918afa588a7040b79e72169d9c3dee33, State: Initialized, Role: FOLLOWER
I20260709 13:13:26.149950 10224 consensus_queue.cc:260] T 0b1c233877c14da38193aa33f47b042e P 918afa588a7040b79e72169d9c3dee33 [NON_LEADER]: Queue going to NON_LEADER mode. State: All replicated index: 0, Majority replicated index: 0, Committed index: 0, Last appended: 0.0, Last appended by leader: 0, Current term: 0, Majority size: -1, State: 0, Mode: NON_LEADER, active raft config: opid_index: -1 OBSOLETE_local: false peers { permanent_uuid: "e594f7d5b1664534b30478d98d821342" member_type: VOTER last_known_addr { host: "127.8.185.65" port: 39945 } } peers { permanent_uuid: "918afa588a7040b79e72169d9c3dee33" member_type: VOTER last_known_addr { host: "127.8.185.66" port: 43749 } } peers { permanent_uuid: "5b2663011dd64f16be5ed1ed58a1c11f" member_type: VOTER last_known_addr { host: "127.8.185.67" port: 40631 } }
I20260709 13:13:26.152220 10224 ts_tablet_manager.cc:1434] T 0b1c233877c14da38193aa33f47b042e P 918afa588a7040b79e72169d9c3dee33: Time spent starting tablet: real 0.006s	user 0.004s	sys 0.000s
I20260709 13:13:26.152390 10347 consensus_queue.cc:1048] T cb22440b352840c29c6a4831c5ccc068 P 918afa588a7040b79e72169d9c3dee33 [LEADER]: Connected to new peer: Peer: permanent_uuid: "5b2663011dd64f16be5ed1ed58a1c11f" member_type: VOTER last_known_addr { host: "127.8.185.67" port: 40631 }, Status: LMP_MISMATCH, Last received: 0.0, Next index: 1, Last known committed idx: 0, Time since last communication: 0.000s
I20260709 13:13:26.153079 10224 tablet_bootstrap.cc:492] T 43e022210beb464da8c3ac60d243b19e P 918afa588a7040b79e72169d9c3dee33: Bootstrap starting.
I20260709 13:13:26.154084 10226 tablet_bootstrap.cc:654] T 20376e439f7d4b37bcdb90ad193007b9 P 5b2663011dd64f16be5ed1ed58a1c11f: Neither blocks nor log segments found. Creating new log.
I20260709 13:13:26.150687 10262 raft_consensus.cc:3060] T a1ba9da626624a80a2093d24a001b4a2 P e594f7d5b1664534b30478d98d821342 [term 0 FOLLOWER]: Advancing to term 1
I20260709 13:13:26.162264 10232 tablet_bootstrap.cc:492] T 83b623d9186f4b008dfb31c7fcec7038 P e594f7d5b1664534b30478d98d821342: No bootstrap required, opened a new log
I20260709 13:13:26.162704 10232 ts_tablet_manager.cc:1403] T 83b623d9186f4b008dfb31c7fcec7038 P e594f7d5b1664534b30478d98d821342: Time spent bootstrapping tablet: real 0.098s	user 0.008s	sys 0.002s
I20260709 13:13:26.164903 10224 tablet_bootstrap.cc:654] T 43e022210beb464da8c3ac60d243b19e P 918afa588a7040b79e72169d9c3dee33: Neither blocks nor log segments found. Creating new log.
I20260709 13:13:26.165333 10232 raft_consensus.cc:359] T 83b623d9186f4b008dfb31c7fcec7038 P e594f7d5b1664534b30478d98d821342 [term 0 FOLLOWER]: Replica starting. Triggering 0 pending ops. Active config: opid_index: -1 OBSOLETE_local: false peers { permanent_uuid: "e594f7d5b1664534b30478d98d821342" member_type: VOTER last_known_addr { host: "127.8.185.65" port: 39945 } } peers { permanent_uuid: "918afa588a7040b79e72169d9c3dee33" member_type: VOTER last_known_addr { host: "127.8.185.66" port: 43749 } } peers { permanent_uuid: "5b2663011dd64f16be5ed1ed58a1c11f" member_type: VOTER last_known_addr { host: "127.8.185.67" port: 40631 } }
I20260709 13:13:26.165973 10232 raft_consensus.cc:385] T 83b623d9186f4b008dfb31c7fcec7038 P e594f7d5b1664534b30478d98d821342 [term 0 FOLLOWER]: Consensus starting up: Expiring failure detector timer to make a prompt election more likely
I20260709 13:13:26.166220 10232 raft_consensus.cc:740] T 83b623d9186f4b008dfb31c7fcec7038 P e594f7d5b1664534b30478d98d821342 [term 0 FOLLOWER]: Becoming Follower/Learner. State: Replica: e594f7d5b1664534b30478d98d821342, State: Initialized, Role: FOLLOWER
I20260709 13:13:26.167089 10232 consensus_queue.cc:260] T 83b623d9186f4b008dfb31c7fcec7038 P e594f7d5b1664534b30478d98d821342 [NON_LEADER]: Queue going to NON_LEADER mode. State: All replicated index: 0, Majority replicated index: 0, Committed index: 0, Last appended: 0.0, Last appended by leader: 0, Current term: 0, Majority size: -1, State: 0, Mode: NON_LEADER, active raft config: opid_index: -1 OBSOLETE_local: false peers { permanent_uuid: "e594f7d5b1664534b30478d98d821342" member_type: VOTER last_known_addr { host: "127.8.185.65" port: 39945 } } peers { permanent_uuid: "918afa588a7040b79e72169d9c3dee33" member_type: VOTER last_known_addr { host: "127.8.185.66" port: 43749 } } peers { permanent_uuid: "5b2663011dd64f16be5ed1ed58a1c11f" member_type: VOTER last_known_addr { host: "127.8.185.67" port: 40631 } }
I20260709 13:13:26.169327 10232 ts_tablet_manager.cc:1434] T 83b623d9186f4b008dfb31c7fcec7038 P e594f7d5b1664534b30478d98d821342: Time spent starting tablet: real 0.006s	user 0.005s	sys 0.000s
I20260709 13:13:26.170152 10232 tablet_bootstrap.cc:492] T 7756069ea0c34a108285952ba1cebf11 P e594f7d5b1664534b30478d98d821342: Bootstrap starting.
I20260709 13:13:26.172423 10346 raft_consensus.cc:493] T 0b1c233877c14da38193aa33f47b042e P e594f7d5b1664534b30478d98d821342 [term 0 FOLLOWER]: Starting pre-election (no leader contacted us within the election timeout)
I20260709 13:13:26.172999 10346 raft_consensus.cc:515] T 0b1c233877c14da38193aa33f47b042e P e594f7d5b1664534b30478d98d821342 [term 0 FOLLOWER]: Starting pre-election with config: opid_index: -1 OBSOLETE_local: false peers { permanent_uuid: "e594f7d5b1664534b30478d98d821342" member_type: VOTER last_known_addr { host: "127.8.185.65" port: 39945 } } peers { permanent_uuid: "918afa588a7040b79e72169d9c3dee33" member_type: VOTER last_known_addr { host: "127.8.185.66" port: 43749 } } peers { permanent_uuid: "5b2663011dd64f16be5ed1ed58a1c11f" member_type: VOTER last_known_addr { host: "127.8.185.67" port: 40631 } }
I20260709 13:13:26.175868 10232 tablet_bootstrap.cc:654] T 7756069ea0c34a108285952ba1cebf11 P e594f7d5b1664534b30478d98d821342: Neither blocks nor log segments found. Creating new log.
I20260709 13:13:26.176061 10108 tablet_service.cc:1917] Received RequestConsensusVote() RPC: tablet_id: "0b1c233877c14da38193aa33f47b042e" candidate_uuid: "e594f7d5b1664534b30478d98d821342" candidate_term: 1 candidate_status { last_received { term: 0 index: 0 } } ignore_live_leader: false dest_uuid: "918afa588a7040b79e72169d9c3dee33" is_pre_election: true
I20260709 13:13:26.176649 10108 raft_consensus.cc:2468] T 0b1c233877c14da38193aa33f47b042e P 918afa588a7040b79e72169d9c3dee33 [term 0 FOLLOWER]: Leader pre-election vote request: Granting yes vote for candidate e594f7d5b1664534b30478d98d821342 in term 0.
I20260709 13:13:26.177891 10001 leader_election.cc:304] T 0b1c233877c14da38193aa33f47b042e P e594f7d5b1664534b30478d98d821342 [CANDIDATE]: Term 1 pre-election: Election decided. Result: candidate won. Election summary: received 2 responses out of 3 voters: 2 yes votes; 0 no votes. yes voters: 918afa588a7040b79e72169d9c3dee33, e594f7d5b1664534b30478d98d821342; no voters: 
I20260709 13:13:26.178977 10285 raft_consensus.cc:2804] T 0b1c233877c14da38193aa33f47b042e P e594f7d5b1664534b30478d98d821342 [term 0 FOLLOWER]: Leader pre-election won for term 1
I20260709 13:13:26.179430 10285 raft_consensus.cc:493] T 0b1c233877c14da38193aa33f47b042e P e594f7d5b1664534b30478d98d821342 [term 0 FOLLOWER]: Starting leader election (no leader contacted us within the election timeout)
I20260709 13:13:26.180009 10285 raft_consensus.cc:3060] T 0b1c233877c14da38193aa33f47b042e P e594f7d5b1664534b30478d98d821342 [term 0 FOLLOWER]: Advancing to term 1
I20260709 13:13:26.187068 10180 tablet_service.cc:1917] Received RequestConsensusVote() RPC: tablet_id: "0b1c233877c14da38193aa33f47b042e" candidate_uuid: "e594f7d5b1664534b30478d98d821342" candidate_term: 1 candidate_status { last_received { term: 0 index: 0 } } ignore_live_leader: false dest_uuid: "5b2663011dd64f16be5ed1ed58a1c11f" is_pre_election: true
I20260709 13:13:26.187955 10180 raft_consensus.cc:2468] T 0b1c233877c14da38193aa33f47b042e P 5b2663011dd64f16be5ed1ed58a1c11f [term 0 FOLLOWER]: Leader pre-election vote request: Granting yes vote for candidate e594f7d5b1664534b30478d98d821342 in term 0.
I20260709 13:13:26.194681 10346 leader_election.cc:290] T 0b1c233877c14da38193aa33f47b042e P e594f7d5b1664534b30478d98d821342 [CANDIDATE]: Term 1 pre-election: Requested pre-vote from peers 918afa588a7040b79e72169d9c3dee33 (127.8.185.66:43749), 5b2663011dd64f16be5ed1ed58a1c11f (127.8.185.67:40631)
I20260709 13:13:26.204470 10262 raft_consensus.cc:2749] T a1ba9da626624a80a2093d24a001b4a2 P e594f7d5b1664534b30478d98d821342 [term 1 FOLLOWER]: Leader pre-election lost for term 1. Reason: could not achieve majority
I20260709 13:13:26.212333 10285 raft_consensus.cc:515] T 0b1c233877c14da38193aa33f47b042e P e594f7d5b1664534b30478d98d821342 [term 1 FOLLOWER]: Starting leader election with config: opid_index: -1 OBSOLETE_local: false peers { permanent_uuid: "e594f7d5b1664534b30478d98d821342" member_type: VOTER last_known_addr { host: "127.8.185.65" port: 39945 } } peers { permanent_uuid: "918afa588a7040b79e72169d9c3dee33" member_type: VOTER last_known_addr { host: "127.8.185.66" port: 43749 } } peers { permanent_uuid: "5b2663011dd64f16be5ed1ed58a1c11f" member_type: VOTER last_known_addr { host: "127.8.185.67" port: 40631 } }
I20260709 13:13:26.228813 10108 tablet_service.cc:1917] Received RequestConsensusVote() RPC: tablet_id: "0b1c233877c14da38193aa33f47b042e" candidate_uuid: "e594f7d5b1664534b30478d98d821342" candidate_term: 1 candidate_status { last_received { term: 0 index: 0 } } ignore_live_leader: false dest_uuid: "918afa588a7040b79e72169d9c3dee33"
I20260709 13:13:26.229418 10108 raft_consensus.cc:3060] T 0b1c233877c14da38193aa33f47b042e P 918afa588a7040b79e72169d9c3dee33 [term 0 FOLLOWER]: Advancing to term 1
I20260709 13:13:26.230165 10232 tablet_bootstrap.cc:492] T 7756069ea0c34a108285952ba1cebf11 P e594f7d5b1664534b30478d98d821342: No bootstrap required, opened a new log
I20260709 13:13:26.230572 10232 ts_tablet_manager.cc:1403] T 7756069ea0c34a108285952ba1cebf11 P e594f7d5b1664534b30478d98d821342: Time spent bootstrapping tablet: real 0.061s	user 0.028s	sys 0.030s
I20260709 13:13:26.232646 10232 raft_consensus.cc:359] T 7756069ea0c34a108285952ba1cebf11 P e594f7d5b1664534b30478d98d821342 [term 0 FOLLOWER]: Replica starting. Triggering 0 pending ops. Active config: opid_index: -1 OBSOLETE_local: false peers { permanent_uuid: "e594f7d5b1664534b30478d98d821342" member_type: VOTER last_known_addr { host: "127.8.185.65" port: 39945 } } peers { permanent_uuid: "918afa588a7040b79e72169d9c3dee33" member_type: VOTER last_known_addr { host: "127.8.185.66" port: 43749 } } peers { permanent_uuid: "5b2663011dd64f16be5ed1ed58a1c11f" member_type: VOTER last_known_addr { host: "127.8.185.67" port: 40631 } }
I20260709 13:13:26.233280 10232 raft_consensus.cc:385] T 7756069ea0c34a108285952ba1cebf11 P e594f7d5b1664534b30478d98d821342 [term 0 FOLLOWER]: Consensus starting up: Expiring failure detector timer to make a prompt election more likely
I20260709 13:13:26.233541 10232 raft_consensus.cc:740] T 7756069ea0c34a108285952ba1cebf11 P e594f7d5b1664534b30478d98d821342 [term 0 FOLLOWER]: Becoming Follower/Learner. State: Replica: e594f7d5b1664534b30478d98d821342, State: Initialized, Role: FOLLOWER
I20260709 13:13:26.234215 10232 consensus_queue.cc:260] T 7756069ea0c34a108285952ba1cebf11 P e594f7d5b1664534b30478d98d821342 [NON_LEADER]: Queue going to NON_LEADER mode. State: All replicated index: 0, Majority replicated index: 0, Committed index: 0, Last appended: 0.0, Last appended by leader: 0, Current term: 0, Majority size: -1, State: 0, Mode: NON_LEADER, active raft config: opid_index: -1 OBSOLETE_local: false peers { permanent_uuid: "e594f7d5b1664534b30478d98d821342" member_type: VOTER last_known_addr { host: "127.8.185.65" port: 39945 } } peers { permanent_uuid: "918afa588a7040b79e72169d9c3dee33" member_type: VOTER last_known_addr { host: "127.8.185.66" port: 43749 } } peers { permanent_uuid: "5b2663011dd64f16be5ed1ed58a1c11f" member_type: VOTER last_known_addr { host: "127.8.185.67" port: 40631 } }
I20260709 13:13:26.236156 10232 ts_tablet_manager.cc:1434] T 7756069ea0c34a108285952ba1cebf11 P e594f7d5b1664534b30478d98d821342: Time spent starting tablet: real 0.005s	user 0.006s	sys 0.000s
I20260709 13:13:26.236423 10180 tablet_service.cc:1917] Received RequestConsensusVote() RPC: tablet_id: "0b1c233877c14da38193aa33f47b042e" candidate_uuid: "e594f7d5b1664534b30478d98d821342" candidate_term: 1 candidate_status { last_received { term: 0 index: 0 } } ignore_live_leader: false dest_uuid: "5b2663011dd64f16be5ed1ed58a1c11f"
I20260709 13:13:26.236950 10180 raft_consensus.cc:3060] T 0b1c233877c14da38193aa33f47b042e P 5b2663011dd64f16be5ed1ed58a1c11f [term 0 FOLLOWER]: Advancing to term 1
I20260709 13:13:26.238991 10232 tablet_bootstrap.cc:492] T 7cfc8c0dbb6c435ebb8d3d91ef5490ef P e594f7d5b1664534b30478d98d821342: Bootstrap starting.
I20260709 13:13:26.245868 10232 tablet_bootstrap.cc:654] T 7cfc8c0dbb6c435ebb8d3d91ef5490ef P e594f7d5b1664534b30478d98d821342: Neither blocks nor log segments found. Creating new log.
I20260709 13:13:26.224278  9933 catalog_manager.cc:5697] T a1ba9da626624a80a2093d24a001b4a2 P 5b2663011dd64f16be5ed1ed58a1c11f reported cstate change: term changed from 0 to 1, leader changed from <none> to 5b2663011dd64f16be5ed1ed58a1c11f (127.8.185.67). New cstate: current_term: 1 leader_uuid: "5b2663011dd64f16be5ed1ed58a1c11f" committed_config { opid_index: -1 OBSOLETE_local: false peers { permanent_uuid: "e594f7d5b1664534b30478d98d821342" member_type: VOTER last_known_addr { host: "127.8.185.65" port: 39945 } health_report { overall_health: UNKNOWN } } peers { permanent_uuid: "918afa588a7040b79e72169d9c3dee33" member_type: VOTER last_known_addr { host: "127.8.185.66" port: 43749 } health_report { overall_health: UNKNOWN } } peers { permanent_uuid: "5b2663011dd64f16be5ed1ed58a1c11f" member_type: VOTER last_known_addr { host: "127.8.185.67" port: 40631 } health_report { overall_health: HEALTHY } } }
I20260709 13:13:26.247346 10285 leader_election.cc:290] T 0b1c233877c14da38193aa33f47b042e P e594f7d5b1664534b30478d98d821342 [CANDIDATE]: Term 1 election: Requested vote from peers 918afa588a7040b79e72169d9c3dee33 (127.8.185.66:43749), 5b2663011dd64f16be5ed1ed58a1c11f (127.8.185.67:40631)
I20260709 13:13:26.248289 10226 tablet_bootstrap.cc:492] T 20376e439f7d4b37bcdb90ad193007b9 P 5b2663011dd64f16be5ed1ed58a1c11f: No bootstrap required, opened a new log
I20260709 13:13:26.248719 10226 ts_tablet_manager.cc:1403] T 20376e439f7d4b37bcdb90ad193007b9 P 5b2663011dd64f16be5ed1ed58a1c11f: Time spent bootstrapping tablet: real 0.120s	user 0.024s	sys 0.034s
I20260709 13:13:26.249790 10180 raft_consensus.cc:2468] T 0b1c233877c14da38193aa33f47b042e P 5b2663011dd64f16be5ed1ed58a1c11f [term 1 FOLLOWER]: Leader election vote request: Granting yes vote for candidate e594f7d5b1664534b30478d98d821342 in term 1.
I20260709 13:13:26.249922 10285 consensus_queue.cc:1048] T a72a52efc4c04753a0e4fb1c0f300397 P e594f7d5b1664534b30478d98d821342 [LEADER]: Connected to new peer: Peer: permanent_uuid: "918afa588a7040b79e72169d9c3dee33" member_type: VOTER last_known_addr { host: "127.8.185.66" port: 43749 }, Status: LMP_MISMATCH, Last received: 0.0, Next index: 1, Last known committed idx: 0, Time since last communication: 0.000s
I20260709 13:13:26.251014  9999 leader_election.cc:304] T 0b1c233877c14da38193aa33f47b042e P e594f7d5b1664534b30478d98d821342 [CANDIDATE]: Term 1 election: Election decided. Result: candidate won. Election summary: received 2 responses out of 3 voters: 2 yes votes; 0 no votes. yes voters: 5b2663011dd64f16be5ed1ed58a1c11f, e594f7d5b1664534b30478d98d821342; no voters: 
I20260709 13:13:26.251843 10346 raft_consensus.cc:2804] T 0b1c233877c14da38193aa33f47b042e P e594f7d5b1664534b30478d98d821342 [term 1 FOLLOWER]: Leader election won for term 1
I20260709 13:13:26.252283 10346 raft_consensus.cc:697] T 0b1c233877c14da38193aa33f47b042e P e594f7d5b1664534b30478d98d821342 [term 1 LEADER]: Becoming Leader. State: Replica: e594f7d5b1664534b30478d98d821342, State: Running, Role: LEADER
I20260709 13:13:26.253073 10346 consensus_queue.cc:237] T 0b1c233877c14da38193aa33f47b042e P e594f7d5b1664534b30478d98d821342 [LEADER]: Queue going to LEADER mode. State: All replicated index: 0, Majority replicated index: 0, Committed index: 0, Last appended: 0.0, Last appended by leader: 0, Current term: 1, Majority size: 2, State: 0, Mode: LEADER, active raft config: opid_index: -1 OBSOLETE_local: false peers { permanent_uuid: "e594f7d5b1664534b30478d98d821342" member_type: VOTER last_known_addr { host: "127.8.185.65" port: 39945 } } peers { permanent_uuid: "918afa588a7040b79e72169d9c3dee33" member_type: VOTER last_known_addr { host: "127.8.185.66" port: 43749 } } peers { permanent_uuid: "5b2663011dd64f16be5ed1ed58a1c11f" member_type: VOTER last_known_addr { host: "127.8.185.67" port: 40631 } }
I20260709 13:13:26.254956 10108 raft_consensus.cc:2468] T 0b1c233877c14da38193aa33f47b042e P 918afa588a7040b79e72169d9c3dee33 [term 1 FOLLOWER]: Leader election vote request: Granting yes vote for candidate e594f7d5b1664534b30478d98d821342 in term 1.
I20260709 13:13:26.266657 10226 raft_consensus.cc:359] T 20376e439f7d4b37bcdb90ad193007b9 P 5b2663011dd64f16be5ed1ed58a1c11f [term 0 FOLLOWER]: Replica starting. Triggering 0 pending ops. Active config: opid_index: -1 OBSOLETE_local: false peers { permanent_uuid: "e594f7d5b1664534b30478d98d821342" member_type: VOTER last_known_addr { host: "127.8.185.65" port: 39945 } } peers { permanent_uuid: "918afa588a7040b79e72169d9c3dee33" member_type: VOTER last_known_addr { host: "127.8.185.66" port: 43749 } } peers { permanent_uuid: "5b2663011dd64f16be5ed1ed58a1c11f" member_type: VOTER last_known_addr { host: "127.8.185.67" port: 40631 } }
I20260709 13:13:26.267397 10226 raft_consensus.cc:385] T 20376e439f7d4b37bcdb90ad193007b9 P 5b2663011dd64f16be5ed1ed58a1c11f [term 0 FOLLOWER]: Consensus starting up: Expiring failure detector timer to make a prompt election more likely
I20260709 13:13:26.267740 10226 raft_consensus.cc:740] T 20376e439f7d4b37bcdb90ad193007b9 P 5b2663011dd64f16be5ed1ed58a1c11f [term 0 FOLLOWER]: Becoming Follower/Learner. State: Replica: 5b2663011dd64f16be5ed1ed58a1c11f, State: Initialized, Role: FOLLOWER
I20260709 13:13:26.268163 10224 tablet_bootstrap.cc:492] T 43e022210beb464da8c3ac60d243b19e P 918afa588a7040b79e72169d9c3dee33: No bootstrap required, opened a new log
I20260709 13:13:26.268371 10226 consensus_queue.cc:260] T 20376e439f7d4b37bcdb90ad193007b9 P 5b2663011dd64f16be5ed1ed58a1c11f [NON_LEADER]: Queue going to NON_LEADER mode. State: All replicated index: 0, Majority replicated index: 0, Committed index: 0, Last appended: 0.0, Last appended by leader: 0, Current term: 0, Majority size: -1, State: 0, Mode: NON_LEADER, active raft config: opid_index: -1 OBSOLETE_local: false peers { permanent_uuid: "e594f7d5b1664534b30478d98d821342" member_type: VOTER last_known_addr { host: "127.8.185.65" port: 39945 } } peers { permanent_uuid: "918afa588a7040b79e72169d9c3dee33" member_type: VOTER last_known_addr { host: "127.8.185.66" port: 43749 } } peers { permanent_uuid: "5b2663011dd64f16be5ed1ed58a1c11f" member_type: VOTER last_known_addr { host: "127.8.185.67" port: 40631 } }
I20260709 13:13:26.268886 10224 ts_tablet_manager.cc:1403] T 43e022210beb464da8c3ac60d243b19e P 918afa588a7040b79e72169d9c3dee33: Time spent bootstrapping tablet: real 0.116s	user 0.008s	sys 0.012s
I20260709 13:13:26.272920 10226 ts_tablet_manager.cc:1434] T 20376e439f7d4b37bcdb90ad193007b9 P 5b2663011dd64f16be5ed1ed58a1c11f: Time spent starting tablet: real 0.024s	user 0.006s	sys 0.002s
I20260709 13:13:26.273813 10226 tablet_bootstrap.cc:492] T 7756069ea0c34a108285952ba1cebf11 P 5b2663011dd64f16be5ed1ed58a1c11f: Bootstrap starting.
I20260709 13:13:26.276219 10232 tablet_bootstrap.cc:492] T 7cfc8c0dbb6c435ebb8d3d91ef5490ef P e594f7d5b1664534b30478d98d821342: No bootstrap required, opened a new log
I20260709 13:13:26.276677 10232 ts_tablet_manager.cc:1403] T 7cfc8c0dbb6c435ebb8d3d91ef5490ef P e594f7d5b1664534b30478d98d821342: Time spent bootstrapping tablet: real 0.038s	user 0.007s	sys 0.007s
I20260709 13:13:26.279677 10346 consensus_queue.cc:1048] T a72a52efc4c04753a0e4fb1c0f300397 P e594f7d5b1664534b30478d98d821342 [LEADER]: Connected to new peer: Peer: permanent_uuid: "5b2663011dd64f16be5ed1ed58a1c11f" member_type: VOTER last_known_addr { host: "127.8.185.67" port: 40631 }, Status: LMP_MISMATCH, Last received: 0.0, Next index: 1, Last known committed idx: 0, Time since last communication: 0.000s
I20260709 13:13:26.280755 10224 raft_consensus.cc:359] T 43e022210beb464da8c3ac60d243b19e P 918afa588a7040b79e72169d9c3dee33 [term 0 FOLLOWER]: Replica starting. Triggering 0 pending ops. Active config: opid_index: -1 OBSOLETE_local: false peers { permanent_uuid: "e594f7d5b1664534b30478d98d821342" member_type: VOTER last_known_addr { host: "127.8.185.65" port: 39945 } } peers { permanent_uuid: "918afa588a7040b79e72169d9c3dee33" member_type: VOTER last_known_addr { host: "127.8.185.66" port: 43749 } } peers { permanent_uuid: "5b2663011dd64f16be5ed1ed58a1c11f" member_type: VOTER last_known_addr { host: "127.8.185.67" port: 40631 } }
I20260709 13:13:26.281400 10224 raft_consensus.cc:385] T 43e022210beb464da8c3ac60d243b19e P 918afa588a7040b79e72169d9c3dee33 [term 0 FOLLOWER]: Consensus starting up: Expiring failure detector timer to make a prompt election more likely
I20260709 13:13:26.281663 10224 raft_consensus.cc:740] T 43e022210beb464da8c3ac60d243b19e P 918afa588a7040b79e72169d9c3dee33 [term 0 FOLLOWER]: Becoming Follower/Learner. State: Replica: 918afa588a7040b79e72169d9c3dee33, State: Initialized, Role: FOLLOWER
I20260709 13:13:26.283126 10224 consensus_queue.cc:260] T 43e022210beb464da8c3ac60d243b19e P 918afa588a7040b79e72169d9c3dee33 [NON_LEADER]: Queue going to NON_LEADER mode. State: All replicated index: 0, Majority replicated index: 0, Committed index: 0, Last appended: 0.0, Last appended by leader: 0, Current term: 0, Majority size: -1, State: 0, Mode: NON_LEADER, active raft config: opid_index: -1 OBSOLETE_local: false peers { permanent_uuid: "e594f7d5b1664534b30478d98d821342" member_type: VOTER last_known_addr { host: "127.8.185.65" port: 39945 } } peers { permanent_uuid: "918afa588a7040b79e72169d9c3dee33" member_type: VOTER last_known_addr { host: "127.8.185.66" port: 43749 } } peers { permanent_uuid: "5b2663011dd64f16be5ed1ed58a1c11f" member_type: VOTER last_known_addr { host: "127.8.185.67" port: 40631 } }
I20260709 13:13:26.284572 10232 raft_consensus.cc:359] T 7cfc8c0dbb6c435ebb8d3d91ef5490ef P e594f7d5b1664534b30478d98d821342 [term 0 FOLLOWER]: Replica starting. Triggering 0 pending ops. Active config: opid_index: -1 OBSOLETE_local: false peers { permanent_uuid: "e594f7d5b1664534b30478d98d821342" member_type: VOTER last_known_addr { host: "127.8.185.65" port: 39945 } } peers { permanent_uuid: "918afa588a7040b79e72169d9c3dee33" member_type: VOTER last_known_addr { host: "127.8.185.66" port: 43749 } } peers { permanent_uuid: "5b2663011dd64f16be5ed1ed58a1c11f" member_type: VOTER last_known_addr { host: "127.8.185.67" port: 40631 } }
I20260709 13:13:26.285293 10232 raft_consensus.cc:385] T 7cfc8c0dbb6c435ebb8d3d91ef5490ef P e594f7d5b1664534b30478d98d821342 [term 0 FOLLOWER]: Consensus starting up: Expiring failure detector timer to make a prompt election more likely
I20260709 13:13:26.285573 10232 raft_consensus.cc:740] T 7cfc8c0dbb6c435ebb8d3d91ef5490ef P e594f7d5b1664534b30478d98d821342 [term 0 FOLLOWER]: Becoming Follower/Learner. State: Replica: e594f7d5b1664534b30478d98d821342, State: Initialized, Role: FOLLOWER
I20260709 13:13:26.286201 10232 consensus_queue.cc:260] T 7cfc8c0dbb6c435ebb8d3d91ef5490ef P e594f7d5b1664534b30478d98d821342 [NON_LEADER]: Queue going to NON_LEADER mode. State: All replicated index: 0, Majority replicated index: 0, Committed index: 0, Last appended: 0.0, Last appended by leader: 0, Current term: 0, Majority size: -1, State: 0, Mode: NON_LEADER, active raft config: opid_index: -1 OBSOLETE_local: false peers { permanent_uuid: "e594f7d5b1664534b30478d98d821342" member_type: VOTER last_known_addr { host: "127.8.185.65" port: 39945 } } peers { permanent_uuid: "918afa588a7040b79e72169d9c3dee33" member_type: VOTER last_known_addr { host: "127.8.185.66" port: 43749 } } peers { permanent_uuid: "5b2663011dd64f16be5ed1ed58a1c11f" member_type: VOTER last_known_addr { host: "127.8.185.67" port: 40631 } }
I20260709 13:13:26.288125 10232 ts_tablet_manager.cc:1434] T 7cfc8c0dbb6c435ebb8d3d91ef5490ef P e594f7d5b1664534b30478d98d821342: Time spent starting tablet: real 0.011s	user 0.006s	sys 0.000s
I20260709 13:13:26.288930 10232 tablet_bootstrap.cc:492] T e683c01ff649405298c222050d973c62 P e594f7d5b1664534b30478d98d821342: Bootstrap starting.
I20260709 13:13:26.290592 10224 ts_tablet_manager.cc:1434] T 43e022210beb464da8c3ac60d243b19e P 918afa588a7040b79e72169d9c3dee33: Time spent starting tablet: real 0.021s	user 0.005s	sys 0.005s
I20260709 13:13:26.291669 10224 tablet_bootstrap.cc:492] T 20376e439f7d4b37bcdb90ad193007b9 P 918afa588a7040b79e72169d9c3dee33: Bootstrap starting.
I20260709 13:13:26.293980 10226 tablet_bootstrap.cc:654] T 7756069ea0c34a108285952ba1cebf11 P 5b2663011dd64f16be5ed1ed58a1c11f: Neither blocks nor log segments found. Creating new log.
I20260709 13:13:26.297258 10224 tablet_bootstrap.cc:654] T 20376e439f7d4b37bcdb90ad193007b9 P 918afa588a7040b79e72169d9c3dee33: Neither blocks nor log segments found. Creating new log.
I20260709 13:13:26.297258 10232 tablet_bootstrap.cc:654] T e683c01ff649405298c222050d973c62 P e594f7d5b1664534b30478d98d821342: Neither blocks nor log segments found. Creating new log.
I20260709 13:13:26.297413 10346 raft_consensus.cc:493] T d7689c4c894a45a18095244eb55965ff P e594f7d5b1664534b30478d98d821342 [term 0 FOLLOWER]: Starting pre-election (no leader contacted us within the election timeout)
I20260709 13:13:26.300459 10346 raft_consensus.cc:515] T d7689c4c894a45a18095244eb55965ff P e594f7d5b1664534b30478d98d821342 [term 0 FOLLOWER]: Starting pre-election with config: opid_index: -1 OBSOLETE_local: false peers { permanent_uuid: "e594f7d5b1664534b30478d98d821342" member_type: VOTER last_known_addr { host: "127.8.185.65" port: 39945 } } peers { permanent_uuid: "918afa588a7040b79e72169d9c3dee33" member_type: VOTER last_known_addr { host: "127.8.185.66" port: 43749 } } peers { permanent_uuid: "5b2663011dd64f16be5ed1ed58a1c11f" member_type: VOTER last_known_addr { host: "127.8.185.67" port: 40631 } }
I20260709 13:13:26.302659 10346 leader_election.cc:290] T d7689c4c894a45a18095244eb55965ff P e594f7d5b1664534b30478d98d821342 [CANDIDATE]: Term 1 pre-election: Requested pre-vote from peers 918afa588a7040b79e72169d9c3dee33 (127.8.185.66:43749), 5b2663011dd64f16be5ed1ed58a1c11f (127.8.185.67:40631)
I20260709 13:13:26.302950  9930 catalog_manager.cc:5697] T 0b1c233877c14da38193aa33f47b042e P e594f7d5b1664534b30478d98d821342 reported cstate change: term changed from 0 to 1, leader changed from <none> to e594f7d5b1664534b30478d98d821342 (127.8.185.65). New cstate: current_term: 1 leader_uuid: "e594f7d5b1664534b30478d98d821342" committed_config { opid_index: -1 OBSOLETE_local: false peers { permanent_uuid: "e594f7d5b1664534b30478d98d821342" member_type: VOTER last_known_addr { host: "127.8.185.65" port: 39945 } health_report { overall_health: HEALTHY } } peers { permanent_uuid: "918afa588a7040b79e72169d9c3dee33" member_type: VOTER last_known_addr { host: "127.8.185.66" port: 43749 } health_report { overall_health: UNKNOWN } } peers { permanent_uuid: "5b2663011dd64f16be5ed1ed58a1c11f" member_type: VOTER last_known_addr { host: "127.8.185.67" port: 40631 } health_report { overall_health: UNKNOWN } } }
I20260709 13:13:26.305495 10109 tablet_service.cc:1917] Received RequestConsensusVote() RPC: tablet_id: "d7689c4c894a45a18095244eb55965ff" candidate_uuid: "e594f7d5b1664534b30478d98d821342" candidate_term: 1 candidate_status { last_received { term: 0 index: 0 } } ignore_live_leader: false dest_uuid: "918afa588a7040b79e72169d9c3dee33" is_pre_election: true
I20260709 13:13:26.306556 10109 raft_consensus.cc:2393] T d7689c4c894a45a18095244eb55965ff P 918afa588a7040b79e72169d9c3dee33 [term 1 FOLLOWER]: Leader pre-election vote request: Denying vote to candidate e594f7d5b1664534b30478d98d821342 in current term 1: Already voted for candidate 5b2663011dd64f16be5ed1ed58a1c11f in this term.
I20260709 13:13:26.307284 10180 tablet_service.cc:1917] Received RequestConsensusVote() RPC: tablet_id: "d7689c4c894a45a18095244eb55965ff" candidate_uuid: "e594f7d5b1664534b30478d98d821342" candidate_term: 1 candidate_status { last_received { term: 0 index: 0 } } ignore_live_leader: false dest_uuid: "5b2663011dd64f16be5ed1ed58a1c11f" is_pre_election: true
I20260709 13:13:26.311229 10001 leader_election.cc:304] T d7689c4c894a45a18095244eb55965ff P e594f7d5b1664534b30478d98d821342 [CANDIDATE]: Term 1 pre-election: Election decided. Result: candidate lost. Election summary: received 3 responses out of 3 voters: 1 yes votes; 2 no votes. yes voters: e594f7d5b1664534b30478d98d821342; no voters: 5b2663011dd64f16be5ed1ed58a1c11f, 918afa588a7040b79e72169d9c3dee33
I20260709 13:13:26.312649 10346 raft_consensus.cc:3060] T d7689c4c894a45a18095244eb55965ff P e594f7d5b1664534b30478d98d821342 [term 0 FOLLOWER]: Advancing to term 1
I20260709 13:13:26.324726 10346 raft_consensus.cc:2749] T d7689c4c894a45a18095244eb55965ff P e594f7d5b1664534b30478d98d821342 [term 1 FOLLOWER]: Leader pre-election lost for term 1. Reason: could not achieve majority
I20260709 13:13:26.327919 10226 tablet_bootstrap.cc:492] T 7756069ea0c34a108285952ba1cebf11 P 5b2663011dd64f16be5ed1ed58a1c11f: No bootstrap required, opened a new log
I20260709 13:13:26.328383 10226 ts_tablet_manager.cc:1403] T 7756069ea0c34a108285952ba1cebf11 P 5b2663011dd64f16be5ed1ed58a1c11f: Time spent bootstrapping tablet: real 0.055s	user 0.004s	sys 0.010s
I20260709 13:13:26.330909 10226 raft_consensus.cc:359] T 7756069ea0c34a108285952ba1cebf11 P 5b2663011dd64f16be5ed1ed58a1c11f [term 0 FOLLOWER]: Replica starting. Triggering 0 pending ops. Active config: opid_index: -1 OBSOLETE_local: false peers { permanent_uuid: "e594f7d5b1664534b30478d98d821342" member_type: VOTER last_known_addr { host: "127.8.185.65" port: 39945 } } peers { permanent_uuid: "918afa588a7040b79e72169d9c3dee33" member_type: VOTER last_known_addr { host: "127.8.185.66" port: 43749 } } peers { permanent_uuid: "5b2663011dd64f16be5ed1ed58a1c11f" member_type: VOTER last_known_addr { host: "127.8.185.67" port: 40631 } }
I20260709 13:13:26.331561 10226 raft_consensus.cc:385] T 7756069ea0c34a108285952ba1cebf11 P 5b2663011dd64f16be5ed1ed58a1c11f [term 0 FOLLOWER]: Consensus starting up: Expiring failure detector timer to make a prompt election more likely
I20260709 13:13:26.331830 10226 raft_consensus.cc:740] T 7756069ea0c34a108285952ba1cebf11 P 5b2663011dd64f16be5ed1ed58a1c11f [term 0 FOLLOWER]: Becoming Follower/Learner. State: Replica: 5b2663011dd64f16be5ed1ed58a1c11f, State: Initialized, Role: FOLLOWER
I20260709 13:13:26.333561 10226 consensus_queue.cc:260] T 7756069ea0c34a108285952ba1cebf11 P 5b2663011dd64f16be5ed1ed58a1c11f [NON_LEADER]: Queue going to NON_LEADER mode. State: All replicated index: 0, Majority replicated index: 0, Committed index: 0, Last appended: 0.0, Last appended by leader: 0, Current term: 0, Majority size: -1, State: 0, Mode: NON_LEADER, active raft config: opid_index: -1 OBSOLETE_local: false peers { permanent_uuid: "e594f7d5b1664534b30478d98d821342" member_type: VOTER last_known_addr { host: "127.8.185.65" port: 39945 } } peers { permanent_uuid: "918afa588a7040b79e72169d9c3dee33" member_type: VOTER last_known_addr { host: "127.8.185.66" port: 43749 } } peers { permanent_uuid: "5b2663011dd64f16be5ed1ed58a1c11f" member_type: VOTER last_known_addr { host: "127.8.185.67" port: 40631 } }
I20260709 13:13:26.335381 10333 consensus_queue.cc:1048] T d7689c4c894a45a18095244eb55965ff P 5b2663011dd64f16be5ed1ed58a1c11f [LEADER]: Connected to new peer: Peer: permanent_uuid: "e594f7d5b1664534b30478d98d821342" member_type: VOTER last_known_addr { host: "127.8.185.65" port: 39945 }, Status: LMP_MISMATCH, Last received: 0.0, Next index: 1, Last known committed idx: 0, Time since last communication: 0.000s
I20260709 13:13:26.336089 10226 ts_tablet_manager.cc:1434] T 7756069ea0c34a108285952ba1cebf11 P 5b2663011dd64f16be5ed1ed58a1c11f: Time spent starting tablet: real 0.007s	user 0.006s	sys 0.000s
I20260709 13:13:26.337044 10226 tablet_bootstrap.cc:492] T 83b623d9186f4b008dfb31c7fcec7038 P 5b2663011dd64f16be5ed1ed58a1c11f: Bootstrap starting.
I20260709 13:13:26.343883 10248 raft_consensus.cc:493] T 7756069ea0c34a108285952ba1cebf11 P 918afa588a7040b79e72169d9c3dee33 [term 0 FOLLOWER]: Starting pre-election (no leader contacted us within the election timeout)
I20260709 13:13:26.344462 10248 raft_consensus.cc:515] T 7756069ea0c34a108285952ba1cebf11 P 918afa588a7040b79e72169d9c3dee33 [term 0 FOLLOWER]: Starting pre-election with config: opid_index: -1 OBSOLETE_local: false peers { permanent_uuid: "e594f7d5b1664534b30478d98d821342" member_type: VOTER last_known_addr { host: "127.8.185.65" port: 39945 } } peers { permanent_uuid: "918afa588a7040b79e72169d9c3dee33" member_type: VOTER last_known_addr { host: "127.8.185.66" port: 43749 } } peers { permanent_uuid: "5b2663011dd64f16be5ed1ed58a1c11f" member_type: VOTER last_known_addr { host: "127.8.185.67" port: 40631 } }
I20260709 13:13:26.344987 10346 raft_consensus.cc:493] T 83b623d9186f4b008dfb31c7fcec7038 P e594f7d5b1664534b30478d98d821342 [term 0 FOLLOWER]: Starting pre-election (no leader contacted us within the election timeout)
I20260709 13:13:26.345467 10346 raft_consensus.cc:515] T 83b623d9186f4b008dfb31c7fcec7038 P e594f7d5b1664534b30478d98d821342 [term 0 FOLLOWER]: Starting pre-election with config: opid_index: -1 OBSOLETE_local: false peers { permanent_uuid: "e594f7d5b1664534b30478d98d821342" member_type: VOTER last_known_addr { host: "127.8.185.65" port: 39945 } } peers { permanent_uuid: "918afa588a7040b79e72169d9c3dee33" member_type: VOTER last_known_addr { host: "127.8.185.66" port: 43749 } } peers { permanent_uuid: "5b2663011dd64f16be5ed1ed58a1c11f" member_type: VOTER last_known_addr { host: "127.8.185.67" port: 40631 } }
I20260709 13:13:26.346575 10248 leader_election.cc:290] T 7756069ea0c34a108285952ba1cebf11 P 918afa588a7040b79e72169d9c3dee33 [CANDIDATE]: Term 1 pre-election: Requested pre-vote from peers e594f7d5b1664534b30478d98d821342 (127.8.185.65:39945), 5b2663011dd64f16be5ed1ed58a1c11f (127.8.185.67:40631)
I20260709 13:13:26.347337 10346 leader_election.cc:290] T 83b623d9186f4b008dfb31c7fcec7038 P e594f7d5b1664534b30478d98d821342 [CANDIDATE]: Term 1 pre-election: Requested pre-vote from peers 918afa588a7040b79e72169d9c3dee33 (127.8.185.66:43749), 5b2663011dd64f16be5ed1ed58a1c11f (127.8.185.67:40631)
I20260709 13:13:26.348657 10109 tablet_service.cc:1917] Received RequestConsensusVote() RPC: tablet_id: "83b623d9186f4b008dfb31c7fcec7038" candidate_uuid: "e594f7d5b1664534b30478d98d821342" candidate_term: 1 candidate_status { last_received { term: 0 index: 0 } } ignore_live_leader: false dest_uuid: "918afa588a7040b79e72169d9c3dee33" is_pre_election: true
I20260709 13:13:26.349618 10224 tablet_bootstrap.cc:492] T 20376e439f7d4b37bcdb90ad193007b9 P 918afa588a7040b79e72169d9c3dee33: No bootstrap required, opened a new log
I20260709 13:13:26.350068 10224 ts_tablet_manager.cc:1403] T 20376e439f7d4b37bcdb90ad193007b9 P 918afa588a7040b79e72169d9c3dee33: Time spent bootstrapping tablet: real 0.059s	user 0.013s	sys 0.009s
I20260709 13:13:26.350116 10180 tablet_service.cc:1917] Received RequestConsensusVote() RPC: tablet_id: "7756069ea0c34a108285952ba1cebf11" candidate_uuid: "918afa588a7040b79e72169d9c3dee33" candidate_term: 1 candidate_status { last_received { term: 0 index: 0 } } ignore_live_leader: false dest_uuid: "5b2663011dd64f16be5ed1ed58a1c11f" is_pre_election: true
I20260709 13:13:26.350769 10180 raft_consensus.cc:2468] T 7756069ea0c34a108285952ba1cebf11 P 5b2663011dd64f16be5ed1ed58a1c11f [term 0 FOLLOWER]: Leader pre-election vote request: Granting yes vote for candidate 918afa588a7040b79e72169d9c3dee33 in term 0.
I20260709 13:13:26.352200 10074 leader_election.cc:304] T 7756069ea0c34a108285952ba1cebf11 P 918afa588a7040b79e72169d9c3dee33 [CANDIDATE]: Term 1 pre-election: Election decided. Result: candidate won. Election summary: received 2 responses out of 3 voters: 2 yes votes; 0 no votes. yes voters: 5b2663011dd64f16be5ed1ed58a1c11f, 918afa588a7040b79e72169d9c3dee33; no voters: 
W20260709 13:13:26.350560 10001 leader_election.cc:343] T 83b623d9186f4b008dfb31c7fcec7038 P e594f7d5b1664534b30478d98d821342 [CANDIDATE]: Term 1 pre-election: Tablet error from VoteRequest() call to peer 918afa588a7040b79e72169d9c3dee33 (127.8.185.66:43749): Illegal state: must be running to vote when last-logged opid is not known
I20260709 13:13:26.353169 10248 raft_consensus.cc:2804] T 7756069ea0c34a108285952ba1cebf11 P 918afa588a7040b79e72169d9c3dee33 [term 0 FOLLOWER]: Leader pre-election won for term 1
