I20260709 13:13:09.657032 32142 raft_consensus.cc:606] T 537c3a08a34c440f98758e7b3249b61f P ee5804cb682248909f56c4ef251f0062 [term 2 LEADER]: Received request to transfer leadership to TS 45fea73adb4449d3ac20e2d59e010c3a
I20260709 13:13:09.659418 32142 tablet_service.cc:2072] Received LeaderStepDown RPC: tablet_id: "9a500240cb2640f08c54701c67f3c938"
dest_uuid: "ee5804cb682248909f56c4ef251f0062"
mode: GRACEFUL
new_leader_uuid: "ecb8e9ed6a864f2bb04d2fa4e8b64308"
 from {username='slave'} at 127.0.0.1:39864
I20260709 13:13:09.659879 32142 raft_consensus.cc:606] T 9a500240cb2640f08c54701c67f3c938 P ee5804cb682248909f56c4ef251f0062 [term 1 LEADER]: Received request to transfer leadership to TS ecb8e9ed6a864f2bb04d2fa4e8b64308
I20260709 13:13:09.662621 32142 tablet_service.cc:2072] Received LeaderStepDown RPC: tablet_id: "d9b7817c308a4c1fa208e6d9b2adb45f"
dest_uuid: "ee5804cb682248909f56c4ef251f0062"
mode: GRACEFUL
new_leader_uuid: "ecb8e9ed6a864f2bb04d2fa4e8b64308"
 from {username='slave'} at 127.0.0.1:39864
I20260709 13:13:09.663056 32142 raft_consensus.cc:606] T d9b7817c308a4c1fa208e6d9b2adb45f P ee5804cb682248909f56c4ef251f0062 [term 2 LEADER]: Received request to transfer leadership to TS ecb8e9ed6a864f2bb04d2fa4e8b64308
I20260709 13:13:09.664134 31935 auto_leader_rebalancer.cc:452] table: test-workload, leader rebalance finish, leader transfer count: 5
I20260709 13:13:09.664495 31935 auto_leader_rebalancer.cc:527] All tables' leader rebalancing finished this round
I20260709 13:13:09.688623 32389 raft_consensus.cc:993] T 001d669638ad4c05a7c1ce84d561bca1 P ee5804cb682248909f56c4ef251f0062: : Instructing follower 45fea73adb4449d3ac20e2d59e010c3a to start an election
I20260709 13:13:09.689195 32410 raft_consensus.cc:1081] T 001d669638ad4c05a7c1ce84d561bca1 P ee5804cb682248909f56c4ef251f0062 [term 4 LEADER]: Signalling peer 45fea73adb4449d3ac20e2d59e010c3a to start an election
I20260709 13:13:09.690905 32216 tablet_service.cc:2044] Received Run Leader Election RPC: tablet_id: "001d669638ad4c05a7c1ce84d561bca1"
dest_uuid: "45fea73adb4449d3ac20e2d59e010c3a"
 from {username='slave'} at 127.0.0.1:58754
I20260709 13:13:09.691431 32216 raft_consensus.cc:493] T 001d669638ad4c05a7c1ce84d561bca1 P 45fea73adb4449d3ac20e2d59e010c3a [term 4 FOLLOWER]: Starting forced leader election (received explicit request)
I20260709 13:13:09.691776 32216 raft_consensus.cc:3060] T 001d669638ad4c05a7c1ce84d561bca1 P 45fea73adb4449d3ac20e2d59e010c3a [term 4 FOLLOWER]: Advancing to term 5
I20260709 13:13:09.696619 32216 raft_consensus.cc:515] T 001d669638ad4c05a7c1ce84d561bca1 P 45fea73adb4449d3ac20e2d59e010c3a [term 5 FOLLOWER]: Starting forced leader election with config: opid_index: -1 OBSOLETE_local: false peers { permanent_uuid: "ecb8e9ed6a864f2bb04d2fa4e8b64308" member_type: VOTER last_known_addr { host: "127.31.47.193" port: 36619 } } peers { permanent_uuid: "ee5804cb682248909f56c4ef251f0062" member_type: VOTER last_known_addr { host: "127.31.47.194" port: 34995 } } peers { permanent_uuid: "45fea73adb4449d3ac20e2d59e010c3a" member_type: VOTER last_known_addr { host: "127.31.47.195" port: 41499 } }
I20260709 13:13:09.698305 32216 leader_election.cc:290] T 001d669638ad4c05a7c1ce84d561bca1 P 45fea73adb4449d3ac20e2d59e010c3a [CANDIDATE]: Term 5 election: Requested vote from peers ecb8e9ed6a864f2bb04d2fa4e8b64308 (127.31.47.193:36619), ee5804cb682248909f56c4ef251f0062 (127.31.47.194:34995)
I20260709 13:13:09.699221 32067 tablet_service.cc:1917] Received RequestConsensusVote() RPC: tablet_id: "001d669638ad4c05a7c1ce84d561bca1" candidate_uuid: "45fea73adb4449d3ac20e2d59e010c3a" candidate_term: 5 candidate_status { last_received { term: 4 index: 4 } } ignore_live_leader: true dest_uuid: "ecb8e9ed6a864f2bb04d2fa4e8b64308"
I20260709 13:13:09.699400 32142 tablet_service.cc:1917] Received RequestConsensusVote() RPC: tablet_id: "001d669638ad4c05a7c1ce84d561bca1" candidate_uuid: "45fea73adb4449d3ac20e2d59e010c3a" candidate_term: 5 candidate_status { last_received { term: 4 index: 4 } } ignore_live_leader: true dest_uuid: "ee5804cb682248909f56c4ef251f0062"
I20260709 13:13:09.699954 32067 raft_consensus.cc:3060] T 001d669638ad4c05a7c1ce84d561bca1 P ecb8e9ed6a864f2bb04d2fa4e8b64308 [term 4 FOLLOWER]: Advancing to term 5
I20260709 13:13:09.700050 32142 raft_consensus.cc:3055] T 001d669638ad4c05a7c1ce84d561bca1 P ee5804cb682248909f56c4ef251f0062 [term 4 LEADER]: Stepping down as leader of term 4
I20260709 13:13:09.700416 32142 raft_consensus.cc:740] T 001d669638ad4c05a7c1ce84d561bca1 P ee5804cb682248909f56c4ef251f0062 [term 4 LEADER]: Becoming Follower/Learner. State: Replica: ee5804cb682248909f56c4ef251f0062, State: Running, Role: LEADER
I20260709 13:13:09.701166 32142 consensus_queue.cc:260] T 001d669638ad4c05a7c1ce84d561bca1 P ee5804cb682248909f56c4ef251f0062 [NON_LEADER]: Queue going to NON_LEADER mode. State: All replicated index: 0, Majority replicated index: 4, Committed index: 4, Last appended: 4.4, Last appended by leader: 4, Current term: 4, Majority size: -1, State: 0, Mode: NON_LEADER, active raft config: opid_index: -1 OBSOLETE_local: false peers { permanent_uuid: "ecb8e9ed6a864f2bb04d2fa4e8b64308" member_type: VOTER last_known_addr { host: "127.31.47.193" port: 36619 } } peers { permanent_uuid: "ee5804cb682248909f56c4ef251f0062" member_type: VOTER last_known_addr { host: "127.31.47.194" port: 34995 } } peers { permanent_uuid: "45fea73adb4449d3ac20e2d59e010c3a" member_type: VOTER last_known_addr { host: "127.31.47.195" port: 41499 } }
I20260709 13:13:09.702085 32142 raft_consensus.cc:3060] T 001d669638ad4c05a7c1ce84d561bca1 P ee5804cb682248909f56c4ef251f0062 [term 4 FOLLOWER]: Advancing to term 5
I20260709 13:13:09.704880 32067 raft_consensus.cc:2468] T 001d669638ad4c05a7c1ce84d561bca1 P ecb8e9ed6a864f2bb04d2fa4e8b64308 [term 5 FOLLOWER]: Leader election vote request: Granting yes vote for candidate 45fea73adb4449d3ac20e2d59e010c3a in term 5.
I20260709 13:13:09.706099 32185 leader_election.cc:304] T 001d669638ad4c05a7c1ce84d561bca1 P 45fea73adb4449d3ac20e2d59e010c3a [CANDIDATE]: Term 5 election: Election decided. Result: candidate won. Election summary: received 2 responses out of 3 voters: 2 yes votes; 0 no votes. yes voters: 45fea73adb4449d3ac20e2d59e010c3a, ecb8e9ed6a864f2bb04d2fa4e8b64308; no voters: 
I20260709 13:13:09.706890 32382 raft_consensus.cc:2804] T 001d669638ad4c05a7c1ce84d561bca1 P 45fea73adb4449d3ac20e2d59e010c3a [term 5 FOLLOWER]: Leader election won for term 5
I20260709 13:13:09.707832 32382 raft_consensus.cc:697] T 001d669638ad4c05a7c1ce84d561bca1 P 45fea73adb4449d3ac20e2d59e010c3a [term 5 LEADER]: Becoming Leader. State: Replica: 45fea73adb4449d3ac20e2d59e010c3a, State: Running, Role: LEADER
I20260709 13:13:09.708381 32142 raft_consensus.cc:2468] T 001d669638ad4c05a7c1ce84d561bca1 P ee5804cb682248909f56c4ef251f0062 [term 5 FOLLOWER]: Leader election vote request: Granting yes vote for candidate 45fea73adb4449d3ac20e2d59e010c3a in term 5.
I20260709 13:13:09.708858 32382 consensus_queue.cc:237] T 001d669638ad4c05a7c1ce84d561bca1 P 45fea73adb4449d3ac20e2d59e010c3a [LEADER]: Queue going to LEADER mode. State: All replicated index: 0, Majority replicated index: 4, Committed index: 4, Last appended: 4.4, Last appended by leader: 4, Current term: 5, Majority size: 2, State: 0, Mode: LEADER, active raft config: opid_index: -1 OBSOLETE_local: false peers { permanent_uuid: "ecb8e9ed6a864f2bb04d2fa4e8b64308" member_type: VOTER last_known_addr { host: "127.31.47.193" port: 36619 } } peers { permanent_uuid: "ee5804cb682248909f56c4ef251f0062" member_type: VOTER last_known_addr { host: "127.31.47.194" port: 34995 } } peers { permanent_uuid: "45fea73adb4449d3ac20e2d59e010c3a" member_type: VOTER last_known_addr { host: "127.31.47.195" port: 41499 } }
I20260709 13:13:09.715240 31964 catalog_manager.cc:5697] T 001d669638ad4c05a7c1ce84d561bca1 P 45fea73adb4449d3ac20e2d59e010c3a reported cstate change: term changed from 4 to 5, leader changed from ee5804cb682248909f56c4ef251f0062 (127.31.47.194) to 45fea73adb4449d3ac20e2d59e010c3a (127.31.47.195). New cstate: current_term: 5 leader_uuid: "45fea73adb4449d3ac20e2d59e010c3a" committed_config { opid_index: -1 OBSOLETE_local: false peers { permanent_uuid: "ecb8e9ed6a864f2bb04d2fa4e8b64308" member_type: VOTER last_known_addr { host: "127.31.47.193" port: 36619 } health_report { overall_health: UNKNOWN } } peers { permanent_uuid: "ee5804cb682248909f56c4ef251f0062" member_type: VOTER last_known_addr { host: "127.31.47.194" port: 34995 } health_report { overall_health: UNKNOWN } } peers { permanent_uuid: "45fea73adb4449d3ac20e2d59e010c3a" member_type: VOTER last_known_addr { host: "127.31.47.195" port: 41499 } health_report { overall_health: HEALTHY } } }
I20260709 13:13:09.829736 32389 raft_consensus.cc:993] T 9a500240cb2640f08c54701c67f3c938 P ee5804cb682248909f56c4ef251f0062: : Instructing follower ecb8e9ed6a864f2bb04d2fa4e8b64308 to start an election
I20260709 13:13:09.830148 32410 raft_consensus.cc:1081] T 9a500240cb2640f08c54701c67f3c938 P ee5804cb682248909f56c4ef251f0062 [term 1 LEADER]: Signalling peer ecb8e9ed6a864f2bb04d2fa4e8b64308 to start an election
I20260709 13:13:09.831411 32067 tablet_service.cc:2044] Received Run Leader Election RPC: tablet_id: "9a500240cb2640f08c54701c67f3c938"
dest_uuid: "ecb8e9ed6a864f2bb04d2fa4e8b64308"
 from {username='slave'} at 127.0.0.1:54064
I20260709 13:13:09.831882 32067 raft_consensus.cc:493] T 9a500240cb2640f08c54701c67f3c938 P ecb8e9ed6a864f2bb04d2fa4e8b64308 [term 1 FOLLOWER]: Starting forced leader election (received explicit request)
I20260709 13:13:09.832247 32067 raft_consensus.cc:3060] T 9a500240cb2640f08c54701c67f3c938 P ecb8e9ed6a864f2bb04d2fa4e8b64308 [term 1 FOLLOWER]: Advancing to term 2
I20260709 13:13:09.837069 32067 raft_consensus.cc:515] T 9a500240cb2640f08c54701c67f3c938 P ecb8e9ed6a864f2bb04d2fa4e8b64308 [term 2 FOLLOWER]: Starting forced leader election with config: opid_index: -1 OBSOLETE_local: false peers { permanent_uuid: "ecb8e9ed6a864f2bb04d2fa4e8b64308" member_type: VOTER last_known_addr { host: "127.31.47.193" port: 36619 } } peers { permanent_uuid: "ee5804cb682248909f56c4ef251f0062" member_type: VOTER last_known_addr { host: "127.31.47.194" port: 34995 } } peers { permanent_uuid: "45fea73adb4449d3ac20e2d59e010c3a" member_type: VOTER last_known_addr { host: "127.31.47.195" port: 41499 } }
I20260709 13:13:09.839022 32067 leader_election.cc:290] T 9a500240cb2640f08c54701c67f3c938 P ecb8e9ed6a864f2bb04d2fa4e8b64308 [CANDIDATE]: Term 2 election: Requested vote from peers ee5804cb682248909f56c4ef251f0062 (127.31.47.194:34995), 45fea73adb4449d3ac20e2d59e010c3a (127.31.47.195:41499)
I20260709 13:13:09.839746 32142 tablet_service.cc:1917] Received RequestConsensusVote() RPC: tablet_id: "9a500240cb2640f08c54701c67f3c938" candidate_uuid: "ecb8e9ed6a864f2bb04d2fa4e8b64308" candidate_term: 2 candidate_status { last_received { term: 1 index: 1 } } ignore_live_leader: true dest_uuid: "ee5804cb682248909f56c4ef251f0062"
I20260709 13:13:09.840353 32142 raft_consensus.cc:3055] T 9a500240cb2640f08c54701c67f3c938 P ee5804cb682248909f56c4ef251f0062 [term 1 LEADER]: Stepping down as leader of term 1
I20260709 13:13:09.840595 32142 raft_consensus.cc:740] T 9a500240cb2640f08c54701c67f3c938 P ee5804cb682248909f56c4ef251f0062 [term 1 LEADER]: Becoming Follower/Learner. State: Replica: ee5804cb682248909f56c4ef251f0062, State: Running, Role: LEADER
I20260709 13:13:09.840600 32216 tablet_service.cc:1917] Received RequestConsensusVote() RPC: tablet_id: "9a500240cb2640f08c54701c67f3c938" candidate_uuid: "ecb8e9ed6a864f2bb04d2fa4e8b64308" candidate_term: 2 candidate_status { last_received { term: 1 index: 1 } } ignore_live_leader: true dest_uuid: "45fea73adb4449d3ac20e2d59e010c3a"
I20260709 13:13:09.841199 32216 raft_consensus.cc:3060] T 9a500240cb2640f08c54701c67f3c938 P 45fea73adb4449d3ac20e2d59e010c3a [term 1 FOLLOWER]: Advancing to term 2
I20260709 13:13:09.841511 32142 consensus_queue.cc:260] T 9a500240cb2640f08c54701c67f3c938 P ee5804cb682248909f56c4ef251f0062 [NON_LEADER]: Queue going to NON_LEADER mode. State: All replicated index: 0, Majority replicated index: 1, Committed index: 1, Last appended: 1.1, Last appended by leader: 1, Current term: 1, Majority size: -1, State: 0, Mode: NON_LEADER, active raft config: opid_index: -1 OBSOLETE_local: false peers { permanent_uuid: "ecb8e9ed6a864f2bb04d2fa4e8b64308" member_type: VOTER last_known_addr { host: "127.31.47.193" port: 36619 } } peers { permanent_uuid: "ee5804cb682248909f56c4ef251f0062" member_type: VOTER last_known_addr { host: "127.31.47.194" port: 34995 } } peers { permanent_uuid: "45fea73adb4449d3ac20e2d59e010c3a" member_type: VOTER last_known_addr { host: "127.31.47.195" port: 41499 } }
I20260709 13:13:09.842411 32142 raft_consensus.cc:3060] T 9a500240cb2640f08c54701c67f3c938 P ee5804cb682248909f56c4ef251f0062 [term 1 FOLLOWER]: Advancing to term 2
I20260709 13:13:09.844986 32216 raft_consensus.cc:2468] T 9a500240cb2640f08c54701c67f3c938 P 45fea73adb4449d3ac20e2d59e010c3a [term 2 FOLLOWER]: Leader election vote request: Granting yes vote for candidate ecb8e9ed6a864f2bb04d2fa4e8b64308 in term 2.
I20260709 13:13:09.846184 32033 leader_election.cc:304] T 9a500240cb2640f08c54701c67f3c938 P ecb8e9ed6a864f2bb04d2fa4e8b64308 [CANDIDATE]: Term 2 election: Election decided. Result: candidate won. Election summary: received 2 responses out of 3 voters: 2 yes votes; 0 no votes. yes voters: 45fea73adb4449d3ac20e2d59e010c3a, ecb8e9ed6a864f2bb04d2fa4e8b64308; no voters: 
I20260709 13:13:09.846967 32142 raft_consensus.cc:2468] T 9a500240cb2640f08c54701c67f3c938 P ee5804cb682248909f56c4ef251f0062 [term 2 FOLLOWER]: Leader election vote request: Granting yes vote for candidate ecb8e9ed6a864f2bb04d2fa4e8b64308 in term 2.
I20260709 13:13:09.848104 32417 raft_consensus.cc:2804] T 9a500240cb2640f08c54701c67f3c938 P ecb8e9ed6a864f2bb04d2fa4e8b64308 [term 2 FOLLOWER]: Leader election won for term 2
I20260709 13:13:09.849164 32417 raft_consensus.cc:697] T 9a500240cb2640f08c54701c67f3c938 P ecb8e9ed6a864f2bb04d2fa4e8b64308 [term 2 LEADER]: Becoming Leader. State: Replica: ecb8e9ed6a864f2bb04d2fa4e8b64308, State: Running, Role: LEADER
I20260709 13:13:09.849944 32417 consensus_queue.cc:237] T 9a500240cb2640f08c54701c67f3c938 P ecb8e9ed6a864f2bb04d2fa4e8b64308 [LEADER]: Queue going to LEADER mode. State: All replicated index: 0, Majority replicated index: 1, Committed index: 1, Last appended: 1.1, Last appended by leader: 1, Current term: 2, Majority size: 2, State: 0, Mode: LEADER, active raft config: opid_index: -1 OBSOLETE_local: false peers { permanent_uuid: "ecb8e9ed6a864f2bb04d2fa4e8b64308" member_type: VOTER last_known_addr { host: "127.31.47.193" port: 36619 } } peers { permanent_uuid: "ee5804cb682248909f56c4ef251f0062" member_type: VOTER last_known_addr { host: "127.31.47.194" port: 34995 } } peers { permanent_uuid: "45fea73adb4449d3ac20e2d59e010c3a" member_type: VOTER last_known_addr { host: "127.31.47.195" port: 41499 } }
I20260709 13:13:09.856696 31964 catalog_manager.cc:5697] T 9a500240cb2640f08c54701c67f3c938 P ecb8e9ed6a864f2bb04d2fa4e8b64308 reported cstate change: term changed from 1 to 2, leader changed from ee5804cb682248909f56c4ef251f0062 (127.31.47.194) to ecb8e9ed6a864f2bb04d2fa4e8b64308 (127.31.47.193). New cstate: current_term: 2 leader_uuid: "ecb8e9ed6a864f2bb04d2fa4e8b64308" committed_config { opid_index: -1 OBSOLETE_local: false peers { permanent_uuid: "ecb8e9ed6a864f2bb04d2fa4e8b64308" member_type: VOTER last_known_addr { host: "127.31.47.193" port: 36619 } health_report { overall_health: HEALTHY } } peers { permanent_uuid: "ee5804cb682248909f56c4ef251f0062" member_type: VOTER last_known_addr { host: "127.31.47.194" port: 34995 } health_report { overall_health: UNKNOWN } } peers { permanent_uuid: "45fea73adb4449d3ac20e2d59e010c3a" member_type: VOTER last_known_addr { host: "127.31.47.195" port: 41499 } health_report { overall_health: UNKNOWN } } }
I20260709 13:13:09.983719 32389 raft_consensus.cc:993] T d9b7817c308a4c1fa208e6d9b2adb45f P ee5804cb682248909f56c4ef251f0062: : Instructing follower ecb8e9ed6a864f2bb04d2fa4e8b64308 to start an election
I20260709 13:13:09.984297 32410 raft_consensus.cc:1081] T d9b7817c308a4c1fa208e6d9b2adb45f P ee5804cb682248909f56c4ef251f0062 [term 2 LEADER]: Signalling peer ecb8e9ed6a864f2bb04d2fa4e8b64308 to start an election
I20260709 13:13:09.985848 32067 tablet_service.cc:2044] Received Run Leader Election RPC: tablet_id: "d9b7817c308a4c1fa208e6d9b2adb45f"
dest_uuid: "ecb8e9ed6a864f2bb04d2fa4e8b64308"
 from {username='slave'} at 127.0.0.1:54064
I20260709 13:13:09.986330 32067 raft_consensus.cc:493] T d9b7817c308a4c1fa208e6d9b2adb45f P ecb8e9ed6a864f2bb04d2fa4e8b64308 [term 2 FOLLOWER]: Starting forced leader election (received explicit request)
I20260709 13:13:09.986701 32067 raft_consensus.cc:3060] T d9b7817c308a4c1fa208e6d9b2adb45f P ecb8e9ed6a864f2bb04d2fa4e8b64308 [term 2 FOLLOWER]: Advancing to term 3
I20260709 13:13:09.993345 32067 raft_consensus.cc:515] T d9b7817c308a4c1fa208e6d9b2adb45f P ecb8e9ed6a864f2bb04d2fa4e8b64308 [term 3 FOLLOWER]: Starting forced leader election with config: opid_index: -1 OBSOLETE_local: false peers { permanent_uuid: "ecb8e9ed6a864f2bb04d2fa4e8b64308" member_type: VOTER last_known_addr { host: "127.31.47.193" port: 36619 } } peers { permanent_uuid: "ee5804cb682248909f56c4ef251f0062" member_type: VOTER last_known_addr { host: "127.31.47.194" port: 34995 } } peers { permanent_uuid: "45fea73adb4449d3ac20e2d59e010c3a" member_type: VOTER last_known_addr { host: "127.31.47.195" port: 41499 } }
I20260709 13:13:09.995251 32067 leader_election.cc:290] T d9b7817c308a4c1fa208e6d9b2adb45f P ecb8e9ed6a864f2bb04d2fa4e8b64308 [CANDIDATE]: Term 3 election: Requested vote from peers ee5804cb682248909f56c4ef251f0062 (127.31.47.194:34995), 45fea73adb4449d3ac20e2d59e010c3a (127.31.47.195:41499)
I20260709 13:13:09.995932 32142 tablet_service.cc:1917] Received RequestConsensusVote() RPC: tablet_id: "d9b7817c308a4c1fa208e6d9b2adb45f" candidate_uuid: "ecb8e9ed6a864f2bb04d2fa4e8b64308" candidate_term: 3 candidate_status { last_received { term: 2 index: 2 } } ignore_live_leader: true dest_uuid: "ee5804cb682248909f56c4ef251f0062"
I20260709 13:13:09.996443 32142 raft_consensus.cc:3055] T d9b7817c308a4c1fa208e6d9b2adb45f P ee5804cb682248909f56c4ef251f0062 [term 2 LEADER]: Stepping down as leader of term 2
I20260709 13:13:09.996574 32216 tablet_service.cc:1917] Received RequestConsensusVote() RPC: tablet_id: "d9b7817c308a4c1fa208e6d9b2adb45f" candidate_uuid: "ecb8e9ed6a864f2bb04d2fa4e8b64308" candidate_term: 3 candidate_status { last_received { term: 2 index: 2 } } ignore_live_leader: true dest_uuid: "45fea73adb4449d3ac20e2d59e010c3a"
I20260709 13:13:09.996765 32142 raft_consensus.cc:740] T d9b7817c308a4c1fa208e6d9b2adb45f P ee5804cb682248909f56c4ef251f0062 [term 2 LEADER]: Becoming Follower/Learner. State: Replica: ee5804cb682248909f56c4ef251f0062, State: Running, Role: LEADER
I20260709 13:13:09.997197 32216 raft_consensus.cc:3060] T d9b7817c308a4c1fa208e6d9b2adb45f P 45fea73adb4449d3ac20e2d59e010c3a [term 2 FOLLOWER]: Advancing to term 3
I20260709 13:13:09.997639 32142 consensus_queue.cc:260] T d9b7817c308a4c1fa208e6d9b2adb45f P ee5804cb682248909f56c4ef251f0062 [NON_LEADER]: Queue going to NON_LEADER mode. State: All replicated index: 0, Majority replicated index: 2, Committed index: 2, Last appended: 2.2, Last appended by leader: 2, Current term: 2, Majority size: -1, State: 0, Mode: NON_LEADER, active raft config: opid_index: -1 OBSOLETE_local: false peers { permanent_uuid: "ecb8e9ed6a864f2bb04d2fa4e8b64308" member_type: VOTER last_known_addr { host: "127.31.47.193" port: 36619 } } peers { permanent_uuid: "ee5804cb682248909f56c4ef251f0062" member_type: VOTER last_known_addr { host: "127.31.47.194" port: 34995 } } peers { permanent_uuid: "45fea73adb4449d3ac20e2d59e010c3a" member_type: VOTER last_known_addr { host: "127.31.47.195" port: 41499 } }
I20260709 13:13:09.998788 32142 raft_consensus.cc:3060] T d9b7817c308a4c1fa208e6d9b2adb45f P ee5804cb682248909f56c4ef251f0062 [term 2 FOLLOWER]: Advancing to term 3
I20260709 13:13:10.004670 32142 raft_consensus.cc:2468] T d9b7817c308a4c1fa208e6d9b2adb45f P ee5804cb682248909f56c4ef251f0062 [term 3 FOLLOWER]: Leader election vote request: Granting yes vote for candidate ecb8e9ed6a864f2bb04d2fa4e8b64308 in term 3.
I20260709 13:13:10.004813 32216 raft_consensus.cc:2468] T d9b7817c308a4c1fa208e6d9b2adb45f P 45fea73adb4449d3ac20e2d59e010c3a [term 3 FOLLOWER]: Leader election vote request: Granting yes vote for candidate ecb8e9ed6a864f2bb04d2fa4e8b64308 in term 3.
I20260709 13:13:10.005867 32034 leader_election.cc:304] T d9b7817c308a4c1fa208e6d9b2adb45f P ecb8e9ed6a864f2bb04d2fa4e8b64308 [CANDIDATE]: Term 3 election: Election decided. Result: candidate won. Election summary: received 2 responses out of 3 voters: 2 yes votes; 0 no votes. yes voters: ecb8e9ed6a864f2bb04d2fa4e8b64308, ee5804cb682248909f56c4ef251f0062; no voters: 
I20260709 13:13:10.006615 32417 raft_consensus.cc:2804] T d9b7817c308a4c1fa208e6d9b2adb45f P ecb8e9ed6a864f2bb04d2fa4e8b64308 [term 3 FOLLOWER]: Leader election won for term 3
I20260709 13:13:10.007162 32417 raft_consensus.cc:697] T d9b7817c308a4c1fa208e6d9b2adb45f P ecb8e9ed6a864f2bb04d2fa4e8b64308 [term 3 LEADER]: Becoming Leader. State: Replica: ecb8e9ed6a864f2bb04d2fa4e8b64308, State: Running, Role: LEADER
I20260709 13:13:10.008518 32417 consensus_queue.cc:237] T d9b7817c308a4c1fa208e6d9b2adb45f P ecb8e9ed6a864f2bb04d2fa4e8b64308 [LEADER]: Queue going to LEADER mode. State: All replicated index: 0, Majority replicated index: 2, Committed index: 2, Last appended: 2.2, Last appended by leader: 2, Current term: 3, Majority size: 2, State: 0, Mode: LEADER, active raft config: opid_index: -1 OBSOLETE_local: false peers { permanent_uuid: "ecb8e9ed6a864f2bb04d2fa4e8b64308" member_type: VOTER last_known_addr { host: "127.31.47.193" port: 36619 } } peers { permanent_uuid: "ee5804cb682248909f56c4ef251f0062" member_type: VOTER last_known_addr { host: "127.31.47.194" port: 34995 } } peers { permanent_uuid: "45fea73adb4449d3ac20e2d59e010c3a" member_type: VOTER last_known_addr { host: "127.31.47.195" port: 41499 } }
I20260709 13:13:10.017597 31964 catalog_manager.cc:5697] T d9b7817c308a4c1fa208e6d9b2adb45f P ecb8e9ed6a864f2bb04d2fa4e8b64308 reported cstate change: term changed from 2 to 3, leader changed from ee5804cb682248909f56c4ef251f0062 (127.31.47.194) to ecb8e9ed6a864f2bb04d2fa4e8b64308 (127.31.47.193). New cstate: current_term: 3 leader_uuid: "ecb8e9ed6a864f2bb04d2fa4e8b64308" committed_config { opid_index: -1 OBSOLETE_local: false peers { permanent_uuid: "ecb8e9ed6a864f2bb04d2fa4e8b64308" member_type: VOTER last_known_addr { host: "127.31.47.193" port: 36619 } health_report { overall_health: HEALTHY } } peers { permanent_uuid: "ee5804cb682248909f56c4ef251f0062" member_type: VOTER last_known_addr { host: "127.31.47.194" port: 34995 } health_report { overall_health: UNKNOWN } } peers { permanent_uuid: "45fea73adb4449d3ac20e2d59e010c3a" member_type: VOTER last_known_addr { host: "127.31.47.195" port: 41499 } health_report { overall_health: UNKNOWN } } }
I20260709 13:13:10.113778 32410 raft_consensus.cc:993] T 3a66899cd613473e80c3a7c04c2f30b4 P ee5804cb682248909f56c4ef251f0062: : Instructing follower ecb8e9ed6a864f2bb04d2fa4e8b64308 to start an election
I20260709 13:13:10.114333 32389 raft_consensus.cc:1081] T 3a66899cd613473e80c3a7c04c2f30b4 P ee5804cb682248909f56c4ef251f0062 [term 2 LEADER]: Signalling peer ecb8e9ed6a864f2bb04d2fa4e8b64308 to start an election
I20260709 13:13:10.115816 32067 tablet_service.cc:2044] Received Run Leader Election RPC: tablet_id: "3a66899cd613473e80c3a7c04c2f30b4"
dest_uuid: "ecb8e9ed6a864f2bb04d2fa4e8b64308"
 from {username='slave'} at 127.0.0.1:54064
I20260709 13:13:10.116197 32067 raft_consensus.cc:493] T 3a66899cd613473e80c3a7c04c2f30b4 P ecb8e9ed6a864f2bb04d2fa4e8b64308 [term 2 FOLLOWER]: Starting forced leader election (received explicit request)
I20260709 13:13:10.116456 32067 raft_consensus.cc:3060] T 3a66899cd613473e80c3a7c04c2f30b4 P ecb8e9ed6a864f2bb04d2fa4e8b64308 [term 2 FOLLOWER]: Advancing to term 3
I20260709 13:13:10.120030 32067 raft_consensus.cc:515] T 3a66899cd613473e80c3a7c04c2f30b4 P ecb8e9ed6a864f2bb04d2fa4e8b64308 [term 3 FOLLOWER]: Starting forced leader election with config: opid_index: -1 OBSOLETE_local: false peers { permanent_uuid: "ecb8e9ed6a864f2bb04d2fa4e8b64308" member_type: VOTER last_known_addr { host: "127.31.47.193" port: 36619 } } peers { permanent_uuid: "ee5804cb682248909f56c4ef251f0062" member_type: VOTER last_known_addr { host: "127.31.47.194" port: 34995 } } peers { permanent_uuid: "45fea73adb4449d3ac20e2d59e010c3a" member_type: VOTER last_known_addr { host: "127.31.47.195" port: 41499 } }
I20260709 13:13:10.121251 32067 leader_election.cc:290] T 3a66899cd613473e80c3a7c04c2f30b4 P ecb8e9ed6a864f2bb04d2fa4e8b64308 [CANDIDATE]: Term 3 election: Requested vote from peers ee5804cb682248909f56c4ef251f0062 (127.31.47.194:34995), 45fea73adb4449d3ac20e2d59e010c3a (127.31.47.195:41499)
I20260709 13:13:10.122049 32142 tablet_service.cc:1917] Received RequestConsensusVote() RPC: tablet_id: "3a66899cd613473e80c3a7c04c2f30b4" candidate_uuid: "ecb8e9ed6a864f2bb04d2fa4e8b64308" candidate_term: 3 candidate_status { last_received { term: 2 index: 2 } } ignore_live_leader: true dest_uuid: "ee5804cb682248909f56c4ef251f0062"
I20260709 13:13:10.122314 32216 tablet_service.cc:1917] Received RequestConsensusVote() RPC: tablet_id: "3a66899cd613473e80c3a7c04c2f30b4" candidate_uuid: "ecb8e9ed6a864f2bb04d2fa4e8b64308" candidate_term: 3 candidate_status { last_received { term: 2 index: 2 } } ignore_live_leader: true dest_uuid: "45fea73adb4449d3ac20e2d59e010c3a"
I20260709 13:13:10.122617 32142 raft_consensus.cc:3055] T 3a66899cd613473e80c3a7c04c2f30b4 P ee5804cb682248909f56c4ef251f0062 [term 2 LEADER]: Stepping down as leader of term 2
I20260709 13:13:10.122833 32216 raft_consensus.cc:3060] T 3a66899cd613473e80c3a7c04c2f30b4 P 45fea73adb4449d3ac20e2d59e010c3a [term 2 FOLLOWER]: Advancing to term 3
I20260709 13:13:10.122954 32142 raft_consensus.cc:740] T 3a66899cd613473e80c3a7c04c2f30b4 P ee5804cb682248909f56c4ef251f0062 [term 2 LEADER]: Becoming Follower/Learner. State: Replica: ee5804cb682248909f56c4ef251f0062, State: Running, Role: LEADER
I20260709 13:13:10.123797 32142 consensus_queue.cc:260] T 3a66899cd613473e80c3a7c04c2f30b4 P ee5804cb682248909f56c4ef251f0062 [NON_LEADER]: Queue going to NON_LEADER mode. State: All replicated index: 0, Majority replicated index: 2, Committed index: 2, Last appended: 2.2, Last appended by leader: 2, Current term: 2, Majority size: -1, State: 0, Mode: NON_LEADER, active raft config: opid_index: -1 OBSOLETE_local: false peers { permanent_uuid: "ecb8e9ed6a864f2bb04d2fa4e8b64308" member_type: VOTER last_known_addr { host: "127.31.47.193" port: 36619 } } peers { permanent_uuid: "ee5804cb682248909f56c4ef251f0062" member_type: VOTER last_known_addr { host: "127.31.47.194" port: 34995 } } peers { permanent_uuid: "45fea73adb4449d3ac20e2d59e010c3a" member_type: VOTER last_known_addr { host: "127.31.47.195" port: 41499 } }
I20260709 13:13:10.124966 32142 raft_consensus.cc:3060] T 3a66899cd613473e80c3a7c04c2f30b4 P ee5804cb682248909f56c4ef251f0062 [term 2 FOLLOWER]: Advancing to term 3
I20260709 13:13:10.128847 32216 raft_consensus.cc:2468] T 3a66899cd613473e80c3a7c04c2f30b4 P 45fea73adb4449d3ac20e2d59e010c3a [term 3 FOLLOWER]: Leader election vote request: Granting yes vote for candidate ecb8e9ed6a864f2bb04d2fa4e8b64308 in term 3.
I20260709 13:13:10.129820 32033 leader_election.cc:304] T 3a66899cd613473e80c3a7c04c2f30b4 P ecb8e9ed6a864f2bb04d2fa4e8b64308 [CANDIDATE]: Term 3 election: Election decided. Result: candidate won. Election summary: received 2 responses out of 3 voters: 2 yes votes; 0 no votes. yes voters: 45fea73adb4449d3ac20e2d59e010c3a, ecb8e9ed6a864f2bb04d2fa4e8b64308; no voters: 
I20260709 13:13:10.130589 32417 raft_consensus.cc:2804] T 3a66899cd613473e80c3a7c04c2f30b4 P ecb8e9ed6a864f2bb04d2fa4e8b64308 [term 3 FOLLOWER]: Leader election won for term 3
I20260709 13:13:10.130926 32142 raft_consensus.cc:2468] T 3a66899cd613473e80c3a7c04c2f30b4 P ee5804cb682248909f56c4ef251f0062 [term 3 FOLLOWER]: Leader election vote request: Granting yes vote for candidate ecb8e9ed6a864f2bb04d2fa4e8b64308 in term 3.
I20260709 13:13:10.131031 32417 raft_consensus.cc:697] T 3a66899cd613473e80c3a7c04c2f30b4 P ecb8e9ed6a864f2bb04d2fa4e8b64308 [term 3 LEADER]: Becoming Leader. State: Replica: ecb8e9ed6a864f2bb04d2fa4e8b64308, State: Running, Role: LEADER
I20260709 13:13:10.132388 32410 raft_consensus.cc:993] T 537c3a08a34c440f98758e7b3249b61f P ee5804cb682248909f56c4ef251f0062: : Instructing follower 45fea73adb4449d3ac20e2d59e010c3a to start an election
I20260709 13:13:10.131973 32417 consensus_queue.cc:237] T 3a66899cd613473e80c3a7c04c2f30b4 P ecb8e9ed6a864f2bb04d2fa4e8b64308 [LEADER]: Queue going to LEADER mode. State: All replicated index: 0, Majority replicated index: 2, Committed index: 2, Last appended: 2.2, Last appended by leader: 2, Current term: 3, Majority size: 2, State: 0, Mode: LEADER, active raft config: opid_index: -1 OBSOLETE_local: false peers { permanent_uuid: "ecb8e9ed6a864f2bb04d2fa4e8b64308" member_type: VOTER last_known_addr { host: "127.31.47.193" port: 36619 } } peers { permanent_uuid: "ee5804cb682248909f56c4ef251f0062" member_type: VOTER last_known_addr { host: "127.31.47.194" port: 34995 } } peers { permanent_uuid: "45fea73adb4449d3ac20e2d59e010c3a" member_type: VOTER last_known_addr { host: "127.31.47.195" port: 41499 } }
I20260709 13:13:10.132877 32389 raft_consensus.cc:1081] T 537c3a08a34c440f98758e7b3249b61f P ee5804cb682248909f56c4ef251f0062 [term 2 LEADER]: Signalling peer 45fea73adb4449d3ac20e2d59e010c3a to start an election
I20260709 13:13:10.134400 32216 tablet_service.cc:2044] Received Run Leader Election RPC: tablet_id: "537c3a08a34c440f98758e7b3249b61f"
dest_uuid: "45fea73adb4449d3ac20e2d59e010c3a"
 from {username='slave'} at 127.0.0.1:58754
I20260709 13:13:10.134804 32216 raft_consensus.cc:493] T 537c3a08a34c440f98758e7b3249b61f P 45fea73adb4449d3ac20e2d59e010c3a [term 2 FOLLOWER]: Starting forced leader election (received explicit request)
I20260709 13:13:10.135069 32216 raft_consensus.cc:3060] T 537c3a08a34c440f98758e7b3249b61f P 45fea73adb4449d3ac20e2d59e010c3a [term 2 FOLLOWER]: Advancing to term 3
I20260709 13:13:10.140846 32216 raft_consensus.cc:515] T 537c3a08a34c440f98758e7b3249b61f P 45fea73adb4449d3ac20e2d59e010c3a [term 3 FOLLOWER]: Starting forced leader election with config: opid_index: -1 OBSOLETE_local: false peers { permanent_uuid: "45fea73adb4449d3ac20e2d59e010c3a" member_type: VOTER last_known_addr { host: "127.31.47.195" port: 41499 } } peers { permanent_uuid: "ee5804cb682248909f56c4ef251f0062" member_type: VOTER last_known_addr { host: "127.31.47.194" port: 34995 } } peers { permanent_uuid: "ecb8e9ed6a864f2bb04d2fa4e8b64308" member_type: VOTER last_known_addr { host: "127.31.47.193" port: 36619 } }
I20260709 13:13:10.142573 32216 leader_election.cc:290] T 537c3a08a34c440f98758e7b3249b61f P 45fea73adb4449d3ac20e2d59e010c3a [CANDIDATE]: Term 3 election: Requested vote from peers ee5804cb682248909f56c4ef251f0062 (127.31.47.194:34995), ecb8e9ed6a864f2bb04d2fa4e8b64308 (127.31.47.193:36619)
I20260709 13:13:10.142077 31964 catalog_manager.cc:5697] T 3a66899cd613473e80c3a7c04c2f30b4 P ecb8e9ed6a864f2bb04d2fa4e8b64308 reported cstate change: term changed from 2 to 3, leader changed from ee5804cb682248909f56c4ef251f0062 (127.31.47.194) to ecb8e9ed6a864f2bb04d2fa4e8b64308 (127.31.47.193). New cstate: current_term: 3 leader_uuid: "ecb8e9ed6a864f2bb04d2fa4e8b64308" committed_config { opid_index: -1 OBSOLETE_local: false peers { permanent_uuid: "ecb8e9ed6a864f2bb04d2fa4e8b64308" member_type: VOTER last_known_addr { host: "127.31.47.193" port: 36619 } health_report { overall_health: HEALTHY } } peers { permanent_uuid: "ee5804cb682248909f56c4ef251f0062" member_type: VOTER last_known_addr { host: "127.31.47.194" port: 34995 } health_report { overall_health: UNKNOWN } } peers { permanent_uuid: "45fea73adb4449d3ac20e2d59e010c3a" member_type: VOTER last_known_addr { host: "127.31.47.195" port: 41499 } health_report { overall_health: UNKNOWN } } }
I20260709 13:13:10.142860 32142 tablet_service.cc:1917] Received RequestConsensusVote() RPC: tablet_id: "537c3a08a34c440f98758e7b3249b61f" candidate_uuid: "45fea73adb4449d3ac20e2d59e010c3a" candidate_term: 3 candidate_status { last_received { term: 2 index: 2 } } ignore_live_leader: true dest_uuid: "ee5804cb682248909f56c4ef251f0062"
I20260709 13:13:10.143343 32142 raft_consensus.cc:3055] T 537c3a08a34c440f98758e7b3249b61f P ee5804cb682248909f56c4ef251f0062 [term 2 LEADER]: Stepping down as leader of term 2
I20260709 13:13:10.143110 32067 tablet_service.cc:1917] Received RequestConsensusVote() RPC: tablet_id: "537c3a08a34c440f98758e7b3249b61f" candidate_uuid: "45fea73adb4449d3ac20e2d59e010c3a" candidate_term: 3 candidate_status { last_received { term: 2 index: 2 } } ignore_live_leader: true dest_uuid: "ecb8e9ed6a864f2bb04d2fa4e8b64308"
I20260709 13:13:10.143626 32142 raft_consensus.cc:740] T 537c3a08a34c440f98758e7b3249b61f P ee5804cb682248909f56c4ef251f0062 [term 2 LEADER]: Becoming Follower/Learner. State: Replica: ee5804cb682248909f56c4ef251f0062, State: Running, Role: LEADER
I20260709 13:13:10.143838 32067 raft_consensus.cc:3060] T 537c3a08a34c440f98758e7b3249b61f P ecb8e9ed6a864f2bb04d2fa4e8b64308 [term 2 FOLLOWER]: Advancing to term 3
I20260709 13:13:10.144447 32142 consensus_queue.cc:260] T 537c3a08a34c440f98758e7b3249b61f P ee5804cb682248909f56c4ef251f0062 [NON_LEADER]: Queue going to NON_LEADER mode. State: All replicated index: 0, Majority replicated index: 2, Committed index: 2, Last appended: 2.2, Last appended by leader: 2, Current term: 2, Majority size: -1, State: 0, Mode: NON_LEADER, active raft config: opid_index: -1 OBSOLETE_local: false peers { permanent_uuid: "45fea73adb4449d3ac20e2d59e010c3a" member_type: VOTER last_known_addr { host: "127.31.47.195" port: 41499 } } peers { permanent_uuid: "ee5804cb682248909f56c4ef251f0062" member_type: VOTER last_known_addr { host: "127.31.47.194" port: 34995 } } peers { permanent_uuid: "ecb8e9ed6a864f2bb04d2fa4e8b64308" member_type: VOTER last_known_addr { host: "127.31.47.193" port: 36619 } }
I20260709 13:13:10.145264 32142 raft_consensus.cc:3060] T 537c3a08a34c440f98758e7b3249b61f P ee5804cb682248909f56c4ef251f0062 [term 2 FOLLOWER]: Advancing to term 3
I20260709 13:13:10.148934 32067 raft_consensus.cc:2468] T 537c3a08a34c440f98758e7b3249b61f P ecb8e9ed6a864f2bb04d2fa4e8b64308 [term 3 FOLLOWER]: Leader election vote request: Granting yes vote for candidate 45fea73adb4449d3ac20e2d59e010c3a in term 3.
I20260709 13:13:10.149844 32185 leader_election.cc:304] T 537c3a08a34c440f98758e7b3249b61f P 45fea73adb4449d3ac20e2d59e010c3a [CANDIDATE]: Term 3 election: Election decided. Result: candidate won. Election summary: received 2 responses out of 3 voters: 2 yes votes; 0 no votes. yes voters: 45fea73adb4449d3ac20e2d59e010c3a, ecb8e9ed6a864f2bb04d2fa4e8b64308; no voters: 
I20260709 13:13:10.150236 32142 raft_consensus.cc:2468] T 537c3a08a34c440f98758e7b3249b61f P ee5804cb682248909f56c4ef251f0062 [term 3 FOLLOWER]: Leader election vote request: Granting yes vote for candidate 45fea73adb4449d3ac20e2d59e010c3a in term 3.
I20260709 13:13:10.150581 32382 raft_consensus.cc:2804] T 537c3a08a34c440f98758e7b3249b61f P 45fea73adb4449d3ac20e2d59e010c3a [term 3 FOLLOWER]: Leader election won for term 3
I20260709 13:13:10.151026 32382 raft_consensus.cc:697] T 537c3a08a34c440f98758e7b3249b61f P 45fea73adb4449d3ac20e2d59e010c3a [term 3 LEADER]: Becoming Leader. State: Replica: 45fea73adb4449d3ac20e2d59e010c3a, State: Running, Role: LEADER
I20260709 13:13:10.151818 32382 consensus_queue.cc:237] T 537c3a08a34c440f98758e7b3249b61f P 45fea73adb4449d3ac20e2d59e010c3a [LEADER]: Queue going to LEADER mode. State: All replicated index: 0, Majority replicated index: 2, Committed index: 2, Last appended: 2.2, Last appended by leader: 2, Current term: 3, Majority size: 2, State: 0, Mode: LEADER, active raft config: opid_index: -1 OBSOLETE_local: false peers { permanent_uuid: "45fea73adb4449d3ac20e2d59e010c3a" member_type: VOTER last_known_addr { host: "127.31.47.195" port: 41499 } } peers { permanent_uuid: "ee5804cb682248909f56c4ef251f0062" member_type: VOTER last_known_addr { host: "127.31.47.194" port: 34995 } } peers { permanent_uuid: "ecb8e9ed6a864f2bb04d2fa4e8b64308" member_type: VOTER last_known_addr { host: "127.31.47.193" port: 36619 } }
I20260709 13:13:10.157938 31964 catalog_manager.cc:5697] T 537c3a08a34c440f98758e7b3249b61f P 45fea73adb4449d3ac20e2d59e010c3a reported cstate change: term changed from 2 to 3, leader changed from ee5804cb682248909f56c4ef251f0062 (127.31.47.194) to 45fea73adb4449d3ac20e2d59e010c3a (127.31.47.195). New cstate: current_term: 3 leader_uuid: "45fea73adb4449d3ac20e2d59e010c3a" committed_config { opid_index: -1 OBSOLETE_local: false peers { permanent_uuid: "45fea73adb4449d3ac20e2d59e010c3a" member_type: VOTER last_known_addr { host: "127.31.47.195" port: 41499 } health_report { overall_health: HEALTHY } } peers { permanent_uuid: "ee5804cb682248909f56c4ef251f0062" member_type: VOTER last_known_addr { host: "127.31.47.194" port: 34995 } health_report { overall_health: UNKNOWN } } peers { permanent_uuid: "ecb8e9ed6a864f2bb04d2fa4e8b64308" member_type: VOTER last_known_addr { host: "127.31.47.193" port: 36619 } health_report { overall_health: UNKNOWN } } }
I20260709 13:13:10.191967 32067 raft_consensus.cc:1275] T 001d669638ad4c05a7c1ce84d561bca1 P ecb8e9ed6a864f2bb04d2fa4e8b64308 [term 5 FOLLOWER]: Refusing update from remote peer 45fea73adb4449d3ac20e2d59e010c3a: Log matching property violated. Preceding OpId in replica: term: 4 index: 4. Preceding OpId from leader: term: 5 index: 5. (index mismatch)
I20260709 13:13:10.193190 32382 consensus_queue.cc:1048] T 001d669638ad4c05a7c1ce84d561bca1 P 45fea73adb4449d3ac20e2d59e010c3a [LEADER]: Connected to new peer: Peer: permanent_uuid: "ecb8e9ed6a864f2bb04d2fa4e8b64308" member_type: VOTER last_known_addr { host: "127.31.47.193" port: 36619 }, Status: LMP_MISMATCH, Last received: 0.0, Next index: 5, Last known committed idx: 4, Time since last communication: 0.000s
I20260709 13:13:10.203447 32142 raft_consensus.cc:1275] T 001d669638ad4c05a7c1ce84d561bca1 P ee5804cb682248909f56c4ef251f0062 [term 5 FOLLOWER]: Refusing update from remote peer 45fea73adb4449d3ac20e2d59e010c3a: Log matching property violated. Preceding OpId in replica: term: 4 index: 4. Preceding OpId from leader: term: 5 index: 5. (index mismatch)
I20260709 13:13:10.204839 32382 consensus_queue.cc:1048] T 001d669638ad4c05a7c1ce84d561bca1 P 45fea73adb4449d3ac20e2d59e010c3a [LEADER]: Connected to new peer: Peer: permanent_uuid: "ee5804cb682248909f56c4ef251f0062" member_type: VOTER last_known_addr { host: "127.31.47.194" port: 34995 }, Status: LMP_MISMATCH, Last received: 0.0, Next index: 5, Last known committed idx: 4, Time since last communication: 0.000s
I20260709 13:13:10.254177 32216 raft_consensus.cc:1275] T 9a500240cb2640f08c54701c67f3c938 P 45fea73adb4449d3ac20e2d59e010c3a [term 2 FOLLOWER]: Refusing update from remote peer ecb8e9ed6a864f2bb04d2fa4e8b64308: Log matching property violated. Preceding OpId in replica: term: 1 index: 1. Preceding OpId from leader: term: 2 index: 2. (index mismatch)
I20260709 13:13:10.255400 32417 consensus_queue.cc:1048] T 9a500240cb2640f08c54701c67f3c938 P ecb8e9ed6a864f2bb04d2fa4e8b64308 [LEADER]: Connected to new peer: Peer: permanent_uuid: "45fea73adb4449d3ac20e2d59e010c3a" member_type: VOTER last_known_addr { host: "127.31.47.195" port: 41499 }, Status: LMP_MISMATCH, Last received: 0.0, Next index: 2, Last known committed idx: 1, Time since last communication: 0.000s
I20260709 13:13:10.265054 32142 raft_consensus.cc:1275] T 9a500240cb2640f08c54701c67f3c938 P ee5804cb682248909f56c4ef251f0062 [term 2 FOLLOWER]: Refusing update from remote peer ecb8e9ed6a864f2bb04d2fa4e8b64308: Log matching property violated. Preceding OpId in replica: term: 1 index: 1. Preceding OpId from leader: term: 2 index: 2. (index mismatch)
I20260709 13:13:10.266899 32418 consensus_queue.cc:1048] T 9a500240cb2640f08c54701c67f3c938 P ecb8e9ed6a864f2bb04d2fa4e8b64308 [LEADER]: Connected to new peer: Peer: permanent_uuid: "ee5804cb682248909f56c4ef251f0062" member_type: VOTER last_known_addr { host: "127.31.47.194" port: 34995 }, Status: LMP_MISMATCH, Last received: 0.0, Next index: 2, Last known committed idx: 1, Time since last communication: 0.001s
I20260709 13:13:10.522235 32216 raft_consensus.cc:1275] T d9b7817c308a4c1fa208e6d9b2adb45f P 45fea73adb4449d3ac20e2d59e010c3a [term 3 FOLLOWER]: Refusing update from remote peer ecb8e9ed6a864f2bb04d2fa4e8b64308: Log matching property violated. Preceding OpId in replica: term: 2 index: 2. Preceding OpId from leader: term: 3 index: 3. (index mismatch)
I20260709 13:13:10.523511 32418 consensus_queue.cc:1048] T d9b7817c308a4c1fa208e6d9b2adb45f P ecb8e9ed6a864f2bb04d2fa4e8b64308 [LEADER]: Connected to new peer: Peer: permanent_uuid: "45fea73adb4449d3ac20e2d59e010c3a" member_type: VOTER last_known_addr { host: "127.31.47.195" port: 41499 }, Status: LMP_MISMATCH, Last received: 0.0, Next index: 3, Last known committed idx: 2, Time since last communication: 0.000s
I20260709 13:13:10.535274 32142 raft_consensus.cc:1275] T d9b7817c308a4c1fa208e6d9b2adb45f P ee5804cb682248909f56c4ef251f0062 [term 3 FOLLOWER]: Refusing update from remote peer ecb8e9ed6a864f2bb04d2fa4e8b64308: Log matching property violated. Preceding OpId in replica: term: 2 index: 2. Preceding OpId from leader: term: 3 index: 3. (index mismatch)
I20260709 13:13:10.536847 32430 consensus_queue.cc:1048] T d9b7817c308a4c1fa208e6d9b2adb45f P ecb8e9ed6a864f2bb04d2fa4e8b64308 [LEADER]: Connected to new peer: Peer: permanent_uuid: "ee5804cb682248909f56c4ef251f0062" member_type: VOTER last_known_addr { host: "127.31.47.194" port: 34995 }, Status: LMP_MISMATCH, Last received: 0.0, Next index: 3, Last known committed idx: 2, Time since last communication: 0.001s
I20260709 13:13:10.541509 32144 raft_consensus.cc:1275] T 537c3a08a34c440f98758e7b3249b61f P ee5804cb682248909f56c4ef251f0062 [term 3 FOLLOWER]: Refusing update from remote peer 45fea73adb4449d3ac20e2d59e010c3a: Log matching property violated. Preceding OpId in replica: term: 2 index: 2. Preceding OpId from leader: term: 3 index: 3. (index mismatch)
I20260709 13:13:10.542783 32382 consensus_queue.cc:1048] T 537c3a08a34c440f98758e7b3249b61f P 45fea73adb4449d3ac20e2d59e010c3a [LEADER]: Connected to new peer: Peer: permanent_uuid: "ee5804cb682248909f56c4ef251f0062" member_type: VOTER last_known_addr { host: "127.31.47.194" port: 34995 }, Status: LMP_MISMATCH, Last received: 0.0, Next index: 3, Last known committed idx: 2, Time since last communication: 0.001s
I20260709 13:13:10.554802 32070 raft_consensus.cc:1275] T 537c3a08a34c440f98758e7b3249b61f P ecb8e9ed6a864f2bb04d2fa4e8b64308 [term 3 FOLLOWER]: Refusing update from remote peer 45fea73adb4449d3ac20e2d59e010c3a: Log matching property violated. Preceding OpId in replica: term: 2 index: 2. Preceding OpId from leader: term: 3 index: 3. (index mismatch)
I20260709 13:13:10.556584 32382 consensus_queue.cc:1048] T 537c3a08a34c440f98758e7b3249b61f P 45fea73adb4449d3ac20e2d59e010c3a [LEADER]: Connected to new peer: Peer: permanent_uuid: "ecb8e9ed6a864f2bb04d2fa4e8b64308" member_type: VOTER last_known_addr { host: "127.31.47.193" port: 36619 }, Status: LMP_MISMATCH, Last received: 0.0, Next index: 3, Last known committed idx: 2, Time since last communication: 0.000s
I20260709 13:13:10.577088 32216 raft_consensus.cc:1275] T 3a66899cd613473e80c3a7c04c2f30b4 P 45fea73adb4449d3ac20e2d59e010c3a [term 3 FOLLOWER]: Refusing update from remote peer ecb8e9ed6a864f2bb04d2fa4e8b64308: Log matching property violated. Preceding OpId in replica: term: 2 index: 2. Preceding OpId from leader: term: 3 index: 3. (index mismatch)
I20260709 13:13:10.578236 32430 consensus_queue.cc:1048] T 3a66899cd613473e80c3a7c04c2f30b4 P ecb8e9ed6a864f2bb04d2fa4e8b64308 [LEADER]: Connected to new peer: Peer: permanent_uuid: "45fea73adb4449d3ac20e2d59e010c3a" member_type: VOTER last_known_addr { host: "127.31.47.195" port: 41499 }, Status: LMP_MISMATCH, Last received: 0.0, Next index: 3, Last known committed idx: 2, Time since last communication: 0.000s
I20260709 13:13:10.588508 32144 raft_consensus.cc:1275] T 3a66899cd613473e80c3a7c04c2f30b4 P ee5804cb682248909f56c4ef251f0062 [term 3 FOLLOWER]: Refusing update from remote peer ecb8e9ed6a864f2bb04d2fa4e8b64308: Log matching property violated. Preceding OpId in replica: term: 2 index: 2. Preceding OpId from leader: term: 3 index: 3. (index mismatch)
I20260709 13:13:10.590031 32430 consensus_queue.cc:1048] T 3a66899cd613473e80c3a7c04c2f30b4 P ecb8e9ed6a864f2bb04d2fa4e8b64308 [LEADER]: Connected to new peer: Peer: permanent_uuid: "ee5804cb682248909f56c4ef251f0062" member_type: VOTER last_known_addr { host: "127.31.47.194" port: 34995 }, Status: LMP_MISMATCH, Last received: 0.0, Next index: 3, Last known committed idx: 2, Time since last communication: 0.000s
I20260709 13:13:10.665359 31935 auto_leader_rebalancer.cc:141] leader rebalance for table test-workload
I20260709 13:13:10.671131 31935 tablet_server.cc:179] TabletServer@127.31.47.193:0 shutting down...
I20260709 13:13:10.710412 31935 ts_tablet_manager.cc:1507] Shutting down tablet manager...
I20260709 13:13:10.711387 31935 tablet_replica.cc:333] T d9b7817c308a4c1fa208e6d9b2adb45f P ecb8e9ed6a864f2bb04d2fa4e8b64308: stopping tablet replica
I20260709 13:13:10.712450 31935 raft_consensus.cc:2243] T d9b7817c308a4c1fa208e6d9b2adb45f P ecb8e9ed6a864f2bb04d2fa4e8b64308 [term 3 LEADER]: Raft consensus shutting down.
I20260709 13:13:10.713346 31935 raft_consensus.cc:2272] T d9b7817c308a4c1fa208e6d9b2adb45f P ecb8e9ed6a864f2bb04d2fa4e8b64308 [term 3 FOLLOWER]: Raft consensus is shut down!
I20260709 13:13:10.717326 31935 tablet_replica.cc:333] T 9a500240cb2640f08c54701c67f3c938 P ecb8e9ed6a864f2bb04d2fa4e8b64308: stopping tablet replica
I20260709 13:13:10.718374 31935 raft_consensus.cc:2243] T 9a500240cb2640f08c54701c67f3c938 P ecb8e9ed6a864f2bb04d2fa4e8b64308 [term 2 LEADER]: Raft consensus shutting down.
I20260709 13:13:10.719350 31935 raft_consensus.cc:2272] T 9a500240cb2640f08c54701c67f3c938 P ecb8e9ed6a864f2bb04d2fa4e8b64308 [term 2 FOLLOWER]: Raft consensus is shut down!
I20260709 13:13:10.721758 31935 tablet_replica.cc:333] T 3f45f4418b1244c5a995fa056218967c P ecb8e9ed6a864f2bb04d2fa4e8b64308: stopping tablet replica
I20260709 13:13:10.722708 31935 raft_consensus.cc:2243] T 3f45f4418b1244c5a995fa056218967c P ecb8e9ed6a864f2bb04d2fa4e8b64308 [term 3 FOLLOWER]: Raft consensus shutting down.
I20260709 13:13:10.723173 31935 raft_consensus.cc:2272] T 3f45f4418b1244c5a995fa056218967c P ecb8e9ed6a864f2bb04d2fa4e8b64308 [term 3 FOLLOWER]: Raft consensus is shut down!
I20260709 13:13:10.725035 31935 tablet_replica.cc:333] T 001d669638ad4c05a7c1ce84d561bca1 P ecb8e9ed6a864f2bb04d2fa4e8b64308: stopping tablet replica
I20260709 13:13:10.725582 31935 raft_consensus.cc:2243] T 001d669638ad4c05a7c1ce84d561bca1 P ecb8e9ed6a864f2bb04d2fa4e8b64308 [term 5 FOLLOWER]: Raft consensus shutting down.
I20260709 13:13:10.726114 31935 raft_consensus.cc:2272] T 001d669638ad4c05a7c1ce84d561bca1 P ecb8e9ed6a864f2bb04d2fa4e8b64308 [term 5 FOLLOWER]: Raft consensus is shut down!
I20260709 13:13:10.728538 31935 tablet_replica.cc:333] T 3a66899cd613473e80c3a7c04c2f30b4 P ecb8e9ed6a864f2bb04d2fa4e8b64308: stopping tablet replica
I20260709 13:13:10.729091 31935 raft_consensus.cc:2243] T 3a66899cd613473e80c3a7c04c2f30b4 P ecb8e9ed6a864f2bb04d2fa4e8b64308 [term 3 LEADER]: Raft consensus shutting down.
I20260709 13:13:10.729907 31935 raft_consensus.cc:2272] T 3a66899cd613473e80c3a7c04c2f30b4 P ecb8e9ed6a864f2bb04d2fa4e8b64308 [term 3 FOLLOWER]: Raft consensus is shut down!
I20260709 13:13:10.732313 31935 tablet_replica.cc:333] T 1cf25a5071d14682aba33f787b272c9f P ecb8e9ed6a864f2bb04d2fa4e8b64308: stopping tablet replica
I20260709 13:13:10.732889 31935 raft_consensus.cc:2243] T 1cf25a5071d14682aba33f787b272c9f P ecb8e9ed6a864f2bb04d2fa4e8b64308 [term 4 FOLLOWER]: Raft consensus shutting down.
I20260709 13:13:10.733392 31935 raft_consensus.cc:2272] T 1cf25a5071d14682aba33f787b272c9f P ecb8e9ed6a864f2bb04d2fa4e8b64308 [term 4 FOLLOWER]: Raft consensus is shut down!
I20260709 13:13:10.735108 31935 tablet_replica.cc:333] T 584d5ef06a7046858b587225b450d4b6 P ecb8e9ed6a864f2bb04d2fa4e8b64308: stopping tablet replica
I20260709 13:13:10.735720 31935 raft_consensus.cc:2243] T 584d5ef06a7046858b587225b450d4b6 P ecb8e9ed6a864f2bb04d2fa4e8b64308 [term 3 FOLLOWER]: Raft consensus shutting down.
I20260709 13:13:10.736218 31935 raft_consensus.cc:2272] T 584d5ef06a7046858b587225b450d4b6 P ecb8e9ed6a864f2bb04d2fa4e8b64308 [term 3 FOLLOWER]: Raft consensus is shut down!
I20260709 13:13:10.738620 31935 tablet_replica.cc:333] T c6f7a4db7cc8434bb89d1723b0c7a5dc P ecb8e9ed6a864f2bb04d2fa4e8b64308: stopping tablet replica
I20260709 13:13:10.739223 31935 raft_consensus.cc:2243] T c6f7a4db7cc8434bb89d1723b0c7a5dc P ecb8e9ed6a864f2bb04d2fa4e8b64308 [term 1 FOLLOWER]: Raft consensus shutting down.
W20260709 13:13:10.739228 32111 proxy.cc:239] Call had error, refreshing address and retrying: Remote error: Service unavailable: service kudu.consensus.ConsensusService not registered on TabletServer
I20260709 13:13:10.739789 31935 raft_consensus.cc:2272] T c6f7a4db7cc8434bb89d1723b0c7a5dc P ecb8e9ed6a864f2bb04d2fa4e8b64308 [term 1 FOLLOWER]: Raft consensus is shut down!
I20260709 13:13:10.742189 31935 tablet_replica.cc:333] T 537c3a08a34c440f98758e7b3249b61f P ecb8e9ed6a864f2bb04d2fa4e8b64308: stopping tablet replica
