I20260709 13:13:28.007560 32128 raft_consensus.cc:385] T 91fd443d715d4ed48846592745b12480 P 7918a3295f134fa585c8964f815dea64 [term 0 FOLLOWER]: Consensus starting up: Expiring failure detector timer to make a prompt election more likely
I20260709 13:13:28.007865 32128 raft_consensus.cc:740] T 91fd443d715d4ed48846592745b12480 P 7918a3295f134fa585c8964f815dea64 [term 0 FOLLOWER]: Becoming Follower/Learner. State: Replica: 7918a3295f134fa585c8964f815dea64, State: Initialized, Role: FOLLOWER
I20260709 13:13:28.008706 32128 consensus_queue.cc:260] T 91fd443d715d4ed48846592745b12480 P 7918a3295f134fa585c8964f815dea64 [NON_LEADER]: Queue going to NON_LEADER mode. State: All replicated index: 0, Majority replicated index: 0, Committed index: 0, Last appended: 0.0, Last appended by leader: 0, Current term: 0, Majority size: -1, State: 0, Mode: NON_LEADER, active raft config: opid_index: -1 OBSOLETE_local: false peers { permanent_uuid: "7918a3295f134fa585c8964f815dea64" member_type: VOTER last_known_addr { host: "127.30.25.129" port: 42479 } } peers { permanent_uuid: "e990be809ceb494599efb088bef6fd7c" member_type: VOTER last_known_addr { host: "127.30.25.130" port: 33633 } } peers { permanent_uuid: "723ef029de9343e4897b04409ed093d6" member_type: VOTER last_known_addr { host: "127.30.25.131" port: 40523 } }
I20260709 13:13:28.011123 32128 ts_tablet_manager.cc:1434] T 91fd443d715d4ed48846592745b12480 P 7918a3295f134fa585c8964f815dea64: Time spent starting tablet: real 0.007s	user 0.007s	sys 0.000s
I20260709 13:13:28.011373 31931 tablet_service.cc:1917] Received RequestConsensusVote() RPC: tablet_id: "3c16ac83124e43dab09cb7674319832f" candidate_uuid: "723ef029de9343e4897b04409ed093d6" candidate_term: 1 candidate_status { last_received { term: 0 index: 0 } } ignore_live_leader: false dest_uuid: "7918a3295f134fa585c8964f815dea64"
I20260709 13:13:28.012636 32373 raft_consensus.cc:493] T dd33bc26882c42e9b8a0a7863dfefb26 P 7918a3295f134fa585c8964f815dea64 [term 0 FOLLOWER]: Starting pre-election (no leader contacted us within the election timeout)
I20260709 13:13:28.013146 32373 raft_consensus.cc:515] T dd33bc26882c42e9b8a0a7863dfefb26 P 7918a3295f134fa585c8964f815dea64 [term 0 FOLLOWER]: Starting pre-election with config: opid_index: -1 OBSOLETE_local: false peers { permanent_uuid: "7918a3295f134fa585c8964f815dea64" member_type: VOTER last_known_addr { host: "127.30.25.129" port: 42479 } } peers { permanent_uuid: "e990be809ceb494599efb088bef6fd7c" member_type: VOTER last_known_addr { host: "127.30.25.130" port: 33633 } } peers { permanent_uuid: "723ef029de9343e4897b04409ed093d6" member_type: VOTER last_known_addr { host: "127.30.25.131" port: 40523 } }
I20260709 13:13:28.015475 32373 leader_election.cc:290] T dd33bc26882c42e9b8a0a7863dfefb26 P 7918a3295f134fa585c8964f815dea64 [CANDIDATE]: Term 1 pre-election: Requested pre-vote from peers e990be809ceb494599efb088bef6fd7c (127.30.25.130:33633), 723ef029de9343e4897b04409ed093d6 (127.30.25.131:40523)
W20260709 13:13:28.015931 32053 leader_election.cc:343] T 3c16ac83124e43dab09cb7674319832f P 723ef029de9343e4897b04409ed093d6 [CANDIDATE]: Term 1 election: Tablet error from VoteRequest() call to peer 7918a3295f134fa585c8964f815dea64 (127.30.25.129:42479): Illegal state: must be running to vote when last-logged opid is not known
I20260709 13:13:28.016964 32078 tablet_service.cc:1917] Received RequestConsensusVote() RPC: tablet_id: "dd33bc26882c42e9b8a0a7863dfefb26" candidate_uuid: "7918a3295f134fa585c8964f815dea64" candidate_term: 1 candidate_status { last_received { term: 0 index: 0 } } ignore_live_leader: false dest_uuid: "723ef029de9343e4897b04409ed093d6" is_pre_election: true
I20260709 13:13:28.018100 32078 raft_consensus.cc:2468] T dd33bc26882c42e9b8a0a7863dfefb26 P 723ef029de9343e4897b04409ed093d6 [term 0 FOLLOWER]: Leader pre-election vote request: Granting yes vote for candidate 7918a3295f134fa585c8964f815dea64 in term 0.
I20260709 13:13:28.019449 31904 leader_election.cc:304] T dd33bc26882c42e9b8a0a7863dfefb26 P 7918a3295f134fa585c8964f815dea64 [CANDIDATE]: Term 1 pre-election: Election decided. Result: candidate won. Election summary: received 2 responses out of 3 voters: 2 yes votes; 0 no votes. yes voters: 723ef029de9343e4897b04409ed093d6, 7918a3295f134fa585c8964f815dea64; no voters: 
I20260709 13:13:28.019466 32011 tablet_service.cc:1917] Received RequestConsensusVote() RPC: tablet_id: "dd33bc26882c42e9b8a0a7863dfefb26" candidate_uuid: "7918a3295f134fa585c8964f815dea64" candidate_term: 1 candidate_status { last_received { term: 0 index: 0 } } ignore_live_leader: false dest_uuid: "e990be809ceb494599efb088bef6fd7c" is_pre_election: true
I20260709 13:13:28.020413 32011 raft_consensus.cc:2468] T dd33bc26882c42e9b8a0a7863dfefb26 P e990be809ceb494599efb088bef6fd7c [term 0 FOLLOWER]: Leader pre-election vote request: Granting yes vote for candidate 7918a3295f134fa585c8964f815dea64 in term 0.
I20260709 13:13:28.021183 32198 raft_consensus.cc:2804] T dd33bc26882c42e9b8a0a7863dfefb26 P 7918a3295f134fa585c8964f815dea64 [term 0 FOLLOWER]: Leader pre-election won for term 1
I20260709 13:13:28.021560 32198 raft_consensus.cc:493] T dd33bc26882c42e9b8a0a7863dfefb26 P 7918a3295f134fa585c8964f815dea64 [term 0 FOLLOWER]: Starting leader election (no leader contacted us within the election timeout)
I20260709 13:13:28.021898 32198 raft_consensus.cc:3060] T dd33bc26882c42e9b8a0a7863dfefb26 P 7918a3295f134fa585c8964f815dea64 [term 0 FOLLOWER]: Advancing to term 1
I20260709 13:13:28.028055 32184 leader_election.cc:290] T 3c16ac83124e43dab09cb7674319832f P 723ef029de9343e4897b04409ed093d6 [CANDIDATE]: Term 1 election: Requested vote from peers 7918a3295f134fa585c8964f815dea64 (127.30.25.129:42479), e990be809ceb494599efb088bef6fd7c (127.30.25.130:33633)
I20260709 13:13:28.041457 32198 raft_consensus.cc:515] T dd33bc26882c42e9b8a0a7863dfefb26 P 7918a3295f134fa585c8964f815dea64 [term 1 FOLLOWER]: Starting leader election with config: opid_index: -1 OBSOLETE_local: false peers { permanent_uuid: "7918a3295f134fa585c8964f815dea64" member_type: VOTER last_known_addr { host: "127.30.25.129" port: 42479 } } peers { permanent_uuid: "e990be809ceb494599efb088bef6fd7c" member_type: VOTER last_known_addr { host: "127.30.25.130" port: 33633 } } peers { permanent_uuid: "723ef029de9343e4897b04409ed093d6" member_type: VOTER last_known_addr { host: "127.30.25.131" port: 40523 } }
I20260709 13:13:28.012229 32128 tablet_bootstrap.cc:492] T 425dc7d432fa44d4adcc8254b18f687e P 7918a3295f134fa585c8964f815dea64: Bootstrap starting.
I20260709 13:13:28.046687 32374 leader_election.cc:290] T 60c7f1db9d23416080d83f03e001880c P 7918a3295f134fa585c8964f815dea64 [CANDIDATE]: Term 1 election: Requested vote from peers e990be809ceb494599efb088bef6fd7c (127.30.25.130:33633), 723ef029de9343e4897b04409ed093d6 (127.30.25.131:40523)
I20260709 13:13:28.064285 32087 raft_consensus.cc:2468] T 60c7f1db9d23416080d83f03e001880c P 723ef029de9343e4897b04409ed093d6 [term 1 FOLLOWER]: Leader election vote request: Granting yes vote for candidate 7918a3295f134fa585c8964f815dea64 in term 1.
I20260709 13:13:28.066552 32078 tablet_service.cc:1917] Received RequestConsensusVote() RPC: tablet_id: "dd33bc26882c42e9b8a0a7863dfefb26" candidate_uuid: "7918a3295f134fa585c8964f815dea64" candidate_term: 1 candidate_status { last_received { term: 0 index: 0 } } ignore_live_leader: false dest_uuid: "723ef029de9343e4897b04409ed093d6"
I20260709 13:13:28.066601 32374 raft_consensus.cc:493] T 0e7c76f3581a4f319906bc8ba5229fbb P 7918a3295f134fa585c8964f815dea64 [term 0 FOLLOWER]: Starting pre-election (no leader contacted us within the election timeout)
I20260709 13:13:28.070271 32078 raft_consensus.cc:3060] T dd33bc26882c42e9b8a0a7863dfefb26 P 723ef029de9343e4897b04409ed093d6 [term 0 FOLLOWER]: Advancing to term 1
I20260709 13:13:28.066329 32010 tablet_service.cc:1917] Received RequestConsensusVote() RPC: tablet_id: "3c16ac83124e43dab09cb7674319832f" candidate_uuid: "723ef029de9343e4897b04409ed093d6" candidate_term: 1 candidate_status { last_received { term: 0 index: 0 } } ignore_live_leader: false dest_uuid: "e990be809ceb494599efb088bef6fd7c"
I20260709 13:13:28.070302 32374 raft_consensus.cc:515] T 0e7c76f3581a4f319906bc8ba5229fbb P 7918a3295f134fa585c8964f815dea64 [term 0 FOLLOWER]: Starting pre-election with config: opid_index: -1 OBSOLETE_local: false peers { permanent_uuid: "7918a3295f134fa585c8964f815dea64" member_type: VOTER last_known_addr { host: "127.30.25.129" port: 42479 } } peers { permanent_uuid: "e990be809ceb494599efb088bef6fd7c" member_type: VOTER last_known_addr { host: "127.30.25.130" port: 33633 } } peers { permanent_uuid: "723ef029de9343e4897b04409ed093d6" member_type: VOTER last_known_addr { host: "127.30.25.131" port: 40523 } }
I20260709 13:13:28.070998 32010 raft_consensus.cc:3060] T 3c16ac83124e43dab09cb7674319832f P e990be809ceb494599efb088bef6fd7c [term 0 FOLLOWER]: Advancing to term 1
I20260709 13:13:28.072476 32374 leader_election.cc:290] T 0e7c76f3581a4f319906bc8ba5229fbb P 7918a3295f134fa585c8964f815dea64 [CANDIDATE]: Term 1 pre-election: Requested pre-vote from peers e990be809ceb494599efb088bef6fd7c (127.30.25.130:33633), 723ef029de9343e4897b04409ed093d6 (127.30.25.131:40523)
I20260709 13:13:28.074887 32011 tablet_service.cc:1917] Received RequestConsensusVote() RPC: tablet_id: "0e7c76f3581a4f319906bc8ba5229fbb" candidate_uuid: "7918a3295f134fa585c8964f815dea64" candidate_term: 1 candidate_status { last_received { term: 0 index: 0 } } ignore_live_leader: false dest_uuid: "e990be809ceb494599efb088bef6fd7c" is_pre_election: true
I20260709 13:13:28.075480 32011 raft_consensus.cc:2468] T 0e7c76f3581a4f319906bc8ba5229fbb P e990be809ceb494599efb088bef6fd7c [term 0 FOLLOWER]: Leader pre-election vote request: Granting yes vote for candidate 7918a3295f134fa585c8964f815dea64 in term 0.
I20260709 13:13:28.076692 31903 leader_election.cc:304] T 0e7c76f3581a4f319906bc8ba5229fbb P 7918a3295f134fa585c8964f815dea64 [CANDIDATE]: Term 1 pre-election: Election decided. Result: candidate won. Election summary: received 2 responses out of 3 voters: 2 yes votes; 0 no votes. yes voters: 7918a3295f134fa585c8964f815dea64, e990be809ceb494599efb088bef6fd7c; no voters: 
I20260709 13:13:28.068414 31836 catalog_manager.cc:5697] T 47211d7f978047e180b805b8014b4489 P e990be809ceb494599efb088bef6fd7c reported cstate change: term changed from 0 to 1, leader changed from <none> to e990be809ceb494599efb088bef6fd7c (127.30.25.130). New cstate: current_term: 1 leader_uuid: "e990be809ceb494599efb088bef6fd7c" committed_config { opid_index: -1 OBSOLETE_local: false peers { permanent_uuid: "7918a3295f134fa585c8964f815dea64" member_type: VOTER last_known_addr { host: "127.30.25.129" port: 42479 } health_report { overall_health: UNKNOWN } } peers { permanent_uuid: "e990be809ceb494599efb088bef6fd7c" member_type: VOTER last_known_addr { host: "127.30.25.130" port: 33633 } health_report { overall_health: HEALTHY } } peers { permanent_uuid: "723ef029de9343e4897b04409ed093d6" member_type: VOTER last_known_addr { host: "127.30.25.131" port: 40523 } health_report { overall_health: UNKNOWN } } }
I20260709 13:13:28.077715 32079 tablet_service.cc:1917] Received RequestConsensusVote() RPC: tablet_id: "0e7c76f3581a4f319906bc8ba5229fbb" candidate_uuid: "7918a3295f134fa585c8964f815dea64" candidate_term: 1 candidate_status { last_received { term: 0 index: 0 } } ignore_live_leader: false dest_uuid: "723ef029de9343e4897b04409ed093d6" is_pre_election: true
I20260709 13:13:28.077953 32374 raft_consensus.cc:2804] T 0e7c76f3581a4f319906bc8ba5229fbb P 7918a3295f134fa585c8964f815dea64 [term 0 FOLLOWER]: Leader pre-election won for term 1
I20260709 13:13:28.080389 32374 raft_consensus.cc:493] T 0e7c76f3581a4f319906bc8ba5229fbb P 7918a3295f134fa585c8964f815dea64 [term 0 FOLLOWER]: Starting leader election (no leader contacted us within the election timeout)
W20260709 13:13:28.079061 31904 leader_election.cc:343] T 0e7c76f3581a4f319906bc8ba5229fbb P 7918a3295f134fa585c8964f815dea64 [CANDIDATE]: Term 1 pre-election: Tablet error from VoteRequest() call to peer 723ef029de9343e4897b04409ed093d6 (127.30.25.131:40523): Illegal state: must be running to vote when last-logged opid is not known
I20260709 13:13:28.080914 32374 raft_consensus.cc:3060] T 0e7c76f3581a4f319906bc8ba5229fbb P 7918a3295f134fa585c8964f815dea64 [term 0 FOLLOWER]: Advancing to term 1
I20260709 13:13:28.067972 32009 tablet_service.cc:1917] Received RequestConsensusVote() RPC: tablet_id: "dd33bc26882c42e9b8a0a7863dfefb26" candidate_uuid: "7918a3295f134fa585c8964f815dea64" candidate_term: 1 candidate_status { last_received { term: 0 index: 0 } } ignore_live_leader: false dest_uuid: "e990be809ceb494599efb088bef6fd7c"
I20260709 13:13:28.085466 32009 raft_consensus.cc:3060] T dd33bc26882c42e9b8a0a7863dfefb26 P e990be809ceb494599efb088bef6fd7c [term 0 FOLLOWER]: Advancing to term 1
I20260709 13:13:28.081862 31904 leader_election.cc:304] T 60c7f1db9d23416080d83f03e001880c P 7918a3295f134fa585c8964f815dea64 [CANDIDATE]: Term 1 election: Election decided. Result: candidate won. Election summary: received 3 responses out of 3 voters: 2 yes votes; 1 no votes. yes voters: 723ef029de9343e4897b04409ed093d6, 7918a3295f134fa585c8964f815dea64; no voters: e990be809ceb494599efb088bef6fd7c
I20260709 13:13:28.101187 32406 raft_consensus.cc:2804] T 60c7f1db9d23416080d83f03e001880c P 7918a3295f134fa585c8964f815dea64 [term 1 FOLLOWER]: Leader election won for term 1
I20260709 13:13:28.101646 32406 raft_consensus.cc:697] T 60c7f1db9d23416080d83f03e001880c P 7918a3295f134fa585c8964f815dea64 [term 1 LEADER]: Becoming Leader. State: Replica: 7918a3295f134fa585c8964f815dea64, State: Running, Role: LEADER
I20260709 13:13:28.102442 32406 consensus_queue.cc:237] T 60c7f1db9d23416080d83f03e001880c P 7918a3295f134fa585c8964f815dea64 [LEADER]: Queue going to LEADER mode. State: All replicated index: 0, Majority replicated index: 0, Committed index: 0, Last appended: 0.0, Last appended by leader: 0, Current term: 1, Majority size: 2, State: 0, Mode: LEADER, active raft config: opid_index: -1 OBSOLETE_local: false peers { permanent_uuid: "7918a3295f134fa585c8964f815dea64" member_type: VOTER last_known_addr { host: "127.30.25.129" port: 42479 } } peers { permanent_uuid: "e990be809ceb494599efb088bef6fd7c" member_type: VOTER last_known_addr { host: "127.30.25.130" port: 33633 } } peers { permanent_uuid: "723ef029de9343e4897b04409ed093d6" member_type: VOTER last_known_addr { host: "127.30.25.131" port: 40523 } }
I20260709 13:13:28.078457 31836 catalog_manager.cc:5697] T 57442472dedf42229655a5813de86771 P e990be809ceb494599efb088bef6fd7c reported cstate change: term changed from 0 to 1, leader changed from <none> to e990be809ceb494599efb088bef6fd7c (127.30.25.130). New cstate: current_term: 1 leader_uuid: "e990be809ceb494599efb088bef6fd7c" committed_config { opid_index: -1 OBSOLETE_local: false peers { permanent_uuid: "7918a3295f134fa585c8964f815dea64" member_type: VOTER last_known_addr { host: "127.30.25.129" port: 42479 } health_report { overall_health: UNKNOWN } } peers { permanent_uuid: "e990be809ceb494599efb088bef6fd7c" member_type: VOTER last_known_addr { host: "127.30.25.130" port: 33633 } health_report { overall_health: HEALTHY } } peers { permanent_uuid: "723ef029de9343e4897b04409ed093d6" member_type: VOTER last_known_addr { host: "127.30.25.131" port: 40523 } health_report { overall_health: UNKNOWN } } }
I20260709 13:13:28.086022 32078 raft_consensus.cc:2468] T dd33bc26882c42e9b8a0a7863dfefb26 P 723ef029de9343e4897b04409ed093d6 [term 1 FOLLOWER]: Leader election vote request: Granting yes vote for candidate 7918a3295f134fa585c8964f815dea64 in term 1.
I20260709 13:13:28.069649 32198 leader_election.cc:290] T dd33bc26882c42e9b8a0a7863dfefb26 P 7918a3295f134fa585c8964f815dea64 [CANDIDATE]: Term 1 election: Requested vote from peers e990be809ceb494599efb088bef6fd7c (127.30.25.130:33633), 723ef029de9343e4897b04409ed093d6 (127.30.25.131:40523)
W20260709 13:13:28.106426 31884 auto_rebalancer.cc:288] Could not retrieve cluster info: Service unavailable: Tablet not running
I20260709 13:13:28.098652 32305 consensus_queue.cc:1048] T 0b8ad771509c4a53b528a0b039040da2 P 723ef029de9343e4897b04409ed093d6 [LEADER]: Connected to new peer: Peer: permanent_uuid: "7918a3295f134fa585c8964f815dea64" member_type: VOTER last_known_addr { host: "127.30.25.129" port: 42479 }, Status: LMP_MISMATCH, Last received: 0.0, Next index: 1, Last known committed idx: 0, Time since last communication: 0.000s
I20260709 13:13:28.107976 31904 leader_election.cc:304] T dd33bc26882c42e9b8a0a7863dfefb26 P 7918a3295f134fa585c8964f815dea64 [CANDIDATE]: Term 1 election: Election decided. Result: candidate won. Election summary: received 2 responses out of 3 voters: 2 yes votes; 0 no votes. yes voters: 723ef029de9343e4897b04409ed093d6, 7918a3295f134fa585c8964f815dea64; no voters: 
I20260709 13:13:28.108698 32198 raft_consensus.cc:2804] T dd33bc26882c42e9b8a0a7863dfefb26 P 7918a3295f134fa585c8964f815dea64 [term 1 FOLLOWER]: Leader election won for term 1
I20260709 13:13:28.109094 32198 raft_consensus.cc:697] T dd33bc26882c42e9b8a0a7863dfefb26 P 7918a3295f134fa585c8964f815dea64 [term 1 LEADER]: Becoming Leader. State: Replica: 7918a3295f134fa585c8964f815dea64, State: Running, Role: LEADER
I20260709 13:13:28.109741 32198 consensus_queue.cc:237] T dd33bc26882c42e9b8a0a7863dfefb26 P 7918a3295f134fa585c8964f815dea64 [LEADER]: Queue going to LEADER mode. State: All replicated index: 0, Majority replicated index: 0, Committed index: 0, Last appended: 0.0, Last appended by leader: 0, Current term: 1, Majority size: 2, State: 0, Mode: LEADER, active raft config: opid_index: -1 OBSOLETE_local: false peers { permanent_uuid: "7918a3295f134fa585c8964f815dea64" member_type: VOTER last_known_addr { host: "127.30.25.129" port: 42479 } } peers { permanent_uuid: "e990be809ceb494599efb088bef6fd7c" member_type: VOTER last_known_addr { host: "127.30.25.130" port: 33633 } } peers { permanent_uuid: "723ef029de9343e4897b04409ed093d6" member_type: VOTER last_known_addr { host: "127.30.25.131" port: 40523 } }
I20260709 13:13:28.117969 32009 raft_consensus.cc:2468] T dd33bc26882c42e9b8a0a7863dfefb26 P e990be809ceb494599efb088bef6fd7c [term 1 FOLLOWER]: Leader election vote request: Granting yes vote for candidate 7918a3295f134fa585c8964f815dea64 in term 1.
I20260709 13:13:28.120680 32010 raft_consensus.cc:2468] T 3c16ac83124e43dab09cb7674319832f P e990be809ceb494599efb088bef6fd7c [term 1 FOLLOWER]: Leader election vote request: Granting yes vote for candidate 723ef029de9343e4897b04409ed093d6 in term 1.
I20260709 13:13:28.121958 32052 leader_election.cc:304] T 3c16ac83124e43dab09cb7674319832f P 723ef029de9343e4897b04409ed093d6 [CANDIDATE]: Term 1 election: Election decided. Result: candidate won. Election summary: received 3 responses out of 3 voters: 2 yes votes; 1 no votes. yes voters: 723ef029de9343e4897b04409ed093d6, e990be809ceb494599efb088bef6fd7c; no voters: 7918a3295f134fa585c8964f815dea64
I20260709 13:13:28.124480 32184 raft_consensus.cc:2804] T 3c16ac83124e43dab09cb7674319832f P 723ef029de9343e4897b04409ed093d6 [term 1 FOLLOWER]: Leader election won for term 1
I20260709 13:13:28.124962 32184 raft_consensus.cc:697] T 3c16ac83124e43dab09cb7674319832f P 723ef029de9343e4897b04409ed093d6 [term 1 LEADER]: Becoming Leader. State: Replica: 723ef029de9343e4897b04409ed093d6, State: Running, Role: LEADER
I20260709 13:13:28.125741 32184 consensus_queue.cc:237] T 3c16ac83124e43dab09cb7674319832f P 723ef029de9343e4897b04409ed093d6 [LEADER]: Queue going to LEADER mode. State: All replicated index: 0, Majority replicated index: 0, Committed index: 0, Last appended: 0.0, Last appended by leader: 0, Current term: 1, Majority size: 2, State: 0, Mode: LEADER, active raft config: opid_index: -1 OBSOLETE_local: false peers { permanent_uuid: "7918a3295f134fa585c8964f815dea64" member_type: VOTER last_known_addr { host: "127.30.25.129" port: 42479 } } peers { permanent_uuid: "e990be809ceb494599efb088bef6fd7c" member_type: VOTER last_known_addr { host: "127.30.25.130" port: 33633 } } peers { permanent_uuid: "723ef029de9343e4897b04409ed093d6" member_type: VOTER last_known_addr { host: "127.30.25.131" port: 40523 } }
I20260709 13:13:28.133692 32128 tablet_bootstrap.cc:654] T 425dc7d432fa44d4adcc8254b18f687e P 7918a3295f134fa585c8964f815dea64: Neither blocks nor log segments found. Creating new log.
I20260709 13:13:28.141919 32374 raft_consensus.cc:515] T 0e7c76f3581a4f319906bc8ba5229fbb P 7918a3295f134fa585c8964f815dea64 [term 1 FOLLOWER]: Starting leader election with config: opid_index: -1 OBSOLETE_local: false peers { permanent_uuid: "7918a3295f134fa585c8964f815dea64" member_type: VOTER last_known_addr { host: "127.30.25.129" port: 42479 } } peers { permanent_uuid: "e990be809ceb494599efb088bef6fd7c" member_type: VOTER last_known_addr { host: "127.30.25.130" port: 33633 } } peers { permanent_uuid: "723ef029de9343e4897b04409ed093d6" member_type: VOTER last_known_addr { host: "127.30.25.131" port: 40523 } }
I20260709 13:13:28.149919 32305 consensus_queue.cc:1048] T 0b8ad771509c4a53b528a0b039040da2 P 723ef029de9343e4897b04409ed093d6 [LEADER]: Connected to new peer: Peer: permanent_uuid: "e990be809ceb494599efb088bef6fd7c" member_type: VOTER last_known_addr { host: "127.30.25.130" port: 33633 }, Status: LMP_MISMATCH, Last received: 0.0, Next index: 1, Last known committed idx: 0, Time since last communication: 0.000s
I20260709 13:13:28.151018 32078 tablet_service.cc:1917] Received RequestConsensusVote() RPC: tablet_id: "0e7c76f3581a4f319906bc8ba5229fbb" candidate_uuid: "7918a3295f134fa585c8964f815dea64" candidate_term: 1 candidate_status { last_received { term: 0 index: 0 } } ignore_live_leader: false dest_uuid: "723ef029de9343e4897b04409ed093d6"
W20260709 13:13:28.154110 31904 leader_election.cc:343] T 0e7c76f3581a4f319906bc8ba5229fbb P 7918a3295f134fa585c8964f815dea64 [CANDIDATE]: Term 1 election: Tablet error from VoteRequest() call to peer 723ef029de9343e4897b04409ed093d6 (127.30.25.131:40523): Illegal state: must be running to vote when last-logged opid is not known
I20260709 13:13:28.158970 32243 raft_consensus.cc:493] T e1f47ea9af5d4e218b17ac265c01a3d8 P e990be809ceb494599efb088bef6fd7c [term 0 FOLLOWER]: Starting pre-election (no leader contacted us within the election timeout)
I20260709 13:13:28.159603 32127 tablet_bootstrap.cc:492] T e1f47ea9af5d4e218b17ac265c01a3d8 P 723ef029de9343e4897b04409ed093d6: No bootstrap required, opened a new log
I20260709 13:13:28.159544 32243 raft_consensus.cc:515] T e1f47ea9af5d4e218b17ac265c01a3d8 P e990be809ceb494599efb088bef6fd7c [term 0 FOLLOWER]: Starting pre-election with config: opid_index: -1 OBSOLETE_local: false peers { permanent_uuid: "7918a3295f134fa585c8964f815dea64" member_type: VOTER last_known_addr { host: "127.30.25.129" port: 42479 } } peers { permanent_uuid: "e990be809ceb494599efb088bef6fd7c" member_type: VOTER last_known_addr { host: "127.30.25.130" port: 33633 } } peers { permanent_uuid: "723ef029de9343e4897b04409ed093d6" member_type: VOTER last_known_addr { host: "127.30.25.131" port: 40523 } }
I20260709 13:13:28.160094 32127 ts_tablet_manager.cc:1403] T e1f47ea9af5d4e218b17ac265c01a3d8 P 723ef029de9343e4897b04409ed093d6: Time spent bootstrapping tablet: real 0.166s	user 0.032s	sys 0.036s
I20260709 13:13:28.176607 32128 tablet_bootstrap.cc:492] T 425dc7d432fa44d4adcc8254b18f687e P 7918a3295f134fa585c8964f815dea64: No bootstrap required, opened a new log
I20260709 13:13:28.184674 32128 ts_tablet_manager.cc:1403] T 425dc7d432fa44d4adcc8254b18f687e P 7918a3295f134fa585c8964f815dea64: Time spent bootstrapping tablet: real 0.173s	user 0.012s	sys 0.007s
I20260709 13:13:28.161796 31835 catalog_manager.cc:5697] T 60c7f1db9d23416080d83f03e001880c P 7918a3295f134fa585c8964f815dea64 reported cstate change: term changed from 0 to 1, leader changed from <none> to 7918a3295f134fa585c8964f815dea64 (127.30.25.129). New cstate: current_term: 1 leader_uuid: "7918a3295f134fa585c8964f815dea64" committed_config { opid_index: -1 OBSOLETE_local: false peers { permanent_uuid: "7918a3295f134fa585c8964f815dea64" member_type: VOTER last_known_addr { host: "127.30.25.129" port: 42479 } health_report { overall_health: HEALTHY } } peers { permanent_uuid: "e990be809ceb494599efb088bef6fd7c" member_type: VOTER last_known_addr { host: "127.30.25.130" port: 33633 } health_report { overall_health: UNKNOWN } } peers { permanent_uuid: "723ef029de9343e4897b04409ed093d6" member_type: VOTER last_known_addr { host: "127.30.25.131" port: 40523 } health_report { overall_health: UNKNOWN } } }
I20260709 13:13:28.163354 32078 tablet_service.cc:1917] Received RequestConsensusVote() RPC: tablet_id: "e1f47ea9af5d4e218b17ac265c01a3d8" candidate_uuid: "e990be809ceb494599efb088bef6fd7c" candidate_term: 1 candidate_status { last_received { term: 0 index: 0 } } ignore_live_leader: false dest_uuid: "723ef029de9343e4897b04409ed093d6" is_pre_election: true
I20260709 13:13:28.185796 31835 catalog_manager.cc:5697] T dd33bc26882c42e9b8a0a7863dfefb26 P 7918a3295f134fa585c8964f815dea64 reported cstate change: term changed from 0 to 1, leader changed from <none> to 7918a3295f134fa585c8964f815dea64 (127.30.25.129). New cstate: current_term: 1 leader_uuid: "7918a3295f134fa585c8964f815dea64" committed_config { opid_index: -1 OBSOLETE_local: false peers { permanent_uuid: "7918a3295f134fa585c8964f815dea64" member_type: VOTER last_known_addr { host: "127.30.25.129" port: 42479 } health_report { overall_health: HEALTHY } } peers { permanent_uuid: "e990be809ceb494599efb088bef6fd7c" member_type: VOTER last_known_addr { host: "127.30.25.130" port: 33633 } health_report { overall_health: UNKNOWN } } peers { permanent_uuid: "723ef029de9343e4897b04409ed093d6" member_type: VOTER last_known_addr { host: "127.30.25.131" port: 40523 } health_report { overall_health: UNKNOWN } } }
W20260709 13:13:28.186905 31979 leader_election.cc:343] T e1f47ea9af5d4e218b17ac265c01a3d8 P e990be809ceb494599efb088bef6fd7c [CANDIDATE]: Term 1 pre-election: Tablet error from VoteRequest() call to peer 723ef029de9343e4897b04409ed093d6 (127.30.25.131:40523): Illegal state: must be running to vote when last-logged opid is not known
I20260709 13:13:28.187335 32127 raft_consensus.cc:359] T e1f47ea9af5d4e218b17ac265c01a3d8 P 723ef029de9343e4897b04409ed093d6 [term 0 FOLLOWER]: Replica starting. Triggering 0 pending ops. Active config: opid_index: -1 OBSOLETE_local: false peers { permanent_uuid: "7918a3295f134fa585c8964f815dea64" member_type: VOTER last_known_addr { host: "127.30.25.129" port: 42479 } } peers { permanent_uuid: "e990be809ceb494599efb088bef6fd7c" member_type: VOTER last_known_addr { host: "127.30.25.130" port: 33633 } } peers { permanent_uuid: "723ef029de9343e4897b04409ed093d6" member_type: VOTER last_known_addr { host: "127.30.25.131" port: 40523 } }
I20260709 13:13:28.188036 32127 raft_consensus.cc:385] T e1f47ea9af5d4e218b17ac265c01a3d8 P 723ef029de9343e4897b04409ed093d6 [term 0 FOLLOWER]: Consensus starting up: Expiring failure detector timer to make a prompt election more likely
I20260709 13:13:28.187201 32128 raft_consensus.cc:359] T 425dc7d432fa44d4adcc8254b18f687e P 7918a3295f134fa585c8964f815dea64 [term 0 FOLLOWER]: Replica starting. Triggering 0 pending ops. Active config: opid_index: -1 OBSOLETE_local: false peers { permanent_uuid: "7918a3295f134fa585c8964f815dea64" member_type: VOTER last_known_addr { host: "127.30.25.129" port: 42479 } } peers { permanent_uuid: "e990be809ceb494599efb088bef6fd7c" member_type: VOTER last_known_addr { host: "127.30.25.130" port: 33633 } } peers { permanent_uuid: "723ef029de9343e4897b04409ed093d6" member_type: VOTER last_known_addr { host: "127.30.25.131" port: 40523 } }
I20260709 13:13:28.188731 32128 raft_consensus.cc:385] T 425dc7d432fa44d4adcc8254b18f687e P 7918a3295f134fa585c8964f815dea64 [term 0 FOLLOWER]: Consensus starting up: Expiring failure detector timer to make a prompt election more likely
I20260709 13:13:28.161846 32243 leader_election.cc:290] T e1f47ea9af5d4e218b17ac265c01a3d8 P e990be809ceb494599efb088bef6fd7c [CANDIDATE]: Term 1 pre-election: Requested pre-vote from peers 7918a3295f134fa585c8964f815dea64 (127.30.25.129:42479), 723ef029de9343e4897b04409ed093d6 (127.30.25.131:40523)
I20260709 13:13:28.189122 32128 raft_consensus.cc:740] T 425dc7d432fa44d4adcc8254b18f687e P 7918a3295f134fa585c8964f815dea64 [term 0 FOLLOWER]: Becoming Follower/Learner. State: Replica: 7918a3295f134fa585c8964f815dea64, State: Initialized, Role: FOLLOWER
I20260709 13:13:28.190148 32128 consensus_queue.cc:260] T 425dc7d432fa44d4adcc8254b18f687e P 7918a3295f134fa585c8964f815dea64 [NON_LEADER]: Queue going to NON_LEADER mode. State: All replicated index: 0, Majority replicated index: 0, Committed index: 0, Last appended: 0.0, Last appended by leader: 0, Current term: 0, Majority size: -1, State: 0, Mode: NON_LEADER, active raft config: opid_index: -1 OBSOLETE_local: false peers { permanent_uuid: "7918a3295f134fa585c8964f815dea64" member_type: VOTER last_known_addr { host: "127.30.25.129" port: 42479 } } peers { permanent_uuid: "e990be809ceb494599efb088bef6fd7c" member_type: VOTER last_known_addr { host: "127.30.25.130" port: 33633 } } peers { permanent_uuid: "723ef029de9343e4897b04409ed093d6" member_type: VOTER last_known_addr { host: "127.30.25.131" port: 40523 } }
I20260709 13:13:28.157047 32374 leader_election.cc:290] T 0e7c76f3581a4f319906bc8ba5229fbb P 7918a3295f134fa585c8964f815dea64 [CANDIDATE]: Term 1 election: Requested vote from peers e990be809ceb494599efb088bef6fd7c (127.30.25.130:33633), 723ef029de9343e4897b04409ed093d6 (127.30.25.131:40523)
I20260709 13:13:28.188606 32127 raft_consensus.cc:740] T e1f47ea9af5d4e218b17ac265c01a3d8 P 723ef029de9343e4897b04409ed093d6 [term 0 FOLLOWER]: Becoming Follower/Learner. State: Replica: 723ef029de9343e4897b04409ed093d6, State: Initialized, Role: FOLLOWER
I20260709 13:13:28.192894 32128 ts_tablet_manager.cc:1434] T 425dc7d432fa44d4adcc8254b18f687e P 7918a3295f134fa585c8964f815dea64: Time spent starting tablet: real 0.008s	user 0.007s	sys 0.000s
I20260709 13:13:28.194209 32128 tablet_bootstrap.cc:492] T e9d76d677ae3447c80230136d7086c68 P 7918a3295f134fa585c8964f815dea64: Bootstrap starting.
I20260709 13:13:28.194577 32126 tablet_bootstrap.cc:492] T e9d76d677ae3447c80230136d7086c68 P e990be809ceb494599efb088bef6fd7c: No bootstrap required, opened a new log
I20260709 13:13:28.195106 32126 ts_tablet_manager.cc:1403] T e9d76d677ae3447c80230136d7086c68 P e990be809ceb494599efb088bef6fd7c: Time spent bootstrapping tablet: real 0.220s	user 0.027s	sys 0.057s
I20260709 13:13:28.190188 31836 catalog_manager.cc:5697] T 3c16ac83124e43dab09cb7674319832f P 723ef029de9343e4897b04409ed093d6 reported cstate change: term changed from 0 to 1, leader changed from <none> to 723ef029de9343e4897b04409ed093d6 (127.30.25.131). New cstate: current_term: 1 leader_uuid: "723ef029de9343e4897b04409ed093d6" committed_config { opid_index: -1 OBSOLETE_local: false peers { permanent_uuid: "7918a3295f134fa585c8964f815dea64" member_type: VOTER last_known_addr { host: "127.30.25.129" port: 42479 } health_report { overall_health: UNKNOWN } } peers { permanent_uuid: "e990be809ceb494599efb088bef6fd7c" member_type: VOTER last_known_addr { host: "127.30.25.130" port: 33633 } health_report { overall_health: UNKNOWN } } peers { permanent_uuid: "723ef029de9343e4897b04409ed093d6" member_type: VOTER last_known_addr { host: "127.30.25.131" port: 40523 } health_report { overall_health: HEALTHY } } }
I20260709 13:13:28.197507 32009 tablet_service.cc:1917] Received RequestConsensusVote() RPC: tablet_id: "0e7c76f3581a4f319906bc8ba5229fbb" candidate_uuid: "7918a3295f134fa585c8964f815dea64" candidate_term: 1 candidate_status { last_received { term: 0 index: 0 } } ignore_live_leader: false dest_uuid: "e990be809ceb494599efb088bef6fd7c"
I20260709 13:13:28.198845 32009 raft_consensus.cc:3060] T 0e7c76f3581a4f319906bc8ba5229fbb P e990be809ceb494599efb088bef6fd7c [term 0 FOLLOWER]: Advancing to term 1
I20260709 13:13:28.200644 32128 tablet_bootstrap.cc:654] T e9d76d677ae3447c80230136d7086c68 P 7918a3295f134fa585c8964f815dea64: Neither blocks nor log segments found. Creating new log.
I20260709 13:13:28.201656 32126 raft_consensus.cc:359] T e9d76d677ae3447c80230136d7086c68 P e990be809ceb494599efb088bef6fd7c [term 0 FOLLOWER]: Replica starting. Triggering 0 pending ops. Active config: opid_index: -1 OBSOLETE_local: false peers { permanent_uuid: "7918a3295f134fa585c8964f815dea64" member_type: VOTER last_known_addr { host: "127.30.25.129" port: 42479 } } peers { permanent_uuid: "e990be809ceb494599efb088bef6fd7c" member_type: VOTER last_known_addr { host: "127.30.25.130" port: 33633 } } peers { permanent_uuid: "723ef029de9343e4897b04409ed093d6" member_type: VOTER last_known_addr { host: "127.30.25.131" port: 40523 } }
I20260709 13:13:28.202329 32126 raft_consensus.cc:385] T e9d76d677ae3447c80230136d7086c68 P e990be809ceb494599efb088bef6fd7c [term 0 FOLLOWER]: Consensus starting up: Expiring failure detector timer to make a prompt election more likely
I20260709 13:13:28.192894 32127 consensus_queue.cc:260] T e1f47ea9af5d4e218b17ac265c01a3d8 P 723ef029de9343e4897b04409ed093d6 [NON_LEADER]: Queue going to NON_LEADER mode. State: All replicated index: 0, Majority replicated index: 0, Committed index: 0, Last appended: 0.0, Last appended by leader: 0, Current term: 0, Majority size: -1, State: 0, Mode: NON_LEADER, active raft config: opid_index: -1 OBSOLETE_local: false peers { permanent_uuid: "7918a3295f134fa585c8964f815dea64" member_type: VOTER last_known_addr { host: "127.30.25.129" port: 42479 } } peers { permanent_uuid: "e990be809ceb494599efb088bef6fd7c" member_type: VOTER last_known_addr { host: "127.30.25.130" port: 33633 } } peers { permanent_uuid: "723ef029de9343e4897b04409ed093d6" member_type: VOTER last_known_addr { host: "127.30.25.131" port: 40523 } }
I20260709 13:13:28.202594 32126 raft_consensus.cc:740] T e9d76d677ae3447c80230136d7086c68 P e990be809ceb494599efb088bef6fd7c [term 0 FOLLOWER]: Becoming Follower/Learner. State: Replica: e990be809ceb494599efb088bef6fd7c, State: Initialized, Role: FOLLOWER
I20260709 13:13:28.203254 32126 consensus_queue.cc:260] T e9d76d677ae3447c80230136d7086c68 P e990be809ceb494599efb088bef6fd7c [NON_LEADER]: Queue going to NON_LEADER mode. State: All replicated index: 0, Majority replicated index: 0, Committed index: 0, Last appended: 0.0, Last appended by leader: 0, Current term: 0, Majority size: -1, State: 0, Mode: NON_LEADER, active raft config: opid_index: -1 OBSOLETE_local: false peers { permanent_uuid: "7918a3295f134fa585c8964f815dea64" member_type: VOTER last_known_addr { host: "127.30.25.129" port: 42479 } } peers { permanent_uuid: "e990be809ceb494599efb088bef6fd7c" member_type: VOTER last_known_addr { host: "127.30.25.130" port: 33633 } } peers { permanent_uuid: "723ef029de9343e4897b04409ed093d6" member_type: VOTER last_known_addr { host: "127.30.25.131" port: 40523 } }
I20260709 13:13:28.204207 32127 ts_tablet_manager.cc:1434] T e1f47ea9af5d4e218b17ac265c01a3d8 P 723ef029de9343e4897b04409ed093d6: Time spent starting tablet: real 0.020s	user 0.005s	sys 0.000s
I20260709 13:13:28.205150 32127 tablet_bootstrap.cc:492] T 425dc7d432fa44d4adcc8254b18f687e P 723ef029de9343e4897b04409ed093d6: Bootstrap starting.
I20260709 13:13:28.205670 32126 ts_tablet_manager.cc:1434] T e9d76d677ae3447c80230136d7086c68 P e990be809ceb494599efb088bef6fd7c: Time spent starting tablet: real 0.010s	user 0.003s	sys 0.001s
I20260709 13:13:28.206594 32126 tablet_bootstrap.cc:492] T 60c7f1db9d23416080d83f03e001880c P e990be809ceb494599efb088bef6fd7c: Bootstrap starting.
I20260709 13:13:28.210942 31929 tablet_service.cc:1917] Received RequestConsensusVote() RPC: tablet_id: "e1f47ea9af5d4e218b17ac265c01a3d8" candidate_uuid: "e990be809ceb494599efb088bef6fd7c" candidate_term: 1 candidate_status { last_received { term: 0 index: 0 } } ignore_live_leader: false dest_uuid: "7918a3295f134fa585c8964f815dea64" is_pre_election: true
I20260709 13:13:28.216552 31929 raft_consensus.cc:2468] T e1f47ea9af5d4e218b17ac265c01a3d8 P 7918a3295f134fa585c8964f815dea64 [term 0 FOLLOWER]: Leader pre-election vote request: Granting yes vote for candidate e990be809ceb494599efb088bef6fd7c in term 0.
I20260709 13:13:28.211074 32127 tablet_bootstrap.cc:654] T 425dc7d432fa44d4adcc8254b18f687e P 723ef029de9343e4897b04409ed093d6: Neither blocks nor log segments found. Creating new log.
I20260709 13:13:28.218551 32009 raft_consensus.cc:2468] T 0e7c76f3581a4f319906bc8ba5229fbb P e990be809ceb494599efb088bef6fd7c [term 1 FOLLOWER]: Leader election vote request: Granting yes vote for candidate 7918a3295f134fa585c8964f815dea64 in term 1.
W20260709 13:13:28.214934 32053 outbound_call.cc:321] RPC callback for RPC call kudu.consensus.ConsensusService.UpdateConsensus -> {remote=127.30.25.129:42479, user_credentials={real_user=slave}} blocked reactor thread for 69083.4us
I20260709 13:13:28.237064 31979 leader_election.cc:304] T e1f47ea9af5d4e218b17ac265c01a3d8 P e990be809ceb494599efb088bef6fd7c [CANDIDATE]: Term 1 pre-election: Election decided. Result: candidate won. Election summary: received 3 responses out of 3 voters: 2 yes votes; 1 no votes. yes voters: 7918a3295f134fa585c8964f815dea64, e990be809ceb494599efb088bef6fd7c; no voters: 723ef029de9343e4897b04409ed093d6
I20260709 13:13:28.239250 32378 raft_consensus.cc:2804] T e1f47ea9af5d4e218b17ac265c01a3d8 P e990be809ceb494599efb088bef6fd7c [term 0 FOLLOWER]: Leader pre-election won for term 1
I20260709 13:13:28.239691 32378 raft_consensus.cc:493] T e1f47ea9af5d4e218b17ac265c01a3d8 P e990be809ceb494599efb088bef6fd7c [term 0 FOLLOWER]: Starting leader election (no leader contacted us within the election timeout)
I20260709 13:13:28.240091 32378 raft_consensus.cc:3060] T e1f47ea9af5d4e218b17ac265c01a3d8 P e990be809ceb494599efb088bef6fd7c [term 0 FOLLOWER]: Advancing to term 1
I20260709 13:13:28.242905 31903 leader_election.cc:304] T 0e7c76f3581a4f319906bc8ba5229fbb P 7918a3295f134fa585c8964f815dea64 [CANDIDATE]: Term 1 election: Election decided. Result: candidate won. Election summary: received 3 responses out of 3 voters: 2 yes votes; 1 no votes. yes voters: 7918a3295f134fa585c8964f815dea64, e990be809ceb494599efb088bef6fd7c; no voters: 723ef029de9343e4897b04409ed093d6
I20260709 13:13:28.244359 32198 raft_consensus.cc:2804] T 0e7c76f3581a4f319906bc8ba5229fbb P 7918a3295f134fa585c8964f815dea64 [term 1 FOLLOWER]: Leader election won for term 1
I20260709 13:13:28.244778 32198 raft_consensus.cc:697] T 0e7c76f3581a4f319906bc8ba5229fbb P 7918a3295f134fa585c8964f815dea64 [term 1 LEADER]: Becoming Leader. State: Replica: 7918a3295f134fa585c8964f815dea64, State: Running, Role: LEADER
I20260709 13:13:28.245434 32198 consensus_queue.cc:237] T 0e7c76f3581a4f319906bc8ba5229fbb P 7918a3295f134fa585c8964f815dea64 [LEADER]: Queue going to LEADER mode. State: All replicated index: 0, Majority replicated index: 0, Committed index: 0, Last appended: 0.0, Last appended by leader: 0, Current term: 1, Majority size: 2, State: 0, Mode: LEADER, active raft config: opid_index: -1 OBSOLETE_local: false peers { permanent_uuid: "7918a3295f134fa585c8964f815dea64" member_type: VOTER last_known_addr { host: "127.30.25.129" port: 42479 } } peers { permanent_uuid: "e990be809ceb494599efb088bef6fd7c" member_type: VOTER last_known_addr { host: "127.30.25.130" port: 33633 } } peers { permanent_uuid: "723ef029de9343e4897b04409ed093d6" member_type: VOTER last_known_addr { host: "127.30.25.131" port: 40523 } }
I20260709 13:13:28.262283 32378 raft_consensus.cc:515] T e1f47ea9af5d4e218b17ac265c01a3d8 P e990be809ceb494599efb088bef6fd7c [term 1 FOLLOWER]: Starting leader election with config: opid_index: -1 OBSOLETE_local: false peers { permanent_uuid: "7918a3295f134fa585c8964f815dea64" member_type: VOTER last_known_addr { host: "127.30.25.129" port: 42479 } } peers { permanent_uuid: "e990be809ceb494599efb088bef6fd7c" member_type: VOTER last_known_addr { host: "127.30.25.130" port: 33633 } } peers { permanent_uuid: "723ef029de9343e4897b04409ed093d6" member_type: VOTER last_known_addr { host: "127.30.25.131" port: 40523 } }
I20260709 13:13:28.263908 32126 tablet_bootstrap.cc:654] T 60c7f1db9d23416080d83f03e001880c P e990be809ceb494599efb088bef6fd7c: Neither blocks nor log segments found. Creating new log.
I20260709 13:13:28.264292 32378 leader_election.cc:290] T e1f47ea9af5d4e218b17ac265c01a3d8 P e990be809ceb494599efb088bef6fd7c [CANDIDATE]: Term 1 election: Requested vote from peers 7918a3295f134fa585c8964f815dea64 (127.30.25.129:42479), 723ef029de9343e4897b04409ed093d6 (127.30.25.131:40523)
I20260709 13:13:28.266004 32127 tablet_bootstrap.cc:492] T 425dc7d432fa44d4adcc8254b18f687e P 723ef029de9343e4897b04409ed093d6: No bootstrap required, opened a new log
I20260709 13:13:28.266193 31931 tablet_service.cc:1917] Received RequestConsensusVote() RPC: tablet_id: "e1f47ea9af5d4e218b17ac265c01a3d8" candidate_uuid: "e990be809ceb494599efb088bef6fd7c" candidate_term: 1 candidate_status { last_received { term: 0 index: 0 } } ignore_live_leader: false dest_uuid: "7918a3295f134fa585c8964f815dea64"
I20260709 13:13:28.266459 32127 ts_tablet_manager.cc:1403] T 425dc7d432fa44d4adcc8254b18f687e P 723ef029de9343e4897b04409ed093d6: Time spent bootstrapping tablet: real 0.062s	user 0.010s	sys 0.019s
I20260709 13:13:28.266810 31931 raft_consensus.cc:3060] T e1f47ea9af5d4e218b17ac265c01a3d8 P 7918a3295f134fa585c8964f815dea64 [term 0 FOLLOWER]: Advancing to term 1
I20260709 13:13:28.269550 32127 raft_consensus.cc:359] T 425dc7d432fa44d4adcc8254b18f687e P 723ef029de9343e4897b04409ed093d6 [term 0 FOLLOWER]: Replica starting. Triggering 0 pending ops. Active config: opid_index: -1 OBSOLETE_local: false peers { permanent_uuid: "7918a3295f134fa585c8964f815dea64" member_type: VOTER last_known_addr { host: "127.30.25.129" port: 42479 } } peers { permanent_uuid: "e990be809ceb494599efb088bef6fd7c" member_type: VOTER last_known_addr { host: "127.30.25.130" port: 33633 } } peers { permanent_uuid: "723ef029de9343e4897b04409ed093d6" member_type: VOTER last_known_addr { host: "127.30.25.131" port: 40523 } }
I20260709 13:13:28.270219 32127 raft_consensus.cc:385] T 425dc7d432fa44d4adcc8254b18f687e P 723ef029de9343e4897b04409ed093d6 [term 0 FOLLOWER]: Consensus starting up: Expiring failure detector timer to make a prompt election more likely
I20260709 13:13:28.270478 32127 raft_consensus.cc:740] T 425dc7d432fa44d4adcc8254b18f687e P 723ef029de9343e4897b04409ed093d6 [term 0 FOLLOWER]: Becoming Follower/Learner. State: Replica: 723ef029de9343e4897b04409ed093d6, State: Initialized, Role: FOLLOWER
I20260709 13:13:28.271072 32127 consensus_queue.cc:260] T 425dc7d432fa44d4adcc8254b18f687e P 723ef029de9343e4897b04409ed093d6 [NON_LEADER]: Queue going to NON_LEADER mode. State: All replicated index: 0, Majority replicated index: 0, Committed index: 0, Last appended: 0.0, Last appended by leader: 0, Current term: 0, Majority size: -1, State: 0, Mode: NON_LEADER, active raft config: opid_index: -1 OBSOLETE_local: false peers { permanent_uuid: "7918a3295f134fa585c8964f815dea64" member_type: VOTER last_known_addr { host: "127.30.25.129" port: 42479 } } peers { permanent_uuid: "e990be809ceb494599efb088bef6fd7c" member_type: VOTER last_known_addr { host: "127.30.25.130" port: 33633 } } peers { permanent_uuid: "723ef029de9343e4897b04409ed093d6" member_type: VOTER last_known_addr { host: "127.30.25.131" port: 40523 } }
I20260709 13:13:28.273087 32128 tablet_bootstrap.cc:492] T e9d76d677ae3447c80230136d7086c68 P 7918a3295f134fa585c8964f815dea64: No bootstrap required, opened a new log
I20260709 13:13:28.273530 32128 ts_tablet_manager.cc:1403] T e9d76d677ae3447c80230136d7086c68 P 7918a3295f134fa585c8964f815dea64: Time spent bootstrapping tablet: real 0.080s	user 0.012s	sys 0.021s
I20260709 13:13:28.275067 32078 tablet_service.cc:1917] Received RequestConsensusVote() RPC: tablet_id: "e1f47ea9af5d4e218b17ac265c01a3d8" candidate_uuid: "e990be809ceb494599efb088bef6fd7c" candidate_term: 1 candidate_status { last_received { term: 0 index: 0 } } ignore_live_leader: false dest_uuid: "723ef029de9343e4897b04409ed093d6"
W20260709 13:13:28.275575 32052 outbound_call.cc:321] RPC callback for RPC call kudu.consensus.ConsensusService.UpdateConsensus -> {remote=127.30.25.130:33633, user_credentials={real_user=slave}} blocked reactor thread for 126345us
I20260709 13:13:28.275858 32078 raft_consensus.cc:3060] T e1f47ea9af5d4e218b17ac265c01a3d8 P 723ef029de9343e4897b04409ed093d6 [term 0 FOLLOWER]: Advancing to term 1
I20260709 13:13:28.276206 32128 raft_consensus.cc:359] T e9d76d677ae3447c80230136d7086c68 P 7918a3295f134fa585c8964f815dea64 [term 0 FOLLOWER]: Replica starting. Triggering 0 pending ops. Active config: opid_index: -1 OBSOLETE_local: false peers { permanent_uuid: "7918a3295f134fa585c8964f815dea64" member_type: VOTER last_known_addr { host: "127.30.25.129" port: 42479 } } peers { permanent_uuid: "e990be809ceb494599efb088bef6fd7c" member_type: VOTER last_known_addr { host: "127.30.25.130" port: 33633 } } peers { permanent_uuid: "723ef029de9343e4897b04409ed093d6" member_type: VOTER last_known_addr { host: "127.30.25.131" port: 40523 } }
I20260709 13:13:28.276875 32128 raft_consensus.cc:385] T e9d76d677ae3447c80230136d7086c68 P 7918a3295f134fa585c8964f815dea64 [term 0 FOLLOWER]: Consensus starting up: Expiring failure detector timer to make a prompt election more likely
I20260709 13:13:28.277136 32128 raft_consensus.cc:740] T e9d76d677ae3447c80230136d7086c68 P 7918a3295f134fa585c8964f815dea64 [term 0 FOLLOWER]: Becoming Follower/Learner. State: Replica: 7918a3295f134fa585c8964f815dea64, State: Initialized, Role: FOLLOWER
I20260709 13:13:28.289407 32127 ts_tablet_manager.cc:1434] T 425dc7d432fa44d4adcc8254b18f687e P 723ef029de9343e4897b04409ed093d6: Time spent starting tablet: real 0.023s	user 0.005s	sys 0.000s
I20260709 13:13:28.290300 32127 tablet_bootstrap.cc:492] T 18e158f18a9a4116bed7d2321e8f927a P 723ef029de9343e4897b04409ed093d6: Bootstrap starting.
I20260709 13:13:28.291797 32128 consensus_queue.cc:260] T e9d76d677ae3447c80230136d7086c68 P 7918a3295f134fa585c8964f815dea64 [NON_LEADER]: Queue going to NON_LEADER mode. State: All replicated index: 0, Majority replicated index: 0, Committed index: 0, Last appended: 0.0, Last appended by leader: 0, Current term: 0, Majority size: -1, State: 0, Mode: NON_LEADER, active raft config: opid_index: -1 OBSOLETE_local: false peers { permanent_uuid: "7918a3295f134fa585c8964f815dea64" member_type: VOTER last_known_addr { host: "127.30.25.129" port: 42479 } } peers { permanent_uuid: "e990be809ceb494599efb088bef6fd7c" member_type: VOTER last_known_addr { host: "127.30.25.130" port: 33633 } } peers { permanent_uuid: "723ef029de9343e4897b04409ed093d6" member_type: VOTER last_known_addr { host: "127.30.25.131" port: 40523 } }
I20260709 13:13:28.295822 32078 raft_consensus.cc:2468] T e1f47ea9af5d4e218b17ac265c01a3d8 P 723ef029de9343e4897b04409ed093d6 [term 1 FOLLOWER]: Leader election vote request: Granting yes vote for candidate e990be809ceb494599efb088bef6fd7c in term 1.
I20260709 13:13:28.296977 31979 leader_election.cc:304] T e1f47ea9af5d4e218b17ac265c01a3d8 P e990be809ceb494599efb088bef6fd7c [CANDIDATE]: Term 1 election: Election decided. Result: candidate won. Election summary: received 2 responses out of 3 voters: 2 yes votes; 0 no votes. yes voters: 723ef029de9343e4897b04409ed093d6, e990be809ceb494599efb088bef6fd7c; no voters: 
I20260709 13:13:28.300406 32378 raft_consensus.cc:2804] T e1f47ea9af5d4e218b17ac265c01a3d8 P e990be809ceb494599efb088bef6fd7c [term 1 FOLLOWER]: Leader election won for term 1
I20260709 13:13:28.304826 32128 ts_tablet_manager.cc:1434] T e9d76d677ae3447c80230136d7086c68 P 7918a3295f134fa585c8964f815dea64: Time spent starting tablet: real 0.031s	user 0.006s	sys 0.001s
I20260709 13:13:28.308525 31835 catalog_manager.cc:5697] T 0e7c76f3581a4f319906bc8ba5229fbb P 7918a3295f134fa585c8964f815dea64 reported cstate change: term changed from 0 to 1, leader changed from <none> to 7918a3295f134fa585c8964f815dea64 (127.30.25.129). New cstate: current_term: 1 leader_uuid: "7918a3295f134fa585c8964f815dea64" committed_config { opid_index: -1 OBSOLETE_local: false peers { permanent_uuid: "7918a3295f134fa585c8964f815dea64" member_type: VOTER last_known_addr { host: "127.30.25.129" port: 42479 } health_report { overall_health: HEALTHY } } peers { permanent_uuid: "e990be809ceb494599efb088bef6fd7c" member_type: VOTER last_known_addr { host: "127.30.25.130" port: 33633 } health_report { overall_health: UNKNOWN } } peers { permanent_uuid: "723ef029de9343e4897b04409ed093d6" member_type: VOTER last_known_addr { host: "127.30.25.131" port: 40523 } health_report { overall_health: UNKNOWN } } }
I20260709 13:13:28.308005 31931 raft_consensus.cc:2468] T e1f47ea9af5d4e218b17ac265c01a3d8 P 7918a3295f134fa585c8964f815dea64 [term 1 FOLLOWER]: Leader election vote request: Granting yes vote for candidate e990be809ceb494599efb088bef6fd7c in term 1.
I20260709 13:13:28.309017 32378 raft_consensus.cc:697] T e1f47ea9af5d4e218b17ac265c01a3d8 P e990be809ceb494599efb088bef6fd7c [term 1 LEADER]: Becoming Leader. State: Replica: e990be809ceb494599efb088bef6fd7c, State: Running, Role: LEADER
