I20260709 13:13:27.432761 31835 catalog_manager.cc:5697] T c2e84b1ab00a4621baf766c4746d3786 P 7918a3295f134fa585c8964f815dea64 reported cstate change: term changed from 0 to 1, leader changed from <none> to 7918a3295f134fa585c8964f815dea64 (127.30.25.129). New cstate: current_term: 1 leader_uuid: "7918a3295f134fa585c8964f815dea64" committed_config { opid_index: -1 OBSOLETE_local: false peers { permanent_uuid: "7918a3295f134fa585c8964f815dea64" member_type: VOTER last_known_addr { host: "127.30.25.129" port: 42479 } health_report { overall_health: HEALTHY } } peers { permanent_uuid: "e990be809ceb494599efb088bef6fd7c" member_type: VOTER last_known_addr { host: "127.30.25.130" port: 33633 } health_report { overall_health: UNKNOWN } } peers { permanent_uuid: "723ef029de9343e4897b04409ed093d6" member_type: VOTER last_known_addr { host: "127.30.25.131" port: 40523 } health_report { overall_health: UNKNOWN } } }
W20260709 13:13:27.434839 31979 leader_election.cc:343] T 832a4dca900b48aca4f96e0f33aaeff6 P e990be809ceb494599efb088bef6fd7c [CANDIDATE]: Term 1 pre-election: Tablet error from VoteRequest() call to peer 723ef029de9343e4897b04409ed093d6 (127.30.25.131:40523): Illegal state: must be running to vote when last-logged opid is not known
I20260709 13:13:27.442461 32010 raft_consensus.cc:1275] T ad15aa8e434346deaae6ed28867e7e14 P e990be809ceb494599efb088bef6fd7c [term 2 FOLLOWER]: Refusing update from remote peer 723ef029de9343e4897b04409ed093d6: Log matching property violated. Preceding OpId in replica: term: 1 index: 1. Preceding OpId from leader: term: 2 index: 1. (term mismatch)
I20260709 13:13:27.435601 31979 leader_election.cc:304] T 832a4dca900b48aca4f96e0f33aaeff6 P e990be809ceb494599efb088bef6fd7c [CANDIDATE]: Term 1 pre-election: Election decided. Result: candidate lost. Election summary: received 3 responses out of 3 voters: 1 yes votes; 2 no votes. yes voters: e990be809ceb494599efb088bef6fd7c; no voters: 723ef029de9343e4897b04409ed093d6, 7918a3295f134fa585c8964f815dea64
I20260709 13:13:27.442948 32010 pending_rounds.cc:85] T ad15aa8e434346deaae6ed28867e7e14 P e990be809ceb494599efb088bef6fd7c: Aborting all ops after (but not including) 0
I20260709 13:13:27.444279 32010 pending_rounds.cc:107] T ad15aa8e434346deaae6ed28867e7e14 P e990be809ceb494599efb088bef6fd7c: Aborting uncommitted NO_OP operation due to leader change: 1.1
I20260709 13:13:27.444721 32010 raft_consensus.cc:2889] T ad15aa8e434346deaae6ed28867e7e14 P e990be809ceb494599efb088bef6fd7c [term 2 FOLLOWER]: NO_OP replication failed: Aborted: Op aborted by new leader
I20260709 13:13:27.447062 32381 raft_consensus.cc:2749] T 832a4dca900b48aca4f96e0f33aaeff6 P e990be809ceb494599efb088bef6fd7c [term 0 FOLLOWER]: Leader pre-election lost for term 1. Reason: could not achieve majority
I20260709 13:13:27.448468 32128 raft_consensus.cc:359] T 47211d7f978047e180b805b8014b4489 P 7918a3295f134fa585c8964f815dea64 [term 0 FOLLOWER]: Replica starting. Triggering 0 pending ops. Active config: opid_index: -1 OBSOLETE_local: false peers { permanent_uuid: "7918a3295f134fa585c8964f815dea64" member_type: VOTER last_known_addr { host: "127.30.25.129" port: 42479 } } peers { permanent_uuid: "e990be809ceb494599efb088bef6fd7c" member_type: VOTER last_known_addr { host: "127.30.25.130" port: 33633 } } peers { permanent_uuid: "723ef029de9343e4897b04409ed093d6" member_type: VOTER last_known_addr { host: "127.30.25.131" port: 40523 } }
I20260709 13:13:27.449141 32128 raft_consensus.cc:385] T 47211d7f978047e180b805b8014b4489 P 7918a3295f134fa585c8964f815dea64 [term 0 FOLLOWER]: Consensus starting up: Expiring failure detector timer to make a prompt election more likely
I20260709 13:13:27.449430 32128 raft_consensus.cc:740] T 47211d7f978047e180b805b8014b4489 P 7918a3295f134fa585c8964f815dea64 [term 0 FOLLOWER]: Becoming Follower/Learner. State: Replica: 7918a3295f134fa585c8964f815dea64, State: Initialized, Role: FOLLOWER
I20260709 13:13:27.450001 32392 consensus_queue.cc:1048] T ad15aa8e434346deaae6ed28867e7e14 P 723ef029de9343e4897b04409ed093d6 [LEADER]: Connected to new peer: Peer: permanent_uuid: "e990be809ceb494599efb088bef6fd7c" member_type: VOTER last_known_addr { host: "127.30.25.130" port: 33633 }, Status: LMP_MISMATCH, Last received: 0.0, Next index: 1, Last known committed idx: 0, Time since last communication: 0.000s
I20260709 13:13:27.450067 32128 consensus_queue.cc:260] T 47211d7f978047e180b805b8014b4489 P 7918a3295f134fa585c8964f815dea64 [NON_LEADER]: Queue going to NON_LEADER mode. State: All replicated index: 0, Majority replicated index: 0, Committed index: 0, Last appended: 0.0, Last appended by leader: 0, Current term: 0, Majority size: -1, State: 0, Mode: NON_LEADER, active raft config: opid_index: -1 OBSOLETE_local: false peers { permanent_uuid: "7918a3295f134fa585c8964f815dea64" member_type: VOTER last_known_addr { host: "127.30.25.129" port: 42479 } } peers { permanent_uuid: "e990be809ceb494599efb088bef6fd7c" member_type: VOTER last_known_addr { host: "127.30.25.130" port: 33633 } } peers { permanent_uuid: "723ef029de9343e4897b04409ed093d6" member_type: VOTER last_known_addr { host: "127.30.25.131" port: 40523 } }
I20260709 13:13:27.456636 32009 raft_consensus.cc:2468] T 91fd443d715d4ed48846592745b12480 P e990be809ceb494599efb088bef6fd7c [term 1 FOLLOWER]: Leader election vote request: Granting yes vote for candidate 723ef029de9343e4897b04409ed093d6 in term 1.
I20260709 13:13:27.466920 32126 tablet_bootstrap.cc:492] T 2d1f0bc2730e43c69315d2ba773c10f9 P e990be809ceb494599efb088bef6fd7c: No bootstrap required, opened a new log
I20260709 13:13:27.467404 32126 ts_tablet_manager.cc:1403] T 2d1f0bc2730e43c69315d2ba773c10f9 P e990be809ceb494599efb088bef6fd7c: Time spent bootstrapping tablet: real 0.254s	user 0.014s	sys 0.015s
I20260709 13:13:27.467501 32052 leader_election.cc:304] T 91fd443d715d4ed48846592745b12480 P 723ef029de9343e4897b04409ed093d6 [CANDIDATE]: Term 1 election: Election decided. Result: candidate won. Election summary: received 3 responses out of 3 voters: 2 yes votes; 1 no votes. yes voters: 723ef029de9343e4897b04409ed093d6, e990be809ceb494599efb088bef6fd7c; no voters: 7918a3295f134fa585c8964f815dea64
I20260709 13:13:27.468652 32406 raft_consensus.cc:493] T ff1266595cea4fc9bdf127ec8dcaa5d4 P 7918a3295f134fa585c8964f815dea64 [term 0 FOLLOWER]: Starting pre-election (no leader contacted us within the election timeout)
I20260709 13:13:27.469026 32305 raft_consensus.cc:2804] T 91fd443d715d4ed48846592745b12480 P 723ef029de9343e4897b04409ed093d6 [term 1 FOLLOWER]: Leader election won for term 1
I20260709 13:13:27.469493 32305 raft_consensus.cc:697] T 91fd443d715d4ed48846592745b12480 P 723ef029de9343e4897b04409ed093d6 [term 1 LEADER]: Becoming Leader. State: Replica: 723ef029de9343e4897b04409ed093d6, State: Running, Role: LEADER
I20260709 13:13:27.469158 32406 raft_consensus.cc:515] T ff1266595cea4fc9bdf127ec8dcaa5d4 P 7918a3295f134fa585c8964f815dea64 [term 0 FOLLOWER]: Starting pre-election with config: opid_index: -1 OBSOLETE_local: false peers { permanent_uuid: "7918a3295f134fa585c8964f815dea64" member_type: VOTER last_known_addr { host: "127.30.25.129" port: 42479 } } peers { permanent_uuid: "e990be809ceb494599efb088bef6fd7c" member_type: VOTER last_known_addr { host: "127.30.25.130" port: 33633 } } peers { permanent_uuid: "723ef029de9343e4897b04409ed093d6" member_type: VOTER last_known_addr { host: "127.30.25.131" port: 40523 } }
I20260709 13:13:27.469995 32126 raft_consensus.cc:359] T 2d1f0bc2730e43c69315d2ba773c10f9 P e990be809ceb494599efb088bef6fd7c [term 0 FOLLOWER]: Replica starting. Triggering 0 pending ops. Active config: opid_index: -1 OBSOLETE_local: false peers { permanent_uuid: "7918a3295f134fa585c8964f815dea64" member_type: VOTER last_known_addr { host: "127.30.25.129" port: 42479 } } peers { permanent_uuid: "e990be809ceb494599efb088bef6fd7c" member_type: VOTER last_known_addr { host: "127.30.25.130" port: 33633 } } peers { permanent_uuid: "723ef029de9343e4897b04409ed093d6" member_type: VOTER last_known_addr { host: "127.30.25.131" port: 40523 } }
I20260709 13:13:27.470534 32127 tablet_bootstrap.cc:492] T 0b8ad771509c4a53b528a0b039040da2 P 723ef029de9343e4897b04409ed093d6: No bootstrap required, opened a new log
I20260709 13:13:27.470278 32305 consensus_queue.cc:237] T 91fd443d715d4ed48846592745b12480 P 723ef029de9343e4897b04409ed093d6 [LEADER]: Queue going to LEADER mode. State: All replicated index: 0, Majority replicated index: 0, Committed index: 0, Last appended: 0.0, Last appended by leader: 0, Current term: 1, Majority size: 2, State: 0, Mode: LEADER, active raft config: opid_index: -1 OBSOLETE_local: false peers { permanent_uuid: "7918a3295f134fa585c8964f815dea64" member_type: VOTER last_known_addr { host: "127.30.25.129" port: 42479 } } peers { permanent_uuid: "e990be809ceb494599efb088bef6fd7c" member_type: VOTER last_known_addr { host: "127.30.25.130" port: 33633 } } peers { permanent_uuid: "723ef029de9343e4897b04409ed093d6" member_type: VOTER last_known_addr { host: "127.30.25.131" port: 40523 } }
I20260709 13:13:27.470803 32126 raft_consensus.cc:385] T 2d1f0bc2730e43c69315d2ba773c10f9 P e990be809ceb494599efb088bef6fd7c [term 0 FOLLOWER]: Consensus starting up: Expiring failure detector timer to make a prompt election more likely
I20260709 13:13:27.471199 32126 raft_consensus.cc:740] T 2d1f0bc2730e43c69315d2ba773c10f9 P e990be809ceb494599efb088bef6fd7c [term 0 FOLLOWER]: Becoming Follower/Learner. State: Replica: e990be809ceb494599efb088bef6fd7c, State: Initialized, Role: FOLLOWER
I20260709 13:13:27.471455 32127 ts_tablet_manager.cc:1403] T 0b8ad771509c4a53b528a0b039040da2 P 723ef029de9343e4897b04409ed093d6: Time spent bootstrapping tablet: real 0.169s	user 0.018s	sys 0.025s
I20260709 13:13:27.471479 32406 leader_election.cc:290] T ff1266595cea4fc9bdf127ec8dcaa5d4 P 7918a3295f134fa585c8964f815dea64 [CANDIDATE]: Term 1 pre-election: Requested pre-vote from peers e990be809ceb494599efb088bef6fd7c (127.30.25.130:33633), 723ef029de9343e4897b04409ed093d6 (127.30.25.131:40523)
I20260709 13:13:27.472080 32126 consensus_queue.cc:260] T 2d1f0bc2730e43c69315d2ba773c10f9 P e990be809ceb494599efb088bef6fd7c [NON_LEADER]: Queue going to NON_LEADER mode. State: All replicated index: 0, Majority replicated index: 0, Committed index: 0, Last appended: 0.0, Last appended by leader: 0, Current term: 0, Majority size: -1, State: 0, Mode: NON_LEADER, active raft config: opid_index: -1 OBSOLETE_local: false peers { permanent_uuid: "7918a3295f134fa585c8964f815dea64" member_type: VOTER last_known_addr { host: "127.30.25.129" port: 42479 } } peers { permanent_uuid: "e990be809ceb494599efb088bef6fd7c" member_type: VOTER last_known_addr { host: "127.30.25.130" port: 33633 } } peers { permanent_uuid: "723ef029de9343e4897b04409ed093d6" member_type: VOTER last_known_addr { host: "127.30.25.131" port: 40523 } }
I20260709 13:13:27.473002 32011 tablet_service.cc:1917] Received RequestConsensusVote() RPC: tablet_id: "ff1266595cea4fc9bdf127ec8dcaa5d4" candidate_uuid: "7918a3295f134fa585c8964f815dea64" candidate_term: 1 candidate_status { last_received { term: 0 index: 0 } } ignore_live_leader: false dest_uuid: "e990be809ceb494599efb088bef6fd7c" is_pre_election: true
I20260709 13:13:27.473846 32011 raft_consensus.cc:2393] T ff1266595cea4fc9bdf127ec8dcaa5d4 P e990be809ceb494599efb088bef6fd7c [term 1 FOLLOWER]: Leader pre-election vote request: Denying vote to candidate 7918a3295f134fa585c8964f815dea64 in current term 1: Already voted for candidate e990be809ceb494599efb088bef6fd7c in this term.
I20260709 13:13:27.475147 32126 ts_tablet_manager.cc:1434] T 2d1f0bc2730e43c69315d2ba773c10f9 P e990be809ceb494599efb088bef6fd7c: Time spent starting tablet: real 0.007s	user 0.007s	sys 0.000s
I20260709 13:13:27.459626 32128 ts_tablet_manager.cc:1434] T 47211d7f978047e180b805b8014b4489 P 7918a3295f134fa585c8964f815dea64: Time spent starting tablet: real 0.037s	user 0.006s	sys 0.000s
I20260709 13:13:27.475551 32127 raft_consensus.cc:359] T 0b8ad771509c4a53b528a0b039040da2 P 723ef029de9343e4897b04409ed093d6 [term 0 FOLLOWER]: Replica starting. Triggering 0 pending ops. Active config: opid_index: -1 OBSOLETE_local: false peers { permanent_uuid: "7918a3295f134fa585c8964f815dea64" member_type: VOTER last_known_addr { host: "127.30.25.129" port: 42479 } } peers { permanent_uuid: "e990be809ceb494599efb088bef6fd7c" member_type: VOTER last_known_addr { host: "127.30.25.130" port: 33633 } } peers { permanent_uuid: "723ef029de9343e4897b04409ed093d6" member_type: VOTER last_known_addr { host: "127.30.25.131" port: 40523 } }
I20260709 13:13:27.476176 32127 raft_consensus.cc:385] T 0b8ad771509c4a53b528a0b039040da2 P 723ef029de9343e4897b04409ed093d6 [term 0 FOLLOWER]: Consensus starting up: Expiring failure detector timer to make a prompt election more likely
I20260709 13:13:27.476462 32127 raft_consensus.cc:740] T 0b8ad771509c4a53b528a0b039040da2 P 723ef029de9343e4897b04409ed093d6 [term 0 FOLLOWER]: Becoming Follower/Learner. State: Replica: 723ef029de9343e4897b04409ed093d6, State: Initialized, Role: FOLLOWER
I20260709 13:13:27.477181 32127 consensus_queue.cc:260] T 0b8ad771509c4a53b528a0b039040da2 P 723ef029de9343e4897b04409ed093d6 [NON_LEADER]: Queue going to NON_LEADER mode. State: All replicated index: 0, Majority replicated index: 0, Committed index: 0, Last appended: 0.0, Last appended by leader: 0, Current term: 0, Majority size: -1, State: 0, Mode: NON_LEADER, active raft config: opid_index: -1 OBSOLETE_local: false peers { permanent_uuid: "7918a3295f134fa585c8964f815dea64" member_type: VOTER last_known_addr { host: "127.30.25.129" port: 42479 } } peers { permanent_uuid: "e990be809ceb494599efb088bef6fd7c" member_type: VOTER last_known_addr { host: "127.30.25.130" port: 33633 } } peers { permanent_uuid: "723ef029de9343e4897b04409ed093d6" member_type: VOTER last_known_addr { host: "127.30.25.131" port: 40523 } }
I20260709 13:13:27.477705 32126 tablet_bootstrap.cc:492] T 57442472dedf42229655a5813de86771 P e990be809ceb494599efb088bef6fd7c: Bootstrap starting.
I20260709 13:13:27.480189 32127 ts_tablet_manager.cc:1434] T 0b8ad771509c4a53b528a0b039040da2 P 723ef029de9343e4897b04409ed093d6: Time spent starting tablet: real 0.008s	user 0.007s	sys 0.000s
I20260709 13:13:27.480209 32087 tablet_service.cc:1917] Received RequestConsensusVote() RPC: tablet_id: "ff1266595cea4fc9bdf127ec8dcaa5d4" candidate_uuid: "7918a3295f134fa585c8964f815dea64" candidate_term: 1 candidate_status { last_received { term: 0 index: 0 } } ignore_live_leader: false dest_uuid: "723ef029de9343e4897b04409ed093d6" is_pre_election: true
I20260709 13:13:27.481237 32087 raft_consensus.cc:2393] T ff1266595cea4fc9bdf127ec8dcaa5d4 P 723ef029de9343e4897b04409ed093d6 [term 1 FOLLOWER]: Leader pre-election vote request: Denying vote to candidate 7918a3295f134fa585c8964f815dea64 in current term 1: Already voted for candidate 723ef029de9343e4897b04409ed093d6 in this term.
I20260709 13:13:27.481313 32127 tablet_bootstrap.cc:492] T c2e84b1ab00a4621baf766c4746d3786 P 723ef029de9343e4897b04409ed093d6: Bootstrap starting.
I20260709 13:13:27.482717 32128 tablet_bootstrap.cc:492] T 60c7f1db9d23416080d83f03e001880c P 7918a3295f134fa585c8964f815dea64: Bootstrap starting.
I20260709 13:13:27.487079 32383 consensus_queue.cc:1048] T d955303379b84c86a1348e0782e2e00d P e990be809ceb494599efb088bef6fd7c [LEADER]: Connected to new peer: Peer: permanent_uuid: "723ef029de9343e4897b04409ed093d6" member_type: VOTER last_known_addr { host: "127.30.25.131" port: 40523 }, Status: LMP_MISMATCH, Last received: 0.0, Next index: 1, Last known committed idx: 0, Time since last communication: 0.000s
I20260709 13:13:27.487656 32127 tablet_bootstrap.cc:654] T c2e84b1ab00a4621baf766c4746d3786 P 723ef029de9343e4897b04409ed093d6: Neither blocks nor log segments found. Creating new log.
I20260709 13:13:27.496987 32128 tablet_bootstrap.cc:654] T 60c7f1db9d23416080d83f03e001880c P 7918a3295f134fa585c8964f815dea64: Neither blocks nor log segments found. Creating new log.
I20260709 13:13:27.512684 32128 tablet_bootstrap.cc:492] T 60c7f1db9d23416080d83f03e001880c P 7918a3295f134fa585c8964f815dea64: No bootstrap required, opened a new log
I20260709 13:13:27.513137 32128 ts_tablet_manager.cc:1403] T 60c7f1db9d23416080d83f03e001880c P 7918a3295f134fa585c8964f815dea64: Time spent bootstrapping tablet: real 0.031s	user 0.015s	sys 0.001s
I20260709 13:13:27.515779 32128 raft_consensus.cc:359] T 60c7f1db9d23416080d83f03e001880c P 7918a3295f134fa585c8964f815dea64 [term 0 FOLLOWER]: Replica starting. Triggering 0 pending ops. Active config: opid_index: -1 OBSOLETE_local: false peers { permanent_uuid: "7918a3295f134fa585c8964f815dea64" member_type: VOTER last_known_addr { host: "127.30.25.129" port: 42479 } } peers { permanent_uuid: "e990be809ceb494599efb088bef6fd7c" member_type: VOTER last_known_addr { host: "127.30.25.130" port: 33633 } } peers { permanent_uuid: "723ef029de9343e4897b04409ed093d6" member_type: VOTER last_known_addr { host: "127.30.25.131" port: 40523 } }
I20260709 13:13:27.516494 32128 raft_consensus.cc:385] T 60c7f1db9d23416080d83f03e001880c P 7918a3295f134fa585c8964f815dea64 [term 0 FOLLOWER]: Consensus starting up: Expiring failure detector timer to make a prompt election more likely
I20260709 13:13:27.516801 32128 raft_consensus.cc:740] T 60c7f1db9d23416080d83f03e001880c P 7918a3295f134fa585c8964f815dea64 [term 0 FOLLOWER]: Becoming Follower/Learner. State: Replica: 7918a3295f134fa585c8964f815dea64, State: Initialized, Role: FOLLOWER
I20260709 13:13:27.516613 31833 catalog_manager.cc:5697] T 91fd443d715d4ed48846592745b12480 P 723ef029de9343e4897b04409ed093d6 reported cstate change: term changed from 0 to 1, leader changed from <none> to 723ef029de9343e4897b04409ed093d6 (127.30.25.131). New cstate: current_term: 1 leader_uuid: "723ef029de9343e4897b04409ed093d6" committed_config { opid_index: -1 OBSOLETE_local: false peers { permanent_uuid: "7918a3295f134fa585c8964f815dea64" member_type: VOTER last_known_addr { host: "127.30.25.129" port: 42479 } health_report { overall_health: UNKNOWN } } peers { permanent_uuid: "e990be809ceb494599efb088bef6fd7c" member_type: VOTER last_known_addr { host: "127.30.25.130" port: 33633 } health_report { overall_health: UNKNOWN } } peers { permanent_uuid: "723ef029de9343e4897b04409ed093d6" member_type: VOTER last_known_addr { host: "127.30.25.131" port: 40523 } health_report { overall_health: HEALTHY } } }
I20260709 13:13:27.521616 32128 consensus_queue.cc:260] T 60c7f1db9d23416080d83f03e001880c P 7918a3295f134fa585c8964f815dea64 [NON_LEADER]: Queue going to NON_LEADER mode. State: All replicated index: 0, Majority replicated index: 0, Committed index: 0, Last appended: 0.0, Last appended by leader: 0, Current term: 0, Majority size: -1, State: 0, Mode: NON_LEADER, active raft config: opid_index: -1 OBSOLETE_local: false peers { permanent_uuid: "7918a3295f134fa585c8964f815dea64" member_type: VOTER last_known_addr { host: "127.30.25.129" port: 42479 } } peers { permanent_uuid: "e990be809ceb494599efb088bef6fd7c" member_type: VOTER last_known_addr { host: "127.30.25.130" port: 33633 } } peers { permanent_uuid: "723ef029de9343e4897b04409ed093d6" member_type: VOTER last_known_addr { host: "127.30.25.131" port: 40523 } }
I20260709 13:13:27.527081 32128 ts_tablet_manager.cc:1434] T 60c7f1db9d23416080d83f03e001880c P 7918a3295f134fa585c8964f815dea64: Time spent starting tablet: real 0.014s	user 0.006s	sys 0.002s
I20260709 13:13:27.528717 32128 tablet_bootstrap.cc:492] T 0b8ad771509c4a53b528a0b039040da2 P 7918a3295f134fa585c8964f815dea64: Bootstrap starting.
I20260709 13:13:27.546891 31904 leader_election.cc:304] T ff1266595cea4fc9bdf127ec8dcaa5d4 P 7918a3295f134fa585c8964f815dea64 [CANDIDATE]: Term 1 pre-election: Election decided. Result: candidate lost. Election summary: received 3 responses out of 3 voters: 1 yes votes; 2 no votes. yes voters: 7918a3295f134fa585c8964f815dea64; no voters: 723ef029de9343e4897b04409ed093d6, e990be809ceb494599efb088bef6fd7c
I20260709 13:13:27.549274 32406 raft_consensus.cc:3060] T ff1266595cea4fc9bdf127ec8dcaa5d4 P 7918a3295f134fa585c8964f815dea64 [term 0 FOLLOWER]: Advancing to term 1
I20260709 13:13:27.558786 32406 raft_consensus.cc:2749] T ff1266595cea4fc9bdf127ec8dcaa5d4 P 7918a3295f134fa585c8964f815dea64 [term 1 FOLLOWER]: Leader pre-election lost for term 1. Reason: could not achieve majority
I20260709 13:13:27.560297 32128 tablet_bootstrap.cc:654] T 0b8ad771509c4a53b528a0b039040da2 P 7918a3295f134fa585c8964f815dea64: Neither blocks nor log segments found. Creating new log.
I20260709 13:13:27.567639 32305 raft_consensus.cc:493] T 0b8ad771509c4a53b528a0b039040da2 P 723ef029de9343e4897b04409ed093d6 [term 0 FOLLOWER]: Starting pre-election (no leader contacted us within the election timeout)
I20260709 13:13:27.568217 32305 raft_consensus.cc:515] T 0b8ad771509c4a53b528a0b039040da2 P 723ef029de9343e4897b04409ed093d6 [term 0 FOLLOWER]: Starting pre-election with config: opid_index: -1 OBSOLETE_local: false peers { permanent_uuid: "7918a3295f134fa585c8964f815dea64" member_type: VOTER last_known_addr { host: "127.30.25.129" port: 42479 } } peers { permanent_uuid: "e990be809ceb494599efb088bef6fd7c" member_type: VOTER last_known_addr { host: "127.30.25.130" port: 33633 } } peers { permanent_uuid: "723ef029de9343e4897b04409ed093d6" member_type: VOTER last_known_addr { host: "127.30.25.131" port: 40523 } }
I20260709 13:13:27.571420 31929 tablet_service.cc:1917] Received RequestConsensusVote() RPC: tablet_id: "0b8ad771509c4a53b528a0b039040da2" candidate_uuid: "723ef029de9343e4897b04409ed093d6" candidate_term: 1 candidate_status { last_received { term: 0 index: 0 } } ignore_live_leader: false dest_uuid: "7918a3295f134fa585c8964f815dea64" is_pre_election: true
W20260709 13:13:27.573498 32053 leader_election.cc:343] T 0b8ad771509c4a53b528a0b039040da2 P 723ef029de9343e4897b04409ed093d6 [CANDIDATE]: Term 1 pre-election: Tablet error from VoteRequest() call to peer 7918a3295f134fa585c8964f815dea64 (127.30.25.129:42479): Illegal state: must be running to vote when last-logged opid is not known
I20260709 13:13:27.574837 32010 tablet_service.cc:1917] Received RequestConsensusVote() RPC: tablet_id: "0b8ad771509c4a53b528a0b039040da2" candidate_uuid: "723ef029de9343e4897b04409ed093d6" candidate_term: 1 candidate_status { last_received { term: 0 index: 0 } } ignore_live_leader: false dest_uuid: "e990be809ceb494599efb088bef6fd7c" is_pre_election: true
I20260709 13:13:27.575747 32010 raft_consensus.cc:2468] T 0b8ad771509c4a53b528a0b039040da2 P e990be809ceb494599efb088bef6fd7c [term 0 FOLLOWER]: Leader pre-election vote request: Granting yes vote for candidate 723ef029de9343e4897b04409ed093d6 in term 0.
I20260709 13:13:27.577235 32052 leader_election.cc:304] T 0b8ad771509c4a53b528a0b039040da2 P 723ef029de9343e4897b04409ed093d6 [CANDIDATE]: Term 1 pre-election: Election decided. Result: candidate won. Election summary: received 3 responses out of 3 voters: 2 yes votes; 1 no votes. yes voters: 723ef029de9343e4897b04409ed093d6, e990be809ceb494599efb088bef6fd7c; no voters: 7918a3295f134fa585c8964f815dea64
I20260709 13:13:27.578045 32392 raft_consensus.cc:2804] T 0b8ad771509c4a53b528a0b039040da2 P 723ef029de9343e4897b04409ed093d6 [term 0 FOLLOWER]: Leader pre-election won for term 1
I20260709 13:13:27.578470 32392 raft_consensus.cc:493] T 0b8ad771509c4a53b528a0b039040da2 P 723ef029de9343e4897b04409ed093d6 [term 0 FOLLOWER]: Starting leader election (no leader contacted us within the election timeout)
I20260709 13:13:27.578835 32392 raft_consensus.cc:3060] T 0b8ad771509c4a53b528a0b039040da2 P 723ef029de9343e4897b04409ed093d6 [term 0 FOLLOWER]: Advancing to term 1
I20260709 13:13:27.580433 32126 tablet_bootstrap.cc:654] T 57442472dedf42229655a5813de86771 P e990be809ceb494599efb088bef6fd7c: Neither blocks nor log segments found. Creating new log.
I20260709 13:13:27.585630 32392 raft_consensus.cc:515] T 0b8ad771509c4a53b528a0b039040da2 P 723ef029de9343e4897b04409ed093d6 [term 1 FOLLOWER]: Starting leader election with config: opid_index: -1 OBSOLETE_local: false peers { permanent_uuid: "7918a3295f134fa585c8964f815dea64" member_type: VOTER last_known_addr { host: "127.30.25.129" port: 42479 } } peers { permanent_uuid: "e990be809ceb494599efb088bef6fd7c" member_type: VOTER last_known_addr { host: "127.30.25.130" port: 33633 } } peers { permanent_uuid: "723ef029de9343e4897b04409ed093d6" member_type: VOTER last_known_addr { host: "127.30.25.131" port: 40523 } }
I20260709 13:13:27.587847 32392 leader_election.cc:290] T 0b8ad771509c4a53b528a0b039040da2 P 723ef029de9343e4897b04409ed093d6 [CANDIDATE]: Term 1 election: Requested vote from peers 7918a3295f134fa585c8964f815dea64 (127.30.25.129:42479), e990be809ceb494599efb088bef6fd7c (127.30.25.130:33633)
I20260709 13:13:27.588641 32128 tablet_bootstrap.cc:492] T 0b8ad771509c4a53b528a0b039040da2 P 7918a3295f134fa585c8964f815dea64: No bootstrap required, opened a new log
I20260709 13:13:27.588542 31931 tablet_service.cc:1917] Received RequestConsensusVote() RPC: tablet_id: "0b8ad771509c4a53b528a0b039040da2" candidate_uuid: "723ef029de9343e4897b04409ed093d6" candidate_term: 1 candidate_status { last_received { term: 0 index: 0 } } ignore_live_leader: false dest_uuid: "7918a3295f134fa585c8964f815dea64"
I20260709 13:13:27.589183 32128 ts_tablet_manager.cc:1403] T 0b8ad771509c4a53b528a0b039040da2 P 7918a3295f134fa585c8964f815dea64: Time spent bootstrapping tablet: real 0.061s	user 0.012s	sys 0.004s
W20260709 13:13:27.590020 32053 leader_election.cc:343] T 0b8ad771509c4a53b528a0b039040da2 P 723ef029de9343e4897b04409ed093d6 [CANDIDATE]: Term 1 election: Tablet error from VoteRequest() call to peer 7918a3295f134fa585c8964f815dea64 (127.30.25.129:42479): Illegal state: must be running to vote when last-logged opid is not known
I20260709 13:13:27.590276 32127 tablet_bootstrap.cc:492] T c2e84b1ab00a4621baf766c4746d3786 P 723ef029de9343e4897b04409ed093d6: No bootstrap required, opened a new log
I20260709 13:13:27.590713 32127 ts_tablet_manager.cc:1403] T c2e84b1ab00a4621baf766c4746d3786 P 723ef029de9343e4897b04409ed093d6: Time spent bootstrapping tablet: real 0.110s	user 0.043s	sys 0.053s
I20260709 13:13:27.591625 32126 tablet_bootstrap.cc:492] T 57442472dedf42229655a5813de86771 P e990be809ceb494599efb088bef6fd7c: No bootstrap required, opened a new log
I20260709 13:13:27.591689 32009 tablet_service.cc:1917] Received RequestConsensusVote() RPC: tablet_id: "0b8ad771509c4a53b528a0b039040da2" candidate_uuid: "723ef029de9343e4897b04409ed093d6" candidate_term: 1 candidate_status { last_received { term: 0 index: 0 } } ignore_live_leader: false dest_uuid: "e990be809ceb494599efb088bef6fd7c"
I20260709 13:13:27.592136 32126 ts_tablet_manager.cc:1403] T 57442472dedf42229655a5813de86771 P e990be809ceb494599efb088bef6fd7c: Time spent bootstrapping tablet: real 0.115s	user 0.011s	sys 0.000s
I20260709 13:13:27.592370 32009 raft_consensus.cc:3060] T 0b8ad771509c4a53b528a0b039040da2 P e990be809ceb494599efb088bef6fd7c [term 0 FOLLOWER]: Advancing to term 1
I20260709 13:13:27.595938 32305 leader_election.cc:290] T 0b8ad771509c4a53b528a0b039040da2 P 723ef029de9343e4897b04409ed093d6 [CANDIDATE]: Term 1 pre-election: Requested pre-vote from peers 7918a3295f134fa585c8964f815dea64 (127.30.25.129:42479), e990be809ceb494599efb088bef6fd7c (127.30.25.130:33633)
I20260709 13:13:27.596222 32381 consensus_queue.cc:1048] T d955303379b84c86a1348e0782e2e00d P e990be809ceb494599efb088bef6fd7c [LEADER]: Connected to new peer: Peer: permanent_uuid: "7918a3295f134fa585c8964f815dea64" member_type: VOTER last_known_addr { host: "127.30.25.129" port: 42479 }, Status: LMP_MISMATCH, Last received: 0.0, Next index: 1, Last known committed idx: 0, Time since last communication: 0.000s
I20260709 13:13:27.599615 32128 raft_consensus.cc:359] T 0b8ad771509c4a53b528a0b039040da2 P 7918a3295f134fa585c8964f815dea64 [term 0 FOLLOWER]: Replica starting. Triggering 0 pending ops. Active config: opid_index: -1 OBSOLETE_local: false peers { permanent_uuid: "7918a3295f134fa585c8964f815dea64" member_type: VOTER last_known_addr { host: "127.30.25.129" port: 42479 } } peers { permanent_uuid: "e990be809ceb494599efb088bef6fd7c" member_type: VOTER last_known_addr { host: "127.30.25.130" port: 33633 } } peers { permanent_uuid: "723ef029de9343e4897b04409ed093d6" member_type: VOTER last_known_addr { host: "127.30.25.131" port: 40523 } }
I20260709 13:13:27.599512 32126 raft_consensus.cc:359] T 57442472dedf42229655a5813de86771 P e990be809ceb494599efb088bef6fd7c [term 0 FOLLOWER]: Replica starting. Triggering 0 pending ops. Active config: opid_index: -1 OBSOLETE_local: false peers { permanent_uuid: "7918a3295f134fa585c8964f815dea64" member_type: VOTER last_known_addr { host: "127.30.25.129" port: 42479 } } peers { permanent_uuid: "e990be809ceb494599efb088bef6fd7c" member_type: VOTER last_known_addr { host: "127.30.25.130" port: 33633 } } peers { permanent_uuid: "723ef029de9343e4897b04409ed093d6" member_type: VOTER last_known_addr { host: "127.30.25.131" port: 40523 } }
I20260709 13:13:27.600333 32128 raft_consensus.cc:385] T 0b8ad771509c4a53b528a0b039040da2 P 7918a3295f134fa585c8964f815dea64 [term 0 FOLLOWER]: Consensus starting up: Expiring failure detector timer to make a prompt election more likely
I20260709 13:13:27.600440 32126 raft_consensus.cc:385] T 57442472dedf42229655a5813de86771 P e990be809ceb494599efb088bef6fd7c [term 0 FOLLOWER]: Consensus starting up: Expiring failure detector timer to make a prompt election more likely
I20260709 13:13:27.600643 32128 raft_consensus.cc:740] T 0b8ad771509c4a53b528a0b039040da2 P 7918a3295f134fa585c8964f815dea64 [term 0 FOLLOWER]: Becoming Follower/Learner. State: Replica: 7918a3295f134fa585c8964f815dea64, State: Initialized, Role: FOLLOWER
I20260709 13:13:27.600907 32126 raft_consensus.cc:740] T 57442472dedf42229655a5813de86771 P e990be809ceb494599efb088bef6fd7c [term 0 FOLLOWER]: Becoming Follower/Learner. State: Replica: e990be809ceb494599efb088bef6fd7c, State: Initialized, Role: FOLLOWER
I20260709 13:13:27.602115 32127 raft_consensus.cc:359] T c2e84b1ab00a4621baf766c4746d3786 P 723ef029de9343e4897b04409ed093d6 [term 0 FOLLOWER]: Replica starting. Triggering 0 pending ops. Active config: opid_index: -1 OBSOLETE_local: false peers { permanent_uuid: "7918a3295f134fa585c8964f815dea64" member_type: VOTER last_known_addr { host: "127.30.25.129" port: 42479 } } peers { permanent_uuid: "e990be809ceb494599efb088bef6fd7c" member_type: VOTER last_known_addr { host: "127.30.25.130" port: 33633 } } peers { permanent_uuid: "723ef029de9343e4897b04409ed093d6" member_type: VOTER last_known_addr { host: "127.30.25.131" port: 40523 } }
I20260709 13:13:27.602648 32009 raft_consensus.cc:2468] T 0b8ad771509c4a53b528a0b039040da2 P e990be809ceb494599efb088bef6fd7c [term 1 FOLLOWER]: Leader election vote request: Granting yes vote for candidate 723ef029de9343e4897b04409ed093d6 in term 1.
I20260709 13:13:27.603034 32127 raft_consensus.cc:385] T c2e84b1ab00a4621baf766c4746d3786 P 723ef029de9343e4897b04409ed093d6 [term 0 FOLLOWER]: Consensus starting up: Expiring failure detector timer to make a prompt election more likely
I20260709 13:13:27.603513 32127 raft_consensus.cc:740] T c2e84b1ab00a4621baf766c4746d3786 P 723ef029de9343e4897b04409ed093d6 [term 0 FOLLOWER]: Becoming Follower/Learner. State: Replica: 723ef029de9343e4897b04409ed093d6, State: Initialized, Role: FOLLOWER
I20260709 13:13:27.603772 32128 consensus_queue.cc:260] T 0b8ad771509c4a53b528a0b039040da2 P 7918a3295f134fa585c8964f815dea64 [NON_LEADER]: Queue going to NON_LEADER mode. State: All replicated index: 0, Majority replicated index: 0, Committed index: 0, Last appended: 0.0, Last appended by leader: 0, Current term: 0, Majority size: -1, State: 0, Mode: NON_LEADER, active raft config: opid_index: -1 OBSOLETE_local: false peers { permanent_uuid: "7918a3295f134fa585c8964f815dea64" member_type: VOTER last_known_addr { host: "127.30.25.129" port: 42479 } } peers { permanent_uuid: "e990be809ceb494599efb088bef6fd7c" member_type: VOTER last_known_addr { host: "127.30.25.130" port: 33633 } } peers { permanent_uuid: "723ef029de9343e4897b04409ed093d6" member_type: VOTER last_known_addr { host: "127.30.25.131" port: 40523 } }
I20260709 13:13:27.604352 32127 consensus_queue.cc:260] T c2e84b1ab00a4621baf766c4746d3786 P 723ef029de9343e4897b04409ed093d6 [NON_LEADER]: Queue going to NON_LEADER mode. State: All replicated index: 0, Majority replicated index: 0, Committed index: 0, Last appended: 0.0, Last appended by leader: 0, Current term: 0, Majority size: -1, State: 0, Mode: NON_LEADER, active raft config: opid_index: -1 OBSOLETE_local: false peers { permanent_uuid: "7918a3295f134fa585c8964f815dea64" member_type: VOTER last_known_addr { host: "127.30.25.129" port: 42479 } } peers { permanent_uuid: "e990be809ceb494599efb088bef6fd7c" member_type: VOTER last_known_addr { host: "127.30.25.130" port: 33633 } } peers { permanent_uuid: "723ef029de9343e4897b04409ed093d6" member_type: VOTER last_known_addr { host: "127.30.25.131" port: 40523 } }
I20260709 13:13:27.605221 32052 leader_election.cc:304] T 0b8ad771509c4a53b528a0b039040da2 P 723ef029de9343e4897b04409ed093d6 [CANDIDATE]: Term 1 election: Election decided. Result: candidate won. Election summary: received 3 responses out of 3 voters: 2 yes votes; 1 no votes. yes voters: 723ef029de9343e4897b04409ed093d6, e990be809ceb494599efb088bef6fd7c; no voters: 7918a3295f134fa585c8964f815dea64
I20260709 13:13:27.606160 32128 ts_tablet_manager.cc:1434] T 0b8ad771509c4a53b528a0b039040da2 P 7918a3295f134fa585c8964f815dea64: Time spent starting tablet: real 0.017s	user 0.005s	sys 0.000s
I20260709 13:13:27.606213 32392 raft_consensus.cc:2804] T 0b8ad771509c4a53b528a0b039040da2 P 723ef029de9343e4897b04409ed093d6 [term 1 FOLLOWER]: Leader election won for term 1
I20260709 13:13:27.606839 32392 raft_consensus.cc:697] T 0b8ad771509c4a53b528a0b039040da2 P 723ef029de9343e4897b04409ed093d6 [term 1 LEADER]: Becoming Leader. State: Replica: 723ef029de9343e4897b04409ed093d6, State: Running, Role: LEADER
I20260709 13:13:27.601759 32126 consensus_queue.cc:260] T 57442472dedf42229655a5813de86771 P e990be809ceb494599efb088bef6fd7c [NON_LEADER]: Queue going to NON_LEADER mode. State: All replicated index: 0, Majority replicated index: 0, Committed index: 0, Last appended: 0.0, Last appended by leader: 0, Current term: 0, Majority size: -1, State: 0, Mode: NON_LEADER, active raft config: opid_index: -1 OBSOLETE_local: false peers { permanent_uuid: "7918a3295f134fa585c8964f815dea64" member_type: VOTER last_known_addr { host: "127.30.25.129" port: 42479 } } peers { permanent_uuid: "e990be809ceb494599efb088bef6fd7c" member_type: VOTER last_known_addr { host: "127.30.25.130" port: 33633 } } peers { permanent_uuid: "723ef029de9343e4897b04409ed093d6" member_type: VOTER last_known_addr { host: "127.30.25.131" port: 40523 } }
I20260709 13:13:27.607715 32392 consensus_queue.cc:237] T 0b8ad771509c4a53b528a0b039040da2 P 723ef029de9343e4897b04409ed093d6 [LEADER]: Queue going to LEADER mode. State: All replicated index: 0, Majority replicated index: 0, Committed index: 0, Last appended: 0.0, Last appended by leader: 0, Current term: 1, Majority size: 2, State: 0, Mode: LEADER, active raft config: opid_index: -1 OBSOLETE_local: false peers { permanent_uuid: "7918a3295f134fa585c8964f815dea64" member_type: VOTER last_known_addr { host: "127.30.25.129" port: 42479 } } peers { permanent_uuid: "e990be809ceb494599efb088bef6fd7c" member_type: VOTER last_known_addr { host: "127.30.25.130" port: 33633 } } peers { permanent_uuid: "723ef029de9343e4897b04409ed093d6" member_type: VOTER last_known_addr { host: "127.30.25.131" port: 40523 } }
I20260709 13:13:27.609102 32126 ts_tablet_manager.cc:1434] T 57442472dedf42229655a5813de86771 P e990be809ceb494599efb088bef6fd7c: Time spent starting tablet: real 0.017s	user 0.007s	sys 0.000s
I20260709 13:13:27.610420 32126 tablet_bootstrap.cc:492] T 47211d7f978047e180b805b8014b4489 P e990be809ceb494599efb088bef6fd7c: Bootstrap starting.
I20260709 13:13:27.611491 32128 tablet_bootstrap.cc:492] T dd33bc26882c42e9b8a0a7863dfefb26 P 7918a3295f134fa585c8964f815dea64: Bootstrap starting.
I20260709 13:13:27.606848 32127 ts_tablet_manager.cc:1434] T c2e84b1ab00a4621baf766c4746d3786 P 723ef029de9343e4897b04409ed093d6: Time spent starting tablet: real 0.016s	user 0.007s	sys 0.000s
I20260709 13:13:27.617784 32126 tablet_bootstrap.cc:654] T 47211d7f978047e180b805b8014b4489 P e990be809ceb494599efb088bef6fd7c: Neither blocks nor log segments found. Creating new log.
I20260709 13:13:27.619200 32127 tablet_bootstrap.cc:492] T 3c16ac83124e43dab09cb7674319832f P 723ef029de9343e4897b04409ed093d6: Bootstrap starting.
I20260709 13:13:27.627892 32184 raft_consensus.cc:493] T c2e84b1ab00a4621baf766c4746d3786 P 723ef029de9343e4897b04409ed093d6 [term 0 FOLLOWER]: Starting pre-election (no leader contacted us within the election timeout)
I20260709 13:13:27.629021 32184 raft_consensus.cc:515] T c2e84b1ab00a4621baf766c4746d3786 P 723ef029de9343e4897b04409ed093d6 [term 0 FOLLOWER]: Starting pre-election with config: opid_index: -1 OBSOLETE_local: false peers { permanent_uuid: "7918a3295f134fa585c8964f815dea64" member_type: VOTER last_known_addr { host: "127.30.25.129" port: 42479 } } peers { permanent_uuid: "e990be809ceb494599efb088bef6fd7c" member_type: VOTER last_known_addr { host: "127.30.25.130" port: 33633 } } peers { permanent_uuid: "723ef029de9343e4897b04409ed093d6" member_type: VOTER last_known_addr { host: "127.30.25.131" port: 40523 } }
I20260709 13:13:27.635485 32128 tablet_bootstrap.cc:654] T dd33bc26882c42e9b8a0a7863dfefb26 P 7918a3295f134fa585c8964f815dea64: Neither blocks nor log segments found. Creating new log.
I20260709 13:13:27.636191 31931 tablet_service.cc:1917] Received RequestConsensusVote() RPC: tablet_id: "c2e84b1ab00a4621baf766c4746d3786" candidate_uuid: "723ef029de9343e4897b04409ed093d6" candidate_term: 1 candidate_status { last_received { term: 0 index: 0 } } ignore_live_leader: false dest_uuid: "7918a3295f134fa585c8964f815dea64" is_pre_election: true
I20260709 13:13:27.644490 32184 leader_election.cc:290] T c2e84b1ab00a4621baf766c4746d3786 P 723ef029de9343e4897b04409ed093d6 [CANDIDATE]: Term 1 pre-election: Requested pre-vote from peers 7918a3295f134fa585c8964f815dea64 (127.30.25.129:42479), e990be809ceb494599efb088bef6fd7c (127.30.25.130:33633)
I20260709 13:13:27.648699 32127 tablet_bootstrap.cc:654] T 3c16ac83124e43dab09cb7674319832f P 723ef029de9343e4897b04409ed093d6: Neither blocks nor log segments found. Creating new log.
I20260709 13:13:27.649890 32009 tablet_service.cc:1917] Received RequestConsensusVote() RPC: tablet_id: "c2e84b1ab00a4621baf766c4746d3786" candidate_uuid: "723ef029de9343e4897b04409ed093d6" candidate_term: 1 candidate_status { last_received { term: 0 index: 0 } } ignore_live_leader: false dest_uuid: "e990be809ceb494599efb088bef6fd7c" is_pre_election: true
I20260709 13:13:27.651317 32009 raft_consensus.cc:2393] T c2e84b1ab00a4621baf766c4746d3786 P e990be809ceb494599efb088bef6fd7c [term 1 FOLLOWER]: Leader pre-election vote request: Denying vote to candidate 723ef029de9343e4897b04409ed093d6 in current term 1: Already voted for candidate 7918a3295f134fa585c8964f815dea64 in this term.
I20260709 13:13:27.654480 32052 leader_election.cc:304] T c2e84b1ab00a4621baf766c4746d3786 P 723ef029de9343e4897b04409ed093d6 [CANDIDATE]: Term 1 pre-election: Election decided. Result: candidate lost. Election summary: received 3 responses out of 3 voters: 1 yes votes; 2 no votes. yes voters: 723ef029de9343e4897b04409ed093d6; no voters: 7918a3295f134fa585c8964f815dea64, e990be809ceb494599efb088bef6fd7c
I20260709 13:13:27.674311 32392 raft_consensus.cc:3060] T c2e84b1ab00a4621baf766c4746d3786 P 723ef029de9343e4897b04409ed093d6 [term 0 FOLLOWER]: Advancing to term 1
I20260709 13:13:27.685513 32392 raft_consensus.cc:2749] T c2e84b1ab00a4621baf766c4746d3786 P 723ef029de9343e4897b04409ed093d6 [term 1 FOLLOWER]: Leader pre-election lost for term 1. Reason: could not achieve majority
I20260709 13:13:27.685541 31836 catalog_manager.cc:5697] T 0b8ad771509c4a53b528a0b039040da2 P 723ef029de9343e4897b04409ed093d6 reported cstate change: term changed from 0 to 1, leader changed from <none> to 723ef029de9343e4897b04409ed093d6 (127.30.25.131). New cstate: current_term: 1 leader_uuid: "723ef029de9343e4897b04409ed093d6" committed_config { opid_index: -1 OBSOLETE_local: false peers { permanent_uuid: "7918a3295f134fa585c8964f815dea64" member_type: VOTER last_known_addr { host: "127.30.25.129" port: 42479 } health_report { overall_health: UNKNOWN } } peers { permanent_uuid: "e990be809ceb494599efb088bef6fd7c" member_type: VOTER last_known_addr { host: "127.30.25.130" port: 33633 } health_report { overall_health: UNKNOWN } } peers { permanent_uuid: "723ef029de9343e4897b04409ed093d6" member_type: VOTER last_known_addr { host: "127.30.25.131" port: 40523 } health_report { overall_health: HEALTHY } } }
I20260709 13:13:27.701428 32382 raft_consensus.cc:493] T 2d1f0bc2730e43c69315d2ba773c10f9 P e990be809ceb494599efb088bef6fd7c [term 0 FOLLOWER]: Starting pre-election (no leader contacted us within the election timeout)
I20260709 13:13:27.702121 32382 raft_consensus.cc:515] T 2d1f0bc2730e43c69315d2ba773c10f9 P e990be809ceb494599efb088bef6fd7c [term 0 FOLLOWER]: Starting pre-election with config: opid_index: -1 OBSOLETE_local: false peers { permanent_uuid: "7918a3295f134fa585c8964f815dea64" member_type: VOTER last_known_addr { host: "127.30.25.129" port: 42479 } } peers { permanent_uuid: "e990be809ceb494599efb088bef6fd7c" member_type: VOTER last_known_addr { host: "127.30.25.130" port: 33633 } } peers { permanent_uuid: "723ef029de9343e4897b04409ed093d6" member_type: VOTER last_known_addr { host: "127.30.25.131" port: 40523 } }
I20260709 13:13:27.704985 32382 leader_election.cc:290] T 2d1f0bc2730e43c69315d2ba773c10f9 P e990be809ceb494599efb088bef6fd7c [CANDIDATE]: Term 1 pre-election: Requested pre-vote from peers 7918a3295f134fa585c8964f815dea64 (127.30.25.129:42479), 723ef029de9343e4897b04409ed093d6 (127.30.25.131:40523)
I20260709 13:13:27.707096 31931 tablet_service.cc:1917] Received RequestConsensusVote() RPC: tablet_id: "2d1f0bc2730e43c69315d2ba773c10f9" candidate_uuid: "e990be809ceb494599efb088bef6fd7c" candidate_term: 1 candidate_status { last_received { term: 0 index: 0 } } ignore_live_leader: false dest_uuid: "7918a3295f134fa585c8964f815dea64" is_pre_election: true
I20260709 13:13:27.707157 32078 tablet_service.cc:1917] Received RequestConsensusVote() RPC: tablet_id: "2d1f0bc2730e43c69315d2ba773c10f9" candidate_uuid: "e990be809ceb494599efb088bef6fd7c" candidate_term: 1 candidate_status { last_received { term: 0 index: 0 } } ignore_live_leader: false dest_uuid: "723ef029de9343e4897b04409ed093d6" is_pre_election: true
W20260709 13:13:27.707752 32052 outbound_call.cc:321] RPC callback for RPC call kudu.consensus.ConsensusService.RequestConsensusVote -> {remote=127.30.25.130:33633, user_credentials={real_user=slave}} blocked reactor thread for 53509us
W20260709 13:13:27.719075 31979 leader_election.cc:343] T 2d1f0bc2730e43c69315d2ba773c10f9 P e990be809ceb494599efb088bef6fd7c [CANDIDATE]: Term 1 pre-election: Tablet error from VoteRequest() call to peer 723ef029de9343e4897b04409ed093d6 (127.30.25.131:40523): Illegal state: must be running to vote when last-logged opid is not known
W20260709 13:13:27.725653 31979 leader_election.cc:343] T 2d1f0bc2730e43c69315d2ba773c10f9 P e990be809ceb494599efb088bef6fd7c [CANDIDATE]: Term 1 pre-election: Tablet error from VoteRequest() call to peer 7918a3295f134fa585c8964f815dea64 (127.30.25.129:42479): Illegal state: must be running to vote when last-logged opid is not known
I20260709 13:13:27.726075 31979 leader_election.cc:304] T 2d1f0bc2730e43c69315d2ba773c10f9 P e990be809ceb494599efb088bef6fd7c [CANDIDATE]: Term 1 pre-election: Election decided. Result: candidate lost. Election summary: received 3 responses out of 3 voters: 1 yes votes; 2 no votes. yes voters: e990be809ceb494599efb088bef6fd7c; no voters: 723ef029de9343e4897b04409ed093d6, 7918a3295f134fa585c8964f815dea64
I20260709 13:13:27.727537 32378 raft_consensus.cc:2749] T 2d1f0bc2730e43c69315d2ba773c10f9 P e990be809ceb494599efb088bef6fd7c [term 0 FOLLOWER]: Leader pre-election lost for term 1. Reason: could not achieve majority
I20260709 13:13:27.733179 32198 raft_consensus.cc:493] T 0b8ad771509c4a53b528a0b039040da2 P 7918a3295f134fa585c8964f815dea64 [term 0 FOLLOWER]: Starting pre-election (no leader contacted us within the election timeout)
I20260709 13:13:27.733709 32198 raft_consensus.cc:515] T 0b8ad771509c4a53b528a0b039040da2 P 7918a3295f134fa585c8964f815dea64 [term 0 FOLLOWER]: Starting pre-election with config: opid_index: -1 OBSOLETE_local: false peers { permanent_uuid: "7918a3295f134fa585c8964f815dea64" member_type: VOTER last_known_addr { host: "127.30.25.129" port: 42479 } } peers { permanent_uuid: "e990be809ceb494599efb088bef6fd7c" member_type: VOTER last_known_addr { host: "127.30.25.130" port: 33633 } } peers { permanent_uuid: "723ef029de9343e4897b04409ed093d6" member_type: VOTER last_known_addr { host: "127.30.25.131" port: 40523 } }
I20260709 13:13:27.735512 32127 tablet_bootstrap.cc:492] T 3c16ac83124e43dab09cb7674319832f P 723ef029de9343e4897b04409ed093d6: No bootstrap required, opened a new log
I20260709 13:13:27.735981 32127 ts_tablet_manager.cc:1403] T 3c16ac83124e43dab09cb7674319832f P 723ef029de9343e4897b04409ed093d6: Time spent bootstrapping tablet: real 0.117s	user 0.021s	sys 0.009s
I20260709 13:13:27.738518 32079 tablet_service.cc:1917] Received RequestConsensusVote() RPC: tablet_id: "0b8ad771509c4a53b528a0b039040da2" candidate_uuid: "7918a3295f134fa585c8964f815dea64" candidate_term: 1 candidate_status { last_received { term: 0 index: 0 } } ignore_live_leader: false dest_uuid: "723ef029de9343e4897b04409ed093d6" is_pre_election: true
I20260709 13:13:27.738734 32127 raft_consensus.cc:359] T 3c16ac83124e43dab09cb7674319832f P 723ef029de9343e4897b04409ed093d6 [term 0 FOLLOWER]: Replica starting. Triggering 0 pending ops. Active config: opid_index: -1 OBSOLETE_local: false peers { permanent_uuid: "7918a3295f134fa585c8964f815dea64" member_type: VOTER last_known_addr { host: "127.30.25.129" port: 42479 } } peers { permanent_uuid: "e990be809ceb494599efb088bef6fd7c" member_type: VOTER last_known_addr { host: "127.30.25.130" port: 33633 } } peers { permanent_uuid: "723ef029de9343e4897b04409ed093d6" member_type: VOTER last_known_addr { host: "127.30.25.131" port: 40523 } }
I20260709 13:13:27.743113 32126 tablet_bootstrap.cc:492] T 47211d7f978047e180b805b8014b4489 P e990be809ceb494599efb088bef6fd7c: No bootstrap required, opened a new log
I20260709 13:13:27.739395 32127 raft_consensus.cc:385] T 3c16ac83124e43dab09cb7674319832f P 723ef029de9343e4897b04409ed093d6 [term 0 FOLLOWER]: Consensus starting up: Expiring failure detector timer to make a prompt election more likely
I20260709 13:13:27.743625 32126 ts_tablet_manager.cc:1403] T 47211d7f978047e180b805b8014b4489 P e990be809ceb494599efb088bef6fd7c: Time spent bootstrapping tablet: real 0.133s	user 0.037s	sys 0.043s
I20260709 13:13:27.743611 32009 tablet_service.cc:1917] Received RequestConsensusVote() RPC: tablet_id: "0b8ad771509c4a53b528a0b039040da2" candidate_uuid: "7918a3295f134fa585c8964f815dea64" candidate_term: 1 candidate_status { last_received { term: 0 index: 0 } } ignore_live_leader: false dest_uuid: "e990be809ceb494599efb088bef6fd7c" is_pre_election: true
I20260709 13:13:27.743865 32127 raft_consensus.cc:740] T 3c16ac83124e43dab09cb7674319832f P 723ef029de9343e4897b04409ed093d6 [term 0 FOLLOWER]: Becoming Follower/Learner. State: Replica: 723ef029de9343e4897b04409ed093d6, State: Initialized, Role: FOLLOWER
I20260709 13:13:27.744525 32009 raft_consensus.cc:2393] T 0b8ad771509c4a53b528a0b039040da2 P e990be809ceb494599efb088bef6fd7c [term 1 FOLLOWER]: Leader pre-election vote request: Denying vote to candidate 7918a3295f134fa585c8964f815dea64 in current term 1: Already voted for candidate 723ef029de9343e4897b04409ed093d6 in this term.
I20260709 13:13:27.744653 32127 consensus_queue.cc:260] T 3c16ac83124e43dab09cb7674319832f P 723ef029de9343e4897b04409ed093d6 [NON_LEADER]: Queue going to NON_LEADER mode. State: All replicated index: 0, Majority replicated index: 0, Committed index: 0, Last appended: 0.0, Last appended by leader: 0, Current term: 0, Majority size: -1, State: 0, Mode: NON_LEADER, active raft config: opid_index: -1 OBSOLETE_local: false peers { permanent_uuid: "7918a3295f134fa585c8964f815dea64" member_type: VOTER last_known_addr { host: "127.30.25.129" port: 42479 } } peers { permanent_uuid: "e990be809ceb494599efb088bef6fd7c" member_type: VOTER last_known_addr { host: "127.30.25.130" port: 33633 } } peers { permanent_uuid: "723ef029de9343e4897b04409ed093d6" member_type: VOTER last_known_addr { host: "127.30.25.131" port: 40523 } }
I20260709 13:13:27.744170 32198 leader_election.cc:290] T 0b8ad771509c4a53b528a0b039040da2 P 7918a3295f134fa585c8964f815dea64 [CANDIDATE]: Term 1 pre-election: Requested pre-vote from peers e990be809ceb494599efb088bef6fd7c (127.30.25.130:33633), 723ef029de9343e4897b04409ed093d6 (127.30.25.131:40523)
I20260709 13:13:27.746902 31903 leader_election.cc:304] T 0b8ad771509c4a53b528a0b039040da2 P 7918a3295f134fa585c8964f815dea64 [CANDIDATE]: Term 1 pre-election: Election decided. Result: candidate lost. Election summary: received 3 responses out of 3 voters: 1 yes votes; 2 no votes. yes voters: 7918a3295f134fa585c8964f815dea64; no voters: 723ef029de9343e4897b04409ed093d6, e990be809ceb494599efb088bef6fd7c
I20260709 13:13:27.747645 32198 raft_consensus.cc:3060] T 0b8ad771509c4a53b528a0b039040da2 P 7918a3295f134fa585c8964f815dea64 [term 0 FOLLOWER]: Advancing to term 1
