I20260709 13:13:21.669965  3519 raft_consensus.cc:359] T d6670e7a9cde4c4e981d7a91c93aafe2 P 46548e6745a242d687df692aa0823865 [term 0 FOLLOWER]: Replica starting. Triggering 0 pending ops. Active config: opid_index: -1 OBSOLETE_local: false peers { permanent_uuid: "46548e6745a242d687df692aa0823865" member_type: VOTER last_known_addr { host: "127.2.43.129" port: 33267 } } peers { permanent_uuid: "4800a163c01248b18bab7a5ab86c03a9" member_type: VOTER last_known_addr { host: "127.2.43.130" port: 40057 } } peers { permanent_uuid: "70e16b35115c42e9af5edce21130d90c" member_type: VOTER last_known_addr { host: "127.2.43.131" port: 34467 } }
I20260709 13:13:21.670673  3519 raft_consensus.cc:385] T d6670e7a9cde4c4e981d7a91c93aafe2 P 46548e6745a242d687df692aa0823865 [term 0 FOLLOWER]: Consensus starting up: Expiring failure detector timer to make a prompt election more likely
I20260709 13:13:21.671043  3519 raft_consensus.cc:740] T d6670e7a9cde4c4e981d7a91c93aafe2 P 46548e6745a242d687df692aa0823865 [term 0 FOLLOWER]: Becoming Follower/Learner. State: Replica: 46548e6745a242d687df692aa0823865, State: Initialized, Role: FOLLOWER
I20260709 13:13:21.671416  3525 leader_election.cc:290] T 9aadf47c0e2c4eb1b066357e7f03d43c P 46548e6745a242d687df692aa0823865 [CANDIDATE]: Term 1 election: Requested vote from peers 4800a163c01248b18bab7a5ab86c03a9 (127.2.43.130:40057), 70e16b35115c42e9af5edce21130d90c (127.2.43.131:34467)
I20260709 13:13:21.671746  3519 consensus_queue.cc:260] T d6670e7a9cde4c4e981d7a91c93aafe2 P 46548e6745a242d687df692aa0823865 [NON_LEADER]: Queue going to NON_LEADER mode. State: All replicated index: 0, Majority replicated index: 0, Committed index: 0, Last appended: 0.0, Last appended by leader: 0, Current term: 0, Majority size: -1, State: 0, Mode: NON_LEADER, active raft config: opid_index: -1 OBSOLETE_local: false peers { permanent_uuid: "46548e6745a242d687df692aa0823865" member_type: VOTER last_known_addr { host: "127.2.43.129" port: 33267 } } peers { permanent_uuid: "4800a163c01248b18bab7a5ab86c03a9" member_type: VOTER last_known_addr { host: "127.2.43.130" port: 40057 } } peers { permanent_uuid: "70e16b35115c42e9af5edce21130d90c" member_type: VOTER last_known_addr { host: "127.2.43.131" port: 34467 } }
I20260709 13:13:21.673177  3519 ts_tablet_manager.cc:1434] T d6670e7a9cde4c4e981d7a91c93aafe2 P 46548e6745a242d687df692aa0823865: Time spent starting tablet: real 0.005s	user 0.004s	sys 0.000s
I20260709 13:13:21.620750  3403 raft_consensus.cc:2468] T 9aadf47c0e2c4eb1b066357e7f03d43c P 4800a163c01248b18bab7a5ab86c03a9 [term 1 FOLLOWER]: Leader election vote request: Granting yes vote for candidate 46548e6745a242d687df692aa0823865 in term 1.
I20260709 13:13:21.673911  3519 tablet_bootstrap.cc:492] T ef76e628b9414e8eb1af5ebd907e0241 P 46548e6745a242d687df692aa0823865: Bootstrap starting.
I20260709 13:13:21.674268  3296 leader_election.cc:304] T 9aadf47c0e2c4eb1b066357e7f03d43c P 46548e6745a242d687df692aa0823865 [CANDIDATE]: Term 1 election: Election decided. Result: candidate won. Election summary: received 2 responses out of 3 voters: 2 yes votes; 0 no votes. yes voters: 46548e6745a242d687df692aa0823865, 4800a163c01248b18bab7a5ab86c03a9; no voters: 
I20260709 13:13:21.669586  3836 raft_consensus.cc:697] T ecc3c2c12b264eed92acc519a572e4e9 P 46548e6745a242d687df692aa0823865 [term 1 LEADER]: Becoming Leader. State: Replica: 46548e6745a242d687df692aa0823865, State: Running, Role: LEADER
I20260709 13:13:21.674961  3838 raft_consensus.cc:2804] T 9aadf47c0e2c4eb1b066357e7f03d43c P 46548e6745a242d687df692aa0823865 [term 1 FOLLOWER]: Leader election won for term 1
I20260709 13:13:21.675482  3838 raft_consensus.cc:697] T 9aadf47c0e2c4eb1b066357e7f03d43c P 46548e6745a242d687df692aa0823865 [term 1 LEADER]: Becoming Leader. State: Replica: 46548e6745a242d687df692aa0823865, State: Running, Role: LEADER
I20260709 13:13:21.675731  3836 consensus_queue.cc:237] T ecc3c2c12b264eed92acc519a572e4e9 P 46548e6745a242d687df692aa0823865 [LEADER]: Queue going to LEADER mode. State: All replicated index: 0, Majority replicated index: 0, Committed index: 0, Last appended: 0.0, Last appended by leader: 0, Current term: 1, Majority size: 2, State: 0, Mode: LEADER, active raft config: opid_index: -1 OBSOLETE_local: false peers { permanent_uuid: "46548e6745a242d687df692aa0823865" member_type: VOTER last_known_addr { host: "127.2.43.129" port: 33267 } } peers { permanent_uuid: "4800a163c01248b18bab7a5ab86c03a9" member_type: VOTER last_known_addr { host: "127.2.43.130" port: 40057 } } peers { permanent_uuid: "70e16b35115c42e9af5edce21130d90c" member_type: VOTER last_known_addr { host: "127.2.43.131" port: 34467 } }
I20260709 13:13:21.676285  3838 consensus_queue.cc:237] T 9aadf47c0e2c4eb1b066357e7f03d43c P 46548e6745a242d687df692aa0823865 [LEADER]: Queue going to LEADER mode. State: All replicated index: 0, Majority replicated index: 0, Committed index: 0, Last appended: 0.0, Last appended by leader: 0, Current term: 1, Majority size: 2, State: 0, Mode: LEADER, active raft config: opid_index: -1 OBSOLETE_local: false peers { permanent_uuid: "46548e6745a242d687df692aa0823865" member_type: VOTER last_known_addr { host: "127.2.43.129" port: 33267 } } peers { permanent_uuid: "4800a163c01248b18bab7a5ab86c03a9" member_type: VOTER last_known_addr { host: "127.2.43.130" port: 40057 } } peers { permanent_uuid: "70e16b35115c42e9af5edce21130d90c" member_type: VOTER last_known_addr { host: "127.2.43.131" port: 34467 } }
I20260709 13:13:21.682096  3329 tablet_service.cc:1917] Received RequestConsensusVote() RPC: tablet_id: "ef76e628b9414e8eb1af5ebd907e0241" candidate_uuid: "4800a163c01248b18bab7a5ab86c03a9" candidate_term: 1 candidate_status { last_received { term: 0 index: 0 } } ignore_live_leader: false dest_uuid: "46548e6745a242d687df692aa0823865" is_pre_election: true
I20260709 13:13:21.685262  3519 tablet_bootstrap.cc:654] T ef76e628b9414e8eb1af5ebd907e0241 P 46548e6745a242d687df692aa0823865: Neither blocks nor log segments found. Creating new log.
I20260709 13:13:21.669588  3766 raft_consensus.cc:515] T e88216189fe34e14865ebbc06c144258 P 70e16b35115c42e9af5edce21130d90c [term 1 FOLLOWER]: Starting leader election with config: opid_index: -1 OBSOLETE_local: false peers { permanent_uuid: "46548e6745a242d687df692aa0823865" member_type: VOTER last_known_addr { host: "127.2.43.129" port: 33267 } } peers { permanent_uuid: "4800a163c01248b18bab7a5ab86c03a9" member_type: VOTER last_known_addr { host: "127.2.43.130" port: 40057 } } peers { permanent_uuid: "70e16b35115c42e9af5edce21130d90c" member_type: VOTER last_known_addr { host: "127.2.43.131" port: 34467 } }
I20260709 13:13:21.688462  3766 leader_election.cc:290] T e88216189fe34e14865ebbc06c144258 P 70e16b35115c42e9af5edce21130d90c [CANDIDATE]: Term 1 election: Requested vote from peers 46548e6745a242d687df692aa0823865 (127.2.43.129:33267), 4800a163c01248b18bab7a5ab86c03a9 (127.2.43.130:40057)
I20260709 13:13:21.691689  3329 tablet_service.cc:1917] Received RequestConsensusVote() RPC: tablet_id: "d7da9c5f01b5475692d5ffe215fc2b86" candidate_uuid: "4800a163c01248b18bab7a5ab86c03a9" candidate_term: 1 candidate_status { last_received { term: 0 index: 0 } } ignore_live_leader: false dest_uuid: "46548e6745a242d687df692aa0823865" is_pre_election: true
I20260709 13:13:21.696260  3403 tablet_service.cc:1917] Received RequestConsensusVote() RPC: tablet_id: "e88216189fe34e14865ebbc06c144258" candidate_uuid: "70e16b35115c42e9af5edce21130d90c" candidate_term: 1 candidate_status { last_received { term: 0 index: 0 } } ignore_live_leader: false dest_uuid: "4800a163c01248b18bab7a5ab86c03a9"
I20260709 13:13:21.697372  3521 ts_tablet_manager.cc:1434] T 4d069568f99b4d5a8d002681addc85b2 P 70e16b35115c42e9af5edce21130d90c: Time spent starting tablet: real 0.083s	user 0.010s	sys 0.000s
I20260709 13:13:21.701143  3403 raft_consensus.cc:3060] T e88216189fe34e14865ebbc06c144258 P 4800a163c01248b18bab7a5ab86c03a9 [term 0 FOLLOWER]: Advancing to term 1
I20260709 13:13:21.700309  3836 consensus_queue.cc:1048] T d34d73f91c23461ca773509090e4641c P 46548e6745a242d687df692aa0823865 [LEADER]: Connected to new peer: Peer: permanent_uuid: "70e16b35115c42e9af5edce21130d90c" member_type: VOTER last_known_addr { host: "127.2.43.131" port: 34467 }, Status: LMP_MISMATCH, Last received: 0.0, Next index: 1, Last known committed idx: 0, Time since last communication: 0.007s
I20260709 13:13:21.702646  3521 tablet_bootstrap.cc:492] T 50b73ef181fb4324b2dcca6629000028 P 70e16b35115c42e9af5edce21130d90c: Bootstrap starting.
I20260709 13:13:21.709824  3519 tablet_bootstrap.cc:492] T ef76e628b9414e8eb1af5ebd907e0241 P 46548e6745a242d687df692aa0823865: No bootstrap required, opened a new log
I20260709 13:13:21.710213  3519 ts_tablet_manager.cc:1403] T ef76e628b9414e8eb1af5ebd907e0241 P 46548e6745a242d687df692aa0823865: Time spent bootstrapping tablet: real 0.036s	user 0.013s	sys 0.002s
I20260709 13:13:21.711464  3403 raft_consensus.cc:2468] T e88216189fe34e14865ebbc06c144258 P 4800a163c01248b18bab7a5ab86c03a9 [term 1 FOLLOWER]: Leader election vote request: Granting yes vote for candidate 70e16b35115c42e9af5edce21130d90c in term 1.
I20260709 13:13:21.712251  3445 leader_election.cc:304] T e88216189fe34e14865ebbc06c144258 P 70e16b35115c42e9af5edce21130d90c [CANDIDATE]: Term 1 election: Election decided. Result: candidate won. Election summary: received 2 responses out of 3 voters: 2 yes votes; 0 no votes. yes voters: 4800a163c01248b18bab7a5ab86c03a9, 70e16b35115c42e9af5edce21130d90c; no voters: 
I20260709 13:13:21.712610  3519 raft_consensus.cc:359] T ef76e628b9414e8eb1af5ebd907e0241 P 46548e6745a242d687df692aa0823865 [term 0 FOLLOWER]: Replica starting. Triggering 0 pending ops. Active config: opid_index: -1 OBSOLETE_local: false peers { permanent_uuid: "46548e6745a242d687df692aa0823865" member_type: VOTER last_known_addr { host: "127.2.43.129" port: 33267 } } peers { permanent_uuid: "4800a163c01248b18bab7a5ab86c03a9" member_type: VOTER last_known_addr { host: "127.2.43.130" port: 40057 } } peers { permanent_uuid: "70e16b35115c42e9af5edce21130d90c" member_type: VOTER last_known_addr { host: "127.2.43.131" port: 34467 } }
I20260709 13:13:21.712903  3788 raft_consensus.cc:2804] T e88216189fe34e14865ebbc06c144258 P 70e16b35115c42e9af5edce21130d90c [term 1 FOLLOWER]: Leader election won for term 1
I20260709 13:13:21.713191  3519 raft_consensus.cc:385] T ef76e628b9414e8eb1af5ebd907e0241 P 46548e6745a242d687df692aa0823865 [term 0 FOLLOWER]: Consensus starting up: Expiring failure detector timer to make a prompt election more likely
I20260709 13:13:21.713399  3788 raft_consensus.cc:697] T e88216189fe34e14865ebbc06c144258 P 70e16b35115c42e9af5edce21130d90c [term 1 LEADER]: Becoming Leader. State: Replica: 70e16b35115c42e9af5edce21130d90c, State: Running, Role: LEADER
I20260709 13:13:21.713955  3521 tablet_bootstrap.cc:654] T 50b73ef181fb4324b2dcca6629000028 P 70e16b35115c42e9af5edce21130d90c: Neither blocks nor log segments found. Creating new log.
I20260709 13:13:21.714269  3788 consensus_queue.cc:237] T e88216189fe34e14865ebbc06c144258 P 70e16b35115c42e9af5edce21130d90c [LEADER]: Queue going to LEADER mode. State: All replicated index: 0, Majority replicated index: 0, Committed index: 0, Last appended: 0.0, Last appended by leader: 0, Current term: 1, Majority size: 2, State: 0, Mode: LEADER, active raft config: opid_index: -1 OBSOLETE_local: false peers { permanent_uuid: "46548e6745a242d687df692aa0823865" member_type: VOTER last_known_addr { host: "127.2.43.129" port: 33267 } } peers { permanent_uuid: "4800a163c01248b18bab7a5ab86c03a9" member_type: VOTER last_known_addr { host: "127.2.43.130" port: 40057 } } peers { permanent_uuid: "70e16b35115c42e9af5edce21130d90c" member_type: VOTER last_known_addr { host: "127.2.43.131" port: 34467 } }
I20260709 13:13:21.713490  3519 raft_consensus.cc:740] T ef76e628b9414e8eb1af5ebd907e0241 P 46548e6745a242d687df692aa0823865 [term 0 FOLLOWER]: Becoming Follower/Learner. State: Replica: 46548e6745a242d687df692aa0823865, State: Initialized, Role: FOLLOWER
I20260709 13:13:21.715847  3520 tablet_bootstrap.cc:492] T d889d8d0ccd948d18c171ac13933b9f0 P 4800a163c01248b18bab7a5ab86c03a9: No bootstrap required, opened a new log
I20260709 13:13:21.716331  3520 ts_tablet_manager.cc:1403] T d889d8d0ccd948d18c171ac13933b9f0 P 4800a163c01248b18bab7a5ab86c03a9: Time spent bootstrapping tablet: real 0.269s	user 0.081s	sys 0.092s
I20260709 13:13:21.716372  3519 consensus_queue.cc:260] T ef76e628b9414e8eb1af5ebd907e0241 P 46548e6745a242d687df692aa0823865 [NON_LEADER]: Queue going to NON_LEADER mode. State: All replicated index: 0, Majority replicated index: 0, Committed index: 0, Last appended: 0.0, Last appended by leader: 0, Current term: 0, Majority size: -1, State: 0, Mode: NON_LEADER, active raft config: opid_index: -1 OBSOLETE_local: false peers { permanent_uuid: "46548e6745a242d687df692aa0823865" member_type: VOTER last_known_addr { host: "127.2.43.129" port: 33267 } } peers { permanent_uuid: "4800a163c01248b18bab7a5ab86c03a9" member_type: VOTER last_known_addr { host: "127.2.43.130" port: 40057 } } peers { permanent_uuid: "70e16b35115c42e9af5edce21130d90c" member_type: VOTER last_known_addr { host: "127.2.43.131" port: 34467 } }
I20260709 13:13:21.720253  3519 ts_tablet_manager.cc:1434] T ef76e628b9414e8eb1af5ebd907e0241 P 46548e6745a242d687df692aa0823865: Time spent starting tablet: real 0.010s	user 0.007s	sys 0.001s
I20260709 13:13:21.721171  3519 tablet_bootstrap.cc:492] T 4d069568f99b4d5a8d002681addc85b2 P 46548e6745a242d687df692aa0823865: Bootstrap starting.
I20260709 13:13:21.720963  3520 raft_consensus.cc:359] T d889d8d0ccd948d18c171ac13933b9f0 P 4800a163c01248b18bab7a5ab86c03a9 [term 0 FOLLOWER]: Replica starting. Triggering 0 pending ops. Active config: opid_index: -1 OBSOLETE_local: false peers { permanent_uuid: "46548e6745a242d687df692aa0823865" member_type: VOTER last_known_addr { host: "127.2.43.129" port: 33267 } } peers { permanent_uuid: "4800a163c01248b18bab7a5ab86c03a9" member_type: VOTER last_known_addr { host: "127.2.43.130" port: 40057 } } peers { permanent_uuid: "70e16b35115c42e9af5edce21130d90c" member_type: VOTER last_known_addr { host: "127.2.43.131" port: 34467 } }
I20260709 13:13:21.721760  3520 raft_consensus.cc:385] T d889d8d0ccd948d18c171ac13933b9f0 P 4800a163c01248b18bab7a5ab86c03a9 [term 0 FOLLOWER]: Consensus starting up: Expiring failure detector timer to make a prompt election more likely
I20260709 13:13:21.722110  3520 raft_consensus.cc:740] T d889d8d0ccd948d18c171ac13933b9f0 P 4800a163c01248b18bab7a5ab86c03a9 [term 0 FOLLOWER]: Becoming Follower/Learner. State: Replica: 4800a163c01248b18bab7a5ab86c03a9, State: Initialized, Role: FOLLOWER
I20260709 13:13:21.770480  3323 tablet_service.cc:1917] Received RequestConsensusVote() RPC: tablet_id: "e88216189fe34e14865ebbc06c144258" candidate_uuid: "70e16b35115c42e9af5edce21130d90c" candidate_term: 1 candidate_status { last_received { term: 0 index: 0 } } ignore_live_leader: false dest_uuid: "46548e6745a242d687df692aa0823865"
W20260709 13:13:21.777271  3369 leader_election.cc:343] T ef76e628b9414e8eb1af5ebd907e0241 P 4800a163c01248b18bab7a5ab86c03a9 [CANDIDATE]: Term 1 pre-election: Tablet error from VoteRequest() call to peer 46548e6745a242d687df692aa0823865 (127.2.43.129:33267): Illegal state: must be running to vote when last-logged opid is not known
I20260709 13:13:21.778057  3369 leader_election.cc:304] T ef76e628b9414e8eb1af5ebd907e0241 P 4800a163c01248b18bab7a5ab86c03a9 [CANDIDATE]: Term 1 pre-election: Election decided. Result: candidate lost. Election summary: received 3 responses out of 3 voters: 1 yes votes; 2 no votes. yes voters: 4800a163c01248b18bab7a5ab86c03a9; no voters: 46548e6745a242d687df692aa0823865, 70e16b35115c42e9af5edce21130d90c
I20260709 13:13:21.722872  3520 consensus_queue.cc:260] T d889d8d0ccd948d18c171ac13933b9f0 P 4800a163c01248b18bab7a5ab86c03a9 [NON_LEADER]: Queue going to NON_LEADER mode. State: All replicated index: 0, Majority replicated index: 0, Committed index: 0, Last appended: 0.0, Last appended by leader: 0, Current term: 0, Majority size: -1, State: 0, Mode: NON_LEADER, active raft config: opid_index: -1 OBSOLETE_local: false peers { permanent_uuid: "46548e6745a242d687df692aa0823865" member_type: VOTER last_known_addr { host: "127.2.43.129" port: 33267 } } peers { permanent_uuid: "4800a163c01248b18bab7a5ab86c03a9" member_type: VOTER last_known_addr { host: "127.2.43.130" port: 40057 } } peers { permanent_uuid: "70e16b35115c42e9af5edce21130d90c" member_type: VOTER last_known_addr { host: "127.2.43.131" port: 34467 } }
I20260709 13:13:21.784482  3791 raft_consensus.cc:493] T 9aadf47c0e2c4eb1b066357e7f03d43c P 70e16b35115c42e9af5edce21130d90c [term 0 FOLLOWER]: Starting pre-election (no leader contacted us within the election timeout)
I20260709 13:13:21.785883  3329 tablet_service.cc:1917] Received RequestConsensusVote() RPC: tablet_id: "e88216189fe34e14865ebbc06c144258" candidate_uuid: "70e16b35115c42e9af5edce21130d90c" candidate_term: 1 candidate_status { last_received { term: 0 index: 0 } } ignore_live_leader: false dest_uuid: "46548e6745a242d687df692aa0823865" is_pre_election: true
I20260709 13:13:21.792500  3777 raft_consensus.cc:2749] T ef76e628b9414e8eb1af5ebd907e0241 P 4800a163c01248b18bab7a5ab86c03a9 [term 0 FOLLOWER]: Leader pre-election lost for term 1. Reason: could not achieve majority
W20260709 13:13:21.796365  3369 leader_election.cc:343] T d7da9c5f01b5475692d5ffe215fc2b86 P 4800a163c01248b18bab7a5ab86c03a9 [CANDIDATE]: Term 1 pre-election: Tablet error from VoteRequest() call to peer 46548e6745a242d687df692aa0823865 (127.2.43.129:33267): Illegal state: must be running to vote when last-logged opid is not known
I20260709 13:13:21.797050  3369 leader_election.cc:304] T d7da9c5f01b5475692d5ffe215fc2b86 P 4800a163c01248b18bab7a5ab86c03a9 [CANDIDATE]: Term 1 pre-election: Election decided. Result: candidate lost. Election summary: received 3 responses out of 3 voters: 1 yes votes; 2 no votes. yes voters: 4800a163c01248b18bab7a5ab86c03a9; no voters: 46548e6745a242d687df692aa0823865, 70e16b35115c42e9af5edce21130d90c
I20260709 13:13:21.798224  3713 raft_consensus.cc:2749] T d7da9c5f01b5475692d5ffe215fc2b86 P 4800a163c01248b18bab7a5ab86c03a9 [term 0 FOLLOWER]: Leader pre-election lost for term 1. Reason: could not achieve majority
I20260709 13:13:21.800297  3520 ts_tablet_manager.cc:1434] T d889d8d0ccd948d18c171ac13933b9f0 P 4800a163c01248b18bab7a5ab86c03a9: Time spent starting tablet: real 0.082s	user 0.007s	sys 0.000s
I20260709 13:13:21.802204  3520 tablet_bootstrap.cc:492] T 89c7653386c04988be368249495db8f6 P 4800a163c01248b18bab7a5ab86c03a9: Bootstrap starting.
I20260709 13:13:21.805495  3474 tablet_service.cc:1917] Received RequestConsensusVote() RPC: tablet_id: "9aadf47c0e2c4eb1b066357e7f03d43c" candidate_uuid: "46548e6745a242d687df692aa0823865" candidate_term: 1 candidate_status { last_received { term: 0 index: 0 } } ignore_live_leader: false dest_uuid: "70e16b35115c42e9af5edce21130d90c"
I20260709 13:13:21.785660  3791 raft_consensus.cc:515] T 9aadf47c0e2c4eb1b066357e7f03d43c P 70e16b35115c42e9af5edce21130d90c [term 0 FOLLOWER]: Starting pre-election with config: opid_index: -1 OBSOLETE_local: false peers { permanent_uuid: "46548e6745a242d687df692aa0823865" member_type: VOTER last_known_addr { host: "127.2.43.129" port: 33267 } } peers { permanent_uuid: "4800a163c01248b18bab7a5ab86c03a9" member_type: VOTER last_known_addr { host: "127.2.43.130" port: 40057 } } peers { permanent_uuid: "70e16b35115c42e9af5edce21130d90c" member_type: VOTER last_known_addr { host: "127.2.43.131" port: 34467 } }
I20260709 13:13:21.812459  3474 raft_consensus.cc:3060] T 9aadf47c0e2c4eb1b066357e7f03d43c P 70e16b35115c42e9af5edce21130d90c [term 0 FOLLOWER]: Advancing to term 1
I20260709 13:13:21.820032  3791 leader_election.cc:290] T 9aadf47c0e2c4eb1b066357e7f03d43c P 70e16b35115c42e9af5edce21130d90c [CANDIDATE]: Term 1 pre-election: Requested pre-vote from peers 46548e6745a242d687df692aa0823865 (127.2.43.129:33267), 4800a163c01248b18bab7a5ab86c03a9 (127.2.43.130:40057)
I20260709 13:13:21.831781  3401 tablet_service.cc:1917] Received RequestConsensusVote() RPC: tablet_id: "9aadf47c0e2c4eb1b066357e7f03d43c" candidate_uuid: "70e16b35115c42e9af5edce21130d90c" candidate_term: 1 candidate_status { last_received { term: 0 index: 0 } } ignore_live_leader: false dest_uuid: "4800a163c01248b18bab7a5ab86c03a9" is_pre_election: true
I20260709 13:13:21.833303  3401 raft_consensus.cc:2393] T 9aadf47c0e2c4eb1b066357e7f03d43c P 4800a163c01248b18bab7a5ab86c03a9 [term 1 FOLLOWER]: Leader pre-election vote request: Denying vote to candidate 70e16b35115c42e9af5edce21130d90c in current term 1: Already voted for candidate 46548e6745a242d687df692aa0823865 in this term.
I20260709 13:13:21.838444  3479 tablet_service.cc:1917] Received RequestConsensusVote() RPC: tablet_id: "ecc3c2c12b264eed92acc519a572e4e9" candidate_uuid: "46548e6745a242d687df692aa0823865" candidate_term: 1 candidate_status { last_received { term: 0 index: 0 } } ignore_live_leader: false dest_uuid: "70e16b35115c42e9af5edce21130d90c"
I20260709 13:13:21.838719  3474 raft_consensus.cc:2468] T 9aadf47c0e2c4eb1b066357e7f03d43c P 70e16b35115c42e9af5edce21130d90c [term 1 FOLLOWER]: Leader election vote request: Granting yes vote for candidate 46548e6745a242d687df692aa0823865 in term 1.
I20260709 13:13:21.846918  3520 tablet_bootstrap.cc:654] T 89c7653386c04988be368249495db8f6 P 4800a163c01248b18bab7a5ab86c03a9: Neither blocks nor log segments found. Creating new log.
I20260709 13:13:21.848800  3519 tablet_bootstrap.cc:654] T 4d069568f99b4d5a8d002681addc85b2 P 46548e6745a242d687df692aa0823865: Neither blocks nor log segments found. Creating new log.
W20260709 13:13:21.853837  3443 leader_election.cc:343] T e88216189fe34e14865ebbc06c144258 P 70e16b35115c42e9af5edce21130d90c [CANDIDATE]: Term 1 election: Tablet error from VoteRequest() call to peer 46548e6745a242d687df692aa0823865 (127.2.43.129:33267): Illegal state: must be running to vote when last-logged opid is not known
I20260709 13:13:21.862825  3521 tablet_bootstrap.cc:492] T 50b73ef181fb4324b2dcca6629000028 P 70e16b35115c42e9af5edce21130d90c: No bootstrap required, opened a new log
I20260709 13:13:21.863754  3521 ts_tablet_manager.cc:1403] T 50b73ef181fb4324b2dcca6629000028 P 70e16b35115c42e9af5edce21130d90c: Time spent bootstrapping tablet: real 0.166s	user 0.024s	sys 0.011s
W20260709 13:13:21.866389  3443 leader_election.cc:343] T e88216189fe34e14865ebbc06c144258 P 70e16b35115c42e9af5edce21130d90c [CANDIDATE]: Term 1 pre-election: Tablet error from VoteRequest() call to peer 46548e6745a242d687df692aa0823865 (127.2.43.129:33267): Illegal state: must be running to vote when last-logged opid is not known
I20260709 13:13:21.868073  3838 raft_consensus.cc:493] T 50b73ef181fb4324b2dcca6629000028 P 46548e6745a242d687df692aa0823865 [term 0 FOLLOWER]: Starting pre-election (no leader contacted us within the election timeout)
I20260709 13:13:21.868773  3838 raft_consensus.cc:515] T 50b73ef181fb4324b2dcca6629000028 P 46548e6745a242d687df692aa0823865 [term 0 FOLLOWER]: Starting pre-election with config: opid_index: -1 OBSOLETE_local: false peers { permanent_uuid: "46548e6745a242d687df692aa0823865" member_type: VOTER last_known_addr { host: "127.2.43.129" port: 33267 } } peers { permanent_uuid: "4800a163c01248b18bab7a5ab86c03a9" member_type: VOTER last_known_addr { host: "127.2.43.130" port: 40057 } } peers { permanent_uuid: "70e16b35115c42e9af5edce21130d90c" member_type: VOTER last_known_addr { host: "127.2.43.131" port: 34467 } }
I20260709 13:13:21.872480  3401 tablet_service.cc:1917] Received RequestConsensusVote() RPC: tablet_id: "50b73ef181fb4324b2dcca6629000028" candidate_uuid: "46548e6745a242d687df692aa0823865" candidate_term: 1 candidate_status { last_received { term: 0 index: 0 } } ignore_live_leader: false dest_uuid: "4800a163c01248b18bab7a5ab86c03a9" is_pre_election: true
I20260709 13:13:21.873936  3838 leader_election.cc:290] T 50b73ef181fb4324b2dcca6629000028 P 46548e6745a242d687df692aa0823865 [CANDIDATE]: Term 1 pre-election: Requested pre-vote from peers 4800a163c01248b18bab7a5ab86c03a9 (127.2.43.130:40057), 70e16b35115c42e9af5edce21130d90c (127.2.43.131:34467)
I20260709 13:13:21.875617  3839 raft_consensus.cc:493] T 4d069568f99b4d5a8d002681addc85b2 P 70e16b35115c42e9af5edce21130d90c [term 0 FOLLOWER]: Starting pre-election (no leader contacted us within the election timeout)
I20260709 13:13:21.876319  3839 raft_consensus.cc:515] T 4d069568f99b4d5a8d002681addc85b2 P 70e16b35115c42e9af5edce21130d90c [term 0 FOLLOWER]: Starting pre-election with config: opid_index: -1 OBSOLETE_local: false peers { permanent_uuid: "46548e6745a242d687df692aa0823865" member_type: VOTER last_known_addr { host: "127.2.43.129" port: 33267 } } peers { permanent_uuid: "4800a163c01248b18bab7a5ab86c03a9" member_type: VOTER last_known_addr { host: "127.2.43.130" port: 40057 } } peers { permanent_uuid: "70e16b35115c42e9af5edce21130d90c" member_type: VOTER last_known_addr { host: "127.2.43.131" port: 34467 } }
I20260709 13:13:21.873852  3401 raft_consensus.cc:2468] T 50b73ef181fb4324b2dcca6629000028 P 4800a163c01248b18bab7a5ab86c03a9 [term 0 FOLLOWER]: Leader pre-election vote request: Granting yes vote for candidate 46548e6745a242d687df692aa0823865 in term 0.
I20260709 13:13:21.881027  3296 leader_election.cc:304] T 50b73ef181fb4324b2dcca6629000028 P 46548e6745a242d687df692aa0823865 [CANDIDATE]: Term 1 pre-election: Election decided. Result: candidate won. Election summary: received 2 responses out of 3 voters: 2 yes votes; 0 no votes. yes voters: 46548e6745a242d687df692aa0823865, 4800a163c01248b18bab7a5ab86c03a9; no voters: 
I20260709 13:13:21.882365  3839 leader_election.cc:290] T 4d069568f99b4d5a8d002681addc85b2 P 70e16b35115c42e9af5edce21130d90c [CANDIDATE]: Term 1 pre-election: Requested pre-vote from peers 46548e6745a242d687df692aa0823865 (127.2.43.129:33267), 4800a163c01248b18bab7a5ab86c03a9 (127.2.43.130:40057)
I20260709 13:13:21.882721  3836 raft_consensus.cc:2804] T 50b73ef181fb4324b2dcca6629000028 P 46548e6745a242d687df692aa0823865 [term 0 FOLLOWER]: Leader pre-election won for term 1
I20260709 13:13:21.883168  3836 raft_consensus.cc:493] T 50b73ef181fb4324b2dcca6629000028 P 46548e6745a242d687df692aa0823865 [term 0 FOLLOWER]: Starting leader election (no leader contacted us within the election timeout)
I20260709 13:13:21.886526  3521 raft_consensus.cc:359] T 50b73ef181fb4324b2dcca6629000028 P 70e16b35115c42e9af5edce21130d90c [term 0 FOLLOWER]: Replica starting. Triggering 0 pending ops. Active config: opid_index: -1 OBSOLETE_local: false peers { permanent_uuid: "46548e6745a242d687df692aa0823865" member_type: VOTER last_known_addr { host: "127.2.43.129" port: 33267 } } peers { permanent_uuid: "4800a163c01248b18bab7a5ab86c03a9" member_type: VOTER last_known_addr { host: "127.2.43.130" port: 40057 } } peers { permanent_uuid: "70e16b35115c42e9af5edce21130d90c" member_type: VOTER last_known_addr { host: "127.2.43.131" port: 34467 } }
I20260709 13:13:21.883574  3836 raft_consensus.cc:3060] T 50b73ef181fb4324b2dcca6629000028 P 46548e6745a242d687df692aa0823865 [term 0 FOLLOWER]: Advancing to term 1
I20260709 13:13:21.887709  3521 raft_consensus.cc:385] T 50b73ef181fb4324b2dcca6629000028 P 70e16b35115c42e9af5edce21130d90c [term 0 FOLLOWER]: Consensus starting up: Expiring failure detector timer to make a prompt election more likely
W20260709 13:13:21.887315  3294 leader_election.cc:343] T ecc3c2c12b264eed92acc519a572e4e9 P 46548e6745a242d687df692aa0823865 [CANDIDATE]: Term 1 election: Tablet error from VoteRequest() call to peer 70e16b35115c42e9af5edce21130d90c (127.2.43.131:34467): Illegal state: must be running to vote when last-logged opid is not known
I20260709 13:13:21.888183  3521 raft_consensus.cc:740] T 50b73ef181fb4324b2dcca6629000028 P 70e16b35115c42e9af5edce21130d90c [term 0 FOLLOWER]: Becoming Follower/Learner. State: Replica: 70e16b35115c42e9af5edce21130d90c, State: Initialized, Role: FOLLOWER
I20260709 13:13:21.888756  3402 tablet_service.cc:1917] Received RequestConsensusVote() RPC: tablet_id: "4d069568f99b4d5a8d002681addc85b2" candidate_uuid: "70e16b35115c42e9af5edce21130d90c" candidate_term: 1 candidate_status { last_received { term: 0 index: 0 } } ignore_live_leader: false dest_uuid: "4800a163c01248b18bab7a5ab86c03a9" is_pre_election: true
I20260709 13:13:21.888862  3521 consensus_queue.cc:260] T 50b73ef181fb4324b2dcca6629000028 P 70e16b35115c42e9af5edce21130d90c [NON_LEADER]: Queue going to NON_LEADER mode. State: All replicated index: 0, Majority replicated index: 0, Committed index: 0, Last appended: 0.0, Last appended by leader: 0, Current term: 0, Majority size: -1, State: 0, Mode: NON_LEADER, active raft config: opid_index: -1 OBSOLETE_local: false peers { permanent_uuid: "46548e6745a242d687df692aa0823865" member_type: VOTER last_known_addr { host: "127.2.43.129" port: 33267 } } peers { permanent_uuid: "4800a163c01248b18bab7a5ab86c03a9" member_type: VOTER last_known_addr { host: "127.2.43.130" port: 40057 } } peers { permanent_uuid: "70e16b35115c42e9af5edce21130d90c" member_type: VOTER last_known_addr { host: "127.2.43.131" port: 34467 } }
W20260709 13:13:21.890337  3445 leader_election.cc:343] T 4d069568f99b4d5a8d002681addc85b2 P 70e16b35115c42e9af5edce21130d90c [CANDIDATE]: Term 1 pre-election: Tablet error from VoteRequest() call to peer 4800a163c01248b18bab7a5ab86c03a9 (127.2.43.130:40057): Illegal state: must be running to vote when last-logged opid is not known
I20260709 13:13:21.890605  3521 ts_tablet_manager.cc:1434] T 50b73ef181fb4324b2dcca6629000028 P 70e16b35115c42e9af5edce21130d90c: Time spent starting tablet: real 0.027s	user 0.001s	sys 0.006s
I20260709 13:13:21.891434  3520 tablet_bootstrap.cc:492] T 89c7653386c04988be368249495db8f6 P 4800a163c01248b18bab7a5ab86c03a9: No bootstrap required, opened a new log
I20260709 13:13:21.891844  3521 tablet_bootstrap.cc:492] T d7da9c5f01b5475692d5ffe215fc2b86 P 70e16b35115c42e9af5edce21130d90c: Bootstrap starting.
I20260709 13:13:21.891901  3520 ts_tablet_manager.cc:1403] T 89c7653386c04988be368249495db8f6 P 4800a163c01248b18bab7a5ab86c03a9: Time spent bootstrapping tablet: real 0.090s	user 0.017s	sys 0.003s
I20260709 13:13:21.894631  3519 tablet_bootstrap.cc:492] T 4d069568f99b4d5a8d002681addc85b2 P 46548e6745a242d687df692aa0823865: No bootstrap required, opened a new log
I20260709 13:13:21.895766  3519 ts_tablet_manager.cc:1403] T 4d069568f99b4d5a8d002681addc85b2 P 46548e6745a242d687df692aa0823865: Time spent bootstrapping tablet: real 0.175s	user 0.020s	sys 0.000s
I20260709 13:13:21.905890  3838 raft_consensus.cc:493] T ef76e628b9414e8eb1af5ebd907e0241 P 46548e6745a242d687df692aa0823865 [term 0 FOLLOWER]: Starting pre-election (no leader contacted us within the election timeout)
I20260709 13:13:21.921766  3839 raft_consensus.cc:493] T 50b73ef181fb4324b2dcca6629000028 P 70e16b35115c42e9af5edce21130d90c [term 0 FOLLOWER]: Starting pre-election (no leader contacted us within the election timeout)
I20260709 13:13:21.922344  3839 raft_consensus.cc:515] T 50b73ef181fb4324b2dcca6629000028 P 70e16b35115c42e9af5edce21130d90c [term 0 FOLLOWER]: Starting pre-election with config: opid_index: -1 OBSOLETE_local: false peers { permanent_uuid: "46548e6745a242d687df692aa0823865" member_type: VOTER last_known_addr { host: "127.2.43.129" port: 33267 } } peers { permanent_uuid: "4800a163c01248b18bab7a5ab86c03a9" member_type: VOTER last_known_addr { host: "127.2.43.130" port: 40057 } } peers { permanent_uuid: "70e16b35115c42e9af5edce21130d90c" member_type: VOTER last_known_addr { host: "127.2.43.131" port: 34467 } }
I20260709 13:13:21.923899  3713 raft_consensus.cc:493] T 6381990e7ae746699cafcdeade85dcee P 4800a163c01248b18bab7a5ab86c03a9 [term 0 FOLLOWER]: Starting pre-election (no leader contacted us within the election timeout)
I20260709 13:13:21.924571  3713 raft_consensus.cc:515] T 6381990e7ae746699cafcdeade85dcee P 4800a163c01248b18bab7a5ab86c03a9 [term 0 FOLLOWER]: Starting pre-election with config: opid_index: -1 OBSOLETE_local: false peers { permanent_uuid: "46548e6745a242d687df692aa0823865" member_type: VOTER last_known_addr { host: "127.2.43.129" port: 33267 } } peers { permanent_uuid: "4800a163c01248b18bab7a5ab86c03a9" member_type: VOTER last_known_addr { host: "127.2.43.130" port: 40057 } } peers { permanent_uuid: "70e16b35115c42e9af5edce21130d90c" member_type: VOTER last_known_addr { host: "127.2.43.131" port: 34467 } }
I20260709 13:13:21.906502  3838 raft_consensus.cc:515] T ef76e628b9414e8eb1af5ebd907e0241 P 46548e6745a242d687df692aa0823865 [term 0 FOLLOWER]: Starting pre-election with config: opid_index: -1 OBSOLETE_local: false peers { permanent_uuid: "46548e6745a242d687df692aa0823865" member_type: VOTER last_known_addr { host: "127.2.43.129" port: 33267 } } peers { permanent_uuid: "4800a163c01248b18bab7a5ab86c03a9" member_type: VOTER last_known_addr { host: "127.2.43.130" port: 40057 } } peers { permanent_uuid: "70e16b35115c42e9af5edce21130d90c" member_type: VOTER last_known_addr { host: "127.2.43.131" port: 34467 } }
I20260709 13:13:22.012122  3520 raft_consensus.cc:359] T 89c7653386c04988be368249495db8f6 P 4800a163c01248b18bab7a5ab86c03a9 [term 0 FOLLOWER]: Replica starting. Triggering 0 pending ops. Active config: opid_index: -1 OBSOLETE_local: false peers { permanent_uuid: "46548e6745a242d687df692aa0823865" member_type: VOTER last_known_addr { host: "127.2.43.129" port: 33267 } } peers { permanent_uuid: "4800a163c01248b18bab7a5ab86c03a9" member_type: VOTER last_known_addr { host: "127.2.43.130" port: 40057 } } peers { permanent_uuid: "70e16b35115c42e9af5edce21130d90c" member_type: VOTER last_known_addr { host: "127.2.43.131" port: 34467 } }
I20260709 13:13:22.012802  3520 raft_consensus.cc:385] T 89c7653386c04988be368249495db8f6 P 4800a163c01248b18bab7a5ab86c03a9 [term 0 FOLLOWER]: Consensus starting up: Expiring failure detector timer to make a prompt election more likely
I20260709 13:13:22.012928  3838 leader_election.cc:290] T ef76e628b9414e8eb1af5ebd907e0241 P 46548e6745a242d687df692aa0823865 [CANDIDATE]: Term 1 pre-election: Requested pre-vote from peers 4800a163c01248b18bab7a5ab86c03a9 (127.2.43.130:40057), 70e16b35115c42e9af5edce21130d90c (127.2.43.131:34467)
I20260709 13:13:22.013065  3520 raft_consensus.cc:740] T 89c7653386c04988be368249495db8f6 P 4800a163c01248b18bab7a5ab86c03a9 [term 0 FOLLOWER]: Becoming Follower/Learner. State: Replica: 4800a163c01248b18bab7a5ab86c03a9, State: Initialized, Role: FOLLOWER
I20260709 13:13:22.013620  3402 tablet_service.cc:1917] Received RequestConsensusVote() RPC: tablet_id: "ef76e628b9414e8eb1af5ebd907e0241" candidate_uuid: "46548e6745a242d687df692aa0823865" candidate_term: 1 candidate_status { last_received { term: 0 index: 0 } } ignore_live_leader: false dest_uuid: "4800a163c01248b18bab7a5ab86c03a9" is_pre_election: true
I20260709 13:13:22.013777  3520 consensus_queue.cc:260] T 89c7653386c04988be368249495db8f6 P 4800a163c01248b18bab7a5ab86c03a9 [NON_LEADER]: Queue going to NON_LEADER mode. State: All replicated index: 0, Majority replicated index: 0, Committed index: 0, Last appended: 0.0, Last appended by leader: 0, Current term: 0, Majority size: -1, State: 0, Mode: NON_LEADER, active raft config: opid_index: -1 OBSOLETE_local: false peers { permanent_uuid: "46548e6745a242d687df692aa0823865" member_type: VOTER last_known_addr { host: "127.2.43.129" port: 33267 } } peers { permanent_uuid: "4800a163c01248b18bab7a5ab86c03a9" member_type: VOTER last_known_addr { host: "127.2.43.130" port: 40057 } } peers { permanent_uuid: "70e16b35115c42e9af5edce21130d90c" member_type: VOTER last_known_addr { host: "127.2.43.131" port: 34467 } }
I20260709 13:13:22.014014  3519 raft_consensus.cc:359] T 4d069568f99b4d5a8d002681addc85b2 P 46548e6745a242d687df692aa0823865 [term 0 FOLLOWER]: Replica starting. Triggering 0 pending ops. Active config: opid_index: -1 OBSOLETE_local: false peers { permanent_uuid: "46548e6745a242d687df692aa0823865" member_type: VOTER last_known_addr { host: "127.2.43.129" port: 33267 } } peers { permanent_uuid: "4800a163c01248b18bab7a5ab86c03a9" member_type: VOTER last_known_addr { host: "127.2.43.130" port: 40057 } } peers { permanent_uuid: "70e16b35115c42e9af5edce21130d90c" member_type: VOTER last_known_addr { host: "127.2.43.131" port: 34467 } }
I20260709 13:13:22.017468  3519 raft_consensus.cc:385] T 4d069568f99b4d5a8d002681addc85b2 P 46548e6745a242d687df692aa0823865 [term 0 FOLLOWER]: Consensus starting up: Expiring failure detector timer to make a prompt election more likely
I20260709 13:13:22.017866  3519 raft_consensus.cc:740] T 4d069568f99b4d5a8d002681addc85b2 P 46548e6745a242d687df692aa0823865 [term 0 FOLLOWER]: Becoming Follower/Learner. State: Replica: 46548e6745a242d687df692aa0823865, State: Initialized, Role: FOLLOWER
I20260709 13:13:22.018356  3520 ts_tablet_manager.cc:1434] T 89c7653386c04988be368249495db8f6 P 4800a163c01248b18bab7a5ab86c03a9: Time spent starting tablet: real 0.126s	user 0.004s	sys 0.022s
I20260709 13:13:22.014171  3713 leader_election.cc:290] T 6381990e7ae746699cafcdeade85dcee P 4800a163c01248b18bab7a5ab86c03a9 [CANDIDATE]: Term 1 pre-election: Requested pre-vote from peers 46548e6745a242d687df692aa0823865 (127.2.43.129:33267), 70e16b35115c42e9af5edce21130d90c (127.2.43.131:34467)
I20260709 13:13:22.019503  3521 tablet_bootstrap.cc:654] T d7da9c5f01b5475692d5ffe215fc2b86 P 70e16b35115c42e9af5edce21130d90c: Neither blocks nor log segments found. Creating new log.
I20260709 13:13:22.020309  3520 tablet_bootstrap.cc:492] T 4d069568f99b4d5a8d002681addc85b2 P 4800a163c01248b18bab7a5ab86c03a9: Bootstrap starting.
I20260709 13:13:22.015111  3839 leader_election.cc:290] T 50b73ef181fb4324b2dcca6629000028 P 70e16b35115c42e9af5edce21130d90c [CANDIDATE]: Term 1 pre-election: Requested pre-vote from peers 46548e6745a242d687df692aa0823865 (127.2.43.129:33267), 4800a163c01248b18bab7a5ab86c03a9 (127.2.43.130:40057)
I20260709 13:13:22.024911  3472 tablet_service.cc:1917] Received RequestConsensusVote() RPC: tablet_id: "6381990e7ae746699cafcdeade85dcee" candidate_uuid: "4800a163c01248b18bab7a5ab86c03a9" candidate_term: 1 candidate_status { last_received { term: 0 index: 0 } } ignore_live_leader: false dest_uuid: "70e16b35115c42e9af5edce21130d90c" is_pre_election: true
I20260709 13:13:22.016430  3836 raft_consensus.cc:515] T 50b73ef181fb4324b2dcca6629000028 P 46548e6745a242d687df692aa0823865 [term 1 FOLLOWER]: Starting leader election with config: opid_index: -1 OBSOLETE_local: false peers { permanent_uuid: "46548e6745a242d687df692aa0823865" member_type: VOTER last_known_addr { host: "127.2.43.129" port: 33267 } } peers { permanent_uuid: "4800a163c01248b18bab7a5ab86c03a9" member_type: VOTER last_known_addr { host: "127.2.43.130" port: 40057 } } peers { permanent_uuid: "70e16b35115c42e9af5edce21130d90c" member_type: VOTER last_known_addr { host: "127.2.43.131" port: 34467 } }
I20260709 13:13:22.020712  3519 consensus_queue.cc:260] T 4d069568f99b4d5a8d002681addc85b2 P 46548e6745a242d687df692aa0823865 [NON_LEADER]: Queue going to NON_LEADER mode. State: All replicated index: 0, Majority replicated index: 0, Committed index: 0, Last appended: 0.0, Last appended by leader: 0, Current term: 0, Majority size: -1, State: 0, Mode: NON_LEADER, active raft config: opid_index: -1 OBSOLETE_local: false peers { permanent_uuid: "46548e6745a242d687df692aa0823865" member_type: VOTER last_known_addr { host: "127.2.43.129" port: 33267 } } peers { permanent_uuid: "4800a163c01248b18bab7a5ab86c03a9" member_type: VOTER last_known_addr { host: "127.2.43.130" port: 40057 } } peers { permanent_uuid: "70e16b35115c42e9af5edce21130d90c" member_type: VOTER last_known_addr { host: "127.2.43.131" port: 34467 } }
I20260709 13:13:22.027701  3403 tablet_service.cc:1917] Received RequestConsensusVote() RPC: tablet_id: "50b73ef181fb4324b2dcca6629000028" candidate_uuid: "46548e6745a242d687df692aa0823865" candidate_term: 1 candidate_status { last_received { term: 0 index: 0 } } ignore_live_leader: false dest_uuid: "4800a163c01248b18bab7a5ab86c03a9"
I20260709 13:13:22.028280  3403 raft_consensus.cc:3060] T 50b73ef181fb4324b2dcca6629000028 P 4800a163c01248b18bab7a5ab86c03a9 [term 0 FOLLOWER]: Advancing to term 1
I20260709 13:13:22.029111  3519 ts_tablet_manager.cc:1434] T 4d069568f99b4d5a8d002681addc85b2 P 46548e6745a242d687df692aa0823865: Time spent starting tablet: real 0.133s	user 0.012s	sys 0.014s
W20260709 13:13:22.014765  3294 outbound_call.cc:321] RPC callback for RPC call kudu.consensus.ConsensusService.RequestConsensusVote -> {remote=127.2.43.131:34467, user_credentials={real_user=slave}} blocked reactor thread for 131438us
W20260709 13:13:22.029392  3369 leader_election.cc:343] T 6381990e7ae746699cafcdeade85dcee P 4800a163c01248b18bab7a5ab86c03a9 [CANDIDATE]: Term 1 pre-election: Tablet error from VoteRequest() call to peer 70e16b35115c42e9af5edce21130d90c (127.2.43.131:34467): Illegal state: must be running to vote when last-logged opid is not known
I20260709 13:13:22.034879  3403 raft_consensus.cc:2468] T 50b73ef181fb4324b2dcca6629000028 P 4800a163c01248b18bab7a5ab86c03a9 [term 1 FOLLOWER]: Leader election vote request: Granting yes vote for candidate 46548e6745a242d687df692aa0823865 in term 1.
I20260709 13:13:22.036599  3296 leader_election.cc:304] T 50b73ef181fb4324b2dcca6629000028 P 46548e6745a242d687df692aa0823865 [CANDIDATE]: Term 1 election: Election decided. Result: candidate won. Election summary: received 2 responses out of 3 voters: 2 yes votes; 0 no votes. yes voters: 46548e6745a242d687df692aa0823865, 4800a163c01248b18bab7a5ab86c03a9; no voters: 
I20260709 13:13:22.036662  3825 raft_consensus.cc:493] T d889d8d0ccd948d18c171ac13933b9f0 P 4800a163c01248b18bab7a5ab86c03a9 [term 0 FOLLOWER]: Starting pre-election (no leader contacted us within the election timeout)
I20260709 13:13:22.037355  3838 raft_consensus.cc:2804] T 50b73ef181fb4324b2dcca6629000028 P 46548e6745a242d687df692aa0823865 [term 1 FOLLOWER]: Leader election won for term 1
I20260709 13:13:22.037240  3825 raft_consensus.cc:515] T d889d8d0ccd948d18c171ac13933b9f0 P 4800a163c01248b18bab7a5ab86c03a9 [term 0 FOLLOWER]: Starting pre-election with config: opid_index: -1 OBSOLETE_local: false peers { permanent_uuid: "46548e6745a242d687df692aa0823865" member_type: VOTER last_known_addr { host: "127.2.43.129" port: 33267 } } peers { permanent_uuid: "4800a163c01248b18bab7a5ab86c03a9" member_type: VOTER last_known_addr { host: "127.2.43.130" port: 40057 } } peers { permanent_uuid: "70e16b35115c42e9af5edce21130d90c" member_type: VOTER last_known_addr { host: "127.2.43.131" port: 34467 } }
I20260709 13:13:22.037842  3838 raft_consensus.cc:697] T 50b73ef181fb4324b2dcca6629000028 P 46548e6745a242d687df692aa0823865 [term 1 LEADER]: Becoming Leader. State: Replica: 46548e6745a242d687df692aa0823865, State: Running, Role: LEADER
I20260709 13:13:22.038465  3322 tablet_service.cc:1917] Received RequestConsensusVote() RPC: tablet_id: "9aadf47c0e2c4eb1b066357e7f03d43c" candidate_uuid: "70e16b35115c42e9af5edce21130d90c" candidate_term: 1 candidate_status { last_received { term: 0 index: 0 } } ignore_live_leader: false dest_uuid: "46548e6745a242d687df692aa0823865" is_pre_election: true
I20260709 13:13:22.038887  3838 consensus_queue.cc:237] T 50b73ef181fb4324b2dcca6629000028 P 46548e6745a242d687df692aa0823865 [LEADER]: Queue going to LEADER mode. State: All replicated index: 0, Majority replicated index: 0, Committed index: 0, Last appended: 0.0, Last appended by leader: 0, Current term: 1, Majority size: 2, State: 0, Mode: LEADER, active raft config: opid_index: -1 OBSOLETE_local: false peers { permanent_uuid: "46548e6745a242d687df692aa0823865" member_type: VOTER last_known_addr { host: "127.2.43.129" port: 33267 } } peers { permanent_uuid: "4800a163c01248b18bab7a5ab86c03a9" member_type: VOTER last_known_addr { host: "127.2.43.130" port: 40057 } } peers { permanent_uuid: "70e16b35115c42e9af5edce21130d90c" member_type: VOTER last_known_addr { host: "127.2.43.131" port: 34467 } }
I20260709 13:13:22.014344  3402 raft_consensus.cc:2468] T ef76e628b9414e8eb1af5ebd907e0241 P 4800a163c01248b18bab7a5ab86c03a9 [term 0 FOLLOWER]: Leader pre-election vote request: Granting yes vote for candidate 46548e6745a242d687df692aa0823865 in term 0.
I20260709 13:13:22.027341  3520 tablet_bootstrap.cc:654] T 4d069568f99b4d5a8d002681addc85b2 P 4800a163c01248b18bab7a5ab86c03a9: Neither blocks nor log segments found. Creating new log.
I20260709 13:13:22.030220  3836 leader_election.cc:290] T 50b73ef181fb4324b2dcca6629000028 P 46548e6745a242d687df692aa0823865 [CANDIDATE]: Term 1 election: Requested vote from peers 4800a163c01248b18bab7a5ab86c03a9 (127.2.43.130:40057), 70e16b35115c42e9af5edce21130d90c (127.2.43.131:34467)
I20260709 13:13:22.042182  3296 leader_election.cc:304] T ef76e628b9414e8eb1af5ebd907e0241 P 46548e6745a242d687df692aa0823865 [CANDIDATE]: Term 1 pre-election: Election decided. Result: candidate won. Election summary: received 2 responses out of 3 voters: 2 yes votes; 0 no votes. yes voters: 46548e6745a242d687df692aa0823865, 4800a163c01248b18bab7a5ab86c03a9; no voters: 
I20260709 13:13:22.043612  3519 tablet_bootstrap.cc:492] T f90983157b2d451bbd7077c89adf08cf P 46548e6745a242d687df692aa0823865: Bootstrap starting.
I20260709 13:13:22.046080  3401 tablet_service.cc:1917] Received RequestConsensusVote() RPC: tablet_id: "50b73ef181fb4324b2dcca6629000028" candidate_uuid: "70e16b35115c42e9af5edce21130d90c" candidate_term: 1 candidate_status { last_received { term: 0 index: 0 } } ignore_live_leader: false dest_uuid: "4800a163c01248b18bab7a5ab86c03a9" is_pre_election: true
I20260709 13:13:22.047292  3836 raft_consensus.cc:2804] T ef76e628b9414e8eb1af5ebd907e0241 P 46548e6745a242d687df692aa0823865 [term 0 FOLLOWER]: Leader pre-election won for term 1
I20260709 13:13:22.047999  3329 tablet_service.cc:1917] Received RequestConsensusVote() RPC: tablet_id: "4d069568f99b4d5a8d002681addc85b2" candidate_uuid: "70e16b35115c42e9af5edce21130d90c" candidate_term: 1 candidate_status { last_received { term: 0 index: 0 } } ignore_live_leader: false dest_uuid: "46548e6745a242d687df692aa0823865" is_pre_election: true
I20260709 13:13:22.052548  3401 raft_consensus.cc:2393] T 50b73ef181fb4324b2dcca6629000028 P 4800a163c01248b18bab7a5ab86c03a9 [term 1 FOLLOWER]: Leader pre-election vote request: Denying vote to candidate 70e16b35115c42e9af5edce21130d90c in current term 1: Already voted for candidate 46548e6745a242d687df692aa0823865 in this term.
I20260709 13:13:22.052639  3329 raft_consensus.cc:2468] T 4d069568f99b4d5a8d002681addc85b2 P 46548e6745a242d687df692aa0823865 [term 0 FOLLOWER]: Leader pre-election vote request: Granting yes vote for candidate 70e16b35115c42e9af5edce21130d90c in term 0.
I20260709 13:13:22.054062  3836 raft_consensus.cc:493] T ef76e628b9414e8eb1af5ebd907e0241 P 46548e6745a242d687df692aa0823865 [term 0 FOLLOWER]: Starting leader election (no leader contacted us within the election timeout)
I20260709 13:13:22.054610  3836 raft_consensus.cc:3060] T ef76e628b9414e8eb1af5ebd907e0241 P 46548e6745a242d687df692aa0823865 [term 0 FOLLOWER]: Advancing to term 1
I20260709 13:13:22.057845  3520 tablet_bootstrap.cc:492] T 4d069568f99b4d5a8d002681addc85b2 P 4800a163c01248b18bab7a5ab86c03a9: No bootstrap required, opened a new log
I20260709 13:13:22.058243  3520 ts_tablet_manager.cc:1403] T 4d069568f99b4d5a8d002681addc85b2 P 4800a163c01248b18bab7a5ab86c03a9: Time spent bootstrapping tablet: real 0.038s	user 0.009s	sys 0.005s
I20260709 13:13:22.050719  3324 tablet_service.cc:1917] Received RequestConsensusVote() RPC: tablet_id: "50b73ef181fb4324b2dcca6629000028" candidate_uuid: "70e16b35115c42e9af5edce21130d90c" candidate_term: 1 candidate_status { last_received { term: 0 index: 0 } } ignore_live_leader: false dest_uuid: "46548e6745a242d687df692aa0823865" is_pre_election: true
I20260709 13:13:22.065542  3472 tablet_service.cc:1917] Received RequestConsensusVote() RPC: tablet_id: "d889d8d0ccd948d18c171ac13933b9f0" candidate_uuid: "4800a163c01248b18bab7a5ab86c03a9" candidate_term: 1 candidate_status { last_received { term: 0 index: 0 } } ignore_live_leader: false dest_uuid: "70e16b35115c42e9af5edce21130d90c" is_pre_election: true
W20260709 13:13:22.066812  3369 leader_election.cc:343] T d889d8d0ccd948d18c171ac13933b9f0 P 4800a163c01248b18bab7a5ab86c03a9 [CANDIDATE]: Term 1 pre-election: Tablet error from VoteRequest() call to peer 70e16b35115c42e9af5edce21130d90c (127.2.43.131:34467): Illegal state: must be running to vote when last-logged opid is not known
I20260709 13:13:22.067245  3825 leader_election.cc:290] T d889d8d0ccd948d18c171ac13933b9f0 P 4800a163c01248b18bab7a5ab86c03a9 [CANDIDATE]: Term 1 pre-election: Requested pre-vote from peers 46548e6745a242d687df692aa0823865 (127.2.43.129:33267), 70e16b35115c42e9af5edce21130d90c (127.2.43.131:34467)
I20260709 13:13:22.073932  3525 raft_consensus.cc:493] T d6670e7a9cde4c4e981d7a91c93aafe2 P 46548e6745a242d687df692aa0823865 [term 0 FOLLOWER]: Starting pre-election (no leader contacted us within the election timeout)
I20260709 13:13:22.073298  3520 raft_consensus.cc:359] T 4d069568f99b4d5a8d002681addc85b2 P 4800a163c01248b18bab7a5ab86c03a9 [term 0 FOLLOWER]: Replica starting. Triggering 0 pending ops. Active config: opid_index: -1 OBSOLETE_local: false peers { permanent_uuid: "46548e6745a242d687df692aa0823865" member_type: VOTER last_known_addr { host: "127.2.43.129" port: 33267 } } peers { permanent_uuid: "4800a163c01248b18bab7a5ab86c03a9" member_type: VOTER last_known_addr { host: "127.2.43.130" port: 40057 } } peers { permanent_uuid: "70e16b35115c42e9af5edce21130d90c" member_type: VOTER last_known_addr { host: "127.2.43.131" port: 34467 } }
