I20260709 13:13:16.461519  3392 tablet_service.cc:1511] Processing CreateTablet for tablet 89c7653386c04988be368249495db8f6 (DEFAULT_TABLE table=test-workload [id=44553fdedfa84831b2f5f8466c5484f3]), partition=RANGE (key) PARTITION 2111085566 <= VALUES
I20260709 13:13:16.461954  3386 data_dirs.cc:400] Could only allocate 1 dirs of requested 3 for tablet 6d2b09b22da4428ab258110541266e7f. 1 dirs total, 0 dirs full, 0 dirs failed
I20260709 13:13:16.461812  3462 tablet_service.cc:1511] Processing CreateTablet for tablet 6d2b09b22da4428ab258110541266e7f (DEFAULT_TABLE table=test-workload [id=44553fdedfa84831b2f5f8466c5484f3]), partition=RANGE (key) PARTITION 2038289512 <= VALUES < 2074687539
I20260709 13:13:16.462680  3392 data_dirs.cc:400] Could only allocate 1 dirs of requested 3 for tablet 89c7653386c04988be368249495db8f6. 1 dirs total, 0 dirs full, 0 dirs failed
I20260709 13:13:16.459000  3521 raft_consensus.cc:740] T 41ed7732c6d44c73979f5024f90cc231 P 70e16b35115c42e9af5edce21130d90c [term 0 FOLLOWER]: Becoming Follower/Learner. State: Replica: 70e16b35115c42e9af5edce21130d90c, State: Initialized, Role: FOLLOWER
I20260709 13:13:16.463562  3521 consensus_queue.cc:260] T 41ed7732c6d44c73979f5024f90cc231 P 70e16b35115c42e9af5edce21130d90c [NON_LEADER]: Queue going to NON_LEADER mode. State: All replicated index: 0, Majority replicated index: 0, Committed index: 0, Last appended: 0.0, Last appended by leader: 0, Current term: 0, Majority size: -1, State: 0, Mode: NON_LEADER, active raft config: opid_index: -1 OBSOLETE_local: false peers { permanent_uuid: "46548e6745a242d687df692aa0823865" member_type: VOTER last_known_addr { host: "127.2.43.129" port: 33267 } } peers { permanent_uuid: "4800a163c01248b18bab7a5ab86c03a9" member_type: VOTER last_known_addr { host: "127.2.43.130" port: 40057 } } peers { permanent_uuid: "70e16b35115c42e9af5edce21130d90c" member_type: VOTER last_known_addr { host: "127.2.43.131" port: 34467 } }
I20260709 13:13:16.465035  3316 tablet_service.cc:1511] Processing CreateTablet for tablet 6d2b09b22da4428ab258110541266e7f (DEFAULT_TABLE table=test-workload [id=44553fdedfa84831b2f5f8466c5484f3]), partition=RANGE (key) PARTITION 2038289512 <= VALUES < 2074687539
I20260709 13:13:16.463037  3462 data_dirs.cc:400] Could only allocate 1 dirs of requested 3 for tablet 6d2b09b22da4428ab258110541266e7f. 1 dirs total, 0 dirs full, 0 dirs failed
I20260709 13:13:16.469713  3521 ts_tablet_manager.cc:1434] T 41ed7732c6d44c73979f5024f90cc231 P 70e16b35115c42e9af5edce21130d90c: Time spent starting tablet: real 0.014s	user 0.006s	sys 0.000s
I20260709 13:13:16.470638  3521 tablet_bootstrap.cc:492] T b9b7075c421243aba1b4e3431f644fea P 70e16b35115c42e9af5edce21130d90c: Bootstrap starting.
I20260709 13:13:16.476017  3521 tablet_bootstrap.cc:654] T b9b7075c421243aba1b4e3431f644fea P 70e16b35115c42e9af5edce21130d90c: Neither blocks nor log segments found. Creating new log.
I20260709 13:13:16.452292  3520 tablet_bootstrap.cc:654] T 0523a7d85b274ada964be540609c88db P 4800a163c01248b18bab7a5ab86c03a9: Neither blocks nor log segments found. Creating new log.
I20260709 13:13:16.483474  3317 tablet_service.cc:1511] Processing CreateTablet for tablet eb60930a5d28435795dcc8cfd79b936d (DEFAULT_TABLE table=test-workload [id=44553fdedfa84831b2f5f8466c5484f3]), partition=RANGE (key) PARTITION 2074687539 <= VALUES < 2111085566
I20260709 13:13:16.452651  3468 tablet_service.cc:1511] Processing CreateTablet for tablet fec57e634f6c404085207b4da62cd7dc (DEFAULT_TABLE table=test-workload [id=44553fdedfa84831b2f5f8466c5484f3]), partition=RANGE (key) PARTITION 1965493458 <= VALUES < 2001891485
I20260709 13:13:16.454504  3465 tablet_service.cc:1511] Processing CreateTablet for tablet f90983157b2d451bbd7077c89adf08cf (DEFAULT_TABLE table=test-workload [id=44553fdedfa84831b2f5f8466c5484f3]), partition=RANGE (key) PARTITION 2001891485 <= VALUES < 2038289512
I20260709 13:13:16.485759  3465 data_dirs.cc:400] Could only allocate 1 dirs of requested 3 for tablet f90983157b2d451bbd7077c89adf08cf. 1 dirs total, 0 dirs full, 0 dirs failed
I20260709 13:13:16.485875  3469 tablet_service.cc:1511] Processing CreateTablet for tablet eb60930a5d28435795dcc8cfd79b936d (DEFAULT_TABLE table=test-workload [id=44553fdedfa84831b2f5f8466c5484f3]), partition=RANGE (key) PARTITION 2074687539 <= VALUES < 2111085566
I20260709 13:13:16.487021  3469 data_dirs.cc:400] Could only allocate 1 dirs of requested 3 for tablet eb60930a5d28435795dcc8cfd79b936d. 1 dirs total, 0 dirs full, 0 dirs failed
I20260709 13:13:16.488927  3468 data_dirs.cc:400] Could only allocate 1 dirs of requested 3 for tablet fec57e634f6c404085207b4da62cd7dc. 1 dirs total, 0 dirs full, 0 dirs failed
I20260709 13:13:16.495668  3312 tablet_service.cc:1511] Processing CreateTablet for tablet 89c7653386c04988be368249495db8f6 (DEFAULT_TABLE table=test-workload [id=44553fdedfa84831b2f5f8466c5484f3]), partition=RANGE (key) PARTITION 2111085566 <= VALUES
I20260709 13:13:16.497865  3461 tablet_service.cc:1511] Processing CreateTablet for tablet 89c7653386c04988be368249495db8f6 (DEFAULT_TABLE table=test-workload [id=44553fdedfa84831b2f5f8466c5484f3]), partition=RANGE (key) PARTITION 2111085566 <= VALUES
I20260709 13:13:16.498948  3461 data_dirs.cc:400] Could only allocate 1 dirs of requested 3 for tablet 89c7653386c04988be368249495db8f6. 1 dirs total, 0 dirs full, 0 dirs failed
I20260709 13:13:16.505770  3521 tablet_bootstrap.cc:492] T b9b7075c421243aba1b4e3431f644fea P 70e16b35115c42e9af5edce21130d90c: No bootstrap required, opened a new log
I20260709 13:13:16.506233  3521 ts_tablet_manager.cc:1403] T b9b7075c421243aba1b4e3431f644fea P 70e16b35115c42e9af5edce21130d90c: Time spent bootstrapping tablet: real 0.036s	user 0.004s	sys 0.004s
I20260709 13:13:16.508812  3521 raft_consensus.cc:359] T b9b7075c421243aba1b4e3431f644fea P 70e16b35115c42e9af5edce21130d90c [term 0 FOLLOWER]: Replica starting. Triggering 0 pending ops. Active config: opid_index: -1 OBSOLETE_local: false peers { permanent_uuid: "4800a163c01248b18bab7a5ab86c03a9" member_type: VOTER last_known_addr { host: "127.2.43.130" port: 40057 } } peers { permanent_uuid: "70e16b35115c42e9af5edce21130d90c" member_type: VOTER last_known_addr { host: "127.2.43.131" port: 34467 } } peers { permanent_uuid: "46548e6745a242d687df692aa0823865" member_type: VOTER last_known_addr { host: "127.2.43.129" port: 33267 } }
I20260709 13:13:16.509490  3521 raft_consensus.cc:385] T b9b7075c421243aba1b4e3431f644fea P 70e16b35115c42e9af5edce21130d90c [term 0 FOLLOWER]: Consensus starting up: Expiring failure detector timer to make a prompt election more likely
I20260709 13:13:16.509758  3521 raft_consensus.cc:740] T b9b7075c421243aba1b4e3431f644fea P 70e16b35115c42e9af5edce21130d90c [term 0 FOLLOWER]: Becoming Follower/Learner. State: Replica: 70e16b35115c42e9af5edce21130d90c, State: Initialized, Role: FOLLOWER
I20260709 13:13:16.510396  3521 consensus_queue.cc:260] T b9b7075c421243aba1b4e3431f644fea P 70e16b35115c42e9af5edce21130d90c [NON_LEADER]: Queue going to NON_LEADER mode. State: All replicated index: 0, Majority replicated index: 0, Committed index: 0, Last appended: 0.0, Last appended by leader: 0, Current term: 0, Majority size: -1, State: 0, Mode: NON_LEADER, active raft config: opid_index: -1 OBSOLETE_local: false peers { permanent_uuid: "4800a163c01248b18bab7a5ab86c03a9" member_type: VOTER last_known_addr { host: "127.2.43.130" port: 40057 } } peers { permanent_uuid: "70e16b35115c42e9af5edce21130d90c" member_type: VOTER last_known_addr { host: "127.2.43.131" port: 34467 } } peers { permanent_uuid: "46548e6745a242d687df692aa0823865" member_type: VOTER last_known_addr { host: "127.2.43.129" port: 33267 } }
I20260709 13:13:16.512799  3521 ts_tablet_manager.cc:1434] T b9b7075c421243aba1b4e3431f644fea P 70e16b35115c42e9af5edce21130d90c: Time spent starting tablet: real 0.006s	user 0.007s	sys 0.000s
I20260709 13:13:16.513638  3521 tablet_bootstrap.cc:492] T d597f6dd0a6446449b7590007140074c P 70e16b35115c42e9af5edce21130d90c: Bootstrap starting.
I20260709 13:13:16.516759  3519 tablet_bootstrap.cc:492] T e1d342ec206a4aaf855fc3acef143d57 P 46548e6745a242d687df692aa0823865: Bootstrap starting.
I20260709 13:13:16.520215  3317 data_dirs.cc:400] Could only allocate 1 dirs of requested 3 for tablet eb60930a5d28435795dcc8cfd79b936d. 1 dirs total, 0 dirs full, 0 dirs failed
I20260709 13:13:16.520335  3521 tablet_bootstrap.cc:654] T d597f6dd0a6446449b7590007140074c P 70e16b35115c42e9af5edce21130d90c: Neither blocks nor log segments found. Creating new log.
I20260709 13:13:16.522503  3316 data_dirs.cc:400] Could only allocate 1 dirs of requested 3 for tablet 6d2b09b22da4428ab258110541266e7f. 1 dirs total, 0 dirs full, 0 dirs failed
I20260709 13:13:16.524979  3520 tablet_bootstrap.cc:492] T 0523a7d85b274ada964be540609c88db P 4800a163c01248b18bab7a5ab86c03a9: No bootstrap required, opened a new log
I20260709 13:13:16.525424  3520 ts_tablet_manager.cc:1403] T 0523a7d85b274ada964be540609c88db P 4800a163c01248b18bab7a5ab86c03a9: Time spent bootstrapping tablet: real 0.151s	user 0.010s	sys 0.000s
I20260709 13:13:16.528012  3520 raft_consensus.cc:359] T 0523a7d85b274ada964be540609c88db P 4800a163c01248b18bab7a5ab86c03a9 [term 0 FOLLOWER]: Replica starting. Triggering 0 pending ops. Active config: opid_index: -1 OBSOLETE_local: false peers { permanent_uuid: "46548e6745a242d687df692aa0823865" member_type: VOTER last_known_addr { host: "127.2.43.129" port: 33267 } } peers { permanent_uuid: "4800a163c01248b18bab7a5ab86c03a9" member_type: VOTER last_known_addr { host: "127.2.43.130" port: 40057 } } peers { permanent_uuid: "70e16b35115c42e9af5edce21130d90c" member_type: VOTER last_known_addr { host: "127.2.43.131" port: 34467 } }
I20260709 13:13:16.528657  3520 raft_consensus.cc:385] T 0523a7d85b274ada964be540609c88db P 4800a163c01248b18bab7a5ab86c03a9 [term 0 FOLLOWER]: Consensus starting up: Expiring failure detector timer to make a prompt election more likely
I20260709 13:13:16.528935  3520 raft_consensus.cc:740] T 0523a7d85b274ada964be540609c88db P 4800a163c01248b18bab7a5ab86c03a9 [term 0 FOLLOWER]: Becoming Follower/Learner. State: Replica: 4800a163c01248b18bab7a5ab86c03a9, State: Initialized, Role: FOLLOWER
I20260709 13:13:16.529147  3312 data_dirs.cc:400] Could only allocate 1 dirs of requested 3 for tablet 89c7653386c04988be368249495db8f6. 1 dirs total, 0 dirs full, 0 dirs failed
I20260709 13:13:16.529693  3520 consensus_queue.cc:260] T 0523a7d85b274ada964be540609c88db P 4800a163c01248b18bab7a5ab86c03a9 [NON_LEADER]: Queue going to NON_LEADER mode. State: All replicated index: 0, Majority replicated index: 0, Committed index: 0, Last appended: 0.0, Last appended by leader: 0, Current term: 0, Majority size: -1, State: 0, Mode: NON_LEADER, active raft config: opid_index: -1 OBSOLETE_local: false peers { permanent_uuid: "46548e6745a242d687df692aa0823865" member_type: VOTER last_known_addr { host: "127.2.43.129" port: 33267 } } peers { permanent_uuid: "4800a163c01248b18bab7a5ab86c03a9" member_type: VOTER last_known_addr { host: "127.2.43.130" port: 40057 } } peers { permanent_uuid: "70e16b35115c42e9af5edce21130d90c" member_type: VOTER last_known_addr { host: "127.2.43.131" port: 34467 } }
I20260709 13:13:16.531828  3228 catalog_manager.cc:5697] T 1fb5062fbad04c0cb423ac6593b0bf04 P 46548e6745a242d687df692aa0823865 reported cstate change: term changed from 0 to 1, leader changed from <none> to 46548e6745a242d687df692aa0823865 (127.2.43.129). New cstate: current_term: 1 leader_uuid: "46548e6745a242d687df692aa0823865" committed_config { opid_index: -1 OBSOLETE_local: false peers { permanent_uuid: "46548e6745a242d687df692aa0823865" member_type: VOTER last_known_addr { host: "127.2.43.129" port: 33267 } health_report { overall_health: HEALTHY } } peers { permanent_uuid: "4800a163c01248b18bab7a5ab86c03a9" member_type: VOTER last_known_addr { host: "127.2.43.130" port: 40057 } health_report { overall_health: UNKNOWN } } peers { permanent_uuid: "70e16b35115c42e9af5edce21130d90c" member_type: VOTER last_known_addr { host: "127.2.43.131" port: 34467 } health_report { overall_health: UNKNOWN } } }
I20260709 13:13:16.540160  3519 tablet_bootstrap.cc:654] T e1d342ec206a4aaf855fc3acef143d57 P 46548e6745a242d687df692aa0823865: Neither blocks nor log segments found. Creating new log.
I20260709 13:13:16.552313  3520 ts_tablet_manager.cc:1434] T 0523a7d85b274ada964be540609c88db P 4800a163c01248b18bab7a5ab86c03a9: Time spent starting tablet: real 0.027s	user 0.006s	sys 0.002s
I20260709 13:13:16.557554  3520 tablet_bootstrap.cc:492] T 1fb5062fbad04c0cb423ac6593b0bf04 P 4800a163c01248b18bab7a5ab86c03a9: Bootstrap starting.
I20260709 13:13:16.565085  3520 tablet_bootstrap.cc:654] T 1fb5062fbad04c0cb423ac6593b0bf04 P 4800a163c01248b18bab7a5ab86c03a9: Neither blocks nor log segments found. Creating new log.
I20260709 13:13:16.565904  3521 tablet_bootstrap.cc:492] T d597f6dd0a6446449b7590007140074c P 70e16b35115c42e9af5edce21130d90c: No bootstrap required, opened a new log
I20260709 13:13:16.566226  3521 ts_tablet_manager.cc:1403] T d597f6dd0a6446449b7590007140074c P 70e16b35115c42e9af5edce21130d90c: Time spent bootstrapping tablet: real 0.053s	user 0.015s	sys 0.035s
I20260709 13:13:16.568465  3521 raft_consensus.cc:359] T d597f6dd0a6446449b7590007140074c P 70e16b35115c42e9af5edce21130d90c [term 0 FOLLOWER]: Replica starting. Triggering 0 pending ops. Active config: opid_index: -1 OBSOLETE_local: false peers { permanent_uuid: "46548e6745a242d687df692aa0823865" member_type: VOTER last_known_addr { host: "127.2.43.129" port: 33267 } } peers { permanent_uuid: "4800a163c01248b18bab7a5ab86c03a9" member_type: VOTER last_known_addr { host: "127.2.43.130" port: 40057 } } peers { permanent_uuid: "70e16b35115c42e9af5edce21130d90c" member_type: VOTER last_known_addr { host: "127.2.43.131" port: 34467 } }
I20260709 13:13:16.569176  3521 raft_consensus.cc:385] T d597f6dd0a6446449b7590007140074c P 70e16b35115c42e9af5edce21130d90c [term 0 FOLLOWER]: Consensus starting up: Expiring failure detector timer to make a prompt election more likely
I20260709 13:13:16.569487  3521 raft_consensus.cc:740] T d597f6dd0a6446449b7590007140074c P 70e16b35115c42e9af5edce21130d90c [term 0 FOLLOWER]: Becoming Follower/Learner. State: Replica: 70e16b35115c42e9af5edce21130d90c, State: Initialized, Role: FOLLOWER
I20260709 13:13:16.570212  3521 consensus_queue.cc:260] T d597f6dd0a6446449b7590007140074c P 70e16b35115c42e9af5edce21130d90c [NON_LEADER]: Queue going to NON_LEADER mode. State: All replicated index: 0, Majority replicated index: 0, Committed index: 0, Last appended: 0.0, Last appended by leader: 0, Current term: 0, Majority size: -1, State: 0, Mode: NON_LEADER, active raft config: opid_index: -1 OBSOLETE_local: false peers { permanent_uuid: "46548e6745a242d687df692aa0823865" member_type: VOTER last_known_addr { host: "127.2.43.129" port: 33267 } } peers { permanent_uuid: "4800a163c01248b18bab7a5ab86c03a9" member_type: VOTER last_known_addr { host: "127.2.43.130" port: 40057 } } peers { permanent_uuid: "70e16b35115c42e9af5edce21130d90c" member_type: VOTER last_known_addr { host: "127.2.43.131" port: 34467 } }
I20260709 13:13:16.571919  3520 tablet_bootstrap.cc:492] T 1fb5062fbad04c0cb423ac6593b0bf04 P 4800a163c01248b18bab7a5ab86c03a9: No bootstrap required, opened a new log
I20260709 13:13:16.572063  3521 ts_tablet_manager.cc:1434] T d597f6dd0a6446449b7590007140074c P 70e16b35115c42e9af5edce21130d90c: Time spent starting tablet: real 0.006s	user 0.003s	sys 0.003s
I20260709 13:13:16.572321  3520 ts_tablet_manager.cc:1403] T 1fb5062fbad04c0cb423ac6593b0bf04 P 4800a163c01248b18bab7a5ab86c03a9: Time spent bootstrapping tablet: real 0.015s	user 0.009s	sys 0.001s
I20260709 13:13:16.576324  3521 tablet_bootstrap.cc:492] T 28e516c272c84ed3b5be0aa6750d7f51 P 70e16b35115c42e9af5edce21130d90c: Bootstrap starting.
I20260709 13:13:16.576628  3519 tablet_bootstrap.cc:492] T e1d342ec206a4aaf855fc3acef143d57 P 46548e6745a242d687df692aa0823865: No bootstrap required, opened a new log
I20260709 13:13:16.576349  3520 raft_consensus.cc:359] T 1fb5062fbad04c0cb423ac6593b0bf04 P 4800a163c01248b18bab7a5ab86c03a9 [term 0 FOLLOWER]: Replica starting. Triggering 0 pending ops. Active config: opid_index: -1 OBSOLETE_local: false peers { permanent_uuid: "46548e6745a242d687df692aa0823865" member_type: VOTER last_known_addr { host: "127.2.43.129" port: 33267 } } peers { permanent_uuid: "4800a163c01248b18bab7a5ab86c03a9" member_type: VOTER last_known_addr { host: "127.2.43.130" port: 40057 } } peers { permanent_uuid: "70e16b35115c42e9af5edce21130d90c" member_type: VOTER last_known_addr { host: "127.2.43.131" port: 34467 } }
I20260709 13:13:16.577145  3519 ts_tablet_manager.cc:1403] T e1d342ec206a4aaf855fc3acef143d57 P 46548e6745a242d687df692aa0823865: Time spent bootstrapping tablet: real 0.061s	user 0.010s	sys 0.004s
I20260709 13:13:16.577399  3520 raft_consensus.cc:385] T 1fb5062fbad04c0cb423ac6593b0bf04 P 4800a163c01248b18bab7a5ab86c03a9 [term 0 FOLLOWER]: Consensus starting up: Expiring failure detector timer to make a prompt election more likely
I20260709 13:13:16.577828  3520 raft_consensus.cc:740] T 1fb5062fbad04c0cb423ac6593b0bf04 P 4800a163c01248b18bab7a5ab86c03a9 [term 0 FOLLOWER]: Becoming Follower/Learner. State: Replica: 4800a163c01248b18bab7a5ab86c03a9, State: Initialized, Role: FOLLOWER
I20260709 13:13:16.578792  3520 consensus_queue.cc:260] T 1fb5062fbad04c0cb423ac6593b0bf04 P 4800a163c01248b18bab7a5ab86c03a9 [NON_LEADER]: Queue going to NON_LEADER mode. State: All replicated index: 0, Majority replicated index: 0, Committed index: 0, Last appended: 0.0, Last appended by leader: 0, Current term: 0, Majority size: -1, State: 0, Mode: NON_LEADER, active raft config: opid_index: -1 OBSOLETE_local: false peers { permanent_uuid: "46548e6745a242d687df692aa0823865" member_type: VOTER last_known_addr { host: "127.2.43.129" port: 33267 } } peers { permanent_uuid: "4800a163c01248b18bab7a5ab86c03a9" member_type: VOTER last_known_addr { host: "127.2.43.130" port: 40057 } } peers { permanent_uuid: "70e16b35115c42e9af5edce21130d90c" member_type: VOTER last_known_addr { host: "127.2.43.131" port: 34467 } }
I20260709 13:13:16.580006  3519 raft_consensus.cc:359] T e1d342ec206a4aaf855fc3acef143d57 P 46548e6745a242d687df692aa0823865 [term 0 FOLLOWER]: Replica starting. Triggering 0 pending ops. Active config: opid_index: -1 OBSOLETE_local: false peers { permanent_uuid: "46548e6745a242d687df692aa0823865" member_type: VOTER last_known_addr { host: "127.2.43.129" port: 33267 } } peers { permanent_uuid: "4800a163c01248b18bab7a5ab86c03a9" member_type: VOTER last_known_addr { host: "127.2.43.130" port: 40057 } } peers { permanent_uuid: "70e16b35115c42e9af5edce21130d90c" member_type: VOTER last_known_addr { host: "127.2.43.131" port: 34467 } }
I20260709 13:13:16.580693  3519 raft_consensus.cc:385] T e1d342ec206a4aaf855fc3acef143d57 P 46548e6745a242d687df692aa0823865 [term 0 FOLLOWER]: Consensus starting up: Expiring failure detector timer to make a prompt election more likely
I20260709 13:13:16.581017  3519 raft_consensus.cc:740] T e1d342ec206a4aaf855fc3acef143d57 P 46548e6745a242d687df692aa0823865 [term 0 FOLLOWER]: Becoming Follower/Learner. State: Replica: 46548e6745a242d687df692aa0823865, State: Initialized, Role: FOLLOWER
I20260709 13:13:16.582104  3519 consensus_queue.cc:260] T e1d342ec206a4aaf855fc3acef143d57 P 46548e6745a242d687df692aa0823865 [NON_LEADER]: Queue going to NON_LEADER mode. State: All replicated index: 0, Majority replicated index: 0, Committed index: 0, Last appended: 0.0, Last appended by leader: 0, Current term: 0, Majority size: -1, State: 0, Mode: NON_LEADER, active raft config: opid_index: -1 OBSOLETE_local: false peers { permanent_uuid: "46548e6745a242d687df692aa0823865" member_type: VOTER last_known_addr { host: "127.2.43.129" port: 33267 } } peers { permanent_uuid: "4800a163c01248b18bab7a5ab86c03a9" member_type: VOTER last_known_addr { host: "127.2.43.130" port: 40057 } } peers { permanent_uuid: "70e16b35115c42e9af5edce21130d90c" member_type: VOTER last_known_addr { host: "127.2.43.131" port: 34467 } }
I20260709 13:13:16.583416  3521 tablet_bootstrap.cc:654] T 28e516c272c84ed3b5be0aa6750d7f51 P 70e16b35115c42e9af5edce21130d90c: Neither blocks nor log segments found. Creating new log.
I20260709 13:13:16.584187  3519 ts_tablet_manager.cc:1434] T e1d342ec206a4aaf855fc3acef143d57 P 46548e6745a242d687df692aa0823865: Time spent starting tablet: real 0.007s	user 0.005s	sys 0.000s
I20260709 13:13:16.585139  3519 tablet_bootstrap.cc:492] T 12b0c63f1b964c729a99cef74525a722 P 46548e6745a242d687df692aa0823865: Bootstrap starting.
I20260709 13:13:16.586366  3520 ts_tablet_manager.cc:1434] T 1fb5062fbad04c0cb423ac6593b0bf04 P 4800a163c01248b18bab7a5ab86c03a9: Time spent starting tablet: real 0.014s	user 0.007s	sys 0.000s
I20260709 13:13:16.587182  3520 tablet_bootstrap.cc:492] T 41ed7732c6d44c73979f5024f90cc231 P 4800a163c01248b18bab7a5ab86c03a9: Bootstrap starting.
I20260709 13:13:16.592512  3519 tablet_bootstrap.cc:654] T 12b0c63f1b964c729a99cef74525a722 P 46548e6745a242d687df692aa0823865: Neither blocks nor log segments found. Creating new log.
I20260709 13:13:16.594657  3521 tablet_bootstrap.cc:492] T 28e516c272c84ed3b5be0aa6750d7f51 P 70e16b35115c42e9af5edce21130d90c: No bootstrap required, opened a new log
I20260709 13:13:16.595176  3521 ts_tablet_manager.cc:1403] T 28e516c272c84ed3b5be0aa6750d7f51 P 70e16b35115c42e9af5edce21130d90c: Time spent bootstrapping tablet: real 0.019s	user 0.008s	sys 0.009s
I20260709 13:13:16.597162  3520 tablet_bootstrap.cc:654] T 41ed7732c6d44c73979f5024f90cc231 P 4800a163c01248b18bab7a5ab86c03a9: Neither blocks nor log segments found. Creating new log.
I20260709 13:13:16.598519  3521 raft_consensus.cc:359] T 28e516c272c84ed3b5be0aa6750d7f51 P 70e16b35115c42e9af5edce21130d90c [term 0 FOLLOWER]: Replica starting. Triggering 0 pending ops. Active config: opid_index: -1 OBSOLETE_local: false peers { permanent_uuid: "46548e6745a242d687df692aa0823865" member_type: VOTER last_known_addr { host: "127.2.43.129" port: 33267 } } peers { permanent_uuid: "4800a163c01248b18bab7a5ab86c03a9" member_type: VOTER last_known_addr { host: "127.2.43.130" port: 40057 } } peers { permanent_uuid: "70e16b35115c42e9af5edce21130d90c" member_type: VOTER last_known_addr { host: "127.2.43.131" port: 34467 } }
I20260709 13:13:16.599380  3521 raft_consensus.cc:385] T 28e516c272c84ed3b5be0aa6750d7f51 P 70e16b35115c42e9af5edce21130d90c [term 0 FOLLOWER]: Consensus starting up: Expiring failure detector timer to make a prompt election more likely
I20260709 13:13:16.599696  3521 raft_consensus.cc:740] T 28e516c272c84ed3b5be0aa6750d7f51 P 70e16b35115c42e9af5edce21130d90c [term 0 FOLLOWER]: Becoming Follower/Learner. State: Replica: 70e16b35115c42e9af5edce21130d90c, State: Initialized, Role: FOLLOWER
I20260709 13:13:16.600581  3521 consensus_queue.cc:260] T 28e516c272c84ed3b5be0aa6750d7f51 P 70e16b35115c42e9af5edce21130d90c [NON_LEADER]: Queue going to NON_LEADER mode. State: All replicated index: 0, Majority replicated index: 0, Committed index: 0, Last appended: 0.0, Last appended by leader: 0, Current term: 0, Majority size: -1, State: 0, Mode: NON_LEADER, active raft config: opid_index: -1 OBSOLETE_local: false peers { permanent_uuid: "46548e6745a242d687df692aa0823865" member_type: VOTER last_known_addr { host: "127.2.43.129" port: 33267 } } peers { permanent_uuid: "4800a163c01248b18bab7a5ab86c03a9" member_type: VOTER last_known_addr { host: "127.2.43.130" port: 40057 } } peers { permanent_uuid: "70e16b35115c42e9af5edce21130d90c" member_type: VOTER last_known_addr { host: "127.2.43.131" port: 34467 } }
I20260709 13:13:16.601665  3527 raft_consensus.cc:493] T e1d342ec206a4aaf855fc3acef143d57 P 4800a163c01248b18bab7a5ab86c03a9 [term 0 FOLLOWER]: Starting pre-election (no leader contacted us within the election timeout)
I20260709 13:13:16.602087  3527 raft_consensus.cc:515] T e1d342ec206a4aaf855fc3acef143d57 P 4800a163c01248b18bab7a5ab86c03a9 [term 0 FOLLOWER]: Starting pre-election with config: opid_index: -1 OBSOLETE_local: false peers { permanent_uuid: "46548e6745a242d687df692aa0823865" member_type: VOTER last_known_addr { host: "127.2.43.129" port: 33267 } } peers { permanent_uuid: "4800a163c01248b18bab7a5ab86c03a9" member_type: VOTER last_known_addr { host: "127.2.43.130" port: 40057 } } peers { permanent_uuid: "70e16b35115c42e9af5edce21130d90c" member_type: VOTER last_known_addr { host: "127.2.43.131" port: 34467 } }
I20260709 13:13:16.603740  3519 tablet_bootstrap.cc:492] T 12b0c63f1b964c729a99cef74525a722 P 46548e6745a242d687df692aa0823865: No bootstrap required, opened a new log
I20260709 13:13:16.603883  3527 leader_election.cc:290] T e1d342ec206a4aaf855fc3acef143d57 P 4800a163c01248b18bab7a5ab86c03a9 [CANDIDATE]: Term 1 pre-election: Requested pre-vote from peers 46548e6745a242d687df692aa0823865 (127.2.43.129:33267), 70e16b35115c42e9af5edce21130d90c (127.2.43.131:34467)
I20260709 13:13:16.604111  3519 ts_tablet_manager.cc:1403] T 12b0c63f1b964c729a99cef74525a722 P 46548e6745a242d687df692aa0823865: Time spent bootstrapping tablet: real 0.019s	user 0.005s	sys 0.012s
I20260709 13:13:16.605960  3330 tablet_service.cc:1917] Received RequestConsensusVote() RPC: tablet_id: "e1d342ec206a4aaf855fc3acef143d57" candidate_uuid: "4800a163c01248b18bab7a5ab86c03a9" candidate_term: 1 candidate_status { last_received { term: 0 index: 0 } } ignore_live_leader: false dest_uuid: "46548e6745a242d687df692aa0823865" is_pre_election: true
I20260709 13:13:16.606508  3330 raft_consensus.cc:2468] T e1d342ec206a4aaf855fc3acef143d57 P 46548e6745a242d687df692aa0823865 [term 0 FOLLOWER]: Leader pre-election vote request: Granting yes vote for candidate 4800a163c01248b18bab7a5ab86c03a9 in term 0.
I20260709 13:13:16.606701  3519 raft_consensus.cc:359] T 12b0c63f1b964c729a99cef74525a722 P 46548e6745a242d687df692aa0823865 [term 0 FOLLOWER]: Replica starting. Triggering 0 pending ops. Active config: opid_index: -1 OBSOLETE_local: false peers { permanent_uuid: "46548e6745a242d687df692aa0823865" member_type: VOTER last_known_addr { host: "127.2.43.129" port: 33267 } } peers { permanent_uuid: "4800a163c01248b18bab7a5ab86c03a9" member_type: VOTER last_known_addr { host: "127.2.43.130" port: 40057 } } peers { permanent_uuid: "70e16b35115c42e9af5edce21130d90c" member_type: VOTER last_known_addr { host: "127.2.43.131" port: 34467 } }
I20260709 13:13:16.607364  3478 tablet_service.cc:1917] Received RequestConsensusVote() RPC: tablet_id: "e1d342ec206a4aaf855fc3acef143d57" candidate_uuid: "4800a163c01248b18bab7a5ab86c03a9" candidate_term: 1 candidate_status { last_received { term: 0 index: 0 } } ignore_live_leader: false dest_uuid: "70e16b35115c42e9af5edce21130d90c" is_pre_election: true
I20260709 13:13:16.607916  3478 raft_consensus.cc:2468] T e1d342ec206a4aaf855fc3acef143d57 P 70e16b35115c42e9af5edce21130d90c [term 0 FOLLOWER]: Leader pre-election vote request: Granting yes vote for candidate 4800a163c01248b18bab7a5ab86c03a9 in term 0.
I20260709 13:13:16.607374  3519 raft_consensus.cc:385] T 12b0c63f1b964c729a99cef74525a722 P 46548e6745a242d687df692aa0823865 [term 0 FOLLOWER]: Consensus starting up: Expiring failure detector timer to make a prompt election more likely
I20260709 13:13:16.608619  3519 raft_consensus.cc:740] T 12b0c63f1b964c729a99cef74525a722 P 46548e6745a242d687df692aa0823865 [term 0 FOLLOWER]: Becoming Follower/Learner. State: Replica: 46548e6745a242d687df692aa0823865, State: Initialized, Role: FOLLOWER
I20260709 13:13:16.609323  3519 consensus_queue.cc:260] T 12b0c63f1b964c729a99cef74525a722 P 46548e6745a242d687df692aa0823865 [NON_LEADER]: Queue going to NON_LEADER mode. State: All replicated index: 0, Majority replicated index: 0, Committed index: 0, Last appended: 0.0, Last appended by leader: 0, Current term: 0, Majority size: -1, State: 0, Mode: NON_LEADER, active raft config: opid_index: -1 OBSOLETE_local: false peers { permanent_uuid: "46548e6745a242d687df692aa0823865" member_type: VOTER last_known_addr { host: "127.2.43.129" port: 33267 } } peers { permanent_uuid: "4800a163c01248b18bab7a5ab86c03a9" member_type: VOTER last_known_addr { host: "127.2.43.130" port: 40057 } } peers { permanent_uuid: "70e16b35115c42e9af5edce21130d90c" member_type: VOTER last_known_addr { host: "127.2.43.131" port: 34467 } }
I20260709 13:13:16.610268  3520 tablet_bootstrap.cc:492] T 41ed7732c6d44c73979f5024f90cc231 P 4800a163c01248b18bab7a5ab86c03a9: No bootstrap required, opened a new log
I20260709 13:13:16.610966  3520 ts_tablet_manager.cc:1403] T 41ed7732c6d44c73979f5024f90cc231 P 4800a163c01248b18bab7a5ab86c03a9: Time spent bootstrapping tablet: real 0.024s	user 0.018s	sys 0.001s
I20260709 13:13:16.610903  3369 leader_election.cc:304] T e1d342ec206a4aaf855fc3acef143d57 P 4800a163c01248b18bab7a5ab86c03a9 [CANDIDATE]: Term 1 pre-election: Election decided. Result: candidate won. Election summary: received 2 responses out of 3 voters: 2 yes votes; 0 no votes. yes voters: 46548e6745a242d687df692aa0823865, 4800a163c01248b18bab7a5ab86c03a9; no voters: 
I20260709 13:13:16.611770  3519 ts_tablet_manager.cc:1434] T 12b0c63f1b964c729a99cef74525a722 P 46548e6745a242d687df692aa0823865: Time spent starting tablet: real 0.007s	user 0.004s	sys 0.003s
I20260709 13:13:16.612695  3519 tablet_bootstrap.cc:492] T 41ed7732c6d44c73979f5024f90cc231 P 46548e6745a242d687df692aa0823865: Bootstrap starting.
I20260709 13:13:16.613018  3527 raft_consensus.cc:2804] T e1d342ec206a4aaf855fc3acef143d57 P 4800a163c01248b18bab7a5ab86c03a9 [term 0 FOLLOWER]: Leader pre-election won for term 1
I20260709 13:13:16.613492  3527 raft_consensus.cc:493] T e1d342ec206a4aaf855fc3acef143d57 P 4800a163c01248b18bab7a5ab86c03a9 [term 0 FOLLOWER]: Starting leader election (no leader contacted us within the election timeout)
I20260709 13:13:16.613912  3527 raft_consensus.cc:3060] T e1d342ec206a4aaf855fc3acef143d57 P 4800a163c01248b18bab7a5ab86c03a9 [term 0 FOLLOWER]: Advancing to term 1
I20260709 13:13:16.619658  3521 ts_tablet_manager.cc:1434] T 28e516c272c84ed3b5be0aa6750d7f51 P 70e16b35115c42e9af5edce21130d90c: Time spent starting tablet: real 0.024s	user 0.007s	sys 0.000s
I20260709 13:13:16.620951  3521 tablet_bootstrap.cc:492] T 12b0c63f1b964c729a99cef74525a722 P 70e16b35115c42e9af5edce21130d90c: Bootstrap starting.
I20260709 13:13:16.622617  3519 tablet_bootstrap.cc:654] T 41ed7732c6d44c73979f5024f90cc231 P 46548e6745a242d687df692aa0823865: Neither blocks nor log segments found. Creating new log.
W20260709 13:13:16.623409  3276 auto_rebalancer.cc:288] Could not retrieve cluster info: Service unavailable: Tablet not running
I20260709 13:13:16.626462  3520 raft_consensus.cc:359] T 41ed7732c6d44c73979f5024f90cc231 P 4800a163c01248b18bab7a5ab86c03a9 [term 0 FOLLOWER]: Replica starting. Triggering 0 pending ops. Active config: opid_index: -1 OBSOLETE_local: false peers { permanent_uuid: "46548e6745a242d687df692aa0823865" member_type: VOTER last_known_addr { host: "127.2.43.129" port: 33267 } } peers { permanent_uuid: "4800a163c01248b18bab7a5ab86c03a9" member_type: VOTER last_known_addr { host: "127.2.43.130" port: 40057 } } peers { permanent_uuid: "70e16b35115c42e9af5edce21130d90c" member_type: VOTER last_known_addr { host: "127.2.43.131" port: 34467 } }
I20260709 13:13:16.627368  3520 raft_consensus.cc:385] T 41ed7732c6d44c73979f5024f90cc231 P 4800a163c01248b18bab7a5ab86c03a9 [term 0 FOLLOWER]: Consensus starting up: Expiring failure detector timer to make a prompt election more likely
I20260709 13:13:16.627691  3520 raft_consensus.cc:740] T 41ed7732c6d44c73979f5024f90cc231 P 4800a163c01248b18bab7a5ab86c03a9 [term 0 FOLLOWER]: Becoming Follower/Learner. State: Replica: 4800a163c01248b18bab7a5ab86c03a9, State: Initialized, Role: FOLLOWER
I20260709 13:13:16.629151  3521 tablet_bootstrap.cc:654] T 12b0c63f1b964c729a99cef74525a722 P 70e16b35115c42e9af5edce21130d90c: Neither blocks nor log segments found. Creating new log.
I20260709 13:13:16.630858  3527 raft_consensus.cc:515] T e1d342ec206a4aaf855fc3acef143d57 P 4800a163c01248b18bab7a5ab86c03a9 [term 1 FOLLOWER]: Starting leader election with config: opid_index: -1 OBSOLETE_local: false peers { permanent_uuid: "46548e6745a242d687df692aa0823865" member_type: VOTER last_known_addr { host: "127.2.43.129" port: 33267 } } peers { permanent_uuid: "4800a163c01248b18bab7a5ab86c03a9" member_type: VOTER last_known_addr { host: "127.2.43.130" port: 40057 } } peers { permanent_uuid: "70e16b35115c42e9af5edce21130d90c" member_type: VOTER last_known_addr { host: "127.2.43.131" port: 34467 } }
I20260709 13:13:16.628583  3520 consensus_queue.cc:260] T 41ed7732c6d44c73979f5024f90cc231 P 4800a163c01248b18bab7a5ab86c03a9 [NON_LEADER]: Queue going to NON_LEADER mode. State: All replicated index: 0, Majority replicated index: 0, Committed index: 0, Last appended: 0.0, Last appended by leader: 0, Current term: 0, Majority size: -1, State: 0, Mode: NON_LEADER, active raft config: opid_index: -1 OBSOLETE_local: false peers { permanent_uuid: "46548e6745a242d687df692aa0823865" member_type: VOTER last_known_addr { host: "127.2.43.129" port: 33267 } } peers { permanent_uuid: "4800a163c01248b18bab7a5ab86c03a9" member_type: VOTER last_known_addr { host: "127.2.43.130" port: 40057 } } peers { permanent_uuid: "70e16b35115c42e9af5edce21130d90c" member_type: VOTER last_known_addr { host: "127.2.43.131" port: 34467 } }
I20260709 13:13:16.635401  3527 leader_election.cc:290] T e1d342ec206a4aaf855fc3acef143d57 P 4800a163c01248b18bab7a5ab86c03a9 [CANDIDATE]: Term 1 election: Requested vote from peers 46548e6745a242d687df692aa0823865 (127.2.43.129:33267), 70e16b35115c42e9af5edce21130d90c (127.2.43.131:34467)
I20260709 13:13:16.643772  3330 tablet_service.cc:1917] Received RequestConsensusVote() RPC: tablet_id: "e1d342ec206a4aaf855fc3acef143d57" candidate_uuid: "4800a163c01248b18bab7a5ab86c03a9" candidate_term: 1 candidate_status { last_received { term: 0 index: 0 } } ignore_live_leader: false dest_uuid: "46548e6745a242d687df692aa0823865"
I20260709 13:13:16.644898  3330 raft_consensus.cc:3060] T e1d342ec206a4aaf855fc3acef143d57 P 46548e6745a242d687df692aa0823865 [term 0 FOLLOWER]: Advancing to term 1
I20260709 13:13:16.651799  3478 tablet_service.cc:1917] Received RequestConsensusVote() RPC: tablet_id: "e1d342ec206a4aaf855fc3acef143d57" candidate_uuid: "4800a163c01248b18bab7a5ab86c03a9" candidate_term: 1 candidate_status { last_received { term: 0 index: 0 } } ignore_live_leader: false dest_uuid: "70e16b35115c42e9af5edce21130d90c"
I20260709 13:13:16.652894  3478 raft_consensus.cc:3060] T e1d342ec206a4aaf855fc3acef143d57 P 70e16b35115c42e9af5edce21130d90c [term 0 FOLLOWER]: Advancing to term 1
I20260709 13:13:16.663179  3525 raft_consensus.cc:493] T 785a980bb770436ea7a0be36e0120101 P 46548e6745a242d687df692aa0823865 [term 0 FOLLOWER]: Starting pre-election (no leader contacted us within the election timeout)
I20260709 13:13:16.664116  3525 raft_consensus.cc:515] T 785a980bb770436ea7a0be36e0120101 P 46548e6745a242d687df692aa0823865 [term 0 FOLLOWER]: Starting pre-election with config: opid_index: -1 OBSOLETE_local: false peers { permanent_uuid: "46548e6745a242d687df692aa0823865" member_type: VOTER last_known_addr { host: "127.2.43.129" port: 33267 } } peers { permanent_uuid: "4800a163c01248b18bab7a5ab86c03a9" member_type: VOTER last_known_addr { host: "127.2.43.130" port: 40057 } } peers { permanent_uuid: "70e16b35115c42e9af5edce21130d90c" member_type: VOTER last_known_addr { host: "127.2.43.131" port: 34467 } }
I20260709 13:13:16.673686  3525 leader_election.cc:290] T 785a980bb770436ea7a0be36e0120101 P 46548e6745a242d687df692aa0823865 [CANDIDATE]: Term 1 pre-election: Requested pre-vote from peers 4800a163c01248b18bab7a5ab86c03a9 (127.2.43.130:40057), 70e16b35115c42e9af5edce21130d90c (127.2.43.131:34467)
I20260709 13:13:16.673954  3405 tablet_service.cc:1917] Received RequestConsensusVote() RPC: tablet_id: "785a980bb770436ea7a0be36e0120101" candidate_uuid: "46548e6745a242d687df692aa0823865" candidate_term: 1 candidate_status { last_received { term: 0 index: 0 } } ignore_live_leader: false dest_uuid: "4800a163c01248b18bab7a5ab86c03a9" is_pre_election: true
W20260709 13:13:16.675799  3296 leader_election.cc:343] T 785a980bb770436ea7a0be36e0120101 P 46548e6745a242d687df692aa0823865 [CANDIDATE]: Term 1 pre-election: Tablet error from VoteRequest() call to peer 4800a163c01248b18bab7a5ab86c03a9 (127.2.43.130:40057): Illegal state: must be running to vote when last-logged opid is not known
I20260709 13:13:16.677485  3479 tablet_service.cc:1917] Received RequestConsensusVote() RPC: tablet_id: "785a980bb770436ea7a0be36e0120101" candidate_uuid: "46548e6745a242d687df692aa0823865" candidate_term: 1 candidate_status { last_received { term: 0 index: 0 } } ignore_live_leader: false dest_uuid: "70e16b35115c42e9af5edce21130d90c" is_pre_election: true
I20260709 13:13:16.678422  3478 raft_consensus.cc:2468] T e1d342ec206a4aaf855fc3acef143d57 P 70e16b35115c42e9af5edce21130d90c [term 1 FOLLOWER]: Leader election vote request: Granting yes vote for candidate 4800a163c01248b18bab7a5ab86c03a9 in term 1.
W20260709 13:13:16.679376  3294 leader_election.cc:343] T 785a980bb770436ea7a0be36e0120101 P 46548e6745a242d687df692aa0823865 [CANDIDATE]: Term 1 pre-election: Tablet error from VoteRequest() call to peer 70e16b35115c42e9af5edce21130d90c (127.2.43.131:34467): Illegal state: must be running to vote when last-logged opid is not known
I20260709 13:13:16.679944  3294 leader_election.cc:304] T 785a980bb770436ea7a0be36e0120101 P 46548e6745a242d687df692aa0823865 [CANDIDATE]: Term 1 pre-election: Election decided. Result: candidate lost. Election summary: received 3 responses out of 3 voters: 1 yes votes; 2 no votes. yes voters: 46548e6745a242d687df692aa0823865; no voters: 4800a163c01248b18bab7a5ab86c03a9, 70e16b35115c42e9af5edce21130d90c
I20260709 13:13:16.681275  3525 raft_consensus.cc:2749] T 785a980bb770436ea7a0be36e0120101 P 46548e6745a242d687df692aa0823865 [term 0 FOLLOWER]: Leader pre-election lost for term 1. Reason: could not achieve majority
I20260709 13:13:16.684121  3330 raft_consensus.cc:2468] T e1d342ec206a4aaf855fc3acef143d57 P 46548e6745a242d687df692aa0823865 [term 1 FOLLOWER]: Leader election vote request: Granting yes vote for candidate 4800a163c01248b18bab7a5ab86c03a9 in term 1.
I20260709 13:13:16.684808  3520 ts_tablet_manager.cc:1434] T 41ed7732c6d44c73979f5024f90cc231 P 4800a163c01248b18bab7a5ab86c03a9: Time spent starting tablet: real 0.061s	user 0.022s	sys 0.032s
I20260709 13:13:16.684984  3521 tablet_bootstrap.cc:492] T 12b0c63f1b964c729a99cef74525a722 P 70e16b35115c42e9af5edce21130d90c: No bootstrap required, opened a new log
I20260709 13:13:16.685572  3521 ts_tablet_manager.cc:1403] T 12b0c63f1b964c729a99cef74525a722 P 70e16b35115c42e9af5edce21130d90c: Time spent bootstrapping tablet: real 0.065s	user 0.022s	sys 0.030s
I20260709 13:13:16.685669  3369 leader_election.cc:304] T e1d342ec206a4aaf855fc3acef143d57 P 4800a163c01248b18bab7a5ab86c03a9 [CANDIDATE]: Term 1 election: Election decided. Result: candidate won. Election summary: received 2 responses out of 3 voters: 2 yes votes; 0 no votes. yes voters: 46548e6745a242d687df692aa0823865, 4800a163c01248b18bab7a5ab86c03a9; no voters: 
I20260709 13:13:16.688024  3520 tablet_bootstrap.cc:492] T d597f6dd0a6446449b7590007140074c P 4800a163c01248b18bab7a5ab86c03a9: Bootstrap starting.
I20260709 13:13:16.689180  3521 raft_consensus.cc:359] T 12b0c63f1b964c729a99cef74525a722 P 70e16b35115c42e9af5edce21130d90c [term 0 FOLLOWER]: Replica starting. Triggering 0 pending ops. Active config: opid_index: -1 OBSOLETE_local: false peers { permanent_uuid: "46548e6745a242d687df692aa0823865" member_type: VOTER last_known_addr { host: "127.2.43.129" port: 33267 } } peers { permanent_uuid: "4800a163c01248b18bab7a5ab86c03a9" member_type: VOTER last_known_addr { host: "127.2.43.130" port: 40057 } } peers { permanent_uuid: "70e16b35115c42e9af5edce21130d90c" member_type: VOTER last_known_addr { host: "127.2.43.131" port: 34467 } }
I20260709 13:13:16.689889  3526 raft_consensus.cc:493] T b9b7075c421243aba1b4e3431f644fea P 70e16b35115c42e9af5edce21130d90c [term 0 FOLLOWER]: Starting pre-election (no leader contacted us within the election timeout)
I20260709 13:13:16.690678  3560 raft_consensus.cc:2804] T e1d342ec206a4aaf855fc3acef143d57 P 4800a163c01248b18bab7a5ab86c03a9 [term 1 FOLLOWER]: Leader election won for term 1
I20260709 13:13:16.690567  3526 raft_consensus.cc:515] T b9b7075c421243aba1b4e3431f644fea P 70e16b35115c42e9af5edce21130d90c [term 0 FOLLOWER]: Starting pre-election with config: opid_index: -1 OBSOLETE_local: false peers { permanent_uuid: "4800a163c01248b18bab7a5ab86c03a9" member_type: VOTER last_known_addr { host: "127.2.43.130" port: 40057 } } peers { permanent_uuid: "70e16b35115c42e9af5edce21130d90c" member_type: VOTER last_known_addr { host: "127.2.43.131" port: 34467 } } peers { permanent_uuid: "46548e6745a242d687df692aa0823865" member_type: VOTER last_known_addr { host: "127.2.43.129" port: 33267 } }
I20260709 13:13:16.691556  3560 raft_consensus.cc:697] T e1d342ec206a4aaf855fc3acef143d57 P 4800a163c01248b18bab7a5ab86c03a9 [term 1 LEADER]: Becoming Leader. State: Replica: 4800a163c01248b18bab7a5ab86c03a9, State: Running, Role: LEADER
I20260709 13:13:16.692560  3560 consensus_queue.cc:237] T e1d342ec206a4aaf855fc3acef143d57 P 4800a163c01248b18bab7a5ab86c03a9 [LEADER]: Queue going to LEADER mode. State: All replicated index: 0, Majority replicated index: 0, Committed index: 0, Last appended: 0.0, Last appended by leader: 0, Current term: 1, Majority size: 2, State: 0, Mode: LEADER, active raft config: opid_index: -1 OBSOLETE_local: false peers { permanent_uuid: "46548e6745a242d687df692aa0823865" member_type: VOTER last_known_addr { host: "127.2.43.129" port: 33267 } } peers { permanent_uuid: "4800a163c01248b18bab7a5ab86c03a9" member_type: VOTER last_known_addr { host: "127.2.43.130" port: 40057 } } peers { permanent_uuid: "70e16b35115c42e9af5edce21130d90c" member_type: VOTER last_known_addr { host: "127.2.43.131" port: 34467 } }
I20260709 13:13:16.693286  3526 leader_election.cc:290] T b9b7075c421243aba1b4e3431f644fea P 70e16b35115c42e9af5edce21130d90c [CANDIDATE]: Term 1 pre-election: Requested pre-vote from peers 4800a163c01248b18bab7a5ab86c03a9 (127.2.43.130:40057), 46548e6745a242d687df692aa0823865 (127.2.43.129:33267)
I20260709 13:13:16.694298  3405 tablet_service.cc:1917] Received RequestConsensusVote() RPC: tablet_id: "b9b7075c421243aba1b4e3431f644fea" candidate_uuid: "70e16b35115c42e9af5edce21130d90c" candidate_term: 1 candidate_status { last_received { term: 0 index: 0 } } ignore_live_leader: false dest_uuid: "4800a163c01248b18bab7a5ab86c03a9" is_pre_election: true
I20260709 13:13:16.694689  3330 tablet_service.cc:1917] Received RequestConsensusVote() RPC: tablet_id: "b9b7075c421243aba1b4e3431f644fea" candidate_uuid: "70e16b35115c42e9af5edce21130d90c" candidate_term: 1 candidate_status { last_received { term: 0 index: 0 } } ignore_live_leader: false dest_uuid: "46548e6745a242d687df692aa0823865" is_pre_election: true
I20260709 13:13:16.695441  3519 tablet_bootstrap.cc:492] T 41ed7732c6d44c73979f5024f90cc231 P 46548e6745a242d687df692aa0823865: No bootstrap required, opened a new log
I20260709 13:13:16.696012  3519 ts_tablet_manager.cc:1403] T 41ed7732c6d44c73979f5024f90cc231 P 46548e6745a242d687df692aa0823865: Time spent bootstrapping tablet: real 0.083s	user 0.013s	sys 0.007s
W20260709 13:13:16.696198  3443 leader_election.cc:343] T b9b7075c421243aba1b4e3431f644fea P 70e16b35115c42e9af5edce21130d90c [CANDIDATE]: Term 1 pre-election: Tablet error from VoteRequest() call to peer 46548e6745a242d687df692aa0823865 (127.2.43.129:33267): Illegal state: must be running to vote when last-logged opid is not known
W20260709 13:13:16.697046  3445 leader_election.cc:343] T b9b7075c421243aba1b4e3431f644fea P 70e16b35115c42e9af5edce21130d90c [CANDIDATE]: Term 1 pre-election: Tablet error from VoteRequest() call to peer 4800a163c01248b18bab7a5ab86c03a9 (127.2.43.130:40057): Illegal state: must be running to vote when last-logged opid is not known
I20260709 13:13:16.697718  3445 leader_election.cc:304] T b9b7075c421243aba1b4e3431f644fea P 70e16b35115c42e9af5edce21130d90c [CANDIDATE]: Term 1 pre-election: Election decided. Result: candidate lost. Election summary: received 3 responses out of 3 voters: 1 yes votes; 2 no votes. yes voters: 70e16b35115c42e9af5edce21130d90c; no voters: 46548e6745a242d687df692aa0823865, 4800a163c01248b18bab7a5ab86c03a9
I20260709 13:13:16.699453  3526 raft_consensus.cc:2749] T b9b7075c421243aba1b4e3431f644fea P 70e16b35115c42e9af5edce21130d90c [term 0 FOLLOWER]: Leader pre-election lost for term 1. Reason: could not achieve majority
I20260709 13:13:16.699939  3519 raft_consensus.cc:359] T 41ed7732c6d44c73979f5024f90cc231 P 46548e6745a242d687df692aa0823865 [term 0 FOLLOWER]: Replica starting. Triggering 0 pending ops. Active config: opid_index: -1 OBSOLETE_local: false peers { permanent_uuid: "46548e6745a242d687df692aa0823865" member_type: VOTER last_known_addr { host: "127.2.43.129" port: 33267 } } peers { permanent_uuid: "4800a163c01248b18bab7a5ab86c03a9" member_type: VOTER last_known_addr { host: "127.2.43.130" port: 40057 } } peers { permanent_uuid: "70e16b35115c42e9af5edce21130d90c" member_type: VOTER last_known_addr { host: "127.2.43.131" port: 34467 } }
I20260709 13:13:16.700985  3520 tablet_bootstrap.cc:654] T d597f6dd0a6446449b7590007140074c P 4800a163c01248b18bab7a5ab86c03a9: Neither blocks nor log segments found. Creating new log.
I20260709 13:13:16.700899  3519 raft_consensus.cc:385] T 41ed7732c6d44c73979f5024f90cc231 P 46548e6745a242d687df692aa0823865 [term 0 FOLLOWER]: Consensus starting up: Expiring failure detector timer to make a prompt election more likely
I20260709 13:13:16.701516  3519 raft_consensus.cc:740] T 41ed7732c6d44c73979f5024f90cc231 P 46548e6745a242d687df692aa0823865 [term 0 FOLLOWER]: Becoming Follower/Learner. State: Replica: 46548e6745a242d687df692aa0823865, State: Initialized, Role: FOLLOWER
I20260709 13:13:16.689976  3521 raft_consensus.cc:385] T 12b0c63f1b964c729a99cef74525a722 P 70e16b35115c42e9af5edce21130d90c [term 0 FOLLOWER]: Consensus starting up: Expiring failure detector timer to make a prompt election more likely
I20260709 13:13:16.702409  3521 raft_consensus.cc:740] T 12b0c63f1b964c729a99cef74525a722 P 70e16b35115c42e9af5edce21130d90c [term 0 FOLLOWER]: Becoming Follower/Learner. State: Replica: 70e16b35115c42e9af5edce21130d90c, State: Initialized, Role: FOLLOWER
I20260709 13:13:16.703462  3521 consensus_queue.cc:260] T 12b0c63f1b964c729a99cef74525a722 P 70e16b35115c42e9af5edce21130d90c [NON_LEADER]: Queue going to NON_LEADER mode. State: All replicated index: 0, Majority replicated index: 0, Committed index: 0, Last appended: 0.0, Last appended by leader: 0, Current term: 0, Majority size: -1, State: 0, Mode: NON_LEADER, active raft config: opid_index: -1 OBSOLETE_local: false peers { permanent_uuid: "46548e6745a242d687df692aa0823865" member_type: VOTER last_known_addr { host: "127.2.43.129" port: 33267 } } peers { permanent_uuid: "4800a163c01248b18bab7a5ab86c03a9" member_type: VOTER last_known_addr { host: "127.2.43.130" port: 40057 } } peers { permanent_uuid: "70e16b35115c42e9af5edce21130d90c" member_type: VOTER last_known_addr { host: "127.2.43.131" port: 34467 } }
I20260709 13:13:16.706622  3521 ts_tablet_manager.cc:1434] T 12b0c63f1b964c729a99cef74525a722 P 70e16b35115c42e9af5edce21130d90c: Time spent starting tablet: real 0.021s	user 0.000s	sys 0.006s
I20260709 13:13:16.707607  3519 consensus_queue.cc:260] T 41ed7732c6d44c73979f5024f90cc231 P 46548e6745a242d687df692aa0823865 [NON_LEADER]: Queue going to NON_LEADER mode. State: All replicated index: 0, Majority replicated index: 0, Committed index: 0, Last appended: 0.0, Last appended by leader: 0, Current term: 0, Majority size: -1, State: 0, Mode: NON_LEADER, active raft config: opid_index: -1 OBSOLETE_local: false peers { permanent_uuid: "46548e6745a242d687df692aa0823865" member_type: VOTER last_known_addr { host: "127.2.43.129" port: 33267 } } peers { permanent_uuid: "4800a163c01248b18bab7a5ab86c03a9" member_type: VOTER last_known_addr { host: "127.2.43.130" port: 40057 } } peers { permanent_uuid: "70e16b35115c42e9af5edce21130d90c" member_type: VOTER last_known_addr { host: "127.2.43.131" port: 34467 } }
I20260709 13:13:16.709893  3525 raft_consensus.cc:493] T 41ed7732c6d44c73979f5024f90cc231 P 46548e6745a242d687df692aa0823865 [term 0 FOLLOWER]: Starting pre-election (no leader contacted us within the election timeout)
I20260709 13:13:16.710681  3525 raft_consensus.cc:515] T 41ed7732c6d44c73979f5024f90cc231 P 46548e6745a242d687df692aa0823865 [term 0 FOLLOWER]: Starting pre-election with config: opid_index: -1 OBSOLETE_local: false peers { permanent_uuid: "46548e6745a242d687df692aa0823865" member_type: VOTER last_known_addr { host: "127.2.43.129" port: 33267 } } peers { permanent_uuid: "4800a163c01248b18bab7a5ab86c03a9" member_type: VOTER last_known_addr { host: "127.2.43.130" port: 40057 } } peers { permanent_uuid: "70e16b35115c42e9af5edce21130d90c" member_type: VOTER last_known_addr { host: "127.2.43.131" port: 34467 } }
I20260709 13:13:16.714141  3520 tablet_bootstrap.cc:492] T d597f6dd0a6446449b7590007140074c P 4800a163c01248b18bab7a5ab86c03a9: No bootstrap required, opened a new log
