I20260709 13:13:07.512478 28059 raft_consensus.cc:515] T 67bae513960945999254da815319f6ad P f2d478b7b7fc4cefb6701c87170a29aa [term 2 FOLLOWER]: Starting forced leader election with config: opid_index: -1 OBSOLETE_local: false peers { permanent_uuid: "f2d478b7b7fc4cefb6701c87170a29aa" member_type: VOTER last_known_addr { host: "127.26.192.129" port: 36945 } } peers { permanent_uuid: "79befe2dee5c4219a679c44448422072" member_type: VOTER last_known_addr { host: "127.26.192.130" port: 34409 } } peers { permanent_uuid: "5af08528b3684e0188edfa0a59ca8bb4" member_type: VOTER last_known_addr { host: "127.26.192.131" port: 43469 } }
I20260709 13:13:07.512784 28309 raft_consensus.cc:1081] T 542f27844f174ca3a19fdd4160b741da P 79befe2dee5c4219a679c44448422072 [term 1 LEADER]: Signalling peer f2d478b7b7fc4cefb6701c87170a29aa to start an election
I20260709 13:13:07.515084 28060 tablet_service.cc:2044] Received Run Leader Election RPC: tablet_id: "542f27844f174ca3a19fdd4160b741da"
dest_uuid: "f2d478b7b7fc4cefb6701c87170a29aa"
 from {username='slave'} at 127.0.0.1:60714
I20260709 13:13:07.515558 28059 leader_election.cc:290] T 67bae513960945999254da815319f6ad P f2d478b7b7fc4cefb6701c87170a29aa [CANDIDATE]: Term 2 election: Requested vote from peers 79befe2dee5c4219a679c44448422072 (127.26.192.130:34409), 5af08528b3684e0188edfa0a59ca8bb4 (127.26.192.131:43469)
I20260709 13:13:07.515741 28060 raft_consensus.cc:493] T 542f27844f174ca3a19fdd4160b741da P f2d478b7b7fc4cefb6701c87170a29aa [term 1 FOLLOWER]: Starting forced leader election (received explicit request)
I20260709 13:13:07.515916 28135 tablet_service.cc:1917] Received RequestConsensusVote() RPC: tablet_id: "67bae513960945999254da815319f6ad" candidate_uuid: "f2d478b7b7fc4cefb6701c87170a29aa" candidate_term: 2 candidate_status { last_received { term: 1 index: 1 } } ignore_live_leader: true dest_uuid: "79befe2dee5c4219a679c44448422072"
I20260709 13:13:07.516294 28060 raft_consensus.cc:3060] T 542f27844f174ca3a19fdd4160b741da P f2d478b7b7fc4cefb6701c87170a29aa [term 1 FOLLOWER]: Advancing to term 2
I20260709 13:13:07.516783 28135 raft_consensus.cc:3060] T 67bae513960945999254da815319f6ad P 79befe2dee5c4219a679c44448422072 [term 1 FOLLOWER]: Advancing to term 2
I20260709 13:13:07.516413 28208 tablet_service.cc:1917] Received RequestConsensusVote() RPC: tablet_id: "67bae513960945999254da815319f6ad" candidate_uuid: "f2d478b7b7fc4cefb6701c87170a29aa" candidate_term: 2 candidate_status { last_received { term: 1 index: 1 } } ignore_live_leader: true dest_uuid: "5af08528b3684e0188edfa0a59ca8bb4"
I20260709 13:13:07.517450 28208 raft_consensus.cc:3055] T 67bae513960945999254da815319f6ad P 5af08528b3684e0188edfa0a59ca8bb4 [term 1 LEADER]: Stepping down as leader of term 1
I20260709 13:13:07.517884 28208 raft_consensus.cc:740] T 67bae513960945999254da815319f6ad P 5af08528b3684e0188edfa0a59ca8bb4 [term 1 LEADER]: Becoming Follower/Learner. State: Replica: 5af08528b3684e0188edfa0a59ca8bb4, State: Running, Role: LEADER
I20260709 13:13:07.514371 27958 catalog_manager.cc:5697] T 6bc708e9bb5044a7995459790d505821 P 79befe2dee5c4219a679c44448422072 reported cstate change: term changed from 1 to 2, leader changed from 5af08528b3684e0188edfa0a59ca8bb4 (127.26.192.131) to 79befe2dee5c4219a679c44448422072 (127.26.192.130). New cstate: current_term: 2 leader_uuid: "79befe2dee5c4219a679c44448422072" committed_config { opid_index: -1 OBSOLETE_local: false peers { permanent_uuid: "f2d478b7b7fc4cefb6701c87170a29aa" member_type: VOTER last_known_addr { host: "127.26.192.129" port: 36945 } health_report { overall_health: UNKNOWN } } peers { permanent_uuid: "79befe2dee5c4219a679c44448422072" member_type: VOTER last_known_addr { host: "127.26.192.130" port: 34409 } health_report { overall_health: HEALTHY } } peers { permanent_uuid: "5af08528b3684e0188edfa0a59ca8bb4" member_type: VOTER last_known_addr { host: "127.26.192.131" port: 43469 } health_report { overall_health: UNKNOWN } } }
I20260709 13:13:07.518826 28208 consensus_queue.cc:260] T 67bae513960945999254da815319f6ad P 5af08528b3684e0188edfa0a59ca8bb4 [NON_LEADER]: Queue going to NON_LEADER mode. State: All replicated index: 0, Majority replicated index: 1, Committed index: 1, Last appended: 1.1, Last appended by leader: 1, Current term: 1, Majority size: -1, State: 0, Mode: NON_LEADER, active raft config: opid_index: -1 OBSOLETE_local: false peers { permanent_uuid: "f2d478b7b7fc4cefb6701c87170a29aa" member_type: VOTER last_known_addr { host: "127.26.192.129" port: 36945 } } peers { permanent_uuid: "79befe2dee5c4219a679c44448422072" member_type: VOTER last_known_addr { host: "127.26.192.130" port: 34409 } } peers { permanent_uuid: "5af08528b3684e0188edfa0a59ca8bb4" member_type: VOTER last_known_addr { host: "127.26.192.131" port: 43469 } }
I20260709 13:13:07.520129 28208 raft_consensus.cc:3060] T 67bae513960945999254da815319f6ad P 5af08528b3684e0188edfa0a59ca8bb4 [term 1 FOLLOWER]: Advancing to term 2
I20260709 13:13:07.525815 28135 raft_consensus.cc:2468] T 67bae513960945999254da815319f6ad P 79befe2dee5c4219a679c44448422072 [term 2 FOLLOWER]: Leader election vote request: Granting yes vote for candidate f2d478b7b7fc4cefb6701c87170a29aa in term 2.
I20260709 13:13:07.526710 28208 raft_consensus.cc:2468] T 67bae513960945999254da815319f6ad P 5af08528b3684e0188edfa0a59ca8bb4 [term 2 FOLLOWER]: Leader election vote request: Granting yes vote for candidate f2d478b7b7fc4cefb6701c87170a29aa in term 2.
I20260709 13:13:07.527433 28023 leader_election.cc:304] T 67bae513960945999254da815319f6ad P f2d478b7b7fc4cefb6701c87170a29aa [CANDIDATE]: Term 2 election: Election decided. Result: candidate won. Election summary: received 2 responses out of 3 voters: 2 yes votes; 0 no votes. yes voters: 79befe2dee5c4219a679c44448422072, f2d478b7b7fc4cefb6701c87170a29aa; no voters: 
I20260709 13:13:07.527643 28060 raft_consensus.cc:515] T 542f27844f174ca3a19fdd4160b741da P f2d478b7b7fc4cefb6701c87170a29aa [term 2 FOLLOWER]: Starting forced leader election with config: opid_index: -1 OBSOLETE_local: false peers { permanent_uuid: "f2d478b7b7fc4cefb6701c87170a29aa" member_type: VOTER last_known_addr { host: "127.26.192.129" port: 36945 } } peers { permanent_uuid: "79befe2dee5c4219a679c44448422072" member_type: VOTER last_known_addr { host: "127.26.192.130" port: 34409 } } peers { permanent_uuid: "5af08528b3684e0188edfa0a59ca8bb4" member_type: VOTER last_known_addr { host: "127.26.192.131" port: 43469 } }
I20260709 13:13:07.528784 28257 raft_consensus.cc:2804] T 67bae513960945999254da815319f6ad P f2d478b7b7fc4cefb6701c87170a29aa [term 2 FOLLOWER]: Leader election won for term 2
I20260709 13:13:07.529351 28257 raft_consensus.cc:697] T 67bae513960945999254da815319f6ad P f2d478b7b7fc4cefb6701c87170a29aa [term 2 LEADER]: Becoming Leader. State: Replica: f2d478b7b7fc4cefb6701c87170a29aa, State: Running, Role: LEADER
I20260709 13:13:07.530465 28060 leader_election.cc:290] T 542f27844f174ca3a19fdd4160b741da P f2d478b7b7fc4cefb6701c87170a29aa [CANDIDATE]: Term 2 election: Requested vote from peers 79befe2dee5c4219a679c44448422072 (127.26.192.130:34409), 5af08528b3684e0188edfa0a59ca8bb4 (127.26.192.131:43469)
I20260709 13:13:07.531515 28257 consensus_queue.cc:237] T 67bae513960945999254da815319f6ad P f2d478b7b7fc4cefb6701c87170a29aa [LEADER]: Queue going to LEADER mode. State: All replicated index: 0, Majority replicated index: 1, Committed index: 1, Last appended: 1.1, Last appended by leader: 1, Current term: 2, Majority size: 2, State: 0, Mode: LEADER, active raft config: opid_index: -1 OBSOLETE_local: false peers { permanent_uuid: "f2d478b7b7fc4cefb6701c87170a29aa" member_type: VOTER last_known_addr { host: "127.26.192.129" port: 36945 } } peers { permanent_uuid: "79befe2dee5c4219a679c44448422072" member_type: VOTER last_known_addr { host: "127.26.192.130" port: 34409 } } peers { permanent_uuid: "5af08528b3684e0188edfa0a59ca8bb4" member_type: VOTER last_known_addr { host: "127.26.192.131" port: 43469 } }
I20260709 13:13:07.532380 28208 tablet_service.cc:1917] Received RequestConsensusVote() RPC: tablet_id: "542f27844f174ca3a19fdd4160b741da" candidate_uuid: "f2d478b7b7fc4cefb6701c87170a29aa" candidate_term: 2 candidate_status { last_received { term: 1 index: 1 } } ignore_live_leader: true dest_uuid: "5af08528b3684e0188edfa0a59ca8bb4"
I20260709 13:13:07.533006 28208 raft_consensus.cc:3060] T 542f27844f174ca3a19fdd4160b741da P 5af08528b3684e0188edfa0a59ca8bb4 [term 1 FOLLOWER]: Advancing to term 2
I20260709 13:13:07.535122 28133 tablet_service.cc:1917] Received RequestConsensusVote() RPC: tablet_id: "542f27844f174ca3a19fdd4160b741da" candidate_uuid: "f2d478b7b7fc4cefb6701c87170a29aa" candidate_term: 2 candidate_status { last_received { term: 1 index: 1 } } ignore_live_leader: true dest_uuid: "79befe2dee5c4219a679c44448422072"
I20260709 13:13:07.535694 28133 raft_consensus.cc:3055] T 542f27844f174ca3a19fdd4160b741da P 79befe2dee5c4219a679c44448422072 [term 1 LEADER]: Stepping down as leader of term 1
I20260709 13:13:07.536033 28133 raft_consensus.cc:740] T 542f27844f174ca3a19fdd4160b741da P 79befe2dee5c4219a679c44448422072 [term 1 LEADER]: Becoming Follower/Learner. State: Replica: 79befe2dee5c4219a679c44448422072, State: Running, Role: LEADER
I20260709 13:13:07.536788 28133 consensus_queue.cc:260] T 542f27844f174ca3a19fdd4160b741da P 79befe2dee5c4219a679c44448422072 [NON_LEADER]: Queue going to NON_LEADER mode. State: All replicated index: 0, Majority replicated index: 1, Committed index: 1, Last appended: 1.1, Last appended by leader: 1, Current term: 1, Majority size: -1, State: 0, Mode: NON_LEADER, active raft config: opid_index: -1 OBSOLETE_local: false peers { permanent_uuid: "f2d478b7b7fc4cefb6701c87170a29aa" member_type: VOTER last_known_addr { host: "127.26.192.129" port: 36945 } } peers { permanent_uuid: "79befe2dee5c4219a679c44448422072" member_type: VOTER last_known_addr { host: "127.26.192.130" port: 34409 } } peers { permanent_uuid: "5af08528b3684e0188edfa0a59ca8bb4" member_type: VOTER last_known_addr { host: "127.26.192.131" port: 43469 } }
I20260709 13:13:07.537993 28133 raft_consensus.cc:3060] T 542f27844f174ca3a19fdd4160b741da P 79befe2dee5c4219a679c44448422072 [term 1 FOLLOWER]: Advancing to term 2
I20260709 13:13:07.540596 27958 catalog_manager.cc:5697] T 67bae513960945999254da815319f6ad P f2d478b7b7fc4cefb6701c87170a29aa reported cstate change: term changed from 1 to 2, leader changed from 5af08528b3684e0188edfa0a59ca8bb4 (127.26.192.131) to f2d478b7b7fc4cefb6701c87170a29aa (127.26.192.129). New cstate: current_term: 2 leader_uuid: "f2d478b7b7fc4cefb6701c87170a29aa" committed_config { opid_index: -1 OBSOLETE_local: false peers { permanent_uuid: "f2d478b7b7fc4cefb6701c87170a29aa" member_type: VOTER last_known_addr { host: "127.26.192.129" port: 36945 } health_report { overall_health: HEALTHY } } peers { permanent_uuid: "79befe2dee5c4219a679c44448422072" member_type: VOTER last_known_addr { host: "127.26.192.130" port: 34409 } health_report { overall_health: UNKNOWN } } peers { permanent_uuid: "5af08528b3684e0188edfa0a59ca8bb4" member_type: VOTER last_known_addr { host: "127.26.192.131" port: 43469 } health_report { overall_health: UNKNOWN } } }
I20260709 13:13:07.544281 28208 raft_consensus.cc:2468] T 542f27844f174ca3a19fdd4160b741da P 5af08528b3684e0188edfa0a59ca8bb4 [term 2 FOLLOWER]: Leader election vote request: Granting yes vote for candidate f2d478b7b7fc4cefb6701c87170a29aa in term 2.
I20260709 13:13:07.545818 28133 raft_consensus.cc:2468] T 542f27844f174ca3a19fdd4160b741da P 79befe2dee5c4219a679c44448422072 [term 2 FOLLOWER]: Leader election vote request: Granting yes vote for candidate f2d478b7b7fc4cefb6701c87170a29aa in term 2.
I20260709 13:13:07.545845 28024 leader_election.cc:304] T 542f27844f174ca3a19fdd4160b741da P f2d478b7b7fc4cefb6701c87170a29aa [CANDIDATE]: Term 2 election: Election decided. Result: candidate won. Election summary: received 2 responses out of 3 voters: 2 yes votes; 0 no votes. yes voters: 5af08528b3684e0188edfa0a59ca8bb4, f2d478b7b7fc4cefb6701c87170a29aa; no voters: 
I20260709 13:13:07.547091 28257 raft_consensus.cc:2804] T 542f27844f174ca3a19fdd4160b741da P f2d478b7b7fc4cefb6701c87170a29aa [term 2 FOLLOWER]: Leader election won for term 2
I20260709 13:13:07.547591 28257 raft_consensus.cc:697] T 542f27844f174ca3a19fdd4160b741da P f2d478b7b7fc4cefb6701c87170a29aa [term 2 LEADER]: Becoming Leader. State: Replica: f2d478b7b7fc4cefb6701c87170a29aa, State: Running, Role: LEADER
I20260709 13:13:07.548283 28257 consensus_queue.cc:237] T 542f27844f174ca3a19fdd4160b741da P f2d478b7b7fc4cefb6701c87170a29aa [LEADER]: Queue going to LEADER mode. State: All replicated index: 0, Majority replicated index: 1, Committed index: 1, Last appended: 1.1, Last appended by leader: 1, Current term: 2, Majority size: 2, State: 0, Mode: LEADER, active raft config: opid_index: -1 OBSOLETE_local: false peers { permanent_uuid: "f2d478b7b7fc4cefb6701c87170a29aa" member_type: VOTER last_known_addr { host: "127.26.192.129" port: 36945 } } peers { permanent_uuid: "79befe2dee5c4219a679c44448422072" member_type: VOTER last_known_addr { host: "127.26.192.130" port: 34409 } } peers { permanent_uuid: "5af08528b3684e0188edfa0a59ca8bb4" member_type: VOTER last_known_addr { host: "127.26.192.131" port: 43469 } }
I20260709 13:13:07.556699 27957 catalog_manager.cc:5697] T 542f27844f174ca3a19fdd4160b741da P f2d478b7b7fc4cefb6701c87170a29aa reported cstate change: term changed from 1 to 2, leader changed from 79befe2dee5c4219a679c44448422072 (127.26.192.130) to f2d478b7b7fc4cefb6701c87170a29aa (127.26.192.129). New cstate: current_term: 2 leader_uuid: "f2d478b7b7fc4cefb6701c87170a29aa" committed_config { opid_index: -1 OBSOLETE_local: false peers { permanent_uuid: "f2d478b7b7fc4cefb6701c87170a29aa" member_type: VOTER last_known_addr { host: "127.26.192.129" port: 36945 } health_report { overall_health: HEALTHY } } peers { permanent_uuid: "79befe2dee5c4219a679c44448422072" member_type: VOTER last_known_addr { host: "127.26.192.130" port: 34409 } health_report { overall_health: UNKNOWN } } peers { permanent_uuid: "5af08528b3684e0188edfa0a59ca8bb4" member_type: VOTER last_known_addr { host: "127.26.192.131" port: 43469 } health_report { overall_health: UNKNOWN } } }
I20260709 13:13:07.568053 28271 raft_consensus.cc:993] T 4fe7489f6dc14035adb7614a2bc33530 P 5af08528b3684e0188edfa0a59ca8bb4: : Instructing follower 79befe2dee5c4219a679c44448422072 to start an election
I20260709 13:13:07.568591 28253 raft_consensus.cc:1081] T 4fe7489f6dc14035adb7614a2bc33530 P 5af08528b3684e0188edfa0a59ca8bb4 [term 1 LEADER]: Signalling peer 79befe2dee5c4219a679c44448422072 to start an election
I20260709 13:13:07.570605 28133 tablet_service.cc:2044] Received Run Leader Election RPC: tablet_id: "4fe7489f6dc14035adb7614a2bc33530"
dest_uuid: "79befe2dee5c4219a679c44448422072"
 from {username='slave'} at 127.0.0.1:34686
I20260709 13:13:07.571293 28133 raft_consensus.cc:493] T 4fe7489f6dc14035adb7614a2bc33530 P 79befe2dee5c4219a679c44448422072 [term 1 FOLLOWER]: Starting forced leader election (received explicit request)
I20260709 13:13:07.571637 28133 raft_consensus.cc:3060] T 4fe7489f6dc14035adb7614a2bc33530 P 79befe2dee5c4219a679c44448422072 [term 1 FOLLOWER]: Advancing to term 2
I20260709 13:13:07.577136 28133 raft_consensus.cc:515] T 4fe7489f6dc14035adb7614a2bc33530 P 79befe2dee5c4219a679c44448422072 [term 2 FOLLOWER]: Starting forced leader election with config: opid_index: -1 OBSOLETE_local: false peers { permanent_uuid: "f2d478b7b7fc4cefb6701c87170a29aa" member_type: VOTER last_known_addr { host: "127.26.192.129" port: 36945 } } peers { permanent_uuid: "79befe2dee5c4219a679c44448422072" member_type: VOTER last_known_addr { host: "127.26.192.130" port: 34409 } } peers { permanent_uuid: "5af08528b3684e0188edfa0a59ca8bb4" member_type: VOTER last_known_addr { host: "127.26.192.131" port: 43469 } }
I20260709 13:13:07.578987 28133 leader_election.cc:290] T 4fe7489f6dc14035adb7614a2bc33530 P 79befe2dee5c4219a679c44448422072 [CANDIDATE]: Term 2 election: Requested vote from peers f2d478b7b7fc4cefb6701c87170a29aa (127.26.192.129:36945), 5af08528b3684e0188edfa0a59ca8bb4 (127.26.192.131:43469)
I20260709 13:13:07.580274 28060 tablet_service.cc:1917] Received RequestConsensusVote() RPC: tablet_id: "4fe7489f6dc14035adb7614a2bc33530" candidate_uuid: "79befe2dee5c4219a679c44448422072" candidate_term: 2 candidate_status { last_received { term: 1 index: 1 } } ignore_live_leader: true dest_uuid: "f2d478b7b7fc4cefb6701c87170a29aa"
I20260709 13:13:07.580413 28208 tablet_service.cc:1917] Received RequestConsensusVote() RPC: tablet_id: "4fe7489f6dc14035adb7614a2bc33530" candidate_uuid: "79befe2dee5c4219a679c44448422072" candidate_term: 2 candidate_status { last_received { term: 1 index: 1 } } ignore_live_leader: true dest_uuid: "5af08528b3684e0188edfa0a59ca8bb4"
I20260709 13:13:07.580925 28060 raft_consensus.cc:3060] T 4fe7489f6dc14035adb7614a2bc33530 P f2d478b7b7fc4cefb6701c87170a29aa [term 1 FOLLOWER]: Advancing to term 2
I20260709 13:13:07.581038 28208 raft_consensus.cc:3055] T 4fe7489f6dc14035adb7614a2bc33530 P 5af08528b3684e0188edfa0a59ca8bb4 [term 1 LEADER]: Stepping down as leader of term 1
I20260709 13:13:07.581440 28208 raft_consensus.cc:740] T 4fe7489f6dc14035adb7614a2bc33530 P 5af08528b3684e0188edfa0a59ca8bb4 [term 1 LEADER]: Becoming Follower/Learner. State: Replica: 5af08528b3684e0188edfa0a59ca8bb4, State: Running, Role: LEADER
I20260709 13:13:07.582316 28208 consensus_queue.cc:260] T 4fe7489f6dc14035adb7614a2bc33530 P 5af08528b3684e0188edfa0a59ca8bb4 [NON_LEADER]: Queue going to NON_LEADER mode. State: All replicated index: 0, Majority replicated index: 1, Committed index: 1, Last appended: 1.1, Last appended by leader: 1, Current term: 1, Majority size: -1, State: 0, Mode: NON_LEADER, active raft config: opid_index: -1 OBSOLETE_local: false peers { permanent_uuid: "f2d478b7b7fc4cefb6701c87170a29aa" member_type: VOTER last_known_addr { host: "127.26.192.129" port: 36945 } } peers { permanent_uuid: "79befe2dee5c4219a679c44448422072" member_type: VOTER last_known_addr { host: "127.26.192.130" port: 34409 } } peers { permanent_uuid: "5af08528b3684e0188edfa0a59ca8bb4" member_type: VOTER last_known_addr { host: "127.26.192.131" port: 43469 } }
I20260709 13:13:07.583406 28208 raft_consensus.cc:3060] T 4fe7489f6dc14035adb7614a2bc33530 P 5af08528b3684e0188edfa0a59ca8bb4 [term 1 FOLLOWER]: Advancing to term 2
I20260709 13:13:07.587145 28060 raft_consensus.cc:2468] T 4fe7489f6dc14035adb7614a2bc33530 P f2d478b7b7fc4cefb6701c87170a29aa [term 2 FOLLOWER]: Leader election vote request: Granting yes vote for candidate 79befe2dee5c4219a679c44448422072 in term 2.
I20260709 13:13:07.588586 28099 leader_election.cc:304] T 4fe7489f6dc14035adb7614a2bc33530 P 79befe2dee5c4219a679c44448422072 [CANDIDATE]: Term 2 election: Election decided. Result: candidate won. Election summary: received 2 responses out of 3 voters: 2 yes votes; 0 no votes. yes voters: 79befe2dee5c4219a679c44448422072, f2d478b7b7fc4cefb6701c87170a29aa; no voters: 
I20260709 13:13:07.589529 28309 raft_consensus.cc:2804] T 4fe7489f6dc14035adb7614a2bc33530 P 79befe2dee5c4219a679c44448422072 [term 2 FOLLOWER]: Leader election won for term 2
I20260709 13:13:07.590027 28309 raft_consensus.cc:697] T 4fe7489f6dc14035adb7614a2bc33530 P 79befe2dee5c4219a679c44448422072 [term 2 LEADER]: Becoming Leader. State: Replica: 79befe2dee5c4219a679c44448422072, State: Running, Role: LEADER
I20260709 13:13:07.590049 28208 raft_consensus.cc:2468] T 4fe7489f6dc14035adb7614a2bc33530 P 5af08528b3684e0188edfa0a59ca8bb4 [term 2 FOLLOWER]: Leader election vote request: Granting yes vote for candidate 79befe2dee5c4219a679c44448422072 in term 2.
I20260709 13:13:07.590986 28309 consensus_queue.cc:237] T 4fe7489f6dc14035adb7614a2bc33530 P 79befe2dee5c4219a679c44448422072 [LEADER]: Queue going to LEADER mode. State: All replicated index: 0, Majority replicated index: 1, Committed index: 1, Last appended: 1.1, Last appended by leader: 1, Current term: 2, Majority size: 2, State: 0, Mode: LEADER, active raft config: opid_index: -1 OBSOLETE_local: false peers { permanent_uuid: "f2d478b7b7fc4cefb6701c87170a29aa" member_type: VOTER last_known_addr { host: "127.26.192.129" port: 36945 } } peers { permanent_uuid: "79befe2dee5c4219a679c44448422072" member_type: VOTER last_known_addr { host: "127.26.192.130" port: 34409 } } peers { permanent_uuid: "5af08528b3684e0188edfa0a59ca8bb4" member_type: VOTER last_known_addr { host: "127.26.192.131" port: 43469 } }
I20260709 13:13:07.598568 27957 catalog_manager.cc:5697] T 4fe7489f6dc14035adb7614a2bc33530 P 79befe2dee5c4219a679c44448422072 reported cstate change: term changed from 1 to 2, leader changed from 5af08528b3684e0188edfa0a59ca8bb4 (127.26.192.131) to 79befe2dee5c4219a679c44448422072 (127.26.192.130). New cstate: current_term: 2 leader_uuid: "79befe2dee5c4219a679c44448422072" committed_config { opid_index: -1 OBSOLETE_local: false peers { permanent_uuid: "f2d478b7b7fc4cefb6701c87170a29aa" member_type: VOTER last_known_addr { host: "127.26.192.129" port: 36945 } health_report { overall_health: UNKNOWN } } peers { permanent_uuid: "79befe2dee5c4219a679c44448422072" member_type: VOTER last_known_addr { host: "127.26.192.130" port: 34409 } health_report { overall_health: HEALTHY } } peers { permanent_uuid: "5af08528b3684e0188edfa0a59ca8bb4" member_type: VOTER last_known_addr { host: "127.26.192.131" port: 43469 } health_report { overall_health: UNKNOWN } } }
I20260709 13:13:07.616561 28309 consensus_queue.cc:1048] T 351534efdf3847369b5ad9a7b90c8768 P 79befe2dee5c4219a679c44448422072 [LEADER]: Connected to new peer: Peer: permanent_uuid: "5af08528b3684e0188edfa0a59ca8bb4" member_type: VOTER last_known_addr { host: "127.26.192.131" port: 43469 }, Status: LMP_MISMATCH, Last received: 0.0, Next index: 1, Last known committed idx: 0, Time since last communication: 0.000s
I20260709 13:13:07.628312 28259 consensus_queue.cc:1048] T 351534efdf3847369b5ad9a7b90c8768 P 79befe2dee5c4219a679c44448422072 [LEADER]: Connected to new peer: Peer: permanent_uuid: "f2d478b7b7fc4cefb6701c87170a29aa" member_type: VOTER last_known_addr { host: "127.26.192.129" port: 36945 }, Status: LMP_MISMATCH, Last received: 0.0, Next index: 1, Last known committed idx: 0, Time since last communication: 0.000s
I20260709 13:13:07.704228 28271 raft_consensus.cc:993] T 2f94124db5fd41a0865a3f0a3284905d P 5af08528b3684e0188edfa0a59ca8bb4: : Instructing follower f2d478b7b7fc4cefb6701c87170a29aa to start an election
I20260709 13:13:07.704744 28271 raft_consensus.cc:1081] T 2f94124db5fd41a0865a3f0a3284905d P 5af08528b3684e0188edfa0a59ca8bb4 [term 1 LEADER]: Signalling peer f2d478b7b7fc4cefb6701c87170a29aa to start an election
I20260709 13:13:07.706480 28060 tablet_service.cc:2044] Received Run Leader Election RPC: tablet_id: "2f94124db5fd41a0865a3f0a3284905d"
dest_uuid: "f2d478b7b7fc4cefb6701c87170a29aa"
 from {username='slave'} at 127.0.0.1:60726
I20260709 13:13:07.707093 28060 raft_consensus.cc:493] T 2f94124db5fd41a0865a3f0a3284905d P f2d478b7b7fc4cefb6701c87170a29aa [term 1 FOLLOWER]: Starting forced leader election (received explicit request)
I20260709 13:13:07.707417 28060 raft_consensus.cc:3060] T 2f94124db5fd41a0865a3f0a3284905d P f2d478b7b7fc4cefb6701c87170a29aa [term 1 FOLLOWER]: Advancing to term 2
I20260709 13:13:07.712939 28060 raft_consensus.cc:515] T 2f94124db5fd41a0865a3f0a3284905d P f2d478b7b7fc4cefb6701c87170a29aa [term 2 FOLLOWER]: Starting forced leader election with config: opid_index: -1 OBSOLETE_local: false peers { permanent_uuid: "f2d478b7b7fc4cefb6701c87170a29aa" member_type: VOTER last_known_addr { host: "127.26.192.129" port: 36945 } } peers { permanent_uuid: "79befe2dee5c4219a679c44448422072" member_type: VOTER last_known_addr { host: "127.26.192.130" port: 34409 } } peers { permanent_uuid: "5af08528b3684e0188edfa0a59ca8bb4" member_type: VOTER last_known_addr { host: "127.26.192.131" port: 43469 } }
I20260709 13:13:07.714862 28060 leader_election.cc:290] T 2f94124db5fd41a0865a3f0a3284905d P f2d478b7b7fc4cefb6701c87170a29aa [CANDIDATE]: Term 2 election: Requested vote from peers 79befe2dee5c4219a679c44448422072 (127.26.192.130:34409), 5af08528b3684e0188edfa0a59ca8bb4 (127.26.192.131:43469)
I20260709 13:13:07.715801 28133 tablet_service.cc:1917] Received RequestConsensusVote() RPC: tablet_id: "2f94124db5fd41a0865a3f0a3284905d" candidate_uuid: "f2d478b7b7fc4cefb6701c87170a29aa" candidate_term: 2 candidate_status { last_received { term: 1 index: 1 } } ignore_live_leader: true dest_uuid: "79befe2dee5c4219a679c44448422072"
I20260709 13:13:07.716353 28133 raft_consensus.cc:3060] T 2f94124db5fd41a0865a3f0a3284905d P 79befe2dee5c4219a679c44448422072 [term 1 FOLLOWER]: Advancing to term 2
I20260709 13:13:07.716344 28208 tablet_service.cc:1917] Received RequestConsensusVote() RPC: tablet_id: "2f94124db5fd41a0865a3f0a3284905d" candidate_uuid: "f2d478b7b7fc4cefb6701c87170a29aa" candidate_term: 2 candidate_status { last_received { term: 1 index: 1 } } ignore_live_leader: true dest_uuid: "5af08528b3684e0188edfa0a59ca8bb4"
I20260709 13:13:07.717224 28208 raft_consensus.cc:3055] T 2f94124db5fd41a0865a3f0a3284905d P 5af08528b3684e0188edfa0a59ca8bb4 [term 1 LEADER]: Stepping down as leader of term 1
I20260709 13:13:07.717638 28208 raft_consensus.cc:740] T 2f94124db5fd41a0865a3f0a3284905d P 5af08528b3684e0188edfa0a59ca8bb4 [term 1 LEADER]: Becoming Follower/Learner. State: Replica: 5af08528b3684e0188edfa0a59ca8bb4, State: Running, Role: LEADER
I20260709 13:13:07.718468 28208 consensus_queue.cc:260] T 2f94124db5fd41a0865a3f0a3284905d P 5af08528b3684e0188edfa0a59ca8bb4 [NON_LEADER]: Queue going to NON_LEADER mode. State: All replicated index: 0, Majority replicated index: 1, Committed index: 1, Last appended: 1.1, Last appended by leader: 1, Current term: 1, Majority size: -1, State: 0, Mode: NON_LEADER, active raft config: opid_index: -1 OBSOLETE_local: false peers { permanent_uuid: "f2d478b7b7fc4cefb6701c87170a29aa" member_type: VOTER last_known_addr { host: "127.26.192.129" port: 36945 } } peers { permanent_uuid: "79befe2dee5c4219a679c44448422072" member_type: VOTER last_known_addr { host: "127.26.192.130" port: 34409 } } peers { permanent_uuid: "5af08528b3684e0188edfa0a59ca8bb4" member_type: VOTER last_known_addr { host: "127.26.192.131" port: 43469 } }
I20260709 13:13:07.719465 28208 raft_consensus.cc:3060] T 2f94124db5fd41a0865a3f0a3284905d P 5af08528b3684e0188edfa0a59ca8bb4 [term 1 FOLLOWER]: Advancing to term 2
I20260709 13:13:07.722529 28133 raft_consensus.cc:2468] T 2f94124db5fd41a0865a3f0a3284905d P 79befe2dee5c4219a679c44448422072 [term 2 FOLLOWER]: Leader election vote request: Granting yes vote for candidate f2d478b7b7fc4cefb6701c87170a29aa in term 2.
I20260709 13:13:07.723701 28023 leader_election.cc:304] T 2f94124db5fd41a0865a3f0a3284905d P f2d478b7b7fc4cefb6701c87170a29aa [CANDIDATE]: Term 2 election: Election decided. Result: candidate won. Election summary: received 2 responses out of 3 voters: 2 yes votes; 0 no votes. yes voters: 79befe2dee5c4219a679c44448422072, f2d478b7b7fc4cefb6701c87170a29aa; no voters: 
I20260709 13:13:07.724452 28257 raft_consensus.cc:2804] T 2f94124db5fd41a0865a3f0a3284905d P f2d478b7b7fc4cefb6701c87170a29aa [term 2 FOLLOWER]: Leader election won for term 2
I20260709 13:13:07.724977 28257 raft_consensus.cc:697] T 2f94124db5fd41a0865a3f0a3284905d P f2d478b7b7fc4cefb6701c87170a29aa [term 2 LEADER]: Becoming Leader. State: Replica: f2d478b7b7fc4cefb6701c87170a29aa, State: Running, Role: LEADER
I20260709 13:13:07.724962 28208 raft_consensus.cc:2468] T 2f94124db5fd41a0865a3f0a3284905d P 5af08528b3684e0188edfa0a59ca8bb4 [term 2 FOLLOWER]: Leader election vote request: Granting yes vote for candidate f2d478b7b7fc4cefb6701c87170a29aa in term 2.
I20260709 13:13:07.726135 28257 consensus_queue.cc:237] T 2f94124db5fd41a0865a3f0a3284905d P f2d478b7b7fc4cefb6701c87170a29aa [LEADER]: Queue going to LEADER mode. State: All replicated index: 0, Majority replicated index: 1, Committed index: 1, Last appended: 1.1, Last appended by leader: 1, Current term: 2, Majority size: 2, State: 0, Mode: LEADER, active raft config: opid_index: -1 OBSOLETE_local: false peers { permanent_uuid: "f2d478b7b7fc4cefb6701c87170a29aa" member_type: VOTER last_known_addr { host: "127.26.192.129" port: 36945 } } peers { permanent_uuid: "79befe2dee5c4219a679c44448422072" member_type: VOTER last_known_addr { host: "127.26.192.130" port: 34409 } } peers { permanent_uuid: "5af08528b3684e0188edfa0a59ca8bb4" member_type: VOTER last_known_addr { host: "127.26.192.131" port: 43469 } }
I20260709 13:13:07.733194 27958 catalog_manager.cc:5697] T 2f94124db5fd41a0865a3f0a3284905d P f2d478b7b7fc4cefb6701c87170a29aa reported cstate change: term changed from 1 to 2, leader changed from 5af08528b3684e0188edfa0a59ca8bb4 (127.26.192.131) to f2d478b7b7fc4cefb6701c87170a29aa (127.26.192.129). New cstate: current_term: 2 leader_uuid: "f2d478b7b7fc4cefb6701c87170a29aa" committed_config { opid_index: -1 OBSOLETE_local: false peers { permanent_uuid: "f2d478b7b7fc4cefb6701c87170a29aa" member_type: VOTER last_known_addr { host: "127.26.192.129" port: 36945 } health_report { overall_health: HEALTHY } } peers { permanent_uuid: "79befe2dee5c4219a679c44448422072" member_type: VOTER last_known_addr { host: "127.26.192.130" port: 34409 } health_report { overall_health: UNKNOWN } } peers { permanent_uuid: "5af08528b3684e0188edfa0a59ca8bb4" member_type: VOTER last_known_addr { host: "127.26.192.131" port: 43469 } health_report { overall_health: UNKNOWN } } }
I20260709 13:13:07.844224 28208 raft_consensus.cc:1275] T 166f714dcb4a4748ad59889ed97c5026 P 5af08528b3684e0188edfa0a59ca8bb4 [term 2 FOLLOWER]: Refusing update from remote peer f2d478b7b7fc4cefb6701c87170a29aa: Log matching property violated. Preceding OpId in replica: term: 1 index: 1. Preceding OpId from leader: term: 2 index: 2. (index mismatch)
I20260709 13:13:07.845935 28257 consensus_queue.cc:1048] T 166f714dcb4a4748ad59889ed97c5026 P f2d478b7b7fc4cefb6701c87170a29aa [LEADER]: Connected to new peer: Peer: permanent_uuid: "5af08528b3684e0188edfa0a59ca8bb4" member_type: VOTER last_known_addr { host: "127.26.192.131" port: 43469 }, Status: LMP_MISMATCH, Last received: 0.0, Next index: 2, Last known committed idx: 1, Time since last communication: 0.000s
I20260709 13:13:07.856022 28133 raft_consensus.cc:1275] T 166f714dcb4a4748ad59889ed97c5026 P 79befe2dee5c4219a679c44448422072 [term 2 FOLLOWER]: Refusing update from remote peer f2d478b7b7fc4cefb6701c87170a29aa: Log matching property violated. Preceding OpId in replica: term: 1 index: 1. Preceding OpId from leader: term: 2 index: 2. (index mismatch)
I20260709 13:13:07.858207 28296 consensus_queue.cc:1048] T 166f714dcb4a4748ad59889ed97c5026 P f2d478b7b7fc4cefb6701c87170a29aa [LEADER]: Connected to new peer: Peer: permanent_uuid: "79befe2dee5c4219a679c44448422072" member_type: VOTER last_known_addr { host: "127.26.192.130" port: 34409 }, Status: LMP_MISMATCH, Last received: 0.0, Next index: 2, Last known committed idx: 1, Time since last communication: 0.001s
I20260709 13:13:07.867828 28133 raft_consensus.cc:1275] T e1d732e4ebb74078bcd5300b0e145727 P 79befe2dee5c4219a679c44448422072 [term 2 FOLLOWER]: Refusing update from remote peer 5af08528b3684e0188edfa0a59ca8bb4: Log matching property violated. Preceding OpId in replica: term: 1 index: 1. Preceding OpId from leader: term: 2 index: 2. (index mismatch)
I20260709 13:13:07.869359 28271 consensus_queue.cc:1048] T e1d732e4ebb74078bcd5300b0e145727 P 5af08528b3684e0188edfa0a59ca8bb4 [LEADER]: Connected to new peer: Peer: permanent_uuid: "79befe2dee5c4219a679c44448422072" member_type: VOTER last_known_addr { host: "127.26.192.130" port: 34409 }, Status: LMP_MISMATCH, Last received: 0.0, Next index: 2, Last known committed idx: 1, Time since last communication: 0.000s
I20260709 13:13:07.877506 28060 raft_consensus.cc:1275] T e1d732e4ebb74078bcd5300b0e145727 P f2d478b7b7fc4cefb6701c87170a29aa [term 2 FOLLOWER]: Refusing update from remote peer 5af08528b3684e0188edfa0a59ca8bb4: Log matching property violated. Preceding OpId in replica: term: 1 index: 1. Preceding OpId from leader: term: 2 index: 2. (index mismatch)
I20260709 13:13:07.879053 28284 consensus_queue.cc:1048] T e1d732e4ebb74078bcd5300b0e145727 P 5af08528b3684e0188edfa0a59ca8bb4 [LEADER]: Connected to new peer: Peer: permanent_uuid: "f2d478b7b7fc4cefb6701c87170a29aa" member_type: VOTER last_known_addr { host: "127.26.192.129" port: 36945 }, Status: LMP_MISMATCH, Last received: 0.0, Next index: 2, Last known committed idx: 1, Time since last communication: 0.000s
I20260709 13:13:07.945551 28133 raft_consensus.cc:1275] T fcecd5f591684e298f5e1d93a943db18 P 79befe2dee5c4219a679c44448422072 [term 2 FOLLOWER]: Refusing update from remote peer f2d478b7b7fc4cefb6701c87170a29aa: Log matching property violated. Preceding OpId in replica: term: 1 index: 1. Preceding OpId from leader: term: 2 index: 2. (index mismatch)
I20260709 13:13:07.947152 28296 consensus_queue.cc:1048] T fcecd5f591684e298f5e1d93a943db18 P f2d478b7b7fc4cefb6701c87170a29aa [LEADER]: Connected to new peer: Peer: permanent_uuid: "79befe2dee5c4219a679c44448422072" member_type: VOTER last_known_addr { host: "127.26.192.130" port: 34409 }, Status: LMP_MISMATCH, Last received: 0.0, Next index: 2, Last known committed idx: 1, Time since last communication: 0.000s
I20260709 13:13:07.956223 28208 raft_consensus.cc:1275] T fcecd5f591684e298f5e1d93a943db18 P 5af08528b3684e0188edfa0a59ca8bb4 [term 2 FOLLOWER]: Refusing update from remote peer f2d478b7b7fc4cefb6701c87170a29aa: Log matching property violated. Preceding OpId in replica: term: 1 index: 1. Preceding OpId from leader: term: 2 index: 2. (index mismatch)
I20260709 13:13:07.958798 28339 consensus_queue.cc:1048] T fcecd5f591684e298f5e1d93a943db18 P f2d478b7b7fc4cefb6701c87170a29aa [LEADER]: Connected to new peer: Peer: permanent_uuid: "5af08528b3684e0188edfa0a59ca8bb4" member_type: VOTER last_known_addr { host: "127.26.192.131" port: 43469 }, Status: LMP_MISMATCH, Last received: 0.0, Next index: 2, Last known committed idx: 1, Time since last communication: 0.001s
I20260709 13:13:08.020525 28208 raft_consensus.cc:1275] T 542f27844f174ca3a19fdd4160b741da P 5af08528b3684e0188edfa0a59ca8bb4 [term 2 FOLLOWER]: Refusing update from remote peer f2d478b7b7fc4cefb6701c87170a29aa: Log matching property violated. Preceding OpId in replica: term: 1 index: 1. Preceding OpId from leader: term: 2 index: 2. (index mismatch)
I20260709 13:13:08.022267 28339 consensus_queue.cc:1048] T 542f27844f174ca3a19fdd4160b741da P f2d478b7b7fc4cefb6701c87170a29aa [LEADER]: Connected to new peer: Peer: permanent_uuid: "5af08528b3684e0188edfa0a59ca8bb4" member_type: VOTER last_known_addr { host: "127.26.192.131" port: 43469 }, Status: LMP_MISMATCH, Last received: 0.0, Next index: 2, Last known committed idx: 1, Time since last communication: 0.000s
I20260709 13:13:08.031704 28133 raft_consensus.cc:1275] T 542f27844f174ca3a19fdd4160b741da P 79befe2dee5c4219a679c44448422072 [term 2 FOLLOWER]: Refusing update from remote peer f2d478b7b7fc4cefb6701c87170a29aa: Log matching property violated. Preceding OpId in replica: term: 1 index: 1. Preceding OpId from leader: term: 2 index: 2. (index mismatch)
I20260709 13:13:08.033802 28296 consensus_queue.cc:1048] T 542f27844f174ca3a19fdd4160b741da P f2d478b7b7fc4cefb6701c87170a29aa [LEADER]: Connected to new peer: Peer: permanent_uuid: "79befe2dee5c4219a679c44448422072" member_type: VOTER last_known_addr { host: "127.26.192.130" port: 34409 }, Status: LMP_MISMATCH, Last received: 0.0, Next index: 2, Last known committed idx: 1, Time since last communication: 0.000s
I20260709 13:13:08.048482 28208 raft_consensus.cc:1275] T 6bc708e9bb5044a7995459790d505821 P 5af08528b3684e0188edfa0a59ca8bb4 [term 2 FOLLOWER]: Refusing update from remote peer 79befe2dee5c4219a679c44448422072: Log matching property violated. Preceding OpId in replica: term: 1 index: 1. Preceding OpId from leader: term: 2 index: 2. (index mismatch)
I20260709 13:13:08.049863 28259 consensus_queue.cc:1048] T 6bc708e9bb5044a7995459790d505821 P 79befe2dee5c4219a679c44448422072 [LEADER]: Connected to new peer: Peer: permanent_uuid: "5af08528b3684e0188edfa0a59ca8bb4" member_type: VOTER last_known_addr { host: "127.26.192.131" port: 43469 }, Status: LMP_MISMATCH, Last received: 0.0, Next index: 2, Last known committed idx: 1, Time since last communication: 0.000s
I20260709 13:13:08.059264 28060 raft_consensus.cc:1275] T 6bc708e9bb5044a7995459790d505821 P f2d478b7b7fc4cefb6701c87170a29aa [term 2 FOLLOWER]: Refusing update from remote peer 79befe2dee5c4219a679c44448422072: Log matching property violated. Preceding OpId in replica: term: 1 index: 1. Preceding OpId from leader: term: 2 index: 2. (index mismatch)
I20260709 13:13:08.061194 28307 consensus_queue.cc:1048] T 6bc708e9bb5044a7995459790d505821 P 79befe2dee5c4219a679c44448422072 [LEADER]: Connected to new peer: Peer: permanent_uuid: "f2d478b7b7fc4cefb6701c87170a29aa" member_type: VOTER last_known_addr { host: "127.26.192.129" port: 36945 }, Status: LMP_MISMATCH, Last received: 0.0, Next index: 2, Last known committed idx: 1, Time since last communication: 0.000s
I20260709 13:13:08.069132 28208 raft_consensus.cc:1275] T 4fe7489f6dc14035adb7614a2bc33530 P 5af08528b3684e0188edfa0a59ca8bb4 [term 2 FOLLOWER]: Refusing update from remote peer 79befe2dee5c4219a679c44448422072: Log matching property violated. Preceding OpId in replica: term: 1 index: 1. Preceding OpId from leader: term: 2 index: 2. (index mismatch)
I20260709 13:13:08.071121 28309 consensus_queue.cc:1048] T 4fe7489f6dc14035adb7614a2bc33530 P 79befe2dee5c4219a679c44448422072 [LEADER]: Connected to new peer: Peer: permanent_uuid: "5af08528b3684e0188edfa0a59ca8bb4" member_type: VOTER last_known_addr { host: "127.26.192.131" port: 43469 }, Status: LMP_MISMATCH, Last received: 0.0, Next index: 2, Last known committed idx: 1, Time since last communication: 0.001s
I20260709 13:13:08.072486 28060 raft_consensus.cc:1275] T 4fe7489f6dc14035adb7614a2bc33530 P f2d478b7b7fc4cefb6701c87170a29aa [term 2 FOLLOWER]: Refusing update from remote peer 79befe2dee5c4219a679c44448422072: Log matching property violated. Preceding OpId in replica: term: 1 index: 1. Preceding OpId from leader: term: 2 index: 2. (index mismatch)
I20260709 13:13:08.074009 28307 consensus_queue.cc:1048] T 4fe7489f6dc14035adb7614a2bc33530 P 79befe2dee5c4219a679c44448422072 [LEADER]: Connected to new peer: Peer: permanent_uuid: "f2d478b7b7fc4cefb6701c87170a29aa" member_type: VOTER last_known_addr { host: "127.26.192.129" port: 36945 }, Status: LMP_MISMATCH, Last received: 0.0, Next index: 2, Last known committed idx: 1, Time since last communication: 0.000s
I20260709 13:13:08.114154 28133 raft_consensus.cc:1275] T 67bae513960945999254da815319f6ad P 79befe2dee5c4219a679c44448422072 [term 2 FOLLOWER]: Refusing update from remote peer f2d478b7b7fc4cefb6701c87170a29aa: Log matching property violated. Preceding OpId in replica: term: 1 index: 1. Preceding OpId from leader: term: 2 index: 2. (index mismatch)
I20260709 13:13:08.115649 28296 consensus_queue.cc:1048] T 67bae513960945999254da815319f6ad P f2d478b7b7fc4cefb6701c87170a29aa [LEADER]: Connected to new peer: Peer: permanent_uuid: "79befe2dee5c4219a679c44448422072" member_type: VOTER last_known_addr { host: "127.26.192.130" port: 34409 }, Status: LMP_MISMATCH, Last received: 0.0, Next index: 2, Last known committed idx: 1, Time since last communication: 0.000s
I20260709 13:13:08.124879 28208 raft_consensus.cc:1275] T 67bae513960945999254da815319f6ad P 5af08528b3684e0188edfa0a59ca8bb4 [term 2 FOLLOWER]: Refusing update from remote peer f2d478b7b7fc4cefb6701c87170a29aa: Log matching property violated. Preceding OpId in replica: term: 1 index: 1. Preceding OpId from leader: term: 2 index: 2. (index mismatch)
I20260709 13:13:08.126513 28257 consensus_queue.cc:1048] T 67bae513960945999254da815319f6ad P f2d478b7b7fc4cefb6701c87170a29aa [LEADER]: Connected to new peer: Peer: permanent_uuid: "5af08528b3684e0188edfa0a59ca8bb4" member_type: VOTER last_known_addr { host: "127.26.192.131" port: 43469 }, Status: LMP_MISMATCH, Last received: 0.0, Next index: 2, Last known committed idx: 1, Time since last communication: 0.001s
I20260709 13:13:08.170122 28133 raft_consensus.cc:1275] T 2f94124db5fd41a0865a3f0a3284905d P 79befe2dee5c4219a679c44448422072 [term 2 FOLLOWER]: Refusing update from remote peer f2d478b7b7fc4cefb6701c87170a29aa: Log matching property violated. Preceding OpId in replica: term: 1 index: 1. Preceding OpId from leader: term: 2 index: 2. (index mismatch)
I20260709 13:13:08.171527 28257 consensus_queue.cc:1048] T 2f94124db5fd41a0865a3f0a3284905d P f2d478b7b7fc4cefb6701c87170a29aa [LEADER]: Connected to new peer: Peer: permanent_uuid: "79befe2dee5c4219a679c44448422072" member_type: VOTER last_known_addr { host: "127.26.192.130" port: 34409 }, Status: LMP_MISMATCH, Last received: 0.0, Next index: 2, Last known committed idx: 1, Time since last communication: 0.000s
I20260709 13:13:08.180577 28208 raft_consensus.cc:1275] T 2f94124db5fd41a0865a3f0a3284905d P 5af08528b3684e0188edfa0a59ca8bb4 [term 2 FOLLOWER]: Refusing update from remote peer f2d478b7b7fc4cefb6701c87170a29aa: Log matching property violated. Preceding OpId in replica: term: 1 index: 1. Preceding OpId from leader: term: 2 index: 2. (index mismatch)
I20260709 13:13:08.182286 28296 consensus_queue.cc:1048] T 2f94124db5fd41a0865a3f0a3284905d P f2d478b7b7fc4cefb6701c87170a29aa [LEADER]: Connected to new peer: Peer: permanent_uuid: "5af08528b3684e0188edfa0a59ca8bb4" member_type: VOTER last_known_addr { host: "127.26.192.131" port: 43469 }, Status: LMP_MISMATCH, Last received: 0.0, Next index: 2, Last known committed idx: 1, Time since last communication: 0.000s
I20260709 13:13:10.316039 27394 auto_leader_rebalancer-test.cc:348] The leader distribution is 
I20260709 13:13:10.317185 27394 auto_leader_rebalancer.cc:141] leader rebalance for table test-workload
I20260709 13:13:10.336877 28060 tablet_service.cc:2072] Received LeaderStepDown RPC: tablet_id: "166f714dcb4a4748ad59889ed97c5026"
dest_uuid: "f2d478b7b7fc4cefb6701c87170a29aa"
mode: GRACEFUL
new_leader_uuid: "5af08528b3684e0188edfa0a59ca8bb4"
 from {username='slave'} at 127.0.0.1:60728
I20260709 13:13:10.337656 28060 raft_consensus.cc:606] T 166f714dcb4a4748ad59889ed97c5026 P f2d478b7b7fc4cefb6701c87170a29aa [term 2 LEADER]: Received request to transfer leadership to TS 5af08528b3684e0188edfa0a59ca8bb4
I20260709 13:13:10.340679 28060 tablet_service.cc:2072] Received LeaderStepDown RPC: tablet_id: "542f27844f174ca3a19fdd4160b741da"
dest_uuid: "f2d478b7b7fc4cefb6701c87170a29aa"
mode: GRACEFUL
new_leader_uuid: "5af08528b3684e0188edfa0a59ca8bb4"
 from {username='slave'} at 127.0.0.1:60728
I20260709 13:13:10.341130 28060 raft_consensus.cc:606] T 542f27844f174ca3a19fdd4160b741da P f2d478b7b7fc4cefb6701c87170a29aa [term 2 LEADER]: Received request to transfer leadership to TS 5af08528b3684e0188edfa0a59ca8bb4
I20260709 13:13:10.342238 27394 auto_leader_rebalancer.cc:452] table: test-workload, leader rebalance finish, leader transfer count: 2
I20260709 13:13:10.342779 27394 auto_leader_rebalancer.cc:527] All tables' leader rebalancing finished this round
I20260709 13:13:10.664299 28257 raft_consensus.cc:993] T 542f27844f174ca3a19fdd4160b741da P f2d478b7b7fc4cefb6701c87170a29aa: : Instructing follower 5af08528b3684e0188edfa0a59ca8bb4 to start an election
I20260709 13:13:10.664845 28257 raft_consensus.cc:1081] T 542f27844f174ca3a19fdd4160b741da P f2d478b7b7fc4cefb6701c87170a29aa [term 2 LEADER]: Signalling peer 5af08528b3684e0188edfa0a59ca8bb4 to start an election
I20260709 13:13:10.666815 28209 tablet_service.cc:2044] Received Run Leader Election RPC: tablet_id: "542f27844f174ca3a19fdd4160b741da"
dest_uuid: "5af08528b3684e0188edfa0a59ca8bb4"
 from {username='slave'} at 127.0.0.1:35004
I20260709 13:13:10.667407 28209 raft_consensus.cc:493] T 542f27844f174ca3a19fdd4160b741da P 5af08528b3684e0188edfa0a59ca8bb4 [term 2 FOLLOWER]: Starting forced leader election (received explicit request)
I20260709 13:13:10.667821 28209 raft_consensus.cc:3060] T 542f27844f174ca3a19fdd4160b741da P 5af08528b3684e0188edfa0a59ca8bb4 [term 2 FOLLOWER]: Advancing to term 3
I20260709 13:13:10.674417 28209 raft_consensus.cc:515] T 542f27844f174ca3a19fdd4160b741da P 5af08528b3684e0188edfa0a59ca8bb4 [term 3 FOLLOWER]: Starting forced leader election with config: opid_index: -1 OBSOLETE_local: false peers { permanent_uuid: "f2d478b7b7fc4cefb6701c87170a29aa" member_type: VOTER last_known_addr { host: "127.26.192.129" port: 36945 } } peers { permanent_uuid: "79befe2dee5c4219a679c44448422072" member_type: VOTER last_known_addr { host: "127.26.192.130" port: 34409 } } peers { permanent_uuid: "5af08528b3684e0188edfa0a59ca8bb4" member_type: VOTER last_known_addr { host: "127.26.192.131" port: 43469 } }
I20260709 13:13:10.676694 28209 leader_election.cc:290] T 542f27844f174ca3a19fdd4160b741da P 5af08528b3684e0188edfa0a59ca8bb4 [CANDIDATE]: Term 3 election: Requested vote from peers f2d478b7b7fc4cefb6701c87170a29aa (127.26.192.129:36945), 79befe2dee5c4219a679c44448422072 (127.26.192.130:34409)
I20260709 13:13:10.677800 28060 tablet_service.cc:1917] Received RequestConsensusVote() RPC: tablet_id: "542f27844f174ca3a19fdd4160b741da" candidate_uuid: "5af08528b3684e0188edfa0a59ca8bb4" candidate_term: 3 candidate_status { last_received { term: 2 index: 2 } } ignore_live_leader: true dest_uuid: "f2d478b7b7fc4cefb6701c87170a29aa"
I20260709 13:13:10.678117 28135 tablet_service.cc:1917] Received RequestConsensusVote() RPC: tablet_id: "542f27844f174ca3a19fdd4160b741da" candidate_uuid: "5af08528b3684e0188edfa0a59ca8bb4" candidate_term: 3 candidate_status { last_received { term: 2 index: 2 } } ignore_live_leader: true dest_uuid: "79befe2dee5c4219a679c44448422072"
I20260709 13:13:10.678658 28060 raft_consensus.cc:3055] T 542f27844f174ca3a19fdd4160b741da P f2d478b7b7fc4cefb6701c87170a29aa [term 2 LEADER]: Stepping down as leader of term 2
I20260709 13:13:10.678763 28135 raft_consensus.cc:3060] T 542f27844f174ca3a19fdd4160b741da P 79befe2dee5c4219a679c44448422072 [term 2 FOLLOWER]: Advancing to term 3
I20260709 13:13:10.678951 28060 raft_consensus.cc:740] T 542f27844f174ca3a19fdd4160b741da P f2d478b7b7fc4cefb6701c87170a29aa [term 2 LEADER]: Becoming Follower/Learner. State: Replica: f2d478b7b7fc4cefb6701c87170a29aa, State: Running, Role: LEADER
I20260709 13:13:10.679934 28060 consensus_queue.cc:260] T 542f27844f174ca3a19fdd4160b741da P f2d478b7b7fc4cefb6701c87170a29aa [NON_LEADER]: Queue going to NON_LEADER mode. State: All replicated index: 0, Majority replicated index: 2, Committed index: 2, Last appended: 2.2, Last appended by leader: 2, Current term: 2, Majority size: -1, State: 0, Mode: NON_LEADER, active raft config: opid_index: -1 OBSOLETE_local: false peers { permanent_uuid: "f2d478b7b7fc4cefb6701c87170a29aa" member_type: VOTER last_known_addr { host: "127.26.192.129" port: 36945 } } peers { permanent_uuid: "79befe2dee5c4219a679c44448422072" member_type: VOTER last_known_addr { host: "127.26.192.130" port: 34409 } } peers { permanent_uuid: "5af08528b3684e0188edfa0a59ca8bb4" member_type: VOTER last_known_addr { host: "127.26.192.131" port: 43469 } }
I20260709 13:13:10.681032 28060 raft_consensus.cc:3060] T 542f27844f174ca3a19fdd4160b741da P f2d478b7b7fc4cefb6701c87170a29aa [term 2 FOLLOWER]: Advancing to term 3
I20260709 13:13:10.685252 28135 raft_consensus.cc:2468] T 542f27844f174ca3a19fdd4160b741da P 79befe2dee5c4219a679c44448422072 [term 3 FOLLOWER]: Leader election vote request: Granting yes vote for candidate 5af08528b3684e0188edfa0a59ca8bb4 in term 3.
I20260709 13:13:10.686699 28060 raft_consensus.cc:2468] T 542f27844f174ca3a19fdd4160b741da P f2d478b7b7fc4cefb6701c87170a29aa [term 3 FOLLOWER]: Leader election vote request: Granting yes vote for candidate 5af08528b3684e0188edfa0a59ca8bb4 in term 3.
I20260709 13:13:10.687156 28172 leader_election.cc:304] T 542f27844f174ca3a19fdd4160b741da P 5af08528b3684e0188edfa0a59ca8bb4 [CANDIDATE]: Term 3 election: Election decided. Result: candidate won. Election summary: received 2 responses out of 3 voters: 2 yes votes; 0 no votes. yes voters: 5af08528b3684e0188edfa0a59ca8bb4, 79befe2dee5c4219a679c44448422072; no voters: 
I20260709 13:13:10.688228 28351 raft_consensus.cc:2804] T 542f27844f174ca3a19fdd4160b741da P 5af08528b3684e0188edfa0a59ca8bb4 [term 3 FOLLOWER]: Leader election won for term 3
I20260709 13:13:10.689817 28351 raft_consensus.cc:697] T 542f27844f174ca3a19fdd4160b741da P 5af08528b3684e0188edfa0a59ca8bb4 [term 3 LEADER]: Becoming Leader. State: Replica: 5af08528b3684e0188edfa0a59ca8bb4, State: Running, Role: LEADER
I20260709 13:13:10.691009 28351 consensus_queue.cc:237] T 542f27844f174ca3a19fdd4160b741da P 5af08528b3684e0188edfa0a59ca8bb4 [LEADER]: Queue going to LEADER mode. State: All replicated index: 0, Majority replicated index: 2, Committed index: 2, Last appended: 2.2, Last appended by leader: 2, Current term: 3, Majority size: 2, State: 0, Mode: LEADER, active raft config: opid_index: -1 OBSOLETE_local: false peers { permanent_uuid: "f2d478b7b7fc4cefb6701c87170a29aa" member_type: VOTER last_known_addr { host: "127.26.192.129" port: 36945 } } peers { permanent_uuid: "79befe2dee5c4219a679c44448422072" member_type: VOTER last_known_addr { host: "127.26.192.130" port: 34409 } } peers { permanent_uuid: "5af08528b3684e0188edfa0a59ca8bb4" member_type: VOTER last_known_addr { host: "127.26.192.131" port: 43469 } }
I20260709 13:13:10.706511 28359 raft_consensus.cc:993] T 166f714dcb4a4748ad59889ed97c5026 P f2d478b7b7fc4cefb6701c87170a29aa: : Instructing follower 5af08528b3684e0188edfa0a59ca8bb4 to start an election
