W20260709 13:13:10.156061  1152 leader_election.cc:343] T 0990b7e3125946778d8f6c44609f4529 P ef3d2b317dfe4990bc5706744c860f83 [CANDIDATE]: Term 1 pre-election: Tablet error from VoteRequest() call to peer 5909a77d71274496836625408a5eef93 (127.31.167.129:44837): Illegal state: must be running to vote when last-logged opid is not known
I20260709 13:13:10.156518  1152 leader_election.cc:304] T 0990b7e3125946778d8f6c44609f4529 P ef3d2b317dfe4990bc5706744c860f83 [CANDIDATE]: Term 1 pre-election: Election decided. Result: candidate lost. Election summary: received 3 responses out of 3 voters: 1 yes votes; 2 no votes. yes voters: ef3d2b317dfe4990bc5706744c860f83; no voters: 5909a77d71274496836625408a5eef93, f9196da5c0dd48bbb83a51ded7f6e7dc
I20260709 13:13:10.160049  1313 raft_consensus.cc:2749] T 0990b7e3125946778d8f6c44609f4529 P ef3d2b317dfe4990bc5706744c860f83 [term 0 FOLLOWER]: Leader pre-election lost for term 1. Reason: could not achieve majority
W20260709 13:13:10.158800  1150 leader_election.cc:343] T 2f309aa6f8df4c8fbe2b6c47b4dc8d4c P ef3d2b317dfe4990bc5706744c860f83 [CANDIDATE]: Term 1 pre-election: Tablet error from VoteRequest() call to peer f9196da5c0dd48bbb83a51ded7f6e7dc (127.31.167.131:34565): Illegal state: must be running to vote when last-logged opid is not known
W20260709 13:13:10.162866  1075 consensus_peers.cc:597] T e016cb0559fb4577bd877bac667a639d P 5909a77d71274496836625408a5eef93 -> Peer f9196da5c0dd48bbb83a51ded7f6e7dc (127.31.167.131:34565): Couldn't send request to peer f9196da5c0dd48bbb83a51ded7f6e7dc. Error code: TABLET_NOT_RUNNING (12). Status: Illegal state: Tablet not RUNNING: INITIALIZED. This is attempt 1: this message will repeat every 5th retry.
I20260709 13:13:10.163077  1152 leader_election.cc:304] T 2f309aa6f8df4c8fbe2b6c47b4dc8d4c P ef3d2b317dfe4990bc5706744c860f83 [CANDIDATE]: Term 1 pre-election: Election decided. Result: candidate won. Election summary: received 3 responses out of 3 voters: 2 yes votes; 1 no votes. yes voters: 5909a77d71274496836625408a5eef93, ef3d2b317dfe4990bc5706744c860f83; no voters: f9196da5c0dd48bbb83a51ded7f6e7dc
I20260709 13:13:10.164013  1313 raft_consensus.cc:2804] T 2f309aa6f8df4c8fbe2b6c47b4dc8d4c P ef3d2b317dfe4990bc5706744c860f83 [term 0 FOLLOWER]: Leader pre-election won for term 1
I20260709 13:13:10.164372  1313 raft_consensus.cc:493] T 2f309aa6f8df4c8fbe2b6c47b4dc8d4c P ef3d2b317dfe4990bc5706744c860f83 [term 0 FOLLOWER]: Starting leader election (no leader contacted us within the election timeout)
I20260709 13:13:10.164716  1313 raft_consensus.cc:3060] T 2f309aa6f8df4c8fbe2b6c47b4dc8d4c P ef3d2b317dfe4990bc5706744c860f83 [term 0 FOLLOWER]: Advancing to term 1
I20260709 13:13:10.168818  1259 tablet_service.cc:1917] Received RequestConsensusVote() RPC: tablet_id: "16f27956a7f949c6a3e14a523b5aad49" candidate_uuid: "ef3d2b317dfe4990bc5706744c860f83" candidate_term: 1 candidate_status { last_received { term: 0 index: 0 } } ignore_live_leader: false dest_uuid: "f9196da5c0dd48bbb83a51ded7f6e7dc"
I20260709 13:13:10.136288  1543 raft_consensus.cc:2749] T 19194792e2b1465aab4be30568976ca2 P f9196da5c0dd48bbb83a51ded7f6e7dc [term 0 FOLLOWER]: Leader pre-election lost for term 1. Reason: could not achieve majority
I20260709 13:13:10.170650  1112 tablet_service.cc:1917] Received RequestConsensusVote() RPC: tablet_id: "16f27956a7f949c6a3e14a523b5aad49" candidate_uuid: "ef3d2b317dfe4990bc5706744c860f83" candidate_term: 1 candidate_status { last_received { term: 0 index: 0 } } ignore_live_leader: false dest_uuid: "5909a77d71274496836625408a5eef93"
I20260709 13:13:10.171423  1112 raft_consensus.cc:2393] T 16f27956a7f949c6a3e14a523b5aad49 P 5909a77d71274496836625408a5eef93 [term 1 FOLLOWER]: Leader election vote request: Denying vote to candidate ef3d2b317dfe4990bc5706744c860f83 in current term 1: Already voted for candidate 5909a77d71274496836625408a5eef93 in this term.
I20260709 13:13:10.171187  1513 leader_election.cc:290] T 16f27956a7f949c6a3e14a523b5aad49 P ef3d2b317dfe4990bc5706744c860f83 [CANDIDATE]: Term 1 election: Requested vote from peers 5909a77d71274496836625408a5eef93 (127.31.167.129:44837), f9196da5c0dd48bbb83a51ded7f6e7dc (127.31.167.131:34565)
I20260709 13:13:10.174198  1152 leader_election.cc:304] T 16f27956a7f949c6a3e14a523b5aad49 P ef3d2b317dfe4990bc5706744c860f83 [CANDIDATE]: Term 1 election: Election decided. Result: candidate lost. Election summary: received 3 responses out of 3 voters: 1 yes votes; 2 no votes. yes voters: ef3d2b317dfe4990bc5706744c860f83; no voters: 5909a77d71274496836625408a5eef93, f9196da5c0dd48bbb83a51ded7f6e7dc
I20260709 13:13:10.175022  1513 raft_consensus.cc:2749] T 16f27956a7f949c6a3e14a523b5aad49 P ef3d2b317dfe4990bc5706744c860f83 [term 1 FOLLOWER]: Leader election lost for term 1. Reason: could not achieve majority
I20260709 13:13:10.180303  1302 tablet_bootstrap.cc:492] T a3afd175d4f548f1b7f70643bf51fb18 P ef3d2b317dfe4990bc5706744c860f83: Bootstrap starting.
I20260709 13:13:10.182842  1313 raft_consensus.cc:515] T 2f309aa6f8df4c8fbe2b6c47b4dc8d4c P ef3d2b317dfe4990bc5706744c860f83 [term 1 FOLLOWER]: Starting leader election with config: opid_index: -1 OBSOLETE_local: false peers { permanent_uuid: "5909a77d71274496836625408a5eef93" member_type: VOTER last_known_addr { host: "127.31.167.129" port: 44837 } } peers { permanent_uuid: "ef3d2b317dfe4990bc5706744c860f83" member_type: VOTER last_known_addr { host: "127.31.167.130" port: 38559 } } peers { permanent_uuid: "f9196da5c0dd48bbb83a51ded7f6e7dc" member_type: VOTER last_known_addr { host: "127.31.167.131" port: 34565 } }
I20260709 13:13:10.185340  1313 leader_election.cc:290] T 2f309aa6f8df4c8fbe2b6c47b4dc8d4c P ef3d2b317dfe4990bc5706744c860f83 [CANDIDATE]: Term 1 election: Requested vote from peers 5909a77d71274496836625408a5eef93 (127.31.167.129:44837), f9196da5c0dd48bbb83a51ded7f6e7dc (127.31.167.131:34565)
I20260709 13:13:10.186175  1112 tablet_service.cc:1917] Received RequestConsensusVote() RPC: tablet_id: "2f309aa6f8df4c8fbe2b6c47b4dc8d4c" candidate_uuid: "ef3d2b317dfe4990bc5706744c860f83" candidate_term: 1 candidate_status { last_received { term: 0 index: 0 } } ignore_live_leader: false dest_uuid: "5909a77d71274496836625408a5eef93"
I20260709 13:13:10.186792  1112 raft_consensus.cc:3060] T 2f309aa6f8df4c8fbe2b6c47b4dc8d4c P 5909a77d71274496836625408a5eef93 [term 0 FOLLOWER]: Advancing to term 1
I20260709 13:13:10.188050  1258 tablet_service.cc:1917] Received RequestConsensusVote() RPC: tablet_id: "2f309aa6f8df4c8fbe2b6c47b4dc8d4c" candidate_uuid: "ef3d2b317dfe4990bc5706744c860f83" candidate_term: 1 candidate_status { last_received { term: 0 index: 0 } } ignore_live_leader: false dest_uuid: "f9196da5c0dd48bbb83a51ded7f6e7dc"
I20260709 13:13:10.177683  1306 tablet_bootstrap.cc:492] T e7d56f9e0b15447cb30eb80ad7c08c92 P 5909a77d71274496836625408a5eef93: Bootstrap starting.
I20260709 13:13:10.177316  1260 raft_consensus.cc:2468] T 16f27956a7f949c6a3e14a523b5aad49 P f9196da5c0dd48bbb83a51ded7f6e7dc [term 1 FOLLOWER]: Leader election vote request: Granting yes vote for candidate 5909a77d71274496836625408a5eef93 in term 1.
I20260709 13:13:10.198989  1075 leader_election.cc:304] T 16f27956a7f949c6a3e14a523b5aad49 P 5909a77d71274496836625408a5eef93 [CANDIDATE]: Term 1 election: Election decided. Result: candidate won. Election summary: received 3 responses out of 3 voters: 2 yes votes; 1 no votes. yes voters: 5909a77d71274496836625408a5eef93, f9196da5c0dd48bbb83a51ded7f6e7dc; no voters: ef3d2b317dfe4990bc5706744c860f83
I20260709 13:13:10.200136  1505 raft_consensus.cc:2804] T 16f27956a7f949c6a3e14a523b5aad49 P 5909a77d71274496836625408a5eef93 [term 1 FOLLOWER]: Leader election won for term 1
I20260709 13:13:10.200604  1505 raft_consensus.cc:697] T 16f27956a7f949c6a3e14a523b5aad49 P 5909a77d71274496836625408a5eef93 [term 1 LEADER]: Becoming Leader. State: Replica: 5909a77d71274496836625408a5eef93, State: Running, Role: LEADER
I20260709 13:13:10.201469  1505 consensus_queue.cc:237] T 16f27956a7f949c6a3e14a523b5aad49 P 5909a77d71274496836625408a5eef93 [LEADER]: Queue going to LEADER mode. State: All replicated index: 0, Majority replicated index: 0, Committed index: 0, Last appended: 0.0, Last appended by leader: 0, Current term: 1, Majority size: 2, State: 0, Mode: LEADER, active raft config: opid_index: -1 OBSOLETE_local: false peers { permanent_uuid: "5909a77d71274496836625408a5eef93" member_type: VOTER last_known_addr { host: "127.31.167.129" port: 44837 } } peers { permanent_uuid: "ef3d2b317dfe4990bc5706744c860f83" member_type: VOTER last_known_addr { host: "127.31.167.130" port: 38559 } } peers { permanent_uuid: "f9196da5c0dd48bbb83a51ded7f6e7dc" member_type: VOTER last_known_addr { host: "127.31.167.131" port: 34565 } }
I20260709 13:13:10.204802  1302 tablet_bootstrap.cc:654] T a3afd175d4f548f1b7f70643bf51fb18 P ef3d2b317dfe4990bc5706744c860f83: Neither blocks nor log segments found. Creating new log.
I20260709 13:13:10.206926  1301 tablet_bootstrap.cc:492] T e7d56f9e0b15447cb30eb80ad7c08c92 P f9196da5c0dd48bbb83a51ded7f6e7dc: No bootstrap required, opened a new log
I20260709 13:13:10.204523  1306 tablet_bootstrap.cc:654] T e7d56f9e0b15447cb30eb80ad7c08c92 P 5909a77d71274496836625408a5eef93: Neither blocks nor log segments found. Creating new log.
I20260709 13:13:10.207367  1301 ts_tablet_manager.cc:1403] T e7d56f9e0b15447cb30eb80ad7c08c92 P f9196da5c0dd48bbb83a51ded7f6e7dc: Time spent bootstrapping tablet: real 0.193s	user 0.012s	sys 0.003s
I20260709 13:13:10.205864  1112 raft_consensus.cc:2468] T 2f309aa6f8df4c8fbe2b6c47b4dc8d4c P 5909a77d71274496836625408a5eef93 [term 1 FOLLOWER]: Leader election vote request: Granting yes vote for candidate ef3d2b317dfe4990bc5706744c860f83 in term 1.
I20260709 13:13:10.208441  1152 leader_election.cc:304] T 2f309aa6f8df4c8fbe2b6c47b4dc8d4c P ef3d2b317dfe4990bc5706744c860f83 [CANDIDATE]: Term 1 election: Election decided. Result: candidate won. Election summary: received 2 responses out of 3 voters: 2 yes votes; 0 no votes. yes voters: 5909a77d71274496836625408a5eef93, ef3d2b317dfe4990bc5706744c860f83; no voters: 
I20260709 13:13:10.210052  1301 raft_consensus.cc:359] T e7d56f9e0b15447cb30eb80ad7c08c92 P f9196da5c0dd48bbb83a51ded7f6e7dc [term 0 FOLLOWER]: Replica starting. Triggering 0 pending ops. Active config: opid_index: -1 OBSOLETE_local: false peers { permanent_uuid: "5909a77d71274496836625408a5eef93" member_type: VOTER last_known_addr { host: "127.31.167.129" port: 44837 } } peers { permanent_uuid: "ef3d2b317dfe4990bc5706744c860f83" member_type: VOTER last_known_addr { host: "127.31.167.130" port: 38559 } } peers { permanent_uuid: "f9196da5c0dd48bbb83a51ded7f6e7dc" member_type: VOTER last_known_addr { host: "127.31.167.131" port: 34565 } }
I20260709 13:13:10.211123  1313 raft_consensus.cc:2804] T 2f309aa6f8df4c8fbe2b6c47b4dc8d4c P ef3d2b317dfe4990bc5706744c860f83 [term 1 FOLLOWER]: Leader election won for term 1
W20260709 13:13:10.213536  1150 leader_election.cc:343] T 2f309aa6f8df4c8fbe2b6c47b4dc8d4c P ef3d2b317dfe4990bc5706744c860f83 [CANDIDATE]: Term 1 election: Tablet error from VoteRequest() call to peer f9196da5c0dd48bbb83a51ded7f6e7dc (127.31.167.131:34565): Illegal state: must be running to vote when last-logged opid is not known
I20260709 13:13:10.213940  1301 raft_consensus.cc:385] T e7d56f9e0b15447cb30eb80ad7c08c92 P f9196da5c0dd48bbb83a51ded7f6e7dc [term 0 FOLLOWER]: Consensus starting up: Expiring failure detector timer to make a prompt election more likely
I20260709 13:13:10.214232  1301 raft_consensus.cc:740] T e7d56f9e0b15447cb30eb80ad7c08c92 P f9196da5c0dd48bbb83a51ded7f6e7dc [term 0 FOLLOWER]: Becoming Follower/Learner. State: Replica: f9196da5c0dd48bbb83a51ded7f6e7dc, State: Initialized, Role: FOLLOWER
I20260709 13:13:10.214938  1301 consensus_queue.cc:260] T e7d56f9e0b15447cb30eb80ad7c08c92 P f9196da5c0dd48bbb83a51ded7f6e7dc [NON_LEADER]: Queue going to NON_LEADER mode. State: All replicated index: 0, Majority replicated index: 0, Committed index: 0, Last appended: 0.0, Last appended by leader: 0, Current term: 0, Majority size: -1, State: 0, Mode: NON_LEADER, active raft config: opid_index: -1 OBSOLETE_local: false peers { permanent_uuid: "5909a77d71274496836625408a5eef93" member_type: VOTER last_known_addr { host: "127.31.167.129" port: 44837 } } peers { permanent_uuid: "ef3d2b317dfe4990bc5706744c860f83" member_type: VOTER last_known_addr { host: "127.31.167.130" port: 38559 } } peers { permanent_uuid: "f9196da5c0dd48bbb83a51ded7f6e7dc" member_type: VOTER last_known_addr { host: "127.31.167.131" port: 34565 } }
I20260709 13:13:10.211968  1313 raft_consensus.cc:697] T 2f309aa6f8df4c8fbe2b6c47b4dc8d4c P ef3d2b317dfe4990bc5706744c860f83 [term 1 LEADER]: Becoming Leader. State: Replica: ef3d2b317dfe4990bc5706744c860f83, State: Running, Role: LEADER
I20260709 13:13:10.216491  1301 ts_tablet_manager.cc:1434] T e7d56f9e0b15447cb30eb80ad7c08c92 P f9196da5c0dd48bbb83a51ded7f6e7dc: Time spent starting tablet: real 0.009s	user 0.006s	sys 0.000s
I20260709 13:13:10.216595  1313 consensus_queue.cc:237] T 2f309aa6f8df4c8fbe2b6c47b4dc8d4c P ef3d2b317dfe4990bc5706744c860f83 [LEADER]: Queue going to LEADER mode. State: All replicated index: 0, Majority replicated index: 0, Committed index: 0, Last appended: 0.0, Last appended by leader: 0, Current term: 1, Majority size: 2, State: 0, Mode: LEADER, active raft config: opid_index: -1 OBSOLETE_local: false peers { permanent_uuid: "5909a77d71274496836625408a5eef93" member_type: VOTER last_known_addr { host: "127.31.167.129" port: 44837 } } peers { permanent_uuid: "ef3d2b317dfe4990bc5706744c860f83" member_type: VOTER last_known_addr { host: "127.31.167.130" port: 38559 } } peers { permanent_uuid: "f9196da5c0dd48bbb83a51ded7f6e7dc" member_type: VOTER last_known_addr { host: "127.31.167.131" port: 34565 } }
I20260709 13:13:10.224246  1301 tablet_bootstrap.cc:492] T 2f309aa6f8df4c8fbe2b6c47b4dc8d4c P f9196da5c0dd48bbb83a51ded7f6e7dc: Bootstrap starting.
I20260709 13:13:10.236464  1301 tablet_bootstrap.cc:654] T 2f309aa6f8df4c8fbe2b6c47b4dc8d4c P f9196da5c0dd48bbb83a51ded7f6e7dc: Neither blocks nor log segments found. Creating new log.
I20260709 13:13:10.243160  1302 tablet_bootstrap.cc:492] T a3afd175d4f548f1b7f70643bf51fb18 P ef3d2b317dfe4990bc5706744c860f83: No bootstrap required, opened a new log
I20260709 13:13:10.243620  1302 ts_tablet_manager.cc:1403] T a3afd175d4f548f1b7f70643bf51fb18 P ef3d2b317dfe4990bc5706744c860f83: Time spent bootstrapping tablet: real 0.064s	user 0.011s	sys 0.001s
I20260709 13:13:10.246071  1302 raft_consensus.cc:359] T a3afd175d4f548f1b7f70643bf51fb18 P ef3d2b317dfe4990bc5706744c860f83 [term 0 FOLLOWER]: Replica starting. Triggering 0 pending ops. Active config: opid_index: -1 OBSOLETE_local: false peers { permanent_uuid: "5909a77d71274496836625408a5eef93" member_type: VOTER last_known_addr { host: "127.31.167.129" port: 44837 } } peers { permanent_uuid: "ef3d2b317dfe4990bc5706744c860f83" member_type: VOTER last_known_addr { host: "127.31.167.130" port: 38559 } } peers { permanent_uuid: "f9196da5c0dd48bbb83a51ded7f6e7dc" member_type: VOTER last_known_addr { host: "127.31.167.131" port: 34565 } }
I20260709 13:13:10.246714  1302 raft_consensus.cc:385] T a3afd175d4f548f1b7f70643bf51fb18 P ef3d2b317dfe4990bc5706744c860f83 [term 0 FOLLOWER]: Consensus starting up: Expiring failure detector timer to make a prompt election more likely
I20260709 13:13:10.246968  1302 raft_consensus.cc:740] T a3afd175d4f548f1b7f70643bf51fb18 P ef3d2b317dfe4990bc5706744c860f83 [term 0 FOLLOWER]: Becoming Follower/Learner. State: Replica: ef3d2b317dfe4990bc5706744c860f83, State: Initialized, Role: FOLLOWER
I20260709 13:13:10.248381  1302 consensus_queue.cc:260] T a3afd175d4f548f1b7f70643bf51fb18 P ef3d2b317dfe4990bc5706744c860f83 [NON_LEADER]: Queue going to NON_LEADER mode. State: All replicated index: 0, Majority replicated index: 0, Committed index: 0, Last appended: 0.0, Last appended by leader: 0, Current term: 0, Majority size: -1, State: 0, Mode: NON_LEADER, active raft config: opid_index: -1 OBSOLETE_local: false peers { permanent_uuid: "5909a77d71274496836625408a5eef93" member_type: VOTER last_known_addr { host: "127.31.167.129" port: 44837 } } peers { permanent_uuid: "ef3d2b317dfe4990bc5706744c860f83" member_type: VOTER last_known_addr { host: "127.31.167.130" port: 38559 } } peers { permanent_uuid: "f9196da5c0dd48bbb83a51ded7f6e7dc" member_type: VOTER last_known_addr { host: "127.31.167.131" port: 34565 } }
I20260709 13:13:10.249907  1302 ts_tablet_manager.cc:1434] T a3afd175d4f548f1b7f70643bf51fb18 P ef3d2b317dfe4990bc5706744c860f83: Time spent starting tablet: real 0.006s	user 0.005s	sys 0.000s
I20260709 13:13:10.249979  1306 tablet_bootstrap.cc:492] T e7d56f9e0b15447cb30eb80ad7c08c92 P 5909a77d71274496836625408a5eef93: No bootstrap required, opened a new log
I20260709 13:13:10.250604  1306 ts_tablet_manager.cc:1403] T e7d56f9e0b15447cb30eb80ad7c08c92 P 5909a77d71274496836625408a5eef93: Time spent bootstrapping tablet: real 0.074s	user 0.010s	sys 0.005s
I20260709 13:13:10.250840  1302 tablet_bootstrap.cc:492] T dd59786ef26644d38261becb30a69c66 P ef3d2b317dfe4990bc5706744c860f83: Bootstrap starting.
I20260709 13:13:10.253898  1306 raft_consensus.cc:359] T e7d56f9e0b15447cb30eb80ad7c08c92 P 5909a77d71274496836625408a5eef93 [term 0 FOLLOWER]: Replica starting. Triggering 0 pending ops. Active config: opid_index: -1 OBSOLETE_local: false peers { permanent_uuid: "5909a77d71274496836625408a5eef93" member_type: VOTER last_known_addr { host: "127.31.167.129" port: 44837 } } peers { permanent_uuid: "ef3d2b317dfe4990bc5706744c860f83" member_type: VOTER last_known_addr { host: "127.31.167.130" port: 38559 } } peers { permanent_uuid: "f9196da5c0dd48bbb83a51ded7f6e7dc" member_type: VOTER last_known_addr { host: "127.31.167.131" port: 34565 } }
I20260709 13:13:10.255391  1008 catalog_manager.cc:5697] T 16f27956a7f949c6a3e14a523b5aad49 P 5909a77d71274496836625408a5eef93 reported cstate change: term changed from 0 to 1, leader changed from <none> to 5909a77d71274496836625408a5eef93 (127.31.167.129). New cstate: current_term: 1 leader_uuid: "5909a77d71274496836625408a5eef93" committed_config { opid_index: -1 OBSOLETE_local: false peers { permanent_uuid: "5909a77d71274496836625408a5eef93" member_type: VOTER last_known_addr { host: "127.31.167.129" port: 44837 } health_report { overall_health: HEALTHY } } peers { permanent_uuid: "ef3d2b317dfe4990bc5706744c860f83" member_type: VOTER last_known_addr { host: "127.31.167.130" port: 38559 } health_report { overall_health: UNKNOWN } } peers { permanent_uuid: "f9196da5c0dd48bbb83a51ded7f6e7dc" member_type: VOTER last_known_addr { host: "127.31.167.131" port: 34565 } health_report { overall_health: UNKNOWN } } }
I20260709 13:13:10.263186  1306 raft_consensus.cc:385] T e7d56f9e0b15447cb30eb80ad7c08c92 P 5909a77d71274496836625408a5eef93 [term 0 FOLLOWER]: Consensus starting up: Expiring failure detector timer to make a prompt election more likely
I20260709 13:13:10.263556  1306 raft_consensus.cc:740] T e7d56f9e0b15447cb30eb80ad7c08c92 P 5909a77d71274496836625408a5eef93 [term 0 FOLLOWER]: Becoming Follower/Learner. State: Replica: 5909a77d71274496836625408a5eef93, State: Initialized, Role: FOLLOWER
I20260709 13:13:10.264498  1301 tablet_bootstrap.cc:492] T 2f309aa6f8df4c8fbe2b6c47b4dc8d4c P f9196da5c0dd48bbb83a51ded7f6e7dc: No bootstrap required, opened a new log
I20260709 13:13:10.264945  1301 ts_tablet_manager.cc:1403] T 2f309aa6f8df4c8fbe2b6c47b4dc8d4c P f9196da5c0dd48bbb83a51ded7f6e7dc: Time spent bootstrapping tablet: real 0.041s	user 0.016s	sys 0.001s
W20260709 13:13:10.266185  1150 outbound_call.cc:321] RPC callback for RPC call kudu.consensus.ConsensusService.UpdateConsensus -> {remote=127.31.167.131:34565, user_credentials={real_user=slave}} blocked reactor thread for 51636.2us
I20260709 13:13:10.264148  1306 consensus_queue.cc:260] T e7d56f9e0b15447cb30eb80ad7c08c92 P 5909a77d71274496836625408a5eef93 [NON_LEADER]: Queue going to NON_LEADER mode. State: All replicated index: 0, Majority replicated index: 0, Committed index: 0, Last appended: 0.0, Last appended by leader: 0, Current term: 0, Majority size: -1, State: 0, Mode: NON_LEADER, active raft config: opid_index: -1 OBSOLETE_local: false peers { permanent_uuid: "5909a77d71274496836625408a5eef93" member_type: VOTER last_known_addr { host: "127.31.167.129" port: 44837 } } peers { permanent_uuid: "ef3d2b317dfe4990bc5706744c860f83" member_type: VOTER last_known_addr { host: "127.31.167.130" port: 38559 } } peers { permanent_uuid: "f9196da5c0dd48bbb83a51ded7f6e7dc" member_type: VOTER last_known_addr { host: "127.31.167.131" port: 34565 } }
I20260709 13:13:10.268316  1306 ts_tablet_manager.cc:1434] T e7d56f9e0b15447cb30eb80ad7c08c92 P 5909a77d71274496836625408a5eef93: Time spent starting tablet: real 0.017s	user 0.007s	sys 0.000s
I20260709 13:13:10.268373  1302 tablet_bootstrap.cc:654] T dd59786ef26644d38261becb30a69c66 P ef3d2b317dfe4990bc5706744c860f83: Neither blocks nor log segments found. Creating new log.
I20260709 13:13:10.269518  1306 tablet_bootstrap.cc:492] T 2bf9197fc02e431babaf0ab2e626f2b8 P 5909a77d71274496836625408a5eef93: Bootstrap starting.
I20260709 13:13:10.275734  1301 raft_consensus.cc:359] T 2f309aa6f8df4c8fbe2b6c47b4dc8d4c P f9196da5c0dd48bbb83a51ded7f6e7dc [term 0 FOLLOWER]: Replica starting. Triggering 0 pending ops. Active config: opid_index: -1 OBSOLETE_local: false peers { permanent_uuid: "5909a77d71274496836625408a5eef93" member_type: VOTER last_known_addr { host: "127.31.167.129" port: 44837 } } peers { permanent_uuid: "ef3d2b317dfe4990bc5706744c860f83" member_type: VOTER last_known_addr { host: "127.31.167.130" port: 38559 } } peers { permanent_uuid: "f9196da5c0dd48bbb83a51ded7f6e7dc" member_type: VOTER last_known_addr { host: "127.31.167.131" port: 34565 } }
I20260709 13:13:10.277827  1301 raft_consensus.cc:385] T 2f309aa6f8df4c8fbe2b6c47b4dc8d4c P f9196da5c0dd48bbb83a51ded7f6e7dc [term 0 FOLLOWER]: Consensus starting up: Expiring failure detector timer to make a prompt election more likely
I20260709 13:13:10.278146  1505 raft_consensus.cc:493] T e7d56f9e0b15447cb30eb80ad7c08c92 P 5909a77d71274496836625408a5eef93 [term 0 FOLLOWER]: Starting pre-election (no leader contacted us within the election timeout)
I20260709 13:13:10.278685  1505 raft_consensus.cc:515] T e7d56f9e0b15447cb30eb80ad7c08c92 P 5909a77d71274496836625408a5eef93 [term 0 FOLLOWER]: Starting pre-election with config: opid_index: -1 OBSOLETE_local: false peers { permanent_uuid: "5909a77d71274496836625408a5eef93" member_type: VOTER last_known_addr { host: "127.31.167.129" port: 44837 } } peers { permanent_uuid: "ef3d2b317dfe4990bc5706744c860f83" member_type: VOTER last_known_addr { host: "127.31.167.130" port: 38559 } } peers { permanent_uuid: "f9196da5c0dd48bbb83a51ded7f6e7dc" member_type: VOTER last_known_addr { host: "127.31.167.131" port: 34565 } }
I20260709 13:13:10.281280  1505 leader_election.cc:290] T e7d56f9e0b15447cb30eb80ad7c08c92 P 5909a77d71274496836625408a5eef93 [CANDIDATE]: Term 1 pre-election: Requested pre-vote from peers ef3d2b317dfe4990bc5706744c860f83 (127.31.167.130:38559), f9196da5c0dd48bbb83a51ded7f6e7dc (127.31.167.131:34565)
I20260709 13:13:10.282346  1258 tablet_service.cc:1917] Received RequestConsensusVote() RPC: tablet_id: "e7d56f9e0b15447cb30eb80ad7c08c92" candidate_uuid: "5909a77d71274496836625408a5eef93" candidate_term: 1 candidate_status { last_received { term: 0 index: 0 } } ignore_live_leader: false dest_uuid: "f9196da5c0dd48bbb83a51ded7f6e7dc" is_pre_election: true
I20260709 13:13:10.282968  1258 raft_consensus.cc:2468] T e7d56f9e0b15447cb30eb80ad7c08c92 P f9196da5c0dd48bbb83a51ded7f6e7dc [term 0 FOLLOWER]: Leader pre-election vote request: Granting yes vote for candidate 5909a77d71274496836625408a5eef93 in term 0.
I20260709 13:13:10.284255  1075 leader_election.cc:304] T e7d56f9e0b15447cb30eb80ad7c08c92 P 5909a77d71274496836625408a5eef93 [CANDIDATE]: Term 1 pre-election: Election decided. Result: candidate won. Election summary: received 2 responses out of 3 voters: 2 yes votes; 0 no votes. yes voters: 5909a77d71274496836625408a5eef93, f9196da5c0dd48bbb83a51ded7f6e7dc; no voters: 
I20260709 13:13:10.285102  1505 raft_consensus.cc:2804] T e7d56f9e0b15447cb30eb80ad7c08c92 P 5909a77d71274496836625408a5eef93 [term 0 FOLLOWER]: Leader pre-election won for term 1
I20260709 13:13:10.285545  1505 raft_consensus.cc:493] T e7d56f9e0b15447cb30eb80ad7c08c92 P 5909a77d71274496836625408a5eef93 [term 0 FOLLOWER]: Starting leader election (no leader contacted us within the election timeout)
I20260709 13:13:10.278121  1301 raft_consensus.cc:740] T 2f309aa6f8df4c8fbe2b6c47b4dc8d4c P f9196da5c0dd48bbb83a51ded7f6e7dc [term 0 FOLLOWER]: Becoming Follower/Learner. State: Replica: f9196da5c0dd48bbb83a51ded7f6e7dc, State: Initialized, Role: FOLLOWER
I20260709 13:13:10.285940  1505 raft_consensus.cc:3060] T e7d56f9e0b15447cb30eb80ad7c08c92 P 5909a77d71274496836625408a5eef93 [term 0 FOLLOWER]: Advancing to term 1
I20260709 13:13:10.290079  1301 consensus_queue.cc:260] T 2f309aa6f8df4c8fbe2b6c47b4dc8d4c P f9196da5c0dd48bbb83a51ded7f6e7dc [NON_LEADER]: Queue going to NON_LEADER mode. State: All replicated index: 0, Majority replicated index: 0, Committed index: 0, Last appended: 0.0, Last appended by leader: 0, Current term: 0, Majority size: -1, State: 0, Mode: NON_LEADER, active raft config: opid_index: -1 OBSOLETE_local: false peers { permanent_uuid: "5909a77d71274496836625408a5eef93" member_type: VOTER last_known_addr { host: "127.31.167.129" port: 44837 } } peers { permanent_uuid: "ef3d2b317dfe4990bc5706744c860f83" member_type: VOTER last_known_addr { host: "127.31.167.130" port: 38559 } } peers { permanent_uuid: "f9196da5c0dd48bbb83a51ded7f6e7dc" member_type: VOTER last_known_addr { host: "127.31.167.131" port: 34565 } }
I20260709 13:13:10.297299  1306 tablet_bootstrap.cc:654] T 2bf9197fc02e431babaf0ab2e626f2b8 P 5909a77d71274496836625408a5eef93: Neither blocks nor log segments found. Creating new log.
I20260709 13:13:10.298364  1301 ts_tablet_manager.cc:1434] T 2f309aa6f8df4c8fbe2b6c47b4dc8d4c P f9196da5c0dd48bbb83a51ded7f6e7dc: Time spent starting tablet: real 0.033s	user 0.007s	sys 0.000s
I20260709 13:13:10.280684  1302 tablet_bootstrap.cc:492] T dd59786ef26644d38261becb30a69c66 P ef3d2b317dfe4990bc5706744c860f83: No bootstrap required, opened a new log
I20260709 13:13:10.286963  1185 tablet_service.cc:1917] Received RequestConsensusVote() RPC: tablet_id: "e7d56f9e0b15447cb30eb80ad7c08c92" candidate_uuid: "5909a77d71274496836625408a5eef93" candidate_term: 1 candidate_status { last_received { term: 0 index: 0 } } ignore_live_leader: false dest_uuid: "ef3d2b317dfe4990bc5706744c860f83" is_pre_election: true
I20260709 13:13:10.299717  1301 tablet_bootstrap.cc:492] T 38732cea4c1940d4a0b15a51cf010ba8 P f9196da5c0dd48bbb83a51ded7f6e7dc: Bootstrap starting.
I20260709 13:13:10.301633  1185 raft_consensus.cc:2468] T e7d56f9e0b15447cb30eb80ad7c08c92 P ef3d2b317dfe4990bc5706744c860f83 [term 0 FOLLOWER]: Leader pre-election vote request: Granting yes vote for candidate 5909a77d71274496836625408a5eef93 in term 0.
I20260709 13:13:10.300969  1302 ts_tablet_manager.cc:1403] T dd59786ef26644d38261becb30a69c66 P ef3d2b317dfe4990bc5706744c860f83: Time spent bootstrapping tablet: real 0.050s	user 0.011s	sys 0.006s
I20260709 13:13:10.310243  1505 raft_consensus.cc:515] T e7d56f9e0b15447cb30eb80ad7c08c92 P 5909a77d71274496836625408a5eef93 [term 1 FOLLOWER]: Starting leader election with config: opid_index: -1 OBSOLETE_local: false peers { permanent_uuid: "5909a77d71274496836625408a5eef93" member_type: VOTER last_known_addr { host: "127.31.167.129" port: 44837 } } peers { permanent_uuid: "ef3d2b317dfe4990bc5706744c860f83" member_type: VOTER last_known_addr { host: "127.31.167.130" port: 38559 } } peers { permanent_uuid: "f9196da5c0dd48bbb83a51ded7f6e7dc" member_type: VOTER last_known_addr { host: "127.31.167.131" port: 34565 } }
I20260709 13:13:10.314687  1558 raft_consensus.cc:493] T 5b82e7b634fc4b7eaeecca63915c5e1e P 5909a77d71274496836625408a5eef93 [term 0 FOLLOWER]: Starting pre-election (no leader contacted us within the election timeout)
I20260709 13:13:10.315958  1558 raft_consensus.cc:515] T 5b82e7b634fc4b7eaeecca63915c5e1e P 5909a77d71274496836625408a5eef93 [term 0 FOLLOWER]: Starting pre-election with config: opid_index: -1 OBSOLETE_local: false peers { permanent_uuid: "5909a77d71274496836625408a5eef93" member_type: VOTER last_known_addr { host: "127.31.167.129" port: 44837 } } peers { permanent_uuid: "ef3d2b317dfe4990bc5706744c860f83" member_type: VOTER last_known_addr { host: "127.31.167.130" port: 38559 } } peers { permanent_uuid: "f9196da5c0dd48bbb83a51ded7f6e7dc" member_type: VOTER last_known_addr { host: "127.31.167.131" port: 34565 } }
I20260709 13:13:10.315055  1302 raft_consensus.cc:359] T dd59786ef26644d38261becb30a69c66 P ef3d2b317dfe4990bc5706744c860f83 [term 0 FOLLOWER]: Replica starting. Triggering 0 pending ops. Active config: opid_index: -1 OBSOLETE_local: false peers { permanent_uuid: "5909a77d71274496836625408a5eef93" member_type: VOTER last_known_addr { host: "127.31.167.129" port: 44837 } } peers { permanent_uuid: "ef3d2b317dfe4990bc5706744c860f83" member_type: VOTER last_known_addr { host: "127.31.167.130" port: 38559 } } peers { permanent_uuid: "f9196da5c0dd48bbb83a51ded7f6e7dc" member_type: VOTER last_known_addr { host: "127.31.167.131" port: 34565 } }
I20260709 13:13:10.317662  1302 raft_consensus.cc:385] T dd59786ef26644d38261becb30a69c66 P ef3d2b317dfe4990bc5706744c860f83 [term 0 FOLLOWER]: Consensus starting up: Expiring failure detector timer to make a prompt election more likely
I20260709 13:13:10.322304  1302 raft_consensus.cc:740] T dd59786ef26644d38261becb30a69c66 P ef3d2b317dfe4990bc5706744c860f83 [term 0 FOLLOWER]: Becoming Follower/Learner. State: Replica: ef3d2b317dfe4990bc5706744c860f83, State: Initialized, Role: FOLLOWER
I20260709 13:13:10.322500  1306 tablet_bootstrap.cc:492] T 2bf9197fc02e431babaf0ab2e626f2b8 P 5909a77d71274496836625408a5eef93: No bootstrap required, opened a new log
I20260709 13:13:10.322889  1184 tablet_service.cc:1917] Received RequestConsensusVote() RPC: tablet_id: "5b82e7b634fc4b7eaeecca63915c5e1e" candidate_uuid: "5909a77d71274496836625408a5eef93" candidate_term: 1 candidate_status { last_received { term: 0 index: 0 } } ignore_live_leader: false dest_uuid: "ef3d2b317dfe4990bc5706744c860f83" is_pre_election: true
I20260709 13:13:10.318660  1505 leader_election.cc:290] T e7d56f9e0b15447cb30eb80ad7c08c92 P 5909a77d71274496836625408a5eef93 [CANDIDATE]: Term 1 election: Requested vote from peers ef3d2b317dfe4990bc5706744c860f83 (127.31.167.130:38559), f9196da5c0dd48bbb83a51ded7f6e7dc (127.31.167.131:34565)
I20260709 13:13:10.323230  1306 ts_tablet_manager.cc:1403] T 2bf9197fc02e431babaf0ab2e626f2b8 P 5909a77d71274496836625408a5eef93: Time spent bootstrapping tablet: real 0.054s	user 0.013s	sys 0.006s
I20260709 13:13:10.320399  1260 tablet_service.cc:1917] Received RequestConsensusVote() RPC: tablet_id: "e7d56f9e0b15447cb30eb80ad7c08c92" candidate_uuid: "5909a77d71274496836625408a5eef93" candidate_term: 1 candidate_status { last_received { term: 0 index: 0 } } ignore_live_leader: false dest_uuid: "f9196da5c0dd48bbb83a51ded7f6e7dc"
I20260709 13:13:10.323514  1184 raft_consensus.cc:2468] T 5b82e7b634fc4b7eaeecca63915c5e1e P ef3d2b317dfe4990bc5706744c860f83 [term 0 FOLLOWER]: Leader pre-election vote request: Granting yes vote for candidate 5909a77d71274496836625408a5eef93 in term 0.
I20260709 13:13:10.323802  1260 raft_consensus.cc:3060] T e7d56f9e0b15447cb30eb80ad7c08c92 P f9196da5c0dd48bbb83a51ded7f6e7dc [term 0 FOLLOWER]: Advancing to term 1
I20260709 13:13:10.323194  1302 consensus_queue.cc:260] T dd59786ef26644d38261becb30a69c66 P ef3d2b317dfe4990bc5706744c860f83 [NON_LEADER]: Queue going to NON_LEADER mode. State: All replicated index: 0, Majority replicated index: 0, Committed index: 0, Last appended: 0.0, Last appended by leader: 0, Current term: 0, Majority size: -1, State: 0, Mode: NON_LEADER, active raft config: opid_index: -1 OBSOLETE_local: false peers { permanent_uuid: "5909a77d71274496836625408a5eef93" member_type: VOTER last_known_addr { host: "127.31.167.129" port: 44837 } } peers { permanent_uuid: "ef3d2b317dfe4990bc5706744c860f83" member_type: VOTER last_known_addr { host: "127.31.167.130" port: 38559 } } peers { permanent_uuid: "f9196da5c0dd48bbb83a51ded7f6e7dc" member_type: VOTER last_known_addr { host: "127.31.167.131" port: 34565 } }
I20260709 13:13:10.326788  1302 ts_tablet_manager.cc:1434] T dd59786ef26644d38261becb30a69c66 P ef3d2b317dfe4990bc5706744c860f83: Time spent starting tablet: real 0.023s	user 0.005s	sys 0.000s
I20260709 13:13:10.320106  1258 tablet_service.cc:1917] Received RequestConsensusVote() RPC: tablet_id: "5b82e7b634fc4b7eaeecca63915c5e1e" candidate_uuid: "5909a77d71274496836625408a5eef93" candidate_term: 1 candidate_status { last_received { term: 0 index: 0 } } ignore_live_leader: false dest_uuid: "f9196da5c0dd48bbb83a51ded7f6e7dc" is_pre_election: true
I20260709 13:13:10.321231  1558 leader_election.cc:290] T 5b82e7b634fc4b7eaeecca63915c5e1e P 5909a77d71274496836625408a5eef93 [CANDIDATE]: Term 1 pre-election: Requested pre-vote from peers ef3d2b317dfe4990bc5706744c860f83 (127.31.167.130:38559), f9196da5c0dd48bbb83a51ded7f6e7dc (127.31.167.131:34565)
I20260709 13:13:10.322007  1301 tablet_bootstrap.cc:654] T 38732cea4c1940d4a0b15a51cf010ba8 P f9196da5c0dd48bbb83a51ded7f6e7dc: Neither blocks nor log segments found. Creating new log.
I20260709 13:13:10.320106  1185 tablet_service.cc:1917] Received RequestConsensusVote() RPC: tablet_id: "e7d56f9e0b15447cb30eb80ad7c08c92" candidate_uuid: "5909a77d71274496836625408a5eef93" candidate_term: 1 candidate_status { last_received { term: 0 index: 0 } } ignore_live_leader: false dest_uuid: "ef3d2b317dfe4990bc5706744c860f83"
I20260709 13:13:10.327865  1185 raft_consensus.cc:3060] T e7d56f9e0b15447cb30eb80ad7c08c92 P ef3d2b317dfe4990bc5706744c860f83 [term 0 FOLLOWER]: Advancing to term 1
W20260709 13:13:10.328099  1075 leader_election.cc:343] T 5b82e7b634fc4b7eaeecca63915c5e1e P 5909a77d71274496836625408a5eef93 [CANDIDATE]: Term 1 pre-election: Tablet error from VoteRequest() call to peer f9196da5c0dd48bbb83a51ded7f6e7dc (127.31.167.131:34565): Illegal state: must be running to vote when last-logged opid is not known
I20260709 13:13:10.330171  1302 tablet_bootstrap.cc:492] T adebd061786a48439d7dbe824491beda P ef3d2b317dfe4990bc5706744c860f83: Bootstrap starting.
I20260709 13:13:10.331233  1077 leader_election.cc:304] T 5b82e7b634fc4b7eaeecca63915c5e1e P 5909a77d71274496836625408a5eef93 [CANDIDATE]: Term 1 pre-election: Election decided. Result: candidate won. Election summary: received 3 responses out of 3 voters: 2 yes votes; 1 no votes. yes voters: 5909a77d71274496836625408a5eef93, ef3d2b317dfe4990bc5706744c860f83; no voters: f9196da5c0dd48bbb83a51ded7f6e7dc
I20260709 13:13:10.334461  1558 raft_consensus.cc:2804] T 5b82e7b634fc4b7eaeecca63915c5e1e P 5909a77d71274496836625408a5eef93 [term 0 FOLLOWER]: Leader pre-election won for term 1
I20260709 13:13:10.337926  1558 raft_consensus.cc:493] T 5b82e7b634fc4b7eaeecca63915c5e1e P 5909a77d71274496836625408a5eef93 [term 0 FOLLOWER]: Starting leader election (no leader contacted us within the election timeout)
I20260709 13:13:10.339021  1558 raft_consensus.cc:3060] T 5b82e7b634fc4b7eaeecca63915c5e1e P 5909a77d71274496836625408a5eef93 [term 0 FOLLOWER]: Advancing to term 1
I20260709 13:13:10.347162  1260 raft_consensus.cc:2468] T e7d56f9e0b15447cb30eb80ad7c08c92 P f9196da5c0dd48bbb83a51ded7f6e7dc [term 1 FOLLOWER]: Leader election vote request: Granting yes vote for candidate 5909a77d71274496836625408a5eef93 in term 1.
I20260709 13:13:10.347030  1558 raft_consensus.cc:515] T 5b82e7b634fc4b7eaeecca63915c5e1e P 5909a77d71274496836625408a5eef93 [term 1 FOLLOWER]: Starting leader election with config: opid_index: -1 OBSOLETE_local: false peers { permanent_uuid: "5909a77d71274496836625408a5eef93" member_type: VOTER last_known_addr { host: "127.31.167.129" port: 44837 } } peers { permanent_uuid: "ef3d2b317dfe4990bc5706744c860f83" member_type: VOTER last_known_addr { host: "127.31.167.130" port: 38559 } } peers { permanent_uuid: "f9196da5c0dd48bbb83a51ded7f6e7dc" member_type: VOTER last_known_addr { host: "127.31.167.131" port: 34565 } }
I20260709 13:13:10.360010  1306 raft_consensus.cc:359] T 2bf9197fc02e431babaf0ab2e626f2b8 P 5909a77d71274496836625408a5eef93 [term 0 FOLLOWER]: Replica starting. Triggering 0 pending ops. Active config: opid_index: -1 OBSOLETE_local: false peers { permanent_uuid: "5909a77d71274496836625408a5eef93" member_type: VOTER last_known_addr { host: "127.31.167.129" port: 44837 } } peers { permanent_uuid: "ef3d2b317dfe4990bc5706744c860f83" member_type: VOTER last_known_addr { host: "127.31.167.130" port: 38559 } } peers { permanent_uuid: "f9196da5c0dd48bbb83a51ded7f6e7dc" member_type: VOTER last_known_addr { host: "127.31.167.131" port: 34565 } }
I20260709 13:13:10.363756  1306 raft_consensus.cc:385] T 2bf9197fc02e431babaf0ab2e626f2b8 P 5909a77d71274496836625408a5eef93 [term 0 FOLLOWER]: Consensus starting up: Expiring failure detector timer to make a prompt election more likely
I20260709 13:13:10.364033  1306 raft_consensus.cc:740] T 2bf9197fc02e431babaf0ab2e626f2b8 P 5909a77d71274496836625408a5eef93 [term 0 FOLLOWER]: Becoming Follower/Learner. State: Replica: 5909a77d71274496836625408a5eef93, State: Initialized, Role: FOLLOWER
I20260709 13:13:10.364632  1306 consensus_queue.cc:260] T 2bf9197fc02e431babaf0ab2e626f2b8 P 5909a77d71274496836625408a5eef93 [NON_LEADER]: Queue going to NON_LEADER mode. State: All replicated index: 0, Majority replicated index: 0, Committed index: 0, Last appended: 0.0, Last appended by leader: 0, Current term: 0, Majority size: -1, State: 0, Mode: NON_LEADER, active raft config: opid_index: -1 OBSOLETE_local: false peers { permanent_uuid: "5909a77d71274496836625408a5eef93" member_type: VOTER last_known_addr { host: "127.31.167.129" port: 44837 } } peers { permanent_uuid: "ef3d2b317dfe4990bc5706744c860f83" member_type: VOTER last_known_addr { host: "127.31.167.130" port: 38559 } } peers { permanent_uuid: "f9196da5c0dd48bbb83a51ded7f6e7dc" member_type: VOTER last_known_addr { host: "127.31.167.131" port: 34565 } }
I20260709 13:13:10.366279  1184 tablet_service.cc:1917] Received RequestConsensusVote() RPC: tablet_id: "5b82e7b634fc4b7eaeecca63915c5e1e" candidate_uuid: "5909a77d71274496836625408a5eef93" candidate_term: 1 candidate_status { last_received { term: 0 index: 0 } } ignore_live_leader: false dest_uuid: "ef3d2b317dfe4990bc5706744c860f83"
I20260709 13:13:10.367334  1184 raft_consensus.cc:3060] T 5b82e7b634fc4b7eaeecca63915c5e1e P ef3d2b317dfe4990bc5706744c860f83 [term 0 FOLLOWER]: Advancing to term 1
I20260709 13:13:10.366712  1075 leader_election.cc:304] T e7d56f9e0b15447cb30eb80ad7c08c92 P 5909a77d71274496836625408a5eef93 [CANDIDATE]: Term 1 election: Election decided. Result: candidate won. Election summary: received 2 responses out of 3 voters: 2 yes votes; 0 no votes. yes voters: 5909a77d71274496836625408a5eef93, f9196da5c0dd48bbb83a51ded7f6e7dc; no voters: 
I20260709 13:13:10.368221  1505 raft_consensus.cc:2804] T e7d56f9e0b15447cb30eb80ad7c08c92 P 5909a77d71274496836625408a5eef93 [term 1 FOLLOWER]: Leader election won for term 1
I20260709 13:13:10.368654  1505 raft_consensus.cc:697] T e7d56f9e0b15447cb30eb80ad7c08c92 P 5909a77d71274496836625408a5eef93 [term 1 LEADER]: Becoming Leader. State: Replica: 5909a77d71274496836625408a5eef93, State: Running, Role: LEADER
I20260709 13:13:10.369452  1505 consensus_queue.cc:237] T e7d56f9e0b15447cb30eb80ad7c08c92 P 5909a77d71274496836625408a5eef93 [LEADER]: Queue going to LEADER mode. State: All replicated index: 0, Majority replicated index: 0, Committed index: 0, Last appended: 0.0, Last appended by leader: 0, Current term: 1, Majority size: 2, State: 0, Mode: LEADER, active raft config: opid_index: -1 OBSOLETE_local: false peers { permanent_uuid: "5909a77d71274496836625408a5eef93" member_type: VOTER last_known_addr { host: "127.31.167.129" port: 44837 } } peers { permanent_uuid: "ef3d2b317dfe4990bc5706744c860f83" member_type: VOTER last_known_addr { host: "127.31.167.130" port: 38559 } } peers { permanent_uuid: "f9196da5c0dd48bbb83a51ded7f6e7dc" member_type: VOTER last_known_addr { host: "127.31.167.131" port: 34565 } }
I20260709 13:13:10.370895  1558 leader_election.cc:290] T 5b82e7b634fc4b7eaeecca63915c5e1e P 5909a77d71274496836625408a5eef93 [CANDIDATE]: Term 1 election: Requested vote from peers ef3d2b317dfe4990bc5706744c860f83 (127.31.167.130:38559), f9196da5c0dd48bbb83a51ded7f6e7dc (127.31.167.131:34565)
I20260709 13:13:10.372294  1258 tablet_service.cc:1917] Received RequestConsensusVote() RPC: tablet_id: "5b82e7b634fc4b7eaeecca63915c5e1e" candidate_uuid: "5909a77d71274496836625408a5eef93" candidate_term: 1 candidate_status { last_received { term: 0 index: 0 } } ignore_live_leader: false dest_uuid: "f9196da5c0dd48bbb83a51ded7f6e7dc"
I20260709 13:13:10.369091  1185 raft_consensus.cc:2468] T e7d56f9e0b15447cb30eb80ad7c08c92 P ef3d2b317dfe4990bc5706744c860f83 [term 1 FOLLOWER]: Leader election vote request: Granting yes vote for candidate 5909a77d71274496836625408a5eef93 in term 1.
W20260709 13:13:10.373857  1075 leader_election.cc:343] T 5b82e7b634fc4b7eaeecca63915c5e1e P 5909a77d71274496836625408a5eef93 [CANDIDATE]: Term 1 election: Tablet error from VoteRequest() call to peer f9196da5c0dd48bbb83a51ded7f6e7dc (127.31.167.131:34565): Illegal state: must be running to vote when last-logged opid is not known
I20260709 13:13:10.375837  1302 tablet_bootstrap.cc:654] T adebd061786a48439d7dbe824491beda P ef3d2b317dfe4990bc5706744c860f83: Neither blocks nor log segments found. Creating new log.
I20260709 13:13:10.375914  1550 raft_consensus.cc:493] T 2f309aa6f8df4c8fbe2b6c47b4dc8d4c P f9196da5c0dd48bbb83a51ded7f6e7dc [term 0 FOLLOWER]: Starting pre-election (no leader contacted us within the election timeout)
I20260709 13:13:10.376426  1550 raft_consensus.cc:515] T 2f309aa6f8df4c8fbe2b6c47b4dc8d4c P f9196da5c0dd48bbb83a51ded7f6e7dc [term 0 FOLLOWER]: Starting pre-election with config: opid_index: -1 OBSOLETE_local: false peers { permanent_uuid: "5909a77d71274496836625408a5eef93" member_type: VOTER last_known_addr { host: "127.31.167.129" port: 44837 } } peers { permanent_uuid: "ef3d2b317dfe4990bc5706744c860f83" member_type: VOTER last_known_addr { host: "127.31.167.130" port: 38559 } } peers { permanent_uuid: "f9196da5c0dd48bbb83a51ded7f6e7dc" member_type: VOTER last_known_addr { host: "127.31.167.131" port: 34565 } }
I20260709 13:13:10.379254  1110 tablet_service.cc:1917] Received RequestConsensusVote() RPC: tablet_id: "2f309aa6f8df4c8fbe2b6c47b4dc8d4c" candidate_uuid: "f9196da5c0dd48bbb83a51ded7f6e7dc" candidate_term: 1 candidate_status { last_received { term: 0 index: 0 } } ignore_live_leader: false dest_uuid: "5909a77d71274496836625408a5eef93" is_pre_election: true
I20260709 13:13:10.380160  1110 raft_consensus.cc:2393] T 2f309aa6f8df4c8fbe2b6c47b4dc8d4c P 5909a77d71274496836625408a5eef93 [term 1 FOLLOWER]: Leader pre-election vote request: Denying vote to candidate f9196da5c0dd48bbb83a51ded7f6e7dc in current term 1: Already voted for candidate ef3d2b317dfe4990bc5706744c860f83 in this term.
I20260709 13:13:10.367357  1306 ts_tablet_manager.cc:1434] T 2bf9197fc02e431babaf0ab2e626f2b8 P 5909a77d71274496836625408a5eef93: Time spent starting tablet: real 0.033s	user 0.001s	sys 0.004s
I20260709 13:13:10.377832  1009 catalog_manager.cc:5697] T e2413adeb1c1434396eb76c7487b7694 P ef3d2b317dfe4990bc5706744c860f83 reported cstate change: term changed from 0 to 1, leader changed from <none> to ef3d2b317dfe4990bc5706744c860f83 (127.31.167.130). New cstate: current_term: 1 leader_uuid: "ef3d2b317dfe4990bc5706744c860f83" committed_config { opid_index: -1 OBSOLETE_local: false peers { permanent_uuid: "5909a77d71274496836625408a5eef93" member_type: VOTER last_known_addr { host: "127.31.167.129" port: 44837 } health_report { overall_health: UNKNOWN } } peers { permanent_uuid: "ef3d2b317dfe4990bc5706744c860f83" member_type: VOTER last_known_addr { host: "127.31.167.130" port: 38559 } health_report { overall_health: HEALTHY } } peers { permanent_uuid: "f9196da5c0dd48bbb83a51ded7f6e7dc" member_type: VOTER last_known_addr { host: "127.31.167.131" port: 34565 } health_report { overall_health: UNKNOWN } } }
I20260709 13:13:10.382092  1306 tablet_bootstrap.cc:492] T adebd061786a48439d7dbe824491beda P 5909a77d71274496836625408a5eef93: Bootstrap starting.
I20260709 13:13:10.383863  1185 tablet_service.cc:1917] Received RequestConsensusVote() RPC: tablet_id: "2f309aa6f8df4c8fbe2b6c47b4dc8d4c" candidate_uuid: "f9196da5c0dd48bbb83a51ded7f6e7dc" candidate_term: 1 candidate_status { last_received { term: 0 index: 0 } } ignore_live_leader: false dest_uuid: "ef3d2b317dfe4990bc5706744c860f83" is_pre_election: true
I20260709 13:13:10.388556  1226 leader_election.cc:304] T 2f309aa6f8df4c8fbe2b6c47b4dc8d4c P f9196da5c0dd48bbb83a51ded7f6e7dc [CANDIDATE]: Term 1 pre-election: Election decided. Result: candidate lost. Election summary: received 3 responses out of 3 voters: 1 yes votes; 2 no votes. yes voters: f9196da5c0dd48bbb83a51ded7f6e7dc; no voters: 5909a77d71274496836625408a5eef93, ef3d2b317dfe4990bc5706744c860f83
I20260709 13:13:10.389369  1543 raft_consensus.cc:3060] T 2f309aa6f8df4c8fbe2b6c47b4dc8d4c P f9196da5c0dd48bbb83a51ded7f6e7dc [term 0 FOLLOWER]: Advancing to term 1
I20260709 13:13:10.384080  1184 raft_consensus.cc:2468] T 5b82e7b634fc4b7eaeecca63915c5e1e P ef3d2b317dfe4990bc5706744c860f83 [term 1 FOLLOWER]: Leader election vote request: Granting yes vote for candidate 5909a77d71274496836625408a5eef93 in term 1.
I20260709 13:13:10.384330  1550 leader_election.cc:290] T 2f309aa6f8df4c8fbe2b6c47b4dc8d4c P f9196da5c0dd48bbb83a51ded7f6e7dc [CANDIDATE]: Term 1 pre-election: Requested pre-vote from peers 5909a77d71274496836625408a5eef93 (127.31.167.129:44837), ef3d2b317dfe4990bc5706744c860f83 (127.31.167.130:38559)
I20260709 13:13:10.386080  1301 tablet_bootstrap.cc:492] T 38732cea4c1940d4a0b15a51cf010ba8 P f9196da5c0dd48bbb83a51ded7f6e7dc: No bootstrap required, opened a new log
I20260709 13:13:10.396737  1301 ts_tablet_manager.cc:1403] T 38732cea4c1940d4a0b15a51cf010ba8 P f9196da5c0dd48bbb83a51ded7f6e7dc: Time spent bootstrapping tablet: real 0.097s	user 0.022s	sys 0.018s
I20260709 13:13:10.400205  1302 tablet_bootstrap.cc:492] T adebd061786a48439d7dbe824491beda P ef3d2b317dfe4990bc5706744c860f83: No bootstrap required, opened a new log
I20260709 13:13:10.401830  1543 raft_consensus.cc:2749] T 2f309aa6f8df4c8fbe2b6c47b4dc8d4c P f9196da5c0dd48bbb83a51ded7f6e7dc [term 1 FOLLOWER]: Leader pre-election lost for term 1. Reason: could not achieve majority
I20260709 13:13:10.388795  1009 catalog_manager.cc:5697] T 2f309aa6f8df4c8fbe2b6c47b4dc8d4c P ef3d2b317dfe4990bc5706744c860f83 reported cstate change: term changed from 0 to 1, leader changed from <none> to ef3d2b317dfe4990bc5706744c860f83 (127.31.167.130). New cstate: current_term: 1 leader_uuid: "ef3d2b317dfe4990bc5706744c860f83" committed_config { opid_index: -1 OBSOLETE_local: false peers { permanent_uuid: "5909a77d71274496836625408a5eef93" member_type: VOTER last_known_addr { host: "127.31.167.129" port: 44837 } health_report { overall_health: UNKNOWN } } peers { permanent_uuid: "ef3d2b317dfe4990bc5706744c860f83" member_type: VOTER last_known_addr { host: "127.31.167.130" port: 38559 } health_report { overall_health: HEALTHY } } peers { permanent_uuid: "f9196da5c0dd48bbb83a51ded7f6e7dc" member_type: VOTER last_known_addr { host: "127.31.167.131" port: 34565 } health_report { overall_health: UNKNOWN } } }
I20260709 13:13:10.412436  1302 ts_tablet_manager.cc:1403] T adebd061786a48439d7dbe824491beda P ef3d2b317dfe4990bc5706744c860f83: Time spent bootstrapping tablet: real 0.082s	user 0.027s	sys 0.015s
I20260709 13:13:10.405835  1306 tablet_bootstrap.cc:654] T adebd061786a48439d7dbe824491beda P 5909a77d71274496836625408a5eef93: Neither blocks nor log segments found. Creating new log.
I20260709 13:13:10.413806  1077 leader_election.cc:304] T 5b82e7b634fc4b7eaeecca63915c5e1e P 5909a77d71274496836625408a5eef93 [CANDIDATE]: Term 1 election: Election decided. Result: candidate won. Election summary: received 3 responses out of 3 voters: 2 yes votes; 1 no votes. yes voters: 5909a77d71274496836625408a5eef93, ef3d2b317dfe4990bc5706744c860f83; no voters: f9196da5c0dd48bbb83a51ded7f6e7dc
I20260709 13:13:10.400157  1301 raft_consensus.cc:359] T 38732cea4c1940d4a0b15a51cf010ba8 P f9196da5c0dd48bbb83a51ded7f6e7dc [term 0 FOLLOWER]: Replica starting. Triggering 0 pending ops. Active config: opid_index: -1 OBSOLETE_local: false peers { permanent_uuid: "5909a77d71274496836625408a5eef93" member_type: VOTER last_known_addr { host: "127.31.167.129" port: 44837 } } peers { permanent_uuid: "ef3d2b317dfe4990bc5706744c860f83" member_type: VOTER last_known_addr { host: "127.31.167.130" port: 38559 } } peers { permanent_uuid: "f9196da5c0dd48bbb83a51ded7f6e7dc" member_type: VOTER last_known_addr { host: "127.31.167.131" port: 34565 } }
I20260709 13:13:10.414628  1301 raft_consensus.cc:385] T 38732cea4c1940d4a0b15a51cf010ba8 P f9196da5c0dd48bbb83a51ded7f6e7dc [term 0 FOLLOWER]: Consensus starting up: Expiring failure detector timer to make a prompt election more likely
I20260709 13:13:10.414660  1505 raft_consensus.cc:2804] T 5b82e7b634fc4b7eaeecca63915c5e1e P 5909a77d71274496836625408a5eef93 [term 1 FOLLOWER]: Leader election won for term 1
I20260709 13:13:10.415027  1301 raft_consensus.cc:740] T 38732cea4c1940d4a0b15a51cf010ba8 P f9196da5c0dd48bbb83a51ded7f6e7dc [term 0 FOLLOWER]: Becoming Follower/Learner. State: Replica: f9196da5c0dd48bbb83a51ded7f6e7dc, State: Initialized, Role: FOLLOWER
