I20260709 13:12:54.762898   873 raft_consensus.cc:2749] T 5008d6424ed347eea55ae622ae07bc4d P f0126c46f226421f8105ab1a5b8702f2 [term 0 FOLLOWER]: Leader pre-election lost for term 1. Reason: could not achieve majority
I20260709 13:12:54.766093   797 consensus_queue.cc:1048] T c080a3bb64d447f2a3a5b628956c0532 P f0126c46f226421f8105ab1a5b8702f2 [LEADER]: Connected to new peer: Peer: permanent_uuid: "68b83ddb9e2a40578c3d267bfa40043c" member_type: VOTER last_known_addr { host: "127.31.167.130" port: 34433 }, Status: LMP_MISMATCH, Last received: 0.0, Next index: 1, Last known committed idx: 0, Time since last communication: 0.000s
I20260709 13:12:54.768198   675 tablet_service.cc:1917] Received RequestConsensusVote() RPC: tablet_id: "ad5d58bb962d4ce1acfa7ccb2c1c7405" candidate_uuid: "f0126c46f226421f8105ab1a5b8702f2" candidate_term: 2 candidate_status { last_received { term: 1 index: 1 } } ignore_live_leader: true dest_uuid: "68b83ddb9e2a40578c3d267bfa40043c"
I20260709 13:12:54.768605   750 tablet_service.cc:1917] Received RequestConsensusVote() RPC: tablet_id: "ad5d58bb962d4ce1acfa7ccb2c1c7405" candidate_uuid: "f0126c46f226421f8105ab1a5b8702f2" candidate_term: 2 candidate_status { last_received { term: 1 index: 1 } } ignore_live_leader: true dest_uuid: "1277d6b91848443da988b92c26160b8b"
I20260709 13:12:54.797000   675 raft_consensus.cc:3055] T ad5d58bb962d4ce1acfa7ccb2c1c7405 P 68b83ddb9e2a40578c3d267bfa40043c [term 1 LEADER]: Stepping down as leader of term 1
I20260709 13:12:54.797115   750 raft_consensus.cc:3060] T ad5d58bb962d4ce1acfa7ccb2c1c7405 P 1277d6b91848443da988b92c26160b8b [term 1 FOLLOWER]: Advancing to term 2
I20260709 13:12:54.797474   675 raft_consensus.cc:740] T ad5d58bb962d4ce1acfa7ccb2c1c7405 P 68b83ddb9e2a40578c3d267bfa40043c [term 1 LEADER]: Becoming Follower/Learner. State: Replica: 68b83ddb9e2a40578c3d267bfa40043c, State: Running, Role: LEADER
I20260709 13:12:54.798350   675 consensus_queue.cc:260] T ad5d58bb962d4ce1acfa7ccb2c1c7405 P 68b83ddb9e2a40578c3d267bfa40043c [NON_LEADER]: Queue going to NON_LEADER mode. State: All replicated index: 0, Majority replicated index: 1, Committed index: 1, Last appended: 1.1, Last appended by leader: 1, Current term: 1, Majority size: -1, State: 0, Mode: NON_LEADER, active raft config: opid_index: -1 OBSOLETE_local: false peers { permanent_uuid: "f0126c46f226421f8105ab1a5b8702f2" member_type: VOTER last_known_addr { host: "127.31.167.129" port: 34489 } } peers { permanent_uuid: "68b83ddb9e2a40578c3d267bfa40043c" member_type: VOTER last_known_addr { host: "127.31.167.130" port: 34433 } } peers { permanent_uuid: "1277d6b91848443da988b92c26160b8b" member_type: VOTER last_known_addr { host: "127.31.167.131" port: 38161 } }
I20260709 13:12:54.799427   675 raft_consensus.cc:3060] T ad5d58bb962d4ce1acfa7ccb2c1c7405 P 68b83ddb9e2a40578c3d267bfa40043c [term 1 FOLLOWER]: Advancing to term 2
I20260709 13:12:54.768779   799 consensus_queue.cc:1048] T fc29bc4647d64625a947cff88f1fc7b9 P 68b83ddb9e2a40578c3d267bfa40043c [LEADER]: Connected to new peer: Peer: permanent_uuid: "f0126c46f226421f8105ab1a5b8702f2" member_type: VOTER last_known_addr { host: "127.31.167.129" port: 34489 }, Status: LMP_MISMATCH, Last received: 0.0, Next index: 1, Last known committed idx: 0, Time since last communication: 0.000s
I20260709 13:12:54.772006   862 leader_election.cc:290] T c080a3bb64d447f2a3a5b628956c0532 P 1277d6b91848443da988b92c26160b8b [CANDIDATE]: Term 2 pre-election: Requested pre-vote from peers f0126c46f226421f8105ab1a5b8702f2 (127.31.167.129:34489), 68b83ddb9e2a40578c3d267bfa40043c (127.31.167.130:34433)
I20260709 13:12:54.772716   601 tablet_service.cc:1917] Received RequestConsensusVote() RPC: tablet_id: "c080a3bb64d447f2a3a5b628956c0532" candidate_uuid: "1277d6b91848443da988b92c26160b8b" candidate_term: 2 candidate_status { last_received { term: 0 index: 0 } } ignore_live_leader: false dest_uuid: "f0126c46f226421f8105ab1a5b8702f2" is_pre_election: true
I20260709 13:12:54.800719   874 consensus_queue.cc:1048] T c080a3bb64d447f2a3a5b628956c0532 P f0126c46f226421f8105ab1a5b8702f2 [LEADER]: Connected to new peer: Peer: permanent_uuid: "1277d6b91848443da988b92c26160b8b" member_type: VOTER last_known_addr { host: "127.31.167.131" port: 38161 }, Status: LMP_MISMATCH, Last received: 0.0, Next index: 1, Last known committed idx: 0, Time since last communication: 0.001s
I20260709 13:12:54.773672   676 tablet_service.cc:1917] Received RequestConsensusVote() RPC: tablet_id: "c080a3bb64d447f2a3a5b628956c0532" candidate_uuid: "1277d6b91848443da988b92c26160b8b" candidate_term: 2 candidate_status { last_received { term: 0 index: 0 } } ignore_live_leader: false dest_uuid: "68b83ddb9e2a40578c3d267bfa40043c" is_pre_election: true
I20260709 13:12:54.777293   825 consensus_queue.cc:1048] T 3b877b0779824d08ba99a31ad42efd3c P f0126c46f226421f8105ab1a5b8702f2 [LEADER]: Connected to new peer: Peer: permanent_uuid: "1277d6b91848443da988b92c26160b8b" member_type: VOTER last_known_addr { host: "127.31.167.131" port: 38161 }, Status: LMP_MISMATCH, Last received: 0.0, Next index: 1, Last known committed idx: 0, Time since last communication: 0.001s
I20260709 13:12:54.778913   875 consensus_queue.cc:1048] T fa4634564fe44d9c97bbb93830fb4cf8 P 68b83ddb9e2a40578c3d267bfa40043c [LEADER]: Connected to new peer: Peer: permanent_uuid: "1277d6b91848443da988b92c26160b8b" member_type: VOTER last_known_addr { host: "127.31.167.131" port: 38161 }, Status: LMP_MISMATCH, Last received: 0.0, Next index: 1, Last known committed idx: 0, Time since last communication: 0.000s
I20260709 13:12:54.783061   827 leader_election.cc:290] T fc29bc4647d64625a947cff88f1fc7b9 P f0126c46f226421f8105ab1a5b8702f2 [CANDIDATE]: Term 2 pre-election: Requested pre-vote from peers 68b83ddb9e2a40578c3d267bfa40043c (127.31.167.130:34433), 1277d6b91848443da988b92c26160b8b (127.31.167.131:38161)
I20260709 13:12:54.784693   749 tablet_service.cc:1917] Received RequestConsensusVote() RPC: tablet_id: "fc29bc4647d64625a947cff88f1fc7b9" candidate_uuid: "f0126c46f226421f8105ab1a5b8702f2" candidate_term: 2 candidate_status { last_received { term: 0 index: 0 } } ignore_live_leader: false dest_uuid: "1277d6b91848443da988b92c26160b8b" is_pre_election: true
I20260709 13:12:54.785182   674 tablet_service.cc:1917] Received RequestConsensusVote() RPC: tablet_id: "fc29bc4647d64625a947cff88f1fc7b9" candidate_uuid: "f0126c46f226421f8105ab1a5b8702f2" candidate_term: 2 candidate_status { last_received { term: 0 index: 0 } } ignore_live_leader: false dest_uuid: "68b83ddb9e2a40578c3d267bfa40043c" is_pre_election: true
I20260709 13:12:54.810135   750 raft_consensus.cc:2468] T ad5d58bb962d4ce1acfa7ccb2c1c7405 P 1277d6b91848443da988b92c26160b8b [term 2 FOLLOWER]: Leader election vote request: Granting yes vote for candidate f0126c46f226421f8105ab1a5b8702f2 in term 2.
I20260709 13:12:54.810544   676 raft_consensus.cc:2468] T c080a3bb64d447f2a3a5b628956c0532 P 68b83ddb9e2a40578c3d267bfa40043c [term 1 FOLLOWER]: Leader pre-election vote request: Granting yes vote for candidate 1277d6b91848443da988b92c26160b8b in term 1.
I20260709 13:12:54.811816   675 raft_consensus.cc:2468] T ad5d58bb962d4ce1acfa7ccb2c1c7405 P 68b83ddb9e2a40578c3d267bfa40043c [term 2 FOLLOWER]: Leader election vote request: Granting yes vote for candidate f0126c46f226421f8105ab1a5b8702f2 in term 2.
I20260709 13:12:54.812214   876 consensus_queue.cc:1048] T fa4634564fe44d9c97bbb93830fb4cf8 P 68b83ddb9e2a40578c3d267bfa40043c [LEADER]: Connected to new peer: Peer: permanent_uuid: "f0126c46f226421f8105ab1a5b8702f2" member_type: VOTER last_known_addr { host: "127.31.167.129" port: 34489 }, Status: LMP_MISMATCH, Last received: 0.0, Next index: 1, Last known committed idx: 0, Time since last communication: 0.001s
I20260709 13:12:54.813095   564 leader_election.cc:304] T ad5d58bb962d4ce1acfa7ccb2c1c7405 P f0126c46f226421f8105ab1a5b8702f2 [CANDIDATE]: Term 2 election: Election decided. Result: candidate won. Election summary: received 2 responses out of 3 voters: 2 yes votes; 0 no votes. yes voters: 68b83ddb9e2a40578c3d267bfa40043c, f0126c46f226421f8105ab1a5b8702f2; no voters: 
I20260709 13:12:54.789000   855 consensus_queue.cc:1048] T e197934869c9476b87aa1d5a3e4d77b3 P 68b83ddb9e2a40578c3d267bfa40043c [LEADER]: Connected to new peer: Peer: permanent_uuid: "1277d6b91848443da988b92c26160b8b" member_type: VOTER last_known_addr { host: "127.31.167.131" port: 38161 }, Status: LMP_MISMATCH, Last received: 0.0, Next index: 1, Last known committed idx: 0, Time since last communication: 0.000s
I20260709 13:12:54.789927   796 consensus_queue.cc:1048] T 5008d6424ed347eea55ae622ae07bc4d P 1277d6b91848443da988b92c26160b8b [LEADER]: Connected to new peer: Peer: permanent_uuid: "68b83ddb9e2a40578c3d267bfa40043c" member_type: VOTER last_known_addr { host: "127.31.167.130" port: 34433 }, Status: LMP_MISMATCH, Last received: 0.0, Next index: 1, Last known committed idx: 0, Time since last communication: 0.000s
I20260709 13:12:54.814895   566 leader_election.cc:304] T fc29bc4647d64625a947cff88f1fc7b9 P f0126c46f226421f8105ab1a5b8702f2 [CANDIDATE]: Term 2 pre-election: Election decided. Result: candidate lost. Election summary: received 3 responses out of 3 voters: 1 yes votes; 2 no votes. yes voters: f0126c46f226421f8105ab1a5b8702f2; no voters: 1277d6b91848443da988b92c26160b8b, 68b83ddb9e2a40578c3d267bfa40043c
I20260709 13:12:54.816123   827 raft_consensus.cc:2804] T ad5d58bb962d4ce1acfa7ccb2c1c7405 P f0126c46f226421f8105ab1a5b8702f2 [term 2 FOLLOWER]: Leader election won for term 2
I20260709 13:12:54.816313   876 raft_consensus.cc:993] T e197934869c9476b87aa1d5a3e4d77b3 P 68b83ddb9e2a40578c3d267bfa40043c: : Instructing follower f0126c46f226421f8105ab1a5b8702f2 to start an election
I20260709 13:12:54.816614   827 raft_consensus.cc:697] T ad5d58bb962d4ce1acfa7ccb2c1c7405 P f0126c46f226421f8105ab1a5b8702f2 [term 2 LEADER]: Becoming Leader. State: Replica: f0126c46f226421f8105ab1a5b8702f2, State: Running, Role: LEADER
I20260709 13:12:54.817106   855 raft_consensus.cc:1081] T e197934869c9476b87aa1d5a3e4d77b3 P 68b83ddb9e2a40578c3d267bfa40043c [term 1 LEADER]: Signalling peer f0126c46f226421f8105ab1a5b8702f2 to start an election
I20260709 13:12:54.817060   873 consensus_queue.cc:1048] T 3b877b0779824d08ba99a31ad42efd3c P f0126c46f226421f8105ab1a5b8702f2 [LEADER]: Connected to new peer: Peer: permanent_uuid: "68b83ddb9e2a40578c3d267bfa40043c" member_type: VOTER last_known_addr { host: "127.31.167.130" port: 34433 }, Status: LMP_MISMATCH, Last received: 0.0, Next index: 1, Last known committed idx: 0, Time since last communication: 0.001s
I20260709 13:12:54.817576   827 consensus_queue.cc:237] T ad5d58bb962d4ce1acfa7ccb2c1c7405 P f0126c46f226421f8105ab1a5b8702f2 [LEADER]: Queue going to LEADER mode. State: All replicated index: 0, Majority replicated index: 1, Committed index: 1, Last appended: 1.1, Last appended by leader: 1, Current term: 2, Majority size: 2, State: 0, Mode: LEADER, active raft config: opid_index: -1 OBSOLETE_local: false peers { permanent_uuid: "f0126c46f226421f8105ab1a5b8702f2" member_type: VOTER last_known_addr { host: "127.31.167.129" port: 34489 } } peers { permanent_uuid: "68b83ddb9e2a40578c3d267bfa40043c" member_type: VOTER last_known_addr { host: "127.31.167.130" port: 34433 } } peers { permanent_uuid: "1277d6b91848443da988b92c26160b8b" member_type: VOTER last_known_addr { host: "127.31.167.131" port: 38161 } }
I20260709 13:12:54.822429   597 raft_consensus.cc:3060] T 5008d6424ed347eea55ae622ae07bc4d P f0126c46f226421f8105ab1a5b8702f2 [term 0 FOLLOWER]: Advancing to term 1
I20260709 13:12:54.822350   598 tablet_service.cc:2044] Received Run Leader Election RPC: tablet_id: "e197934869c9476b87aa1d5a3e4d77b3"
dest_uuid: "f0126c46f226421f8105ab1a5b8702f2"
 from {username='slave'} at 127.0.0.1:38888
I20260709 13:12:54.823182   598 raft_consensus.cc:493] T e197934869c9476b87aa1d5a3e4d77b3 P f0126c46f226421f8105ab1a5b8702f2 [term 1 FOLLOWER]: Starting forced leader election (received explicit request)
I20260709 13:12:54.823683   598 raft_consensus.cc:3060] T e197934869c9476b87aa1d5a3e4d77b3 P f0126c46f226421f8105ab1a5b8702f2 [term 1 FOLLOWER]: Advancing to term 2
I20260709 13:12:54.830258   713 leader_election.cc:304] T c080a3bb64d447f2a3a5b628956c0532 P 1277d6b91848443da988b92c26160b8b [CANDIDATE]: Term 2 pre-election: Election decided. Result: candidate won. Election summary: received 3 responses out of 3 voters: 2 yes votes; 1 no votes. yes voters: 1277d6b91848443da988b92c26160b8b, 68b83ddb9e2a40578c3d267bfa40043c; no voters: f0126c46f226421f8105ab1a5b8702f2
I20260709 13:12:54.831295   817 consensus_queue.cc:1048] T 5008d6424ed347eea55ae622ae07bc4d P 1277d6b91848443da988b92c26160b8b [LEADER]: Connected to new peer: Peer: permanent_uuid: "f0126c46f226421f8105ab1a5b8702f2" member_type: VOTER last_known_addr { host: "127.31.167.129" port: 34489 }, Status: LMP_MISMATCH, Last received: 0.0, Next index: 1, Last known committed idx: 0, Time since last communication: 0.000s
I20260709 13:12:54.834988   796 raft_consensus.cc:2804] T c080a3bb64d447f2a3a5b628956c0532 P 1277d6b91848443da988b92c26160b8b [term 1 FOLLOWER]: Leader pre-election won for term 2
I20260709 13:12:54.835379   796 raft_consensus.cc:493] T c080a3bb64d447f2a3a5b628956c0532 P 1277d6b91848443da988b92c26160b8b [term 1 FOLLOWER]: Starting leader election (no leader contacted us within the election timeout)
I20260709 13:12:54.835724   796 raft_consensus.cc:3060] T c080a3bb64d447f2a3a5b628956c0532 P 1277d6b91848443da988b92c26160b8b [term 1 FOLLOWER]: Advancing to term 2
I20260709 13:12:54.839504   873 raft_consensus.cc:993] T c080a3bb64d447f2a3a5b628956c0532 P f0126c46f226421f8105ab1a5b8702f2: : Instructing follower 68b83ddb9e2a40578c3d267bfa40043c to start an election
I20260709 13:12:54.839951   873 raft_consensus.cc:1081] T c080a3bb64d447f2a3a5b628956c0532 P f0126c46f226421f8105ab1a5b8702f2 [term 1 LEADER]: Signalling peer 68b83ddb9e2a40578c3d267bfa40043c to start an election
I20260709 13:12:54.847067   674 tablet_service.cc:2044] Received Run Leader Election RPC: tablet_id: "c080a3bb64d447f2a3a5b628956c0532"
dest_uuid: "68b83ddb9e2a40578c3d267bfa40043c"
 from {username='slave'} at 127.0.0.1:56920
I20260709 13:12:54.847842   674 raft_consensus.cc:493] T c080a3bb64d447f2a3a5b628956c0532 P 68b83ddb9e2a40578c3d267bfa40043c [term 1 FOLLOWER]: Starting forced leader election (received explicit request)
I20260709 13:12:54.848539   674 raft_consensus.cc:3060] T c080a3bb64d447f2a3a5b628956c0532 P 68b83ddb9e2a40578c3d267bfa40043c [term 1 FOLLOWER]: Advancing to term 2
I20260709 13:12:54.855449   876 raft_consensus.cc:993] T baf847f4b6b64587811f0686c1d149ea P 68b83ddb9e2a40578c3d267bfa40043c: : Instructing follower f0126c46f226421f8105ab1a5b8702f2 to start an election
I20260709 13:12:54.855937   875 raft_consensus.cc:1081] T baf847f4b6b64587811f0686c1d149ea P 68b83ddb9e2a40578c3d267bfa40043c [term 1 LEADER]: Signalling peer f0126c46f226421f8105ab1a5b8702f2 to start an election
I20260709 13:12:54.859108   598 raft_consensus.cc:515] T e197934869c9476b87aa1d5a3e4d77b3 P f0126c46f226421f8105ab1a5b8702f2 [term 2 FOLLOWER]: Starting forced leader election with config: opid_index: -1 OBSOLETE_local: false peers { permanent_uuid: "f0126c46f226421f8105ab1a5b8702f2" member_type: VOTER last_known_addr { host: "127.31.167.129" port: 34489 } } peers { permanent_uuid: "68b83ddb9e2a40578c3d267bfa40043c" member_type: VOTER last_known_addr { host: "127.31.167.130" port: 34433 } } peers { permanent_uuid: "1277d6b91848443da988b92c26160b8b" member_type: VOTER last_known_addr { host: "127.31.167.131" port: 38161 } }
I20260709 13:12:54.860580   597 raft_consensus.cc:1240] T e197934869c9476b87aa1d5a3e4d77b3 P f0126c46f226421f8105ab1a5b8702f2 [term 2 FOLLOWER]: Rejecting Update request from peer 68b83ddb9e2a40578c3d267bfa40043c for earlier term 1. Current term is 2. Ops: []
I20260709 13:12:54.864063   599 tablet_service.cc:2044] Received Run Leader Election RPC: tablet_id: "baf847f4b6b64587811f0686c1d149ea"
dest_uuid: "f0126c46f226421f8105ab1a5b8702f2"
 from {username='slave'} at 127.0.0.1:38888
I20260709 13:12:54.864753   599 raft_consensus.cc:493] T baf847f4b6b64587811f0686c1d149ea P f0126c46f226421f8105ab1a5b8702f2 [term 1 FOLLOWER]: Starting forced leader election (received explicit request)
I20260709 13:12:54.864739   676 tablet_service.cc:1917] Received RequestConsensusVote() RPC: tablet_id: "e197934869c9476b87aa1d5a3e4d77b3" candidate_uuid: "f0126c46f226421f8105ab1a5b8702f2" candidate_term: 2 candidate_status { last_received { term: 1 index: 1 } } ignore_live_leader: true dest_uuid: "68b83ddb9e2a40578c3d267bfa40043c"
I20260709 13:12:54.865350   599 raft_consensus.cc:3060] T baf847f4b6b64587811f0686c1d149ea P f0126c46f226421f8105ab1a5b8702f2 [term 1 FOLLOWER]: Advancing to term 2
I20260709 13:12:54.865499   676 raft_consensus.cc:3055] T e197934869c9476b87aa1d5a3e4d77b3 P 68b83ddb9e2a40578c3d267bfa40043c [term 1 LEADER]: Stepping down as leader of term 1
I20260709 13:12:54.865849   676 raft_consensus.cc:740] T e197934869c9476b87aa1d5a3e4d77b3 P 68b83ddb9e2a40578c3d267bfa40043c [term 1 LEADER]: Becoming Follower/Learner. State: Replica: 68b83ddb9e2a40578c3d267bfa40043c, State: Running, Role: LEADER
I20260709 13:12:54.866633   676 consensus_queue.cc:260] T e197934869c9476b87aa1d5a3e4d77b3 P 68b83ddb9e2a40578c3d267bfa40043c [NON_LEADER]: Queue going to NON_LEADER mode. State: All replicated index: 0, Majority replicated index: 1, Committed index: 1, Last appended: 1.1, Last appended by leader: 1, Current term: 1, Majority size: -1, State: 0, Mode: NON_LEADER, active raft config: opid_index: -1 OBSOLETE_local: false peers { permanent_uuid: "f0126c46f226421f8105ab1a5b8702f2" member_type: VOTER last_known_addr { host: "127.31.167.129" port: 34489 } } peers { permanent_uuid: "68b83ddb9e2a40578c3d267bfa40043c" member_type: VOTER last_known_addr { host: "127.31.167.130" port: 34433 } } peers { permanent_uuid: "1277d6b91848443da988b92c26160b8b" member_type: VOTER last_known_addr { host: "127.31.167.131" port: 38161 } }
I20260709 13:12:54.867547   676 raft_consensus.cc:3060] T e197934869c9476b87aa1d5a3e4d77b3 P 68b83ddb9e2a40578c3d267bfa40043c [term 1 FOLLOWER]: Advancing to term 2
I20260709 13:12:54.872979   599 raft_consensus.cc:515] T baf847f4b6b64587811f0686c1d149ea P f0126c46f226421f8105ab1a5b8702f2 [term 2 FOLLOWER]: Starting forced leader election with config: opid_index: -1 OBSOLETE_local: false peers { permanent_uuid: "68b83ddb9e2a40578c3d267bfa40043c" member_type: VOTER last_known_addr { host: "127.31.167.130" port: 34433 } } peers { permanent_uuid: "f0126c46f226421f8105ab1a5b8702f2" member_type: VOTER last_known_addr { host: "127.31.167.129" port: 34489 } } peers { permanent_uuid: "1277d6b91848443da988b92c26160b8b" member_type: VOTER last_known_addr { host: "127.31.167.131" port: 38161 } }
I20260709 13:12:54.861140   796 raft_consensus.cc:515] T c080a3bb64d447f2a3a5b628956c0532 P 1277d6b91848443da988b92c26160b8b [term 2 FOLLOWER]: Starting leader election with config: opid_index: -1 OBSOLETE_local: false peers { permanent_uuid: "f0126c46f226421f8105ab1a5b8702f2" member_type: VOTER last_known_addr { host: "127.31.167.129" port: 34489 } } peers { permanent_uuid: "68b83ddb9e2a40578c3d267bfa40043c" member_type: VOTER last_known_addr { host: "127.31.167.130" port: 34433 } } peers { permanent_uuid: "1277d6b91848443da988b92c26160b8b" member_type: VOTER last_known_addr { host: "127.31.167.131" port: 38161 } }
I20260709 13:12:54.876698   748 raft_consensus.cc:1240] T c080a3bb64d447f2a3a5b628956c0532 P 1277d6b91848443da988b92c26160b8b [term 2 FOLLOWER]: Rejecting Update request from peer f0126c46f226421f8105ab1a5b8702f2 for earlier term 1. Current term is 2. Ops: [1.1-1.1]
I20260709 13:12:54.876631   597 tablet_service.cc:1917] Received RequestConsensusVote() RPC: tablet_id: "c080a3bb64d447f2a3a5b628956c0532" candidate_uuid: "1277d6b91848443da988b92c26160b8b" candidate_term: 2 candidate_status { last_received { term: 0 index: 0 } } ignore_live_leader: false dest_uuid: "f0126c46f226421f8105ab1a5b8702f2"
I20260709 13:12:54.877873   750 tablet_service.cc:1917] Received RequestConsensusVote() RPC: tablet_id: "baf847f4b6b64587811f0686c1d149ea" candidate_uuid: "f0126c46f226421f8105ab1a5b8702f2" candidate_term: 2 candidate_status { last_received { term: 1 index: 1 } } ignore_live_leader: true dest_uuid: "1277d6b91848443da988b92c26160b8b"
I20260709 13:12:54.878633   750 raft_consensus.cc:3060] T baf847f4b6b64587811f0686c1d149ea P 1277d6b91848443da988b92c26160b8b [term 1 FOLLOWER]: Advancing to term 2
I20260709 13:12:54.883519   874 consensus_queue.cc:1059] T c080a3bb64d447f2a3a5b628956c0532 P f0126c46f226421f8105ab1a5b8702f2 [LEADER]: Peer responded invalid term: Peer: permanent_uuid: "1277d6b91848443da988b92c26160b8b" member_type: VOTER last_known_addr { host: "127.31.167.131" port: 38161 }, Status: INVALID_TERM, Last received: 0.0, Next index: 1, Last known committed idx: 0, Time since last communication: 0.001s
I20260709 13:12:54.884486   672 tablet_service.cc:1917] Received RequestConsensusVote() RPC: tablet_id: "baf847f4b6b64587811f0686c1d149ea" candidate_uuid: "f0126c46f226421f8105ab1a5b8702f2" candidate_term: 2 candidate_status { last_received { term: 1 index: 1 } } ignore_live_leader: true dest_uuid: "68b83ddb9e2a40578c3d267bfa40043c"
I20260709 13:12:54.884766   874 raft_consensus.cc:3055] T c080a3bb64d447f2a3a5b628956c0532 P f0126c46f226421f8105ab1a5b8702f2 [term 1 LEADER]: Stepping down as leader of term 1
I20260709 13:12:54.885154   874 raft_consensus.cc:740] T c080a3bb64d447f2a3a5b628956c0532 P f0126c46f226421f8105ab1a5b8702f2 [term 1 LEADER]: Becoming Follower/Learner. State: Replica: f0126c46f226421f8105ab1a5b8702f2, State: Running, Role: LEADER
I20260709 13:12:54.882287   796 leader_election.cc:290] T c080a3bb64d447f2a3a5b628956c0532 P 1277d6b91848443da988b92c26160b8b [CANDIDATE]: Term 2 election: Requested vote from peers f0126c46f226421f8105ab1a5b8702f2 (127.31.167.129:34489), 68b83ddb9e2a40578c3d267bfa40043c (127.31.167.130:34433)
I20260709 13:12:54.892853   676 raft_consensus.cc:2468] T e197934869c9476b87aa1d5a3e4d77b3 P 68b83ddb9e2a40578c3d267bfa40043c [term 2 FOLLOWER]: Leader election vote request: Granting yes vote for candidate f0126c46f226421f8105ab1a5b8702f2 in term 2.
I20260709 13:12:54.886021   874 consensus_queue.cc:260] T c080a3bb64d447f2a3a5b628956c0532 P f0126c46f226421f8105ab1a5b8702f2 [NON_LEADER]: Queue going to NON_LEADER mode. State: All replicated index: 0, Majority replicated index: 1, Committed index: 1, Last appended: 1.1, Last appended by leader: 1, Current term: 1, Majority size: -1, State: 0, Mode: NON_LEADER, active raft config: opid_index: -1 OBSOLETE_local: false peers { permanent_uuid: "f0126c46f226421f8105ab1a5b8702f2" member_type: VOTER last_known_addr { host: "127.31.167.129" port: 34489 } } peers { permanent_uuid: "68b83ddb9e2a40578c3d267bfa40043c" member_type: VOTER last_known_addr { host: "127.31.167.130" port: 34433 } } peers { permanent_uuid: "1277d6b91848443da988b92c26160b8b" member_type: VOTER last_known_addr { host: "127.31.167.131" port: 38161 } }
I20260709 13:12:54.897497   874 raft_consensus.cc:3060] T c080a3bb64d447f2a3a5b628956c0532 P f0126c46f226421f8105ab1a5b8702f2 [term 1 FOLLOWER]: Advancing to term 2
I20260709 13:12:54.904120   750 raft_consensus.cc:2468] T baf847f4b6b64587811f0686c1d149ea P 1277d6b91848443da988b92c26160b8b [term 2 FOLLOWER]: Leader election vote request: Granting yes vote for candidate f0126c46f226421f8105ab1a5b8702f2 in term 2.
I20260709 13:12:54.885164   672 raft_consensus.cc:3055] T baf847f4b6b64587811f0686c1d149ea P 68b83ddb9e2a40578c3d267bfa40043c [term 1 LEADER]: Stepping down as leader of term 1
I20260709 13:12:54.905678   672 raft_consensus.cc:740] T baf847f4b6b64587811f0686c1d149ea P 68b83ddb9e2a40578c3d267bfa40043c [term 1 LEADER]: Becoming Follower/Learner. State: Replica: 68b83ddb9e2a40578c3d267bfa40043c, State: Running, Role: LEADER
I20260709 13:12:54.906770   672 consensus_queue.cc:260] T baf847f4b6b64587811f0686c1d149ea P 68b83ddb9e2a40578c3d267bfa40043c [NON_LEADER]: Queue going to NON_LEADER mode. State: All replicated index: 0, Majority replicated index: 1, Committed index: 1, Last appended: 1.1, Last appended by leader: 1, Current term: 1, Majority size: -1, State: 0, Mode: NON_LEADER, active raft config: opid_index: -1 OBSOLETE_local: false peers { permanent_uuid: "68b83ddb9e2a40578c3d267bfa40043c" member_type: VOTER last_known_addr { host: "127.31.167.130" port: 34433 } } peers { permanent_uuid: "f0126c46f226421f8105ab1a5b8702f2" member_type: VOTER last_known_addr { host: "127.31.167.129" port: 34489 } } peers { permanent_uuid: "1277d6b91848443da988b92c26160b8b" member_type: VOTER last_known_addr { host: "127.31.167.131" port: 38161 } }
I20260709 13:12:54.910959   672 raft_consensus.cc:3060] T baf847f4b6b64587811f0686c1d149ea P 68b83ddb9e2a40578c3d267bfa40043c [term 1 FOLLOWER]: Advancing to term 2
I20260709 13:12:54.916222   676 tablet_service.cc:1917] Received RequestConsensusVote() RPC: tablet_id: "c080a3bb64d447f2a3a5b628956c0532" candidate_uuid: "1277d6b91848443da988b92c26160b8b" candidate_term: 2 candidate_status { last_received { term: 0 index: 0 } } ignore_live_leader: false dest_uuid: "68b83ddb9e2a40578c3d267bfa40043c"
I20260709 13:12:54.916706   566 leader_election.cc:304] T baf847f4b6b64587811f0686c1d149ea P f0126c46f226421f8105ab1a5b8702f2 [CANDIDATE]: Term 2 election: Election decided. Result: candidate won. Election summary: received 2 responses out of 3 voters: 2 yes votes; 0 no votes. yes voters: 1277d6b91848443da988b92c26160b8b, f0126c46f226421f8105ab1a5b8702f2; no voters: 
I20260709 13:12:54.887198   599 leader_election.cc:290] T baf847f4b6b64587811f0686c1d149ea P f0126c46f226421f8105ab1a5b8702f2 [CANDIDATE]: Term 2 election: Requested vote from peers 68b83ddb9e2a40578c3d267bfa40043c (127.31.167.130:34433), 1277d6b91848443da988b92c26160b8b (127.31.167.131:38161)
I20260709 13:12:54.920353   877 raft_consensus.cc:2804] T baf847f4b6b64587811f0686c1d149ea P f0126c46f226421f8105ab1a5b8702f2 [term 2 FOLLOWER]: Leader election won for term 2
I20260709 13:12:54.920512   713 leader_election.cc:304] T c080a3bb64d447f2a3a5b628956c0532 P 1277d6b91848443da988b92c26160b8b [CANDIDATE]: Term 2 election: Election decided. Result: candidate lost. Election summary: received 3 responses out of 3 voters: 1 yes votes; 2 no votes. yes voters: 1277d6b91848443da988b92c26160b8b; no voters: 68b83ddb9e2a40578c3d267bfa40043c, f0126c46f226421f8105ab1a5b8702f2
I20260709 13:12:54.921098   877 raft_consensus.cc:697] T baf847f4b6b64587811f0686c1d149ea P f0126c46f226421f8105ab1a5b8702f2 [term 2 LEADER]: Becoming Leader. State: Replica: f0126c46f226421f8105ab1a5b8702f2, State: Running, Role: LEADER
I20260709 13:12:54.922066   796 raft_consensus.cc:2749] T c080a3bb64d447f2a3a5b628956c0532 P 1277d6b91848443da988b92c26160b8b [term 2 FOLLOWER]: Leader election lost for term 2. Reason: could not achieve majority
I20260709 13:12:54.922297   877 consensus_queue.cc:237] T baf847f4b6b64587811f0686c1d149ea P f0126c46f226421f8105ab1a5b8702f2 [LEADER]: Queue going to LEADER mode. State: All replicated index: 0, Majority replicated index: 1, Committed index: 1, Last appended: 1.1, Last appended by leader: 1, Current term: 2, Majority size: 2, State: 0, Mode: LEADER, active raft config: opid_index: -1 OBSOLETE_local: false peers { permanent_uuid: "68b83ddb9e2a40578c3d267bfa40043c" member_type: VOTER last_known_addr { host: "127.31.167.130" port: 34433 } } peers { permanent_uuid: "f0126c46f226421f8105ab1a5b8702f2" member_type: VOTER last_known_addr { host: "127.31.167.129" port: 34489 } } peers { permanent_uuid: "1277d6b91848443da988b92c26160b8b" member_type: VOTER last_known_addr { host: "127.31.167.131" port: 38161 } }
I20260709 13:12:54.949265   797 raft_consensus.cc:2749] T fc29bc4647d64625a947cff88f1fc7b9 P f0126c46f226421f8105ab1a5b8702f2 [term 1 FOLLOWER]: Leader pre-election lost for term 2. Reason: could not achieve majority
I20260709 13:12:54.950631   873 raft_consensus.cc:993] T 3b877b0779824d08ba99a31ad42efd3c P f0126c46f226421f8105ab1a5b8702f2: : Instructing follower 1277d6b91848443da988b92c26160b8b to start an election
I20260709 13:12:54.951116   873 raft_consensus.cc:1081] T 3b877b0779824d08ba99a31ad42efd3c P f0126c46f226421f8105ab1a5b8702f2 [term 1 LEADER]: Signalling peer 1277d6b91848443da988b92c26160b8b to start an election
I20260709 13:12:54.954634   796 raft_consensus.cc:993] T 5008d6424ed347eea55ae622ae07bc4d P 1277d6b91848443da988b92c26160b8b: : Instructing follower f0126c46f226421f8105ab1a5b8702f2 to start an election
I20260709 13:12:54.955065   796 raft_consensus.cc:1081] T 5008d6424ed347eea55ae622ae07bc4d P 1277d6b91848443da988b92c26160b8b [term 1 LEADER]: Signalling peer f0126c46f226421f8105ab1a5b8702f2 to start an election
W20260709 13:12:54.951126   641 outbound_call.cc:321] RPC callback for RPC call kudu.consensus.ConsensusService.UpdateConsensus -> {remote=127.31.167.131:38161, user_credentials={real_user=slave}} blocked reactor thread for 56081.5us
I20260709 13:12:54.955416   674 raft_consensus.cc:515] T c080a3bb64d447f2a3a5b628956c0532 P 68b83ddb9e2a40578c3d267bfa40043c [term 2 FOLLOWER]: Starting forced leader election with config: opid_index: -1 OBSOLETE_local: false peers { permanent_uuid: "f0126c46f226421f8105ab1a5b8702f2" member_type: VOTER last_known_addr { host: "127.31.167.129" port: 34489 } } peers { permanent_uuid: "68b83ddb9e2a40578c3d267bfa40043c" member_type: VOTER last_known_addr { host: "127.31.167.130" port: 34433 } } peers { permanent_uuid: "1277d6b91848443da988b92c26160b8b" member_type: VOTER last_known_addr { host: "127.31.167.131" port: 38161 } }
I20260709 13:12:54.957123   564 leader_election.cc:304] T e197934869c9476b87aa1d5a3e4d77b3 P f0126c46f226421f8105ab1a5b8702f2 [CANDIDATE]: Term 2 election: Election decided. Result: candidate won. Election summary: received 2 responses out of 3 voters: 2 yes votes; 0 no votes. yes voters: 68b83ddb9e2a40578c3d267bfa40043c, f0126c46f226421f8105ab1a5b8702f2; no voters: 
I20260709 13:12:54.957659   598 leader_election.cc:290] T e197934869c9476b87aa1d5a3e4d77b3 P f0126c46f226421f8105ab1a5b8702f2 [CANDIDATE]: Term 2 election: Requested vote from peers 68b83ddb9e2a40578c3d267bfa40043c (127.31.167.130:34433), 1277d6b91848443da988b92c26160b8b (127.31.167.131:38161)
I20260709 13:12:54.958228   873 raft_consensus.cc:2804] T e197934869c9476b87aa1d5a3e4d77b3 P f0126c46f226421f8105ab1a5b8702f2 [term 2 FOLLOWER]: Leader election won for term 2
I20260709 13:12:54.959363   873 raft_consensus.cc:697] T e197934869c9476b87aa1d5a3e4d77b3 P f0126c46f226421f8105ab1a5b8702f2 [term 2 LEADER]: Becoming Leader. State: Replica: f0126c46f226421f8105ab1a5b8702f2, State: Running, Role: LEADER
I20260709 13:12:54.960029   873 consensus_queue.cc:237] T e197934869c9476b87aa1d5a3e4d77b3 P f0126c46f226421f8105ab1a5b8702f2 [LEADER]: Queue going to LEADER mode. State: All replicated index: 0, Majority replicated index: 0, Committed index: 0, Last appended: 1.1, Last appended by leader: 1, Current term: 2, Majority size: 2, State: 0, Mode: LEADER, active raft config: opid_index: -1 OBSOLETE_local: false peers { permanent_uuid: "f0126c46f226421f8105ab1a5b8702f2" member_type: VOTER last_known_addr { host: "127.31.167.129" port: 34489 } } peers { permanent_uuid: "68b83ddb9e2a40578c3d267bfa40043c" member_type: VOTER last_known_addr { host: "127.31.167.130" port: 34433 } } peers { permanent_uuid: "1277d6b91848443da988b92c26160b8b" member_type: VOTER last_known_addr { host: "127.31.167.131" port: 38161 } }
I20260709 13:12:54.960759   672 raft_consensus.cc:2468] T baf847f4b6b64587811f0686c1d149ea P 68b83ddb9e2a40578c3d267bfa40043c [term 2 FOLLOWER]: Leader election vote request: Granting yes vote for candidate f0126c46f226421f8105ab1a5b8702f2 in term 2.
I20260709 13:12:54.961377   674 leader_election.cc:290] T c080a3bb64d447f2a3a5b628956c0532 P 68b83ddb9e2a40578c3d267bfa40043c [CANDIDATE]: Term 2 election: Requested vote from peers f0126c46f226421f8105ab1a5b8702f2 (127.31.167.129:34489), 1277d6b91848443da988b92c26160b8b (127.31.167.131:38161)
I20260709 13:12:54.964363   600 tablet_service.cc:1917] Received RequestConsensusVote() RPC: tablet_id: "c080a3bb64d447f2a3a5b628956c0532" candidate_uuid: "68b83ddb9e2a40578c3d267bfa40043c" candidate_term: 2 candidate_status { last_received { term: 1 index: 1 } } ignore_live_leader: true dest_uuid: "f0126c46f226421f8105ab1a5b8702f2"
I20260709 13:12:54.960541   499 catalog_manager.cc:5697] T ad5d58bb962d4ce1acfa7ccb2c1c7405 P f0126c46f226421f8105ab1a5b8702f2 reported cstate change: term changed from 1 to 2, leader changed from 68b83ddb9e2a40578c3d267bfa40043c (127.31.167.130) to f0126c46f226421f8105ab1a5b8702f2 (127.31.167.129). New cstate: current_term: 2 leader_uuid: "f0126c46f226421f8105ab1a5b8702f2" committed_config { opid_index: -1 OBSOLETE_local: false peers { permanent_uuid: "f0126c46f226421f8105ab1a5b8702f2" member_type: VOTER last_known_addr { host: "127.31.167.129" port: 34489 } health_report { overall_health: HEALTHY } } peers { permanent_uuid: "68b83ddb9e2a40578c3d267bfa40043c" member_type: VOTER last_known_addr { host: "127.31.167.130" port: 34433 } health_report { overall_health: UNKNOWN } } peers { permanent_uuid: "1277d6b91848443da988b92c26160b8b" member_type: VOTER last_known_addr { host: "127.31.167.131" port: 38161 } health_report { overall_health: UNKNOWN } } }
I20260709 13:12:54.964954   596 tablet_service.cc:2044] Received Run Leader Election RPC: tablet_id: "5008d6424ed347eea55ae622ae07bc4d"
dest_uuid: "f0126c46f226421f8105ab1a5b8702f2"
 from {username='slave'} at 127.0.0.1:38896
I20260709 13:12:54.965554   596 raft_consensus.cc:493] T 5008d6424ed347eea55ae622ae07bc4d P f0126c46f226421f8105ab1a5b8702f2 [term 1 FOLLOWER]: Starting forced leader election (received explicit request)
I20260709 13:12:54.965924   596 raft_consensus.cc:3060] T 5008d6424ed347eea55ae622ae07bc4d P f0126c46f226421f8105ab1a5b8702f2 [term 1 FOLLOWER]: Advancing to term 2
I20260709 13:12:54.967044   748 tablet_service.cc:1917] Received RequestConsensusVote() RPC: tablet_id: "e197934869c9476b87aa1d5a3e4d77b3" candidate_uuid: "f0126c46f226421f8105ab1a5b8702f2" candidate_term: 2 candidate_status { last_received { term: 1 index: 1 } } ignore_live_leader: true dest_uuid: "1277d6b91848443da988b92c26160b8b"
I20260709 13:12:54.967574   748 raft_consensus.cc:3060] T e197934869c9476b87aa1d5a3e4d77b3 P 1277d6b91848443da988b92c26160b8b [term 1 FOLLOWER]: Advancing to term 2
I20260709 13:12:54.963622   750 tablet_service.cc:2044] Received Run Leader Election RPC: tablet_id: "3b877b0779824d08ba99a31ad42efd3c"
dest_uuid: "1277d6b91848443da988b92c26160b8b"
 from {username='slave'} at 127.0.0.1:47732
I20260709 13:12:54.970400   750 raft_consensus.cc:493] T 3b877b0779824d08ba99a31ad42efd3c P 1277d6b91848443da988b92c26160b8b [term 1 FOLLOWER]: Starting forced leader election (received explicit request)
I20260709 13:12:54.970851   750 raft_consensus.cc:3060] T 3b877b0779824d08ba99a31ad42efd3c P 1277d6b91848443da988b92c26160b8b [term 1 FOLLOWER]: Advancing to term 2
I20260709 13:12:54.978646   749 tablet_service.cc:1917] Received RequestConsensusVote() RPC: tablet_id: "c080a3bb64d447f2a3a5b628956c0532" candidate_uuid: "68b83ddb9e2a40578c3d267bfa40043c" candidate_term: 2 candidate_status { last_received { term: 1 index: 1 } } ignore_live_leader: true dest_uuid: "1277d6b91848443da988b92c26160b8b"
I20260709 13:12:54.979632   600 raft_consensus.cc:2468] T c080a3bb64d447f2a3a5b628956c0532 P f0126c46f226421f8105ab1a5b8702f2 [term 2 FOLLOWER]: Leader election vote request: Granting yes vote for candidate 68b83ddb9e2a40578c3d267bfa40043c in term 2.
I20260709 13:12:54.981530   641 leader_election.cc:304] T c080a3bb64d447f2a3a5b628956c0532 P 68b83ddb9e2a40578c3d267bfa40043c [CANDIDATE]: Term 2 election: Election decided. Result: candidate won. Election summary: received 2 responses out of 3 voters: 2 yes votes; 0 no votes. yes voters: 68b83ddb9e2a40578c3d267bfa40043c, f0126c46f226421f8105ab1a5b8702f2; no voters: 
I20260709 13:12:54.982290   855 raft_consensus.cc:2804] T c080a3bb64d447f2a3a5b628956c0532 P 68b83ddb9e2a40578c3d267bfa40043c [term 2 FOLLOWER]: Leader election won for term 2
I20260709 13:12:54.982765   855 raft_consensus.cc:697] T c080a3bb64d447f2a3a5b628956c0532 P 68b83ddb9e2a40578c3d267bfa40043c [term 2 LEADER]: Becoming Leader. State: Replica: 68b83ddb9e2a40578c3d267bfa40043c, State: Running, Role: LEADER
I20260709 13:12:54.983449   855 consensus_queue.cc:237] T c080a3bb64d447f2a3a5b628956c0532 P 68b83ddb9e2a40578c3d267bfa40043c [LEADER]: Queue going to LEADER mode. State: All replicated index: 0, Majority replicated index: 1, Committed index: 1, Last appended: 1.1, Last appended by leader: 1, Current term: 2, Majority size: 2, State: 0, Mode: LEADER, active raft config: opid_index: -1 OBSOLETE_local: false peers { permanent_uuid: "f0126c46f226421f8105ab1a5b8702f2" member_type: VOTER last_known_addr { host: "127.31.167.129" port: 34489 } } peers { permanent_uuid: "68b83ddb9e2a40578c3d267bfa40043c" member_type: VOTER last_known_addr { host: "127.31.167.130" port: 34433 } } peers { permanent_uuid: "1277d6b91848443da988b92c26160b8b" member_type: VOTER last_known_addr { host: "127.31.167.131" port: 38161 } }
I20260709 13:12:54.979758   749 raft_consensus.cc:2393] T c080a3bb64d447f2a3a5b628956c0532 P 1277d6b91848443da988b92c26160b8b [term 2 FOLLOWER]: Leader election vote request: Denying vote to candidate 68b83ddb9e2a40578c3d267bfa40043c in current term 2: Already voted for candidate 1277d6b91848443da988b92c26160b8b in this term.
I20260709 13:12:54.986512   596 raft_consensus.cc:515] T 5008d6424ed347eea55ae622ae07bc4d P f0126c46f226421f8105ab1a5b8702f2 [term 2 FOLLOWER]: Starting forced leader election with config: opid_index: -1 OBSOLETE_local: false peers { permanent_uuid: "f0126c46f226421f8105ab1a5b8702f2" member_type: VOTER last_known_addr { host: "127.31.167.129" port: 34489 } } peers { permanent_uuid: "68b83ddb9e2a40578c3d267bfa40043c" member_type: VOTER last_known_addr { host: "127.31.167.130" port: 34433 } } peers { permanent_uuid: "1277d6b91848443da988b92c26160b8b" member_type: VOTER last_known_addr { host: "127.31.167.131" port: 38161 } }
I20260709 13:12:54.988363   598 raft_consensus.cc:1240] T 5008d6424ed347eea55ae622ae07bc4d P f0126c46f226421f8105ab1a5b8702f2 [term 2 FOLLOWER]: Rejecting Update request from peer 1277d6b91848443da988b92c26160b8b for earlier term 1. Current term is 2. Ops: []
I20260709 13:12:54.989602   750 raft_consensus.cc:515] T 3b877b0779824d08ba99a31ad42efd3c P 1277d6b91848443da988b92c26160b8b [term 2 FOLLOWER]: Starting forced leader election with config: opid_index: -1 OBSOLETE_local: false peers { permanent_uuid: "f0126c46f226421f8105ab1a5b8702f2" member_type: VOTER last_known_addr { host: "127.31.167.129" port: 34489 } } peers { permanent_uuid: "68b83ddb9e2a40578c3d267bfa40043c" member_type: VOTER last_known_addr { host: "127.31.167.130" port: 34433 } } peers { permanent_uuid: "1277d6b91848443da988b92c26160b8b" member_type: VOTER last_known_addr { host: "127.31.167.131" port: 38161 } }
I20260709 13:12:54.990482   796 consensus_queue.cc:1059] T 5008d6424ed347eea55ae622ae07bc4d P 1277d6b91848443da988b92c26160b8b [LEADER]: Peer responded invalid term: Peer: permanent_uuid: "f0126c46f226421f8105ab1a5b8702f2" member_type: VOTER last_known_addr { host: "127.31.167.129" port: 34489 }, Status: INVALID_TERM, Last received: 1.1, Next index: 2, Last known committed idx: 0, Time since last communication: 0.000s
I20260709 13:12:54.990787   596 leader_election.cc:290] T 5008d6424ed347eea55ae622ae07bc4d P f0126c46f226421f8105ab1a5b8702f2 [CANDIDATE]: Term 2 election: Requested vote from peers 68b83ddb9e2a40578c3d267bfa40043c (127.31.167.130:34433), 1277d6b91848443da988b92c26160b8b (127.31.167.131:38161)
I20260709 13:12:54.991446   817 raft_consensus.cc:3055] T 5008d6424ed347eea55ae622ae07bc4d P 1277d6b91848443da988b92c26160b8b [term 1 LEADER]: Stepping down as leader of term 1
I20260709 13:12:54.991940   817 raft_consensus.cc:740] T 5008d6424ed347eea55ae622ae07bc4d P 1277d6b91848443da988b92c26160b8b [term 1 LEADER]: Becoming Follower/Learner. State: Replica: 1277d6b91848443da988b92c26160b8b, State: Running, Role: LEADER
I20260709 13:12:54.992640   750 leader_election.cc:290] T 3b877b0779824d08ba99a31ad42efd3c P 1277d6b91848443da988b92c26160b8b [CANDIDATE]: Term 2 election: Requested vote from peers f0126c46f226421f8105ab1a5b8702f2 (127.31.167.129:34489), 68b83ddb9e2a40578c3d267bfa40043c (127.31.167.130:34433)
I20260709 13:12:54.992915   817 consensus_queue.cc:260] T 5008d6424ed347eea55ae622ae07bc4d P 1277d6b91848443da988b92c26160b8b [NON_LEADER]: Queue going to NON_LEADER mode. State: All replicated index: 0, Majority replicated index: 1, Committed index: 1, Last appended: 1.1, Last appended by leader: 1, Current term: 1, Majority size: -1, State: 0, Mode: NON_LEADER, active raft config: opid_index: -1 OBSOLETE_local: false peers { permanent_uuid: "f0126c46f226421f8105ab1a5b8702f2" member_type: VOTER last_known_addr { host: "127.31.167.129" port: 34489 } } peers { permanent_uuid: "68b83ddb9e2a40578c3d267bfa40043c" member_type: VOTER last_known_addr { host: "127.31.167.130" port: 34433 } } peers { permanent_uuid: "1277d6b91848443da988b92c26160b8b" member_type: VOTER last_known_addr { host: "127.31.167.131" port: 38161 } }
I20260709 13:12:54.994311   817 raft_consensus.cc:3060] T 5008d6424ed347eea55ae622ae07bc4d P 1277d6b91848443da988b92c26160b8b [term 1 FOLLOWER]: Advancing to term 2
I20260709 13:12:54.994522   598 tablet_service.cc:1917] Received RequestConsensusVote() RPC: tablet_id: "3b877b0779824d08ba99a31ad42efd3c" candidate_uuid: "1277d6b91848443da988b92c26160b8b" candidate_term: 2 candidate_status { last_received { term: 1 index: 1 } } ignore_live_leader: true dest_uuid: "f0126c46f226421f8105ab1a5b8702f2"
I20260709 13:12:54.995234   598 raft_consensus.cc:3055] T 3b877b0779824d08ba99a31ad42efd3c P f0126c46f226421f8105ab1a5b8702f2 [term 1 LEADER]: Stepping down as leader of term 1
I20260709 13:12:54.995591   673 tablet_service.cc:1917] Received RequestConsensusVote() RPC: tablet_id: "3b877b0779824d08ba99a31ad42efd3c" candidate_uuid: "1277d6b91848443da988b92c26160b8b" candidate_term: 2 candidate_status { last_received { term: 1 index: 1 } } ignore_live_leader: true dest_uuid: "68b83ddb9e2a40578c3d267bfa40043c"
I20260709 13:12:54.995595   598 raft_consensus.cc:740] T 3b877b0779824d08ba99a31ad42efd3c P f0126c46f226421f8105ab1a5b8702f2 [term 1 LEADER]: Becoming Follower/Learner. State: Replica: f0126c46f226421f8105ab1a5b8702f2, State: Running, Role: LEADER
I20260709 13:12:54.996172   673 raft_consensus.cc:3060] T 3b877b0779824d08ba99a31ad42efd3c P 68b83ddb9e2a40578c3d267bfa40043c [term 1 FOLLOWER]: Advancing to term 2
I20260709 13:12:54.996690   598 consensus_queue.cc:260] T 3b877b0779824d08ba99a31ad42efd3c P f0126c46f226421f8105ab1a5b8702f2 [NON_LEADER]: Queue going to NON_LEADER mode. State: All replicated index: 0, Majority replicated index: 1, Committed index: 1, Last appended: 1.1, Last appended by leader: 1, Current term: 1, Majority size: -1, State: 0, Mode: NON_LEADER, active raft config: opid_index: -1 OBSOLETE_local: false peers { permanent_uuid: "f0126c46f226421f8105ab1a5b8702f2" member_type: VOTER last_known_addr { host: "127.31.167.129" port: 34489 } } peers { permanent_uuid: "68b83ddb9e2a40578c3d267bfa40043c" member_type: VOTER last_known_addr { host: "127.31.167.130" port: 34433 } } peers { permanent_uuid: "1277d6b91848443da988b92c26160b8b" member_type: VOTER last_known_addr { host: "127.31.167.131" port: 38161 } }
I20260709 13:12:54.997872   598 raft_consensus.cc:3060] T 3b877b0779824d08ba99a31ad42efd3c P f0126c46f226421f8105ab1a5b8702f2 [term 1 FOLLOWER]: Advancing to term 2
I20260709 13:12:54.998803   862 raft_consensus.cc:993] T 83e29ea5f58b46daa0c2b64b6778b543 P 1277d6b91848443da988b92c26160b8b: : Instructing follower 68b83ddb9e2a40578c3d267bfa40043c to start an election
I20260709 13:12:54.999220   862 raft_consensus.cc:1081] T 83e29ea5f58b46daa0c2b64b6778b543 P 1277d6b91848443da988b92c26160b8b [term 1 LEADER]: Signalling peer 68b83ddb9e2a40578c3d267bfa40043c to start an election
I20260709 13:12:55.000885   672 tablet_service.cc:2044] Received Run Leader Election RPC: tablet_id: "83e29ea5f58b46daa0c2b64b6778b543"
dest_uuid: "68b83ddb9e2a40578c3d267bfa40043c"
 from {username='slave'} at 127.0.0.1:56912
I20260709 13:12:55.000988   750 tablet_service.cc:1917] Received RequestConsensusVote() RPC: tablet_id: "5008d6424ed347eea55ae622ae07bc4d" candidate_uuid: "f0126c46f226421f8105ab1a5b8702f2" candidate_term: 2 candidate_status { last_received { term: 1 index: 1 } } ignore_live_leader: true dest_uuid: "1277d6b91848443da988b92c26160b8b"
I20260709 13:12:55.001493   672 raft_consensus.cc:493] T 83e29ea5f58b46daa0c2b64b6778b543 P 68b83ddb9e2a40578c3d267bfa40043c [term 1 FOLLOWER]: Starting forced leader election (received explicit request)
I20260709 13:12:55.001899   672 raft_consensus.cc:3060] T 83e29ea5f58b46daa0c2b64b6778b543 P 68b83ddb9e2a40578c3d267bfa40043c [term 1 FOLLOWER]: Advancing to term 2
I20260709 13:12:55.004622   673 raft_consensus.cc:2468] T 3b877b0779824d08ba99a31ad42efd3c P 68b83ddb9e2a40578c3d267bfa40043c [term 2 FOLLOWER]: Leader election vote request: Granting yes vote for candidate 1277d6b91848443da988b92c26160b8b in term 2.
I20260709 13:12:55.007048   748 raft_consensus.cc:2468] T e197934869c9476b87aa1d5a3e4d77b3 P 1277d6b91848443da988b92c26160b8b [term 2 FOLLOWER]: Leader election vote request: Granting yes vote for candidate f0126c46f226421f8105ab1a5b8702f2 in term 2.
I20260709 13:12:55.010113   673 tablet_service.cc:1917] Received RequestConsensusVote() RPC: tablet_id: "5008d6424ed347eea55ae622ae07bc4d" candidate_uuid: "f0126c46f226421f8105ab1a5b8702f2" candidate_term: 2 candidate_status { last_received { term: 1 index: 1 } } ignore_live_leader: true dest_uuid: "68b83ddb9e2a40578c3d267bfa40043c"
I20260709 13:12:55.010376   713 leader_election.cc:304] T 3b877b0779824d08ba99a31ad42efd3c P 1277d6b91848443da988b92c26160b8b [CANDIDATE]: Term 2 election: Election decided. Result: candidate won. Election summary: received 2 responses out of 3 voters: 2 yes votes; 0 no votes. yes voters: 1277d6b91848443da988b92c26160b8b, 68b83ddb9e2a40578c3d267bfa40043c; no voters: 
I20260709 13:12:55.010637   750 raft_consensus.cc:2468] T 5008d6424ed347eea55ae622ae07bc4d P 1277d6b91848443da988b92c26160b8b [term 2 FOLLOWER]: Leader election vote request: Granting yes vote for candidate f0126c46f226421f8105ab1a5b8702f2 in term 2.
I20260709 13:12:55.011927   566 leader_election.cc:304] T 5008d6424ed347eea55ae622ae07bc4d P f0126c46f226421f8105ab1a5b8702f2 [CANDIDATE]: Term 2 election: Election decided. Result: candidate won. Election summary: received 2 responses out of 3 voters: 2 yes votes; 0 no votes. yes voters: 1277d6b91848443da988b92c26160b8b, f0126c46f226421f8105ab1a5b8702f2; no voters: 
I20260709 13:12:55.012094   672 raft_consensus.cc:515] T 83e29ea5f58b46daa0c2b64b6778b543 P 68b83ddb9e2a40578c3d267bfa40043c [term 2 FOLLOWER]: Starting forced leader election with config: opid_index: -1 OBSOLETE_local: false peers { permanent_uuid: "f0126c46f226421f8105ab1a5b8702f2" member_type: VOTER last_known_addr { host: "127.31.167.129" port: 34489 } } peers { permanent_uuid: "68b83ddb9e2a40578c3d267bfa40043c" member_type: VOTER last_known_addr { host: "127.31.167.130" port: 34433 } } peers { permanent_uuid: "1277d6b91848443da988b92c26160b8b" member_type: VOTER last_known_addr { host: "127.31.167.131" port: 38161 } }
I20260709 13:12:55.012873   797 raft_consensus.cc:2804] T 5008d6424ed347eea55ae622ae07bc4d P f0126c46f226421f8105ab1a5b8702f2 [term 2 FOLLOWER]: Leader election won for term 2
I20260709 13:12:55.010706   673 raft_consensus.cc:3060] T 5008d6424ed347eea55ae622ae07bc4d P 68b83ddb9e2a40578c3d267bfa40043c [term 1 FOLLOWER]: Advancing to term 2
I20260709 13:12:55.013533   797 raft_consensus.cc:697] T 5008d6424ed347eea55ae622ae07bc4d P f0126c46f226421f8105ab1a5b8702f2 [term 2 LEADER]: Becoming Leader. State: Replica: f0126c46f226421f8105ab1a5b8702f2, State: Running, Role: LEADER
I20260709 13:12:55.014063   672 leader_election.cc:290] T 83e29ea5f58b46daa0c2b64b6778b543 P 68b83ddb9e2a40578c3d267bfa40043c [CANDIDATE]: Term 2 election: Requested vote from peers f0126c46f226421f8105ab1a5b8702f2 (127.31.167.129:34489), 1277d6b91848443da988b92c26160b8b (127.31.167.131:38161)
I20260709 13:12:55.015044   817 raft_consensus.cc:2804] T 3b877b0779824d08ba99a31ad42efd3c P 1277d6b91848443da988b92c26160b8b [term 2 FOLLOWER]: Leader election won for term 2
I20260709 13:12:55.014643   797 consensus_queue.cc:237] T 5008d6424ed347eea55ae622ae07bc4d P f0126c46f226421f8105ab1a5b8702f2 [LEADER]: Queue going to LEADER mode. State: All replicated index: 0, Majority replicated index: 0, Committed index: 0, Last appended: 1.1, Last appended by leader: 1, Current term: 2, Majority size: 2, State: 0, Mode: LEADER, active raft config: opid_index: -1 OBSOLETE_local: false peers { permanent_uuid: "f0126c46f226421f8105ab1a5b8702f2" member_type: VOTER last_known_addr { host: "127.31.167.129" port: 34489 } } peers { permanent_uuid: "68b83ddb9e2a40578c3d267bfa40043c" member_type: VOTER last_known_addr { host: "127.31.167.130" port: 34433 } } peers { permanent_uuid: "1277d6b91848443da988b92c26160b8b" member_type: VOTER last_known_addr { host: "127.31.167.131" port: 38161 } }
I20260709 13:12:55.015511   817 raft_consensus.cc:697] T 3b877b0779824d08ba99a31ad42efd3c P 1277d6b91848443da988b92c26160b8b [term 2 LEADER]: Becoming Leader. State: Replica: 1277d6b91848443da988b92c26160b8b, State: Running, Role: LEADER
