I20260709 13:12:36.403838  2390 raft_consensus.cc:359] T ba63730de530482eb03dec707dab7684 P 07df0e9d9b7b418c9d0e7234fdaede62 [term 0 FOLLOWER]: Replica starting. Triggering 0 pending ops. Active config: opid_index: -1 OBSOLETE_local: false peers { permanent_uuid: "02056481fa904d7784cf7a746a2fb3f1" member_type: VOTER last_known_addr { host: "127.2.3.65" port: 38943 } } peers { permanent_uuid: "b797142eb7964312bac0f70a0f0e9b45" member_type: VOTER last_known_addr { host: "127.2.3.66" port: 34657 } } peers { permanent_uuid: "07df0e9d9b7b418c9d0e7234fdaede62" member_type: VOTER last_known_addr { host: "127.2.3.67" port: 36497 } }
I20260709 13:12:36.406790  2388 raft_consensus.cc:359] T d0173edf52d74613be27fe84807534bb P 02056481fa904d7784cf7a746a2fb3f1 [term 0 FOLLOWER]: Replica starting. Triggering 0 pending ops. Active config: opid_index: -1 OBSOLETE_local: false peers { permanent_uuid: "02056481fa904d7784cf7a746a2fb3f1" member_type: VOTER last_known_addr { host: "127.2.3.65" port: 38943 } } peers { permanent_uuid: "b797142eb7964312bac0f70a0f0e9b45" member_type: VOTER last_known_addr { host: "127.2.3.66" port: 34657 } } peers { permanent_uuid: "07df0e9d9b7b418c9d0e7234fdaede62" member_type: VOTER last_known_addr { host: "127.2.3.67" port: 36497 } }
I20260709 13:12:36.407495  2388 raft_consensus.cc:385] T d0173edf52d74613be27fe84807534bb P 02056481fa904d7784cf7a746a2fb3f1 [term 0 FOLLOWER]: Consensus starting up: Expiring failure detector timer to make a prompt election more likely
I20260709 13:12:36.407816  2388 raft_consensus.cc:740] T d0173edf52d74613be27fe84807534bb P 02056481fa904d7784cf7a746a2fb3f1 [term 0 FOLLOWER]: Becoming Follower/Learner. State: Replica: 02056481fa904d7784cf7a746a2fb3f1, State: Initialized, Role: FOLLOWER
I20260709 13:12:36.408319  2389 tablet_bootstrap.cc:654] T 7230369ec82b446589321e994519aa92 P b797142eb7964312bac0f70a0f0e9b45: Neither blocks nor log segments found. Creating new log.
I20260709 13:12:36.405174  2390 raft_consensus.cc:385] T ba63730de530482eb03dec707dab7684 P 07df0e9d9b7b418c9d0e7234fdaede62 [term 0 FOLLOWER]: Consensus starting up: Expiring failure detector timer to make a prompt election more likely
I20260709 13:12:36.409226  2390 raft_consensus.cc:740] T ba63730de530482eb03dec707dab7684 P 07df0e9d9b7b418c9d0e7234fdaede62 [term 0 FOLLOWER]: Becoming Follower/Learner. State: Replica: 07df0e9d9b7b418c9d0e7234fdaede62, State: Initialized, Role: FOLLOWER
I20260709 13:12:36.410135  2390 consensus_queue.cc:260] T ba63730de530482eb03dec707dab7684 P 07df0e9d9b7b418c9d0e7234fdaede62 [NON_LEADER]: Queue going to NON_LEADER mode. State: All replicated index: 0, Majority replicated index: 0, Committed index: 0, Last appended: 0.0, Last appended by leader: 0, Current term: 0, Majority size: -1, State: 0, Mode: NON_LEADER, active raft config: opid_index: -1 OBSOLETE_local: false peers { permanent_uuid: "02056481fa904d7784cf7a746a2fb3f1" member_type: VOTER last_known_addr { host: "127.2.3.65" port: 38943 } } peers { permanent_uuid: "b797142eb7964312bac0f70a0f0e9b45" member_type: VOTER last_known_addr { host: "127.2.3.66" port: 34657 } } peers { permanent_uuid: "07df0e9d9b7b418c9d0e7234fdaede62" member_type: VOTER last_known_addr { host: "127.2.3.67" port: 36497 } }
I20260709 13:12:36.408525  2388 consensus_queue.cc:260] T d0173edf52d74613be27fe84807534bb P 02056481fa904d7784cf7a746a2fb3f1 [NON_LEADER]: Queue going to NON_LEADER mode. State: All replicated index: 0, Majority replicated index: 0, Committed index: 0, Last appended: 0.0, Last appended by leader: 0, Current term: 0, Majority size: -1, State: 0, Mode: NON_LEADER, active raft config: opid_index: -1 OBSOLETE_local: false peers { permanent_uuid: "02056481fa904d7784cf7a746a2fb3f1" member_type: VOTER last_known_addr { host: "127.2.3.65" port: 38943 } } peers { permanent_uuid: "b797142eb7964312bac0f70a0f0e9b45" member_type: VOTER last_known_addr { host: "127.2.3.66" port: 34657 } } peers { permanent_uuid: "07df0e9d9b7b418c9d0e7234fdaede62" member_type: VOTER last_known_addr { host: "127.2.3.67" port: 36497 } }
I20260709 13:12:36.414223  2390 ts_tablet_manager.cc:1434] T ba63730de530482eb03dec707dab7684 P 07df0e9d9b7b418c9d0e7234fdaede62: Time spent starting tablet: real 0.024s	user 0.006s	sys 0.003s
I20260709 13:12:36.414616  2388 ts_tablet_manager.cc:1434] T d0173edf52d74613be27fe84807534bb P 02056481fa904d7784cf7a746a2fb3f1: Time spent starting tablet: real 0.012s	user 0.006s	sys 0.003s
I20260709 13:12:36.415109  2370 heartbeater.cc:499] Master 127.2.3.126:40705 was elected leader, sending a full tablet report...
I20260709 13:12:36.415313  2390 tablet_bootstrap.cc:492] T 16ad002da80a48da884d99b9529d0142 P 07df0e9d9b7b418c9d0e7234fdaede62: Bootstrap starting.
I20260709 13:12:36.416004  2388 tablet_bootstrap.cc:492] T 16ad002da80a48da884d99b9529d0142 P 02056481fa904d7784cf7a746a2fb3f1: Bootstrap starting.
I20260709 13:12:36.422020  2390 tablet_bootstrap.cc:654] T 16ad002da80a48da884d99b9529d0142 P 07df0e9d9b7b418c9d0e7234fdaede62: Neither blocks nor log segments found. Creating new log.
I20260709 13:12:36.428956  2397 raft_consensus.cc:493] T ba63730de530482eb03dec707dab7684 P 07df0e9d9b7b418c9d0e7234fdaede62 [term 0 FOLLOWER]: Starting pre-election (no leader contacted us within the election timeout)
I20260709 13:12:36.429550  2397 raft_consensus.cc:515] T ba63730de530482eb03dec707dab7684 P 07df0e9d9b7b418c9d0e7234fdaede62 [term 0 FOLLOWER]: Starting pre-election with config: opid_index: -1 OBSOLETE_local: false peers { permanent_uuid: "02056481fa904d7784cf7a746a2fb3f1" member_type: VOTER last_known_addr { host: "127.2.3.65" port: 38943 } } peers { permanent_uuid: "b797142eb7964312bac0f70a0f0e9b45" member_type: VOTER last_known_addr { host: "127.2.3.66" port: 34657 } } peers { permanent_uuid: "07df0e9d9b7b418c9d0e7234fdaede62" member_type: VOTER last_known_addr { host: "127.2.3.67" port: 36497 } }
I20260709 13:12:36.432287  2388 tablet_bootstrap.cc:654] T 16ad002da80a48da884d99b9529d0142 P 02056481fa904d7784cf7a746a2fb3f1: Neither blocks nor log segments found. Creating new log.
W20260709 13:12:36.435276  2222 tablet.cc:2406] T 7230369ec82b446589321e994519aa92 P 02056481fa904d7784cf7a746a2fb3f1: Can't schedule compaction. Clean time has not been advanced past its initial value.
I20260709 13:12:36.438267  2397 leader_election.cc:290] T ba63730de530482eb03dec707dab7684 P 07df0e9d9b7b418c9d0e7234fdaede62 [CANDIDATE]: Term 1 pre-election: Requested pre-vote from peers 02056481fa904d7784cf7a746a2fb3f1 (127.2.3.65:38943), b797142eb7964312bac0f70a0f0e9b45 (127.2.3.66:34657)
I20260709 13:12:36.443482  2390 tablet_bootstrap.cc:492] T 16ad002da80a48da884d99b9529d0142 P 07df0e9d9b7b418c9d0e7234fdaede62: No bootstrap required, opened a new log
I20260709 13:12:36.445724  2390 ts_tablet_manager.cc:1403] T 16ad002da80a48da884d99b9529d0142 P 07df0e9d9b7b418c9d0e7234fdaede62: Time spent bootstrapping tablet: real 0.031s	user 0.012s	sys 0.001s
I20260709 13:12:36.448967  2390 raft_consensus.cc:359] T 16ad002da80a48da884d99b9529d0142 P 07df0e9d9b7b418c9d0e7234fdaede62 [term 0 FOLLOWER]: Replica starting. Triggering 0 pending ops. Active config: opid_index: -1 OBSOLETE_local: false peers { permanent_uuid: "02056481fa904d7784cf7a746a2fb3f1" member_type: VOTER last_known_addr { host: "127.2.3.65" port: 38943 } } peers { permanent_uuid: "b797142eb7964312bac0f70a0f0e9b45" member_type: VOTER last_known_addr { host: "127.2.3.66" port: 34657 } } peers { permanent_uuid: "07df0e9d9b7b418c9d0e7234fdaede62" member_type: VOTER last_known_addr { host: "127.2.3.67" port: 36497 } }
I20260709 13:12:36.449702  2390 raft_consensus.cc:385] T 16ad002da80a48da884d99b9529d0142 P 07df0e9d9b7b418c9d0e7234fdaede62 [term 0 FOLLOWER]: Consensus starting up: Expiring failure detector timer to make a prompt election more likely
I20260709 13:12:36.450001  2390 raft_consensus.cc:740] T 16ad002da80a48da884d99b9529d0142 P 07df0e9d9b7b418c9d0e7234fdaede62 [term 0 FOLLOWER]: Becoming Follower/Learner. State: Replica: 07df0e9d9b7b418c9d0e7234fdaede62, State: Initialized, Role: FOLLOWER
I20260709 13:12:36.450404  2389 tablet_bootstrap.cc:492] T 7230369ec82b446589321e994519aa92 P b797142eb7964312bac0f70a0f0e9b45: No bootstrap required, opened a new log
I20260709 13:12:36.450914  2389 ts_tablet_manager.cc:1403] T 7230369ec82b446589321e994519aa92 P b797142eb7964312bac0f70a0f0e9b45: Time spent bootstrapping tablet: real 0.056s	user 0.018s	sys 0.003s
I20260709 13:12:36.460814  2389 raft_consensus.cc:359] T 7230369ec82b446589321e994519aa92 P b797142eb7964312bac0f70a0f0e9b45 [term 0 FOLLOWER]: Replica starting. Triggering 0 pending ops. Active config: opid_index: -1 OBSOLETE_local: false peers { permanent_uuid: "02056481fa904d7784cf7a746a2fb3f1" member_type: VOTER last_known_addr { host: "127.2.3.65" port: 38943 } } peers { permanent_uuid: "b797142eb7964312bac0f70a0f0e9b45" member_type: VOTER last_known_addr { host: "127.2.3.66" port: 34657 } } peers { permanent_uuid: "07df0e9d9b7b418c9d0e7234fdaede62" member_type: VOTER last_known_addr { host: "127.2.3.67" port: 36497 } }
I20260709 13:12:36.461686  2389 raft_consensus.cc:385] T 7230369ec82b446589321e994519aa92 P b797142eb7964312bac0f70a0f0e9b45 [term 0 FOLLOWER]: Consensus starting up: Expiring failure detector timer to make a prompt election more likely
I20260709 13:12:36.462056  2389 raft_consensus.cc:740] T 7230369ec82b446589321e994519aa92 P b797142eb7964312bac0f70a0f0e9b45 [term 0 FOLLOWER]: Becoming Follower/Learner. State: Replica: b797142eb7964312bac0f70a0f0e9b45, State: Initialized, Role: FOLLOWER
I20260709 13:12:36.462853  2389 consensus_queue.cc:260] T 7230369ec82b446589321e994519aa92 P b797142eb7964312bac0f70a0f0e9b45 [NON_LEADER]: Queue going to NON_LEADER mode. State: All replicated index: 0, Majority replicated index: 0, Committed index: 0, Last appended: 0.0, Last appended by leader: 0, Current term: 0, Majority size: -1, State: 0, Mode: NON_LEADER, active raft config: opid_index: -1 OBSOLETE_local: false peers { permanent_uuid: "02056481fa904d7784cf7a746a2fb3f1" member_type: VOTER last_known_addr { host: "127.2.3.65" port: 38943 } } peers { permanent_uuid: "b797142eb7964312bac0f70a0f0e9b45" member_type: VOTER last_known_addr { host: "127.2.3.66" port: 34657 } } peers { permanent_uuid: "07df0e9d9b7b418c9d0e7234fdaede62" member_type: VOTER last_known_addr { host: "127.2.3.67" port: 36497 } }
I20260709 13:12:36.450696  2390 consensus_queue.cc:260] T 16ad002da80a48da884d99b9529d0142 P 07df0e9d9b7b418c9d0e7234fdaede62 [NON_LEADER]: Queue going to NON_LEADER mode. State: All replicated index: 0, Majority replicated index: 0, Committed index: 0, Last appended: 0.0, Last appended by leader: 0, Current term: 0, Majority size: -1, State: 0, Mode: NON_LEADER, active raft config: opid_index: -1 OBSOLETE_local: false peers { permanent_uuid: "02056481fa904d7784cf7a746a2fb3f1" member_type: VOTER last_known_addr { host: "127.2.3.65" port: 38943 } } peers { permanent_uuid: "b797142eb7964312bac0f70a0f0e9b45" member_type: VOTER last_known_addr { host: "127.2.3.66" port: 34657 } } peers { permanent_uuid: "07df0e9d9b7b418c9d0e7234fdaede62" member_type: VOTER last_known_addr { host: "127.2.3.67" port: 36497 } }
I20260709 13:12:36.466496  2388 tablet_bootstrap.cc:492] T 16ad002da80a48da884d99b9529d0142 P 02056481fa904d7784cf7a746a2fb3f1: No bootstrap required, opened a new log
I20260709 13:12:36.470245  2196 tablet_service.cc:1917] Received RequestConsensusVote() RPC: tablet_id: "ba63730de530482eb03dec707dab7684" candidate_uuid: "07df0e9d9b7b418c9d0e7234fdaede62" candidate_term: 1 candidate_status { last_received { term: 0 index: 0 } } ignore_live_leader: false dest_uuid: "02056481fa904d7784cf7a746a2fb3f1" is_pre_election: true
I20260709 13:12:36.472064  2388 ts_tablet_manager.cc:1403] T 16ad002da80a48da884d99b9529d0142 P 02056481fa904d7784cf7a746a2fb3f1: Time spent bootstrapping tablet: real 0.056s	user 0.015s	sys 0.020s
I20260709 13:12:36.471520  2390 ts_tablet_manager.cc:1434] T 16ad002da80a48da884d99b9529d0142 P 07df0e9d9b7b418c9d0e7234fdaede62: Time spent starting tablet: real 0.025s	user 0.006s	sys 0.000s
I20260709 13:12:36.472892  2389 ts_tablet_manager.cc:1434] T 7230369ec82b446589321e994519aa92 P b797142eb7964312bac0f70a0f0e9b45: Time spent starting tablet: real 0.015s	user 0.007s	sys 0.001s
I20260709 13:12:36.473292  2390 tablet_bootstrap.cc:492] T d0173edf52d74613be27fe84807534bb P 07df0e9d9b7b418c9d0e7234fdaede62: Bootstrap starting.
W20260709 13:12:36.474969  2309 leader_election.cc:343] T ba63730de530482eb03dec707dab7684 P 07df0e9d9b7b418c9d0e7234fdaede62 [CANDIDATE]: Term 1 pre-election: Tablet error from VoteRequest() call to peer 02056481fa904d7784cf7a746a2fb3f1 (127.2.3.65:38943): Illegal state: must be running to vote when last-logged opid is not known
I20260709 13:12:36.476693  2389 tablet_bootstrap.cc:492] T cb11de1653fd419cbd1c2e551935e3df P b797142eb7964312bac0f70a0f0e9b45: Bootstrap starting.
I20260709 13:12:36.477675  2271 tablet_service.cc:1917] Received RequestConsensusVote() RPC: tablet_id: "ba63730de530482eb03dec707dab7684" candidate_uuid: "07df0e9d9b7b418c9d0e7234fdaede62" candidate_term: 1 candidate_status { last_received { term: 0 index: 0 } } ignore_live_leader: false dest_uuid: "b797142eb7964312bac0f70a0f0e9b45" is_pre_election: true
I20260709 13:12:36.477955  2388 raft_consensus.cc:359] T 16ad002da80a48da884d99b9529d0142 P 02056481fa904d7784cf7a746a2fb3f1 [term 0 FOLLOWER]: Replica starting. Triggering 0 pending ops. Active config: opid_index: -1 OBSOLETE_local: false peers { permanent_uuid: "02056481fa904d7784cf7a746a2fb3f1" member_type: VOTER last_known_addr { host: "127.2.3.65" port: 38943 } } peers { permanent_uuid: "b797142eb7964312bac0f70a0f0e9b45" member_type: VOTER last_known_addr { host: "127.2.3.66" port: 34657 } } peers { permanent_uuid: "07df0e9d9b7b418c9d0e7234fdaede62" member_type: VOTER last_known_addr { host: "127.2.3.67" port: 36497 } }
I20260709 13:12:36.478457  2271 raft_consensus.cc:2468] T ba63730de530482eb03dec707dab7684 P b797142eb7964312bac0f70a0f0e9b45 [term 0 FOLLOWER]: Leader pre-election vote request: Granting yes vote for candidate 07df0e9d9b7b418c9d0e7234fdaede62 in term 0.
I20260709 13:12:36.478694  2388 raft_consensus.cc:385] T 16ad002da80a48da884d99b9529d0142 P 02056481fa904d7784cf7a746a2fb3f1 [term 0 FOLLOWER]: Consensus starting up: Expiring failure detector timer to make a prompt election more likely
I20260709 13:12:36.479044  2388 raft_consensus.cc:740] T 16ad002da80a48da884d99b9529d0142 P 02056481fa904d7784cf7a746a2fb3f1 [term 0 FOLLOWER]: Becoming Follower/Learner. State: Replica: 02056481fa904d7784cf7a746a2fb3f1, State: Initialized, Role: FOLLOWER
I20260709 13:12:36.479775  2388 consensus_queue.cc:260] T 16ad002da80a48da884d99b9529d0142 P 02056481fa904d7784cf7a746a2fb3f1 [NON_LEADER]: Queue going to NON_LEADER mode. State: All replicated index: 0, Majority replicated index: 0, Committed index: 0, Last appended: 0.0, Last appended by leader: 0, Current term: 0, Majority size: -1, State: 0, Mode: NON_LEADER, active raft config: opid_index: -1 OBSOLETE_local: false peers { permanent_uuid: "02056481fa904d7784cf7a746a2fb3f1" member_type: VOTER last_known_addr { host: "127.2.3.65" port: 38943 } } peers { permanent_uuid: "b797142eb7964312bac0f70a0f0e9b45" member_type: VOTER last_known_addr { host: "127.2.3.66" port: 34657 } } peers { permanent_uuid: "07df0e9d9b7b418c9d0e7234fdaede62" member_type: VOTER last_known_addr { host: "127.2.3.67" port: 36497 } }
I20260709 13:12:36.480016  2308 leader_election.cc:304] T ba63730de530482eb03dec707dab7684 P 07df0e9d9b7b418c9d0e7234fdaede62 [CANDIDATE]: Term 1 pre-election: Election decided. Result: candidate won. Election summary: received 3 responses out of 3 voters: 2 yes votes; 1 no votes. yes voters: 07df0e9d9b7b418c9d0e7234fdaede62, b797142eb7964312bac0f70a0f0e9b45; no voters: 02056481fa904d7784cf7a746a2fb3f1
I20260709 13:12:36.481058  2397 raft_consensus.cc:2804] T ba63730de530482eb03dec707dab7684 P 07df0e9d9b7b418c9d0e7234fdaede62 [term 0 FOLLOWER]: Leader pre-election won for term 1
I20260709 13:12:36.481403  2397 raft_consensus.cc:493] T ba63730de530482eb03dec707dab7684 P 07df0e9d9b7b418c9d0e7234fdaede62 [term 0 FOLLOWER]: Starting leader election (no leader contacted us within the election timeout)
I20260709 13:12:36.481724  2397 raft_consensus.cc:3060] T ba63730de530482eb03dec707dab7684 P 07df0e9d9b7b418c9d0e7234fdaede62 [term 0 FOLLOWER]: Advancing to term 1
I20260709 13:12:36.481951  2388 ts_tablet_manager.cc:1434] T 16ad002da80a48da884d99b9529d0142 P 02056481fa904d7784cf7a746a2fb3f1: Time spent starting tablet: real 0.007s	user 0.005s	sys 0.000s
I20260709 13:12:36.482913  2388 tablet_bootstrap.cc:492] T ba63730de530482eb03dec707dab7684 P 02056481fa904d7784cf7a746a2fb3f1: Bootstrap starting.
I20260709 13:12:36.489454  2388 tablet_bootstrap.cc:654] T ba63730de530482eb03dec707dab7684 P 02056481fa904d7784cf7a746a2fb3f1: Neither blocks nor log segments found. Creating new log.
I20260709 13:12:36.491658  2389 tablet_bootstrap.cc:654] T cb11de1653fd419cbd1c2e551935e3df P b797142eb7964312bac0f70a0f0e9b45: Neither blocks nor log segments found. Creating new log.
I20260709 13:12:36.492414  2397 raft_consensus.cc:515] T ba63730de530482eb03dec707dab7684 P 07df0e9d9b7b418c9d0e7234fdaede62 [term 1 FOLLOWER]: Starting leader election with config: opid_index: -1 OBSOLETE_local: false peers { permanent_uuid: "02056481fa904d7784cf7a746a2fb3f1" member_type: VOTER last_known_addr { host: "127.2.3.65" port: 38943 } } peers { permanent_uuid: "b797142eb7964312bac0f70a0f0e9b45" member_type: VOTER last_known_addr { host: "127.2.3.66" port: 34657 } } peers { permanent_uuid: "07df0e9d9b7b418c9d0e7234fdaede62" member_type: VOTER last_known_addr { host: "127.2.3.67" port: 36497 } }
I20260709 13:12:36.494930  2390 tablet_bootstrap.cc:654] T d0173edf52d74613be27fe84807534bb P 07df0e9d9b7b418c9d0e7234fdaede62: Neither blocks nor log segments found. Creating new log.
I20260709 13:12:36.497545  2196 tablet_service.cc:1917] Received RequestConsensusVote() RPC: tablet_id: "ba63730de530482eb03dec707dab7684" candidate_uuid: "07df0e9d9b7b418c9d0e7234fdaede62" candidate_term: 1 candidate_status { last_received { term: 0 index: 0 } } ignore_live_leader: false dest_uuid: "02056481fa904d7784cf7a746a2fb3f1"
I20260709 13:12:36.498101  2397 leader_election.cc:290] T ba63730de530482eb03dec707dab7684 P 07df0e9d9b7b418c9d0e7234fdaede62 [CANDIDATE]: Term 1 election: Requested vote from peers 02056481fa904d7784cf7a746a2fb3f1 (127.2.3.65:38943), b797142eb7964312bac0f70a0f0e9b45 (127.2.3.66:34657)
W20260709 13:12:36.499148  2309 leader_election.cc:343] T ba63730de530482eb03dec707dab7684 P 07df0e9d9b7b418c9d0e7234fdaede62 [CANDIDATE]: Term 1 election: Tablet error from VoteRequest() call to peer 02056481fa904d7784cf7a746a2fb3f1 (127.2.3.65:38943): Illegal state: must be running to vote when last-logged opid is not known
I20260709 13:12:36.497714  2271 tablet_service.cc:1917] Received RequestConsensusVote() RPC: tablet_id: "ba63730de530482eb03dec707dab7684" candidate_uuid: "07df0e9d9b7b418c9d0e7234fdaede62" candidate_term: 1 candidate_status { last_received { term: 0 index: 0 } } ignore_live_leader: false dest_uuid: "b797142eb7964312bac0f70a0f0e9b45"
I20260709 13:12:36.499933  2271 raft_consensus.cc:3060] T ba63730de530482eb03dec707dab7684 P b797142eb7964312bac0f70a0f0e9b45 [term 0 FOLLOWER]: Advancing to term 1
I20260709 13:12:36.501266  2388 tablet_bootstrap.cc:492] T ba63730de530482eb03dec707dab7684 P 02056481fa904d7784cf7a746a2fb3f1: No bootstrap required, opened a new log
I20260709 13:12:36.501744  2388 ts_tablet_manager.cc:1403] T ba63730de530482eb03dec707dab7684 P 02056481fa904d7784cf7a746a2fb3f1: Time spent bootstrapping tablet: real 0.019s	user 0.013s	sys 0.004s
I20260709 13:12:36.505069  2271 raft_consensus.cc:2468] T ba63730de530482eb03dec707dab7684 P b797142eb7964312bac0f70a0f0e9b45 [term 1 FOLLOWER]: Leader election vote request: Granting yes vote for candidate 07df0e9d9b7b418c9d0e7234fdaede62 in term 1.
I20260709 13:12:36.504789  2388 raft_consensus.cc:359] T ba63730de530482eb03dec707dab7684 P 02056481fa904d7784cf7a746a2fb3f1 [term 0 FOLLOWER]: Replica starting. Triggering 0 pending ops. Active config: opid_index: -1 OBSOLETE_local: false peers { permanent_uuid: "02056481fa904d7784cf7a746a2fb3f1" member_type: VOTER last_known_addr { host: "127.2.3.65" port: 38943 } } peers { permanent_uuid: "b797142eb7964312bac0f70a0f0e9b45" member_type: VOTER last_known_addr { host: "127.2.3.66" port: 34657 } } peers { permanent_uuid: "07df0e9d9b7b418c9d0e7234fdaede62" member_type: VOTER last_known_addr { host: "127.2.3.67" port: 36497 } }
I20260709 13:12:36.505702  2388 raft_consensus.cc:385] T ba63730de530482eb03dec707dab7684 P 02056481fa904d7784cf7a746a2fb3f1 [term 0 FOLLOWER]: Consensus starting up: Expiring failure detector timer to make a prompt election more likely
I20260709 13:12:36.506016  2388 raft_consensus.cc:740] T ba63730de530482eb03dec707dab7684 P 02056481fa904d7784cf7a746a2fb3f1 [term 0 FOLLOWER]: Becoming Follower/Learner. State: Replica: 02056481fa904d7784cf7a746a2fb3f1, State: Initialized, Role: FOLLOWER
I20260709 13:12:36.506567  2308 leader_election.cc:304] T ba63730de530482eb03dec707dab7684 P 07df0e9d9b7b418c9d0e7234fdaede62 [CANDIDATE]: Term 1 election: Election decided. Result: candidate won. Election summary: received 3 responses out of 3 voters: 2 yes votes; 1 no votes. yes voters: 07df0e9d9b7b418c9d0e7234fdaede62, b797142eb7964312bac0f70a0f0e9b45; no voters: 02056481fa904d7784cf7a746a2fb3f1
I20260709 13:12:36.506716  2388 consensus_queue.cc:260] T ba63730de530482eb03dec707dab7684 P 02056481fa904d7784cf7a746a2fb3f1 [NON_LEADER]: Queue going to NON_LEADER mode. State: All replicated index: 0, Majority replicated index: 0, Committed index: 0, Last appended: 0.0, Last appended by leader: 0, Current term: 0, Majority size: -1, State: 0, Mode: NON_LEADER, active raft config: opid_index: -1 OBSOLETE_local: false peers { permanent_uuid: "02056481fa904d7784cf7a746a2fb3f1" member_type: VOTER last_known_addr { host: "127.2.3.65" port: 38943 } } peers { permanent_uuid: "b797142eb7964312bac0f70a0f0e9b45" member_type: VOTER last_known_addr { host: "127.2.3.66" port: 34657 } } peers { permanent_uuid: "07df0e9d9b7b418c9d0e7234fdaede62" member_type: VOTER last_known_addr { host: "127.2.3.67" port: 36497 } }
I20260709 13:12:36.507413  2397 raft_consensus.cc:2804] T ba63730de530482eb03dec707dab7684 P 07df0e9d9b7b418c9d0e7234fdaede62 [term 1 FOLLOWER]: Leader election won for term 1
I20260709 13:12:36.508935  2388 ts_tablet_manager.cc:1434] T ba63730de530482eb03dec707dab7684 P 02056481fa904d7784cf7a746a2fb3f1: Time spent starting tablet: real 0.007s	user 0.006s	sys 0.001s
I20260709 13:12:36.510288  2388 tablet_bootstrap.cc:492] T 91aced98c0eb4439b60a936e759b3e4c P 02056481fa904d7784cf7a746a2fb3f1: Bootstrap starting.
I20260709 13:12:36.514106  2389 tablet_bootstrap.cc:492] T cb11de1653fd419cbd1c2e551935e3df P b797142eb7964312bac0f70a0f0e9b45: No bootstrap required, opened a new log
I20260709 13:12:36.514598  2389 ts_tablet_manager.cc:1403] T cb11de1653fd419cbd1c2e551935e3df P b797142eb7964312bac0f70a0f0e9b45: Time spent bootstrapping tablet: real 0.038s	user 0.007s	sys 0.005s
I20260709 13:12:36.516585  2388 tablet_bootstrap.cc:654] T 91aced98c0eb4439b60a936e759b3e4c P 02056481fa904d7784cf7a746a2fb3f1: Neither blocks nor log segments found. Creating new log.
I20260709 13:12:36.517496  2389 raft_consensus.cc:359] T cb11de1653fd419cbd1c2e551935e3df P b797142eb7964312bac0f70a0f0e9b45 [term 0 FOLLOWER]: Replica starting. Triggering 0 pending ops. Active config: opid_index: -1 OBSOLETE_local: false peers { permanent_uuid: "02056481fa904d7784cf7a746a2fb3f1" member_type: VOTER last_known_addr { host: "127.2.3.65" port: 38943 } } peers { permanent_uuid: "b797142eb7964312bac0f70a0f0e9b45" member_type: VOTER last_known_addr { host: "127.2.3.66" port: 34657 } } peers { permanent_uuid: "07df0e9d9b7b418c9d0e7234fdaede62" member_type: VOTER last_known_addr { host: "127.2.3.67" port: 36497 } }
I20260709 13:12:36.518225  2389 raft_consensus.cc:385] T cb11de1653fd419cbd1c2e551935e3df P b797142eb7964312bac0f70a0f0e9b45 [term 0 FOLLOWER]: Consensus starting up: Expiring failure detector timer to make a prompt election more likely
I20260709 13:12:36.518533  2389 raft_consensus.cc:740] T cb11de1653fd419cbd1c2e551935e3df P b797142eb7964312bac0f70a0f0e9b45 [term 0 FOLLOWER]: Becoming Follower/Learner. State: Replica: b797142eb7964312bac0f70a0f0e9b45, State: Initialized, Role: FOLLOWER
I20260709 13:12:36.519281  2389 consensus_queue.cc:260] T cb11de1653fd419cbd1c2e551935e3df P b797142eb7964312bac0f70a0f0e9b45 [NON_LEADER]: Queue going to NON_LEADER mode. State: All replicated index: 0, Majority replicated index: 0, Committed index: 0, Last appended: 0.0, Last appended by leader: 0, Current term: 0, Majority size: -1, State: 0, Mode: NON_LEADER, active raft config: opid_index: -1 OBSOLETE_local: false peers { permanent_uuid: "02056481fa904d7784cf7a746a2fb3f1" member_type: VOTER last_known_addr { host: "127.2.3.65" port: 38943 } } peers { permanent_uuid: "b797142eb7964312bac0f70a0f0e9b45" member_type: VOTER last_known_addr { host: "127.2.3.66" port: 34657 } } peers { permanent_uuid: "07df0e9d9b7b418c9d0e7234fdaede62" member_type: VOTER last_known_addr { host: "127.2.3.67" port: 36497 } }
I20260709 13:12:36.521549  2389 ts_tablet_manager.cc:1434] T cb11de1653fd419cbd1c2e551935e3df P b797142eb7964312bac0f70a0f0e9b45: Time spent starting tablet: real 0.007s	user 0.006s	sys 0.000s
I20260709 13:12:36.523000  2397 raft_consensus.cc:697] T ba63730de530482eb03dec707dab7684 P 07df0e9d9b7b418c9d0e7234fdaede62 [term 1 LEADER]: Becoming Leader. State: Replica: 07df0e9d9b7b418c9d0e7234fdaede62, State: Running, Role: LEADER
I20260709 13:12:36.523813  2397 consensus_queue.cc:237] T ba63730de530482eb03dec707dab7684 P 07df0e9d9b7b418c9d0e7234fdaede62 [LEADER]: Queue going to LEADER mode. State: All replicated index: 0, Majority replicated index: 0, Committed index: 0, Last appended: 0.0, Last appended by leader: 0, Current term: 1, Majority size: 2, State: 0, Mode: LEADER, active raft config: opid_index: -1 OBSOLETE_local: false peers { permanent_uuid: "02056481fa904d7784cf7a746a2fb3f1" member_type: VOTER last_known_addr { host: "127.2.3.65" port: 38943 } } peers { permanent_uuid: "b797142eb7964312bac0f70a0f0e9b45" member_type: VOTER last_known_addr { host: "127.2.3.66" port: 34657 } } peers { permanent_uuid: "07df0e9d9b7b418c9d0e7234fdaede62" member_type: VOTER last_known_addr { host: "127.2.3.67" port: 36497 } }
I20260709 13:12:36.526688  2389 tablet_bootstrap.cc:492] T c48b82d74ae24f7fa3c93f74aa254e8f P b797142eb7964312bac0f70a0f0e9b45: Bootstrap starting.
I20260709 13:12:36.527784  2390 tablet_bootstrap.cc:492] T d0173edf52d74613be27fe84807534bb P 07df0e9d9b7b418c9d0e7234fdaede62: No bootstrap required, opened a new log
I20260709 13:12:36.527709  2388 tablet_bootstrap.cc:492] T 91aced98c0eb4439b60a936e759b3e4c P 02056481fa904d7784cf7a746a2fb3f1: No bootstrap required, opened a new log
I20260709 13:12:36.528811  2388 ts_tablet_manager.cc:1403] T 91aced98c0eb4439b60a936e759b3e4c P 02056481fa904d7784cf7a746a2fb3f1: Time spent bootstrapping tablet: real 0.019s	user 0.002s	sys 0.011s
I20260709 13:12:36.528364  2390 ts_tablet_manager.cc:1403] T d0173edf52d74613be27fe84807534bb P 07df0e9d9b7b418c9d0e7234fdaede62: Time spent bootstrapping tablet: real 0.055s	user 0.008s	sys 0.009s
I20260709 13:12:36.531718  2388 raft_consensus.cc:359] T 91aced98c0eb4439b60a936e759b3e4c P 02056481fa904d7784cf7a746a2fb3f1 [term 0 FOLLOWER]: Replica starting. Triggering 0 pending ops. Active config: opid_index: -1 OBSOLETE_local: false peers { permanent_uuid: "02056481fa904d7784cf7a746a2fb3f1" member_type: VOTER last_known_addr { host: "127.2.3.65" port: 38943 } } peers { permanent_uuid: "b797142eb7964312bac0f70a0f0e9b45" member_type: VOTER last_known_addr { host: "127.2.3.66" port: 34657 } } peers { permanent_uuid: "07df0e9d9b7b418c9d0e7234fdaede62" member_type: VOTER last_known_addr { host: "127.2.3.67" port: 36497 } }
I20260709 13:12:36.532521  2388 raft_consensus.cc:385] T 91aced98c0eb4439b60a936e759b3e4c P 02056481fa904d7784cf7a746a2fb3f1 [term 0 FOLLOWER]: Consensus starting up: Expiring failure detector timer to make a prompt election more likely
I20260709 13:12:36.532838  2388 raft_consensus.cc:740] T 91aced98c0eb4439b60a936e759b3e4c P 02056481fa904d7784cf7a746a2fb3f1 [term 0 FOLLOWER]: Becoming Follower/Learner. State: Replica: 02056481fa904d7784cf7a746a2fb3f1, State: Initialized, Role: FOLLOWER
I20260709 13:12:36.533565  2388 consensus_queue.cc:260] T 91aced98c0eb4439b60a936e759b3e4c P 02056481fa904d7784cf7a746a2fb3f1 [NON_LEADER]: Queue going to NON_LEADER mode. State: All replicated index: 0, Majority replicated index: 0, Committed index: 0, Last appended: 0.0, Last appended by leader: 0, Current term: 0, Majority size: -1, State: 0, Mode: NON_LEADER, active raft config: opid_index: -1 OBSOLETE_local: false peers { permanent_uuid: "02056481fa904d7784cf7a746a2fb3f1" member_type: VOTER last_known_addr { host: "127.2.3.65" port: 38943 } } peers { permanent_uuid: "b797142eb7964312bac0f70a0f0e9b45" member_type: VOTER last_known_addr { host: "127.2.3.66" port: 34657 } } peers { permanent_uuid: "07df0e9d9b7b418c9d0e7234fdaede62" member_type: VOTER last_known_addr { host: "127.2.3.67" port: 36497 } }
I20260709 13:12:36.535012  2390 raft_consensus.cc:359] T d0173edf52d74613be27fe84807534bb P 07df0e9d9b7b418c9d0e7234fdaede62 [term 0 FOLLOWER]: Replica starting. Triggering 0 pending ops. Active config: opid_index: -1 OBSOLETE_local: false peers { permanent_uuid: "02056481fa904d7784cf7a746a2fb3f1" member_type: VOTER last_known_addr { host: "127.2.3.65" port: 38943 } } peers { permanent_uuid: "b797142eb7964312bac0f70a0f0e9b45" member_type: VOTER last_known_addr { host: "127.2.3.66" port: 34657 } } peers { permanent_uuid: "07df0e9d9b7b418c9d0e7234fdaede62" member_type: VOTER last_known_addr { host: "127.2.3.67" port: 36497 } }
I20260709 13:12:36.535811  2390 raft_consensus.cc:385] T d0173edf52d74613be27fe84807534bb P 07df0e9d9b7b418c9d0e7234fdaede62 [term 0 FOLLOWER]: Consensus starting up: Expiring failure detector timer to make a prompt election more likely
I20260709 13:12:36.536103  2390 raft_consensus.cc:740] T d0173edf52d74613be27fe84807534bb P 07df0e9d9b7b418c9d0e7234fdaede62 [term 0 FOLLOWER]: Becoming Follower/Learner. State: Replica: 07df0e9d9b7b418c9d0e7234fdaede62, State: Initialized, Role: FOLLOWER
I20260709 13:12:36.536173  2388 ts_tablet_manager.cc:1434] T 91aced98c0eb4439b60a936e759b3e4c P 02056481fa904d7784cf7a746a2fb3f1: Time spent starting tablet: real 0.007s	user 0.005s	sys 0.002s
I20260709 13:12:36.536839  2390 consensus_queue.cc:260] T d0173edf52d74613be27fe84807534bb P 07df0e9d9b7b418c9d0e7234fdaede62 [NON_LEADER]: Queue going to NON_LEADER mode. State: All replicated index: 0, Majority replicated index: 0, Committed index: 0, Last appended: 0.0, Last appended by leader: 0, Current term: 0, Majority size: -1, State: 0, Mode: NON_LEADER, active raft config: opid_index: -1 OBSOLETE_local: false peers { permanent_uuid: "02056481fa904d7784cf7a746a2fb3f1" member_type: VOTER last_known_addr { host: "127.2.3.65" port: 38943 } } peers { permanent_uuid: "b797142eb7964312bac0f70a0f0e9b45" member_type: VOTER last_known_addr { host: "127.2.3.66" port: 34657 } } peers { permanent_uuid: "07df0e9d9b7b418c9d0e7234fdaede62" member_type: VOTER last_known_addr { host: "127.2.3.67" port: 36497 } }
I20260709 13:12:36.537673  2388 tablet_bootstrap.cc:492] T cb11de1653fd419cbd1c2e551935e3df P 02056481fa904d7784cf7a746a2fb3f1: Bootstrap starting.
I20260709 13:12:36.542115  2092 catalog_manager.cc:5697] T ba63730de530482eb03dec707dab7684 P 07df0e9d9b7b418c9d0e7234fdaede62 reported cstate change: term changed from 0 to 1, leader changed from <none> to 07df0e9d9b7b418c9d0e7234fdaede62 (127.2.3.67). New cstate: current_term: 1 leader_uuid: "07df0e9d9b7b418c9d0e7234fdaede62" committed_config { opid_index: -1 OBSOLETE_local: false peers { permanent_uuid: "02056481fa904d7784cf7a746a2fb3f1" member_type: VOTER last_known_addr { host: "127.2.3.65" port: 38943 } health_report { overall_health: UNKNOWN } } peers { permanent_uuid: "b797142eb7964312bac0f70a0f0e9b45" member_type: VOTER last_known_addr { host: "127.2.3.66" port: 34657 } health_report { overall_health: UNKNOWN } } peers { permanent_uuid: "07df0e9d9b7b418c9d0e7234fdaede62" member_type: VOTER last_known_addr { host: "127.2.3.67" port: 36497 } health_report { overall_health: HEALTHY } } }
I20260709 13:12:36.546236  2388 tablet_bootstrap.cc:654] T cb11de1653fd419cbd1c2e551935e3df P 02056481fa904d7784cf7a746a2fb3f1: Neither blocks nor log segments found. Creating new log.
I20260709 13:12:36.546813  2390 ts_tablet_manager.cc:1434] T d0173edf52d74613be27fe84807534bb P 07df0e9d9b7b418c9d0e7234fdaede62: Time spent starting tablet: real 0.015s	user 0.003s	sys 0.004s
I20260709 13:12:36.547868  2390 tablet_bootstrap.cc:492] T c48b82d74ae24f7fa3c93f74aa254e8f P 07df0e9d9b7b418c9d0e7234fdaede62: Bootstrap starting.
I20260709 13:12:36.548552  2389 tablet_bootstrap.cc:654] T c48b82d74ae24f7fa3c93f74aa254e8f P b797142eb7964312bac0f70a0f0e9b45: Neither blocks nor log segments found. Creating new log.
I20260709 13:12:36.551275  2394 raft_consensus.cc:493] T ba63730de530482eb03dec707dab7684 P 02056481fa904d7784cf7a746a2fb3f1 [term 0 FOLLOWER]: Starting pre-election (no leader contacted us within the election timeout)
I20260709 13:12:36.551883  2394 raft_consensus.cc:515] T ba63730de530482eb03dec707dab7684 P 02056481fa904d7784cf7a746a2fb3f1 [term 0 FOLLOWER]: Starting pre-election with config: opid_index: -1 OBSOLETE_local: false peers { permanent_uuid: "02056481fa904d7784cf7a746a2fb3f1" member_type: VOTER last_known_addr { host: "127.2.3.65" port: 38943 } } peers { permanent_uuid: "b797142eb7964312bac0f70a0f0e9b45" member_type: VOTER last_known_addr { host: "127.2.3.66" port: 34657 } } peers { permanent_uuid: "07df0e9d9b7b418c9d0e7234fdaede62" member_type: VOTER last_known_addr { host: "127.2.3.67" port: 36497 } }
I20260709 13:12:36.554556  2394 leader_election.cc:290] T ba63730de530482eb03dec707dab7684 P 02056481fa904d7784cf7a746a2fb3f1 [CANDIDATE]: Term 1 pre-election: Requested pre-vote from peers b797142eb7964312bac0f70a0f0e9b45 (127.2.3.66:34657), 07df0e9d9b7b418c9d0e7234fdaede62 (127.2.3.67:36497)
I20260709 13:12:36.560218  2390 tablet_bootstrap.cc:654] T c48b82d74ae24f7fa3c93f74aa254e8f P 07df0e9d9b7b418c9d0e7234fdaede62: Neither blocks nor log segments found. Creating new log.
I20260709 13:12:36.570672  2389 tablet_bootstrap.cc:492] T c48b82d74ae24f7fa3c93f74aa254e8f P b797142eb7964312bac0f70a0f0e9b45: No bootstrap required, opened a new log
I20260709 13:12:36.571214  2389 ts_tablet_manager.cc:1403] T c48b82d74ae24f7fa3c93f74aa254e8f P b797142eb7964312bac0f70a0f0e9b45: Time spent bootstrapping tablet: real 0.045s	user 0.009s	sys 0.009s
I20260709 13:12:36.572765  2394 raft_consensus.cc:493] T 7230369ec82b446589321e994519aa92 P 02056481fa904d7784cf7a746a2fb3f1 [term 0 FOLLOWER]: Starting pre-election (no leader contacted us within the election timeout)
I20260709 13:12:36.573256  2394 raft_consensus.cc:515] T 7230369ec82b446589321e994519aa92 P 02056481fa904d7784cf7a746a2fb3f1 [term 0 FOLLOWER]: Starting pre-election with config: opid_index: -1 OBSOLETE_local: false peers { permanent_uuid: "02056481fa904d7784cf7a746a2fb3f1" member_type: VOTER last_known_addr { host: "127.2.3.65" port: 38943 } } peers { permanent_uuid: "b797142eb7964312bac0f70a0f0e9b45" member_type: VOTER last_known_addr { host: "127.2.3.66" port: 34657 } } peers { permanent_uuid: "07df0e9d9b7b418c9d0e7234fdaede62" member_type: VOTER last_known_addr { host: "127.2.3.67" port: 36497 } }
I20260709 13:12:36.574247  2389 raft_consensus.cc:359] T c48b82d74ae24f7fa3c93f74aa254e8f P b797142eb7964312bac0f70a0f0e9b45 [term 0 FOLLOWER]: Replica starting. Triggering 0 pending ops. Active config: opid_index: -1 OBSOLETE_local: false peers { permanent_uuid: "02056481fa904d7784cf7a746a2fb3f1" member_type: VOTER last_known_addr { host: "127.2.3.65" port: 38943 } } peers { permanent_uuid: "b797142eb7964312bac0f70a0f0e9b45" member_type: VOTER last_known_addr { host: "127.2.3.66" port: 34657 } } peers { permanent_uuid: "07df0e9d9b7b418c9d0e7234fdaede62" member_type: VOTER last_known_addr { host: "127.2.3.67" port: 36497 } }
I20260709 13:12:36.574959  2389 raft_consensus.cc:385] T c48b82d74ae24f7fa3c93f74aa254e8f P b797142eb7964312bac0f70a0f0e9b45 [term 0 FOLLOWER]: Consensus starting up: Expiring failure detector timer to make a prompt election more likely
I20260709 13:12:36.575241  2389 raft_consensus.cc:740] T c48b82d74ae24f7fa3c93f74aa254e8f P b797142eb7964312bac0f70a0f0e9b45 [term 0 FOLLOWER]: Becoming Follower/Learner. State: Replica: b797142eb7964312bac0f70a0f0e9b45, State: Initialized, Role: FOLLOWER
I20260709 13:12:36.575345  2394 leader_election.cc:290] T 7230369ec82b446589321e994519aa92 P 02056481fa904d7784cf7a746a2fb3f1 [CANDIDATE]: Term 1 pre-election: Requested pre-vote from peers b797142eb7964312bac0f70a0f0e9b45 (127.2.3.66:34657), 07df0e9d9b7b418c9d0e7234fdaede62 (127.2.3.67:36497)
I20260709 13:12:36.586503  2389 consensus_queue.cc:260] T c48b82d74ae24f7fa3c93f74aa254e8f P b797142eb7964312bac0f70a0f0e9b45 [NON_LEADER]: Queue going to NON_LEADER mode. State: All replicated index: 0, Majority replicated index: 0, Committed index: 0, Last appended: 0.0, Last appended by leader: 0, Current term: 0, Majority size: -1, State: 0, Mode: NON_LEADER, active raft config: opid_index: -1 OBSOLETE_local: false peers { permanent_uuid: "02056481fa904d7784cf7a746a2fb3f1" member_type: VOTER last_known_addr { host: "127.2.3.65" port: 38943 } } peers { permanent_uuid: "b797142eb7964312bac0f70a0f0e9b45" member_type: VOTER last_known_addr { host: "127.2.3.66" port: 34657 } } peers { permanent_uuid: "07df0e9d9b7b418c9d0e7234fdaede62" member_type: VOTER last_known_addr { host: "127.2.3.67" port: 36497 } }
I20260709 13:12:36.588029  2388 tablet_bootstrap.cc:492] T cb11de1653fd419cbd1c2e551935e3df P 02056481fa904d7784cf7a746a2fb3f1: No bootstrap required, opened a new log
I20260709 13:12:36.588531  2388 ts_tablet_manager.cc:1403] T cb11de1653fd419cbd1c2e551935e3df P 02056481fa904d7784cf7a746a2fb3f1: Time spent bootstrapping tablet: real 0.051s	user 0.015s	sys 0.004s
I20260709 13:12:36.589150  2389 ts_tablet_manager.cc:1434] T c48b82d74ae24f7fa3c93f74aa254e8f P b797142eb7964312bac0f70a0f0e9b45: Time spent starting tablet: real 0.018s	user 0.004s	sys 0.004s
I20260709 13:12:36.590142  2389 tablet_bootstrap.cc:492] T 16ad002da80a48da884d99b9529d0142 P b797142eb7964312bac0f70a0f0e9b45: Bootstrap starting.
I20260709 13:12:36.596361  2271 tablet_service.cc:1917] Received RequestConsensusVote() RPC: tablet_id: "ba63730de530482eb03dec707dab7684" candidate_uuid: "02056481fa904d7784cf7a746a2fb3f1" candidate_term: 1 candidate_status { last_received { term: 0 index: 0 } } ignore_live_leader: false dest_uuid: "b797142eb7964312bac0f70a0f0e9b45" is_pre_election: true
I20260709 13:12:36.597342  2271 raft_consensus.cc:2393] T ba63730de530482eb03dec707dab7684 P b797142eb7964312bac0f70a0f0e9b45 [term 1 FOLLOWER]: Leader pre-election vote request: Denying vote to candidate 02056481fa904d7784cf7a746a2fb3f1 in current term 1: Already voted for candidate 07df0e9d9b7b418c9d0e7234fdaede62 in this term.
I20260709 13:12:36.591616  2388 raft_consensus.cc:359] T cb11de1653fd419cbd1c2e551935e3df P 02056481fa904d7784cf7a746a2fb3f1 [term 0 FOLLOWER]: Replica starting. Triggering 0 pending ops. Active config: opid_index: -1 OBSOLETE_local: false peers { permanent_uuid: "02056481fa904d7784cf7a746a2fb3f1" member_type: VOTER last_known_addr { host: "127.2.3.65" port: 38943 } } peers { permanent_uuid: "b797142eb7964312bac0f70a0f0e9b45" member_type: VOTER last_known_addr { host: "127.2.3.66" port: 34657 } } peers { permanent_uuid: "07df0e9d9b7b418c9d0e7234fdaede62" member_type: VOTER last_known_addr { host: "127.2.3.67" port: 36497 } }
I20260709 13:12:36.597719  2388 raft_consensus.cc:385] T cb11de1653fd419cbd1c2e551935e3df P 02056481fa904d7784cf7a746a2fb3f1 [term 0 FOLLOWER]: Consensus starting up: Expiring failure detector timer to make a prompt election more likely
I20260709 13:12:36.598034  2388 raft_consensus.cc:740] T cb11de1653fd419cbd1c2e551935e3df P 02056481fa904d7784cf7a746a2fb3f1 [term 0 FOLLOWER]: Becoming Follower/Learner. State: Replica: 02056481fa904d7784cf7a746a2fb3f1, State: Initialized, Role: FOLLOWER
I20260709 13:12:36.596259  2270 tablet_service.cc:1917] Received RequestConsensusVote() RPC: tablet_id: "7230369ec82b446589321e994519aa92" candidate_uuid: "02056481fa904d7784cf7a746a2fb3f1" candidate_term: 1 candidate_status { last_received { term: 0 index: 0 } } ignore_live_leader: false dest_uuid: "b797142eb7964312bac0f70a0f0e9b45" is_pre_election: true
I20260709 13:12:36.599261  2270 raft_consensus.cc:2468] T 7230369ec82b446589321e994519aa92 P b797142eb7964312bac0f70a0f0e9b45 [term 0 FOLLOWER]: Leader pre-election vote request: Granting yes vote for candidate 02056481fa904d7784cf7a746a2fb3f1 in term 0.
I20260709 13:12:36.600750  2159 leader_election.cc:304] T 7230369ec82b446589321e994519aa92 P 02056481fa904d7784cf7a746a2fb3f1 [CANDIDATE]: Term 1 pre-election: Election decided. Result: candidate won. Election summary: received 2 responses out of 3 voters: 2 yes votes; 0 no votes. yes voters: 02056481fa904d7784cf7a746a2fb3f1, b797142eb7964312bac0f70a0f0e9b45; no voters: 
I20260709 13:12:36.600975  2388 consensus_queue.cc:260] T cb11de1653fd419cbd1c2e551935e3df P 02056481fa904d7784cf7a746a2fb3f1 [NON_LEADER]: Queue going to NON_LEADER mode. State: All replicated index: 0, Majority replicated index: 0, Committed index: 0, Last appended: 0.0, Last appended by leader: 0, Current term: 0, Majority size: -1, State: 0, Mode: NON_LEADER, active raft config: opid_index: -1 OBSOLETE_local: false peers { permanent_uuid: "02056481fa904d7784cf7a746a2fb3f1" member_type: VOTER last_known_addr { host: "127.2.3.65" port: 38943 } } peers { permanent_uuid: "b797142eb7964312bac0f70a0f0e9b45" member_type: VOTER last_known_addr { host: "127.2.3.66" port: 34657 } } peers { permanent_uuid: "07df0e9d9b7b418c9d0e7234fdaede62" member_type: VOTER last_known_addr { host: "127.2.3.67" port: 36497 } }
I20260709 13:12:36.601605  2394 raft_consensus.cc:2804] T 7230369ec82b446589321e994519aa92 P 02056481fa904d7784cf7a746a2fb3f1 [term 0 FOLLOWER]: Leader pre-election won for term 1
I20260709 13:12:36.601999  2394 raft_consensus.cc:493] T 7230369ec82b446589321e994519aa92 P 02056481fa904d7784cf7a746a2fb3f1 [term 0 FOLLOWER]: Starting leader election (no leader contacted us within the election timeout)
I20260709 13:12:36.602370  2394 raft_consensus.cc:3060] T 7230369ec82b446589321e994519aa92 P 02056481fa904d7784cf7a746a2fb3f1 [term 0 FOLLOWER]: Advancing to term 1
I20260709 13:12:36.605083  2389 tablet_bootstrap.cc:654] T 16ad002da80a48da884d99b9529d0142 P b797142eb7964312bac0f70a0f0e9b45: Neither blocks nor log segments found. Creating new log.
I20260709 13:12:36.605257  2345 tablet_service.cc:1917] Received RequestConsensusVote() RPC: tablet_id: "ba63730de530482eb03dec707dab7684" candidate_uuid: "02056481fa904d7784cf7a746a2fb3f1" candidate_term: 1 candidate_status { last_received { term: 0 index: 0 } } ignore_live_leader: false dest_uuid: "07df0e9d9b7b418c9d0e7234fdaede62" is_pre_election: true
I20260709 13:12:36.607299  2344 tablet_service.cc:1917] Received RequestConsensusVote() RPC: tablet_id: "7230369ec82b446589321e994519aa92" candidate_uuid: "02056481fa904d7784cf7a746a2fb3f1" candidate_term: 1 candidate_status { last_received { term: 0 index: 0 } } ignore_live_leader: false dest_uuid: "07df0e9d9b7b418c9d0e7234fdaede62" is_pre_election: true
I20260709 13:12:36.613539  2159 leader_election.cc:304] T ba63730de530482eb03dec707dab7684 P 02056481fa904d7784cf7a746a2fb3f1 [CANDIDATE]: Term 1 pre-election: Election decided. Result: candidate lost. Election summary: received 3 responses out of 3 voters: 1 yes votes; 2 no votes. yes voters: 02056481fa904d7784cf7a746a2fb3f1; no voters: 07df0e9d9b7b418c9d0e7234fdaede62, b797142eb7964312bac0f70a0f0e9b45
I20260709 13:12:36.613713  2394 raft_consensus.cc:515] T 7230369ec82b446589321e994519aa92 P 02056481fa904d7784cf7a746a2fb3f1 [term 1 FOLLOWER]: Starting leader election with config: opid_index: -1 OBSOLETE_local: false peers { permanent_uuid: "02056481fa904d7784cf7a746a2fb3f1" member_type: VOTER last_known_addr { host: "127.2.3.65" port: 38943 } } peers { permanent_uuid: "b797142eb7964312bac0f70a0f0e9b45" member_type: VOTER last_known_addr { host: "127.2.3.66" port: 34657 } } peers { permanent_uuid: "07df0e9d9b7b418c9d0e7234fdaede62" member_type: VOTER last_known_addr { host: "127.2.3.67" port: 36497 } }
I20260709 13:12:36.615935  2394 leader_election.cc:290] T 7230369ec82b446589321e994519aa92 P 02056481fa904d7784cf7a746a2fb3f1 [CANDIDATE]: Term 1 election: Requested vote from peers b797142eb7964312bac0f70a0f0e9b45 (127.2.3.66:34657), 07df0e9d9b7b418c9d0e7234fdaede62 (127.2.3.67:36497)
I20260709 13:12:36.616695  2418 raft_consensus.cc:3060] T ba63730de530482eb03dec707dab7684 P 02056481fa904d7784cf7a746a2fb3f1 [term 0 FOLLOWER]: Advancing to term 1
I20260709 13:12:36.617405  2388 ts_tablet_manager.cc:1434] T cb11de1653fd419cbd1c2e551935e3df P 02056481fa904d7784cf7a746a2fb3f1: Time spent starting tablet: real 0.029s	user 0.005s	sys 0.015s
I20260709 13:12:36.618450  2388 tablet_bootstrap.cc:492] T c48b82d74ae24f7fa3c93f74aa254e8f P 02056481fa904d7784cf7a746a2fb3f1: Bootstrap starting.
W20260709 13:12:36.622146  2159 leader_election.cc:343] T 7230369ec82b446589321e994519aa92 P 02056481fa904d7784cf7a746a2fb3f1 [CANDIDATE]: Term 1 pre-election: Tablet error from VoteRequest() call to peer 07df0e9d9b7b418c9d0e7234fdaede62 (127.2.3.67:36497): Illegal state: must be running to vote when last-logged opid is not known
I20260709 13:12:36.622462  2389 tablet_bootstrap.cc:492] T 16ad002da80a48da884d99b9529d0142 P b797142eb7964312bac0f70a0f0e9b45: No bootstrap required, opened a new log
I20260709 13:12:36.622982  2389 ts_tablet_manager.cc:1403] T 16ad002da80a48da884d99b9529d0142 P b797142eb7964312bac0f70a0f0e9b45: Time spent bootstrapping tablet: real 0.033s	user 0.002s	sys 0.011s
I20260709 13:12:36.624437  2344 tablet_service.cc:1917] Received RequestConsensusVote() RPC: tablet_id: "7230369ec82b446589321e994519aa92" candidate_uuid: "02056481fa904d7784cf7a746a2fb3f1" candidate_term: 1 candidate_status { last_received { term: 0 index: 0 } } ignore_live_leader: false dest_uuid: "07df0e9d9b7b418c9d0e7234fdaede62"
I20260709 13:12:36.624730  2390 tablet_bootstrap.cc:492] T c48b82d74ae24f7fa3c93f74aa254e8f P 07df0e9d9b7b418c9d0e7234fdaede62: No bootstrap required, opened a new log
I20260709 13:12:36.625209  2390 ts_tablet_manager.cc:1403] T c48b82d74ae24f7fa3c93f74aa254e8f P 07df0e9d9b7b418c9d0e7234fdaede62: Time spent bootstrapping tablet: real 0.078s	user 0.013s	sys 0.021s
I20260709 13:12:36.625962  2418 raft_consensus.cc:2749] T ba63730de530482eb03dec707dab7684 P 02056481fa904d7784cf7a746a2fb3f1 [term 1 FOLLOWER]: Leader pre-election lost for term 1. Reason: could not achieve majority
I20260709 13:12:36.626611  2418 raft_consensus.cc:493] T cb11de1653fd419cbd1c2e551935e3df P 02056481fa904d7784cf7a746a2fb3f1 [term 0 FOLLOWER]: Starting pre-election (no leader contacted us within the election timeout)
I20260709 13:12:36.626644  2270 tablet_service.cc:1917] Received RequestConsensusVote() RPC: tablet_id: "7230369ec82b446589321e994519aa92" candidate_uuid: "02056481fa904d7784cf7a746a2fb3f1" candidate_term: 1 candidate_status { last_received { term: 0 index: 0 } } ignore_live_leader: false dest_uuid: "b797142eb7964312bac0f70a0f0e9b45"
I20260709 13:12:36.627285  2270 raft_consensus.cc:3060] T 7230369ec82b446589321e994519aa92 P b797142eb7964312bac0f70a0f0e9b45 [term 0 FOLLOWER]: Advancing to term 1
I20260709 13:12:36.627107  2418 raft_consensus.cc:515] T cb11de1653fd419cbd1c2e551935e3df P 02056481fa904d7784cf7a746a2fb3f1 [term 0 FOLLOWER]: Starting pre-election with config: opid_index: -1 OBSOLETE_local: false peers { permanent_uuid: "02056481fa904d7784cf7a746a2fb3f1" member_type: VOTER last_known_addr { host: "127.2.3.65" port: 38943 } } peers { permanent_uuid: "b797142eb7964312bac0f70a0f0e9b45" member_type: VOTER last_known_addr { host: "127.2.3.66" port: 34657 } } peers { permanent_uuid: "07df0e9d9b7b418c9d0e7234fdaede62" member_type: VOTER last_known_addr { host: "127.2.3.67" port: 36497 } }
W20260709 13:12:36.627676  2159 leader_election.cc:343] T 7230369ec82b446589321e994519aa92 P 02056481fa904d7784cf7a746a2fb3f1 [CANDIDATE]: Term 1 election: Tablet error from VoteRequest() call to peer 07df0e9d9b7b418c9d0e7234fdaede62 (127.2.3.67:36497): Illegal state: must be running to vote when last-logged opid is not known
I20260709 13:12:36.631319  2389 raft_consensus.cc:359] T 16ad002da80a48da884d99b9529d0142 P b797142eb7964312bac0f70a0f0e9b45 [term 0 FOLLOWER]: Replica starting. Triggering 0 pending ops. Active config: opid_index: -1 OBSOLETE_local: false peers { permanent_uuid: "02056481fa904d7784cf7a746a2fb3f1" member_type: VOTER last_known_addr { host: "127.2.3.65" port: 38943 } } peers { permanent_uuid: "b797142eb7964312bac0f70a0f0e9b45" member_type: VOTER last_known_addr { host: "127.2.3.66" port: 34657 } } peers { permanent_uuid: "07df0e9d9b7b418c9d0e7234fdaede62" member_type: VOTER last_known_addr { host: "127.2.3.67" port: 36497 } }
I20260709 13:12:36.632138  2389 raft_consensus.cc:385] T 16ad002da80a48da884d99b9529d0142 P b797142eb7964312bac0f70a0f0e9b45 [term 0 FOLLOWER]: Consensus starting up: Expiring failure detector timer to make a prompt election more likely
