I20260709 13:13:03.034526  3477 data_dirs.cc:400] Could only allocate 1 dirs of requested 3 for tablet 8f58363a6d7e433fb4eee15790a9e834. 1 dirs total, 0 dirs full, 0 dirs failed
I20260709 13:13:03.007716  3677 tablet_bootstrap.cc:654] T e872dff462ec425e89203d28752e9582 P f8d75be4230e41709c145472e3021de3: Neither blocks nor log segments found. Creating new log.
I20260709 13:13:03.010697  3621 tablet_service.cc:1511] Processing CreateTablet for tablet 8f58363a6d7e433fb4eee15790a9e834 (DEFAULT_TABLE table=test-workload [id=af60d4a61a9f4c839de921951e1e9c06]), partition=RANGE (key) PARTITION 2001891485 <= VALUES < 2038289512
I20260709 13:13:03.045938  3621 data_dirs.cc:400] Could only allocate 1 dirs of requested 3 for tablet 8f58363a6d7e433fb4eee15790a9e834. 1 dirs total, 0 dirs full, 0 dirs failed
I20260709 13:13:03.008201  3705 leader_election.cc:290] T 807e39b947a64953976bf54b62f9c825 P f8d75be4230e41709c145472e3021de3 [CANDIDATE]: Term 1 election: Requested vote from peers e5009dc782e0443bb669e6273fd1bc2e (127.2.72.131:34791), 9d194a54896a438890b8360e1c3b20b7 (127.2.72.130:42543)
I20260709 13:13:03.054620  3680 tablet_bootstrap.cc:492] T 6bbeea5aaa0a4d2db401ab8b9f12c6ae P 9d194a54896a438890b8360e1c3b20b7: No bootstrap required, opened a new log
I20260709 13:13:03.055238  3680 ts_tablet_manager.cc:1403] T 6bbeea5aaa0a4d2db401ab8b9f12c6ae P 9d194a54896a438890b8360e1c3b20b7: Time spent bootstrapping tablet: real 0.224s	user 0.016s	sys 0.015s
I20260709 13:13:03.055826  3617 tablet_service.cc:1511] Processing CreateTablet for tablet 9e4da0fa01214247b1191ff5c8b2865d (DEFAULT_TABLE table=test-workload [id=af60d4a61a9f4c839de921951e1e9c06]), partition=RANGE (key) PARTITION 2038289512 <= VALUES < 2074687539
I20260709 13:13:03.058305  3473 tablet_service.cc:1511] Processing CreateTablet for tablet 9e4da0fa01214247b1191ff5c8b2865d (DEFAULT_TABLE table=test-workload [id=af60d4a61a9f4c839de921951e1e9c06]), partition=RANGE (key) PARTITION 2038289512 <= VALUES < 2074687539
I20260709 13:13:03.059603  3473 data_dirs.cc:400] Could only allocate 1 dirs of requested 3 for tablet 9e4da0fa01214247b1191ff5c8b2865d. 1 dirs total, 0 dirs full, 0 dirs failed
I20260709 13:13:03.059376  3543 tablet_service.cc:1511] Processing CreateTablet for tablet 199dd2533e5543899a6434e02b66e8c3 (DEFAULT_TABLE table=test-workload [id=af60d4a61a9f4c839de921951e1e9c06]), partition=RANGE (key) PARTITION 2074687539 <= VALUES < 2111085566
I20260709 13:13:03.060616  3543 data_dirs.cc:400] Could only allocate 1 dirs of requested 3 for tablet 199dd2533e5543899a6434e02b66e8c3. 1 dirs total, 0 dirs full, 0 dirs failed
I20260709 13:13:03.060526  3626 tablet_service.cc:1511] Processing CreateTablet for tablet 199dd2533e5543899a6434e02b66e8c3 (DEFAULT_TABLE table=test-workload [id=af60d4a61a9f4c839de921951e1e9c06]), partition=RANGE (key) PARTITION 2074687539 <= VALUES < 2111085566
I20260709 13:13:03.062743  3474 tablet_service.cc:1511] Processing CreateTablet for tablet 199dd2533e5543899a6434e02b66e8c3 (DEFAULT_TABLE table=test-workload [id=af60d4a61a9f4c839de921951e1e9c06]), partition=RANGE (key) PARTITION 2074687539 <= VALUES < 2111085566
I20260709 13:13:03.054709  3544 tablet_service.cc:1511] Processing CreateTablet for tablet 9e4da0fa01214247b1191ff5c8b2865d (DEFAULT_TABLE table=test-workload [id=af60d4a61a9f4c839de921951e1e9c06]), partition=RANGE (key) PARTITION 2038289512 <= VALUES < 2074687539
I20260709 13:13:03.064023  3474 data_dirs.cc:400] Could only allocate 1 dirs of requested 3 for tablet 199dd2533e5543899a6434e02b66e8c3. 1 dirs total, 0 dirs full, 0 dirs failed
I20260709 13:13:03.064459  3544 data_dirs.cc:400] Could only allocate 1 dirs of requested 3 for tablet 9e4da0fa01214247b1191ff5c8b2865d. 1 dirs total, 0 dirs full, 0 dirs failed
I20260709 13:13:03.067394  3472 tablet_service.cc:1511] Processing CreateTablet for tablet 7d6790156cf64499bcccfc4dbc1d203a (DEFAULT_TABLE table=test-workload [id=af60d4a61a9f4c839de921951e1e9c06]), partition=RANGE (key) PARTITION 2111085566 <= VALUES
I20260709 13:13:03.070112  3680 raft_consensus.cc:359] T 6bbeea5aaa0a4d2db401ab8b9f12c6ae P 9d194a54896a438890b8360e1c3b20b7 [term 0 FOLLOWER]: Replica starting. Triggering 0 pending ops. Active config: opid_index: -1 OBSOLETE_local: false peers { permanent_uuid: "f8d75be4230e41709c145472e3021de3" member_type: VOTER last_known_addr { host: "127.2.72.129" port: 34081 } } peers { permanent_uuid: "9d194a54896a438890b8360e1c3b20b7" member_type: VOTER last_known_addr { host: "127.2.72.130" port: 42543 } } peers { permanent_uuid: "e5009dc782e0443bb669e6273fd1bc2e" member_type: VOTER last_known_addr { host: "127.2.72.131" port: 34791 } }
I20260709 13:13:03.070870  3680 raft_consensus.cc:385] T 6bbeea5aaa0a4d2db401ab8b9f12c6ae P 9d194a54896a438890b8360e1c3b20b7 [term 0 FOLLOWER]: Consensus starting up: Expiring failure detector timer to make a prompt election more likely
I20260709 13:13:03.071180  3680 raft_consensus.cc:740] T 6bbeea5aaa0a4d2db401ab8b9f12c6ae P 9d194a54896a438890b8360e1c3b20b7 [term 0 FOLLOWER]: Becoming Follower/Learner. State: Replica: 9d194a54896a438890b8360e1c3b20b7, State: Initialized, Role: FOLLOWER
I20260709 13:13:03.071693  3472 data_dirs.cc:400] Could only allocate 1 dirs of requested 3 for tablet 7d6790156cf64499bcccfc4dbc1d203a. 1 dirs total, 0 dirs full, 0 dirs failed
I20260709 13:13:03.072101  3680 consensus_queue.cc:260] T 6bbeea5aaa0a4d2db401ab8b9f12c6ae P 9d194a54896a438890b8360e1c3b20b7 [NON_LEADER]: Queue going to NON_LEADER mode. State: All replicated index: 0, Majority replicated index: 0, Committed index: 0, Last appended: 0.0, Last appended by leader: 0, Current term: 0, Majority size: -1, State: 0, Mode: NON_LEADER, active raft config: opid_index: -1 OBSOLETE_local: false peers { permanent_uuid: "f8d75be4230e41709c145472e3021de3" member_type: VOTER last_known_addr { host: "127.2.72.129" port: 34081 } } peers { permanent_uuid: "9d194a54896a438890b8360e1c3b20b7" member_type: VOTER last_known_addr { host: "127.2.72.130" port: 42543 } } peers { permanent_uuid: "e5009dc782e0443bb669e6273fd1bc2e" member_type: VOTER last_known_addr { host: "127.2.72.131" port: 34791 } }
I20260709 13:13:03.068066  3709 raft_consensus.cc:515] T 88eb0cb917264d978b2956bb4b24de2c P f8d75be4230e41709c145472e3021de3 [term 1 FOLLOWER]: Starting leader election with config: opid_index: -1 OBSOLETE_local: false peers { permanent_uuid: "f8d75be4230e41709c145472e3021de3" member_type: VOTER last_known_addr { host: "127.2.72.129" port: 34081 } } peers { permanent_uuid: "9d194a54896a438890b8360e1c3b20b7" member_type: VOTER last_known_addr { host: "127.2.72.130" port: 42543 } } peers { permanent_uuid: "e5009dc782e0443bb669e6273fd1bc2e" member_type: VOTER last_known_addr { host: "127.2.72.131" port: 34791 } }
I20260709 13:13:03.070456  3617 data_dirs.cc:400] Could only allocate 1 dirs of requested 3 for tablet 9e4da0fa01214247b1191ff5c8b2865d. 1 dirs total, 0 dirs full, 0 dirs failed
I20260709 13:13:03.074726  3680 ts_tablet_manager.cc:1434] T 6bbeea5aaa0a4d2db401ab8b9f12c6ae P 9d194a54896a438890b8360e1c3b20b7: Time spent starting tablet: real 0.019s	user 0.006s	sys 0.000s
I20260709 13:13:03.000814  3676 raft_consensus.cc:359] T 6d4afd1bd3484431bd8de370e16f11d6 P e5009dc782e0443bb669e6273fd1bc2e [term 0 FOLLOWER]: Replica starting. Triggering 0 pending ops. Active config: opid_index: -1 OBSOLETE_local: false peers { permanent_uuid: "f8d75be4230e41709c145472e3021de3" member_type: VOTER last_known_addr { host: "127.2.72.129" port: 34081 } } peers { permanent_uuid: "9d194a54896a438890b8360e1c3b20b7" member_type: VOTER last_known_addr { host: "127.2.72.130" port: 42543 } } peers { permanent_uuid: "e5009dc782e0443bb669e6273fd1bc2e" member_type: VOTER last_known_addr { host: "127.2.72.131" port: 34791 } }
I20260709 13:13:03.078181  3626 data_dirs.cc:400] Could only allocate 1 dirs of requested 3 for tablet 199dd2533e5543899a6434e02b66e8c3. 1 dirs total, 0 dirs full, 0 dirs failed
I20260709 13:13:03.079653  3561 raft_consensus.cc:2468] T 807e39b947a64953976bf54b62f9c825 P 9d194a54896a438890b8360e1c3b20b7 [term 1 FOLLOWER]: Leader election vote request: Granting yes vote for candidate f8d75be4230e41709c145472e3021de3 in term 1.
I20260709 13:13:03.080161  3676 raft_consensus.cc:385] T 6d4afd1bd3484431bd8de370e16f11d6 P e5009dc782e0443bb669e6273fd1bc2e [term 0 FOLLOWER]: Consensus starting up: Expiring failure detector timer to make a prompt election more likely
I20260709 13:13:03.080984  3676 raft_consensus.cc:740] T 6d4afd1bd3484431bd8de370e16f11d6 P e5009dc782e0443bb669e6273fd1bc2e [term 0 FOLLOWER]: Becoming Follower/Learner. State: Replica: e5009dc782e0443bb669e6273fd1bc2e, State: Initialized, Role: FOLLOWER
I20260709 13:13:03.080994  3451 leader_election.cc:304] T 807e39b947a64953976bf54b62f9c825 P f8d75be4230e41709c145472e3021de3 [CANDIDATE]: Term 1 election: Election decided. Result: candidate won. Election summary: received 3 responses out of 3 voters: 2 yes votes; 1 no votes. yes voters: 9d194a54896a438890b8360e1c3b20b7, f8d75be4230e41709c145472e3021de3; no voters: e5009dc782e0443bb669e6273fd1bc2e
I20260709 13:13:03.082731  3705 raft_consensus.cc:2804] T 807e39b947a64953976bf54b62f9c825 P f8d75be4230e41709c145472e3021de3 [term 1 FOLLOWER]: Leader election won for term 1
I20260709 13:13:03.083508  3705 raft_consensus.cc:697] T 807e39b947a64953976bf54b62f9c825 P f8d75be4230e41709c145472e3021de3 [term 1 LEADER]: Becoming Leader. State: Replica: f8d75be4230e41709c145472e3021de3, State: Running, Role: LEADER
I20260709 13:13:03.084349  3705 consensus_queue.cc:237] T 807e39b947a64953976bf54b62f9c825 P f8d75be4230e41709c145472e3021de3 [LEADER]: Queue going to LEADER mode. State: All replicated index: 0, Majority replicated index: 0, Committed index: 0, Last appended: 0.0, Last appended by leader: 0, Current term: 1, Majority size: 2, State: 0, Mode: LEADER, active raft config: opid_index: -1 OBSOLETE_local: false peers { permanent_uuid: "e5009dc782e0443bb669e6273fd1bc2e" member_type: VOTER last_known_addr { host: "127.2.72.131" port: 34791 } } peers { permanent_uuid: "f8d75be4230e41709c145472e3021de3" member_type: VOTER last_known_addr { host: "127.2.72.129" port: 34081 } } peers { permanent_uuid: "9d194a54896a438890b8360e1c3b20b7" member_type: VOTER last_known_addr { host: "127.2.72.130" port: 42543 } }
I20260709 13:13:03.082890  3676 consensus_queue.cc:260] T 6d4afd1bd3484431bd8de370e16f11d6 P e5009dc782e0443bb669e6273fd1bc2e [NON_LEADER]: Queue going to NON_LEADER mode. State: All replicated index: 0, Majority replicated index: 0, Committed index: 0, Last appended: 0.0, Last appended by leader: 0, Current term: 0, Majority size: -1, State: 0, Mode: NON_LEADER, active raft config: opid_index: -1 OBSOLETE_local: false peers { permanent_uuid: "f8d75be4230e41709c145472e3021de3" member_type: VOTER last_known_addr { host: "127.2.72.129" port: 34081 } } peers { permanent_uuid: "9d194a54896a438890b8360e1c3b20b7" member_type: VOTER last_known_addr { host: "127.2.72.130" port: 42543 } } peers { permanent_uuid: "e5009dc782e0443bb669e6273fd1bc2e" member_type: VOTER last_known_addr { host: "127.2.72.131" port: 34791 } }
I20260709 13:13:03.026930  3382 catalog_manager.cc:5697] T 33600245759b46f2a01c734f92683ed3 P f8d75be4230e41709c145472e3021de3 reported cstate change: term changed from 0 to 1, leader changed from <none> to f8d75be4230e41709c145472e3021de3 (127.2.72.129). New cstate: current_term: 1 leader_uuid: "f8d75be4230e41709c145472e3021de3" committed_config { opid_index: -1 OBSOLETE_local: false peers { permanent_uuid: "f8d75be4230e41709c145472e3021de3" member_type: VOTER last_known_addr { host: "127.2.72.129" port: 34081 } health_report { overall_health: HEALTHY } } peers { permanent_uuid: "9d194a54896a438890b8360e1c3b20b7" member_type: VOTER last_known_addr { host: "127.2.72.130" port: 42543 } health_report { overall_health: UNKNOWN } } peers { permanent_uuid: "e5009dc782e0443bb669e6273fd1bc2e" member_type: VOTER last_known_addr { host: "127.2.72.131" port: 34791 } health_report { overall_health: UNKNOWN } } }
I20260709 13:13:03.118096  3561 tablet_service.cc:1917] Received RequestConsensusVote() RPC: tablet_id: "88eb0cb917264d978b2956bb4b24de2c" candidate_uuid: "f8d75be4230e41709c145472e3021de3" candidate_term: 1 candidate_status { last_received { term: 0 index: 0 } } ignore_live_leader: false dest_uuid: "9d194a54896a438890b8360e1c3b20b7"
I20260709 13:13:03.119822  3551 tablet_service.cc:1511] Processing CreateTablet for tablet 7d6790156cf64499bcccfc4dbc1d203a (DEFAULT_TABLE table=test-workload [id=af60d4a61a9f4c839de921951e1e9c06]), partition=RANGE (key) PARTITION 2111085566 <= VALUES
I20260709 13:13:03.121268  3551 data_dirs.cc:400] Could only allocate 1 dirs of requested 3 for tablet 7d6790156cf64499bcccfc4dbc1d203a. 1 dirs total, 0 dirs full, 0 dirs failed
I20260709 13:13:03.126441  3677 tablet_bootstrap.cc:492] T e872dff462ec425e89203d28752e9582 P f8d75be4230e41709c145472e3021de3: No bootstrap required, opened a new log
I20260709 13:13:03.126991  3677 ts_tablet_manager.cc:1403] T e872dff462ec425e89203d28752e9582 P f8d75be4230e41709c145472e3021de3: Time spent bootstrapping tablet: real 0.199s	user 0.012s	sys 0.002s
W20260709 13:13:03.127239  3451 leader_election.cc:343] T 88eb0cb917264d978b2956bb4b24de2c P f8d75be4230e41709c145472e3021de3 [CANDIDATE]: Term 1 election: Tablet error from VoteRequest() call to peer 9d194a54896a438890b8360e1c3b20b7 (127.2.72.130:42543): Illegal state: must be running to vote when last-logged opid is not known
I20260709 13:13:03.130985  3677 raft_consensus.cc:359] T e872dff462ec425e89203d28752e9582 P f8d75be4230e41709c145472e3021de3 [term 0 FOLLOWER]: Replica starting. Triggering 0 pending ops. Active config: opid_index: -1 OBSOLETE_local: false peers { permanent_uuid: "f8d75be4230e41709c145472e3021de3" member_type: VOTER last_known_addr { host: "127.2.72.129" port: 34081 } } peers { permanent_uuid: "9d194a54896a438890b8360e1c3b20b7" member_type: VOTER last_known_addr { host: "127.2.72.130" port: 42543 } } peers { permanent_uuid: "e5009dc782e0443bb669e6273fd1bc2e" member_type: VOTER last_known_addr { host: "127.2.72.131" port: 34791 } }
I20260709 13:13:03.132141  3677 raft_consensus.cc:385] T e872dff462ec425e89203d28752e9582 P f8d75be4230e41709c145472e3021de3 [term 0 FOLLOWER]: Consensus starting up: Expiring failure detector timer to make a prompt election more likely
W20260709 13:13:03.135142  3526 consensus_peers.cc:597] T fe235f0dc54b4428b044e978520bf8c3 P 9d194a54896a438890b8360e1c3b20b7 -> Peer f8d75be4230e41709c145472e3021de3 (127.2.72.129:34081): Couldn't send request to peer f8d75be4230e41709c145472e3021de3. Error code: TABLET_NOT_RUNNING (12). Status: Illegal state: Tablet not RUNNING: INITIALIZED. This is attempt 1: this message will repeat every 5th retry.
I20260709 13:13:03.136349  3709 leader_election.cc:290] T 88eb0cb917264d978b2956bb4b24de2c P f8d75be4230e41709c145472e3021de3 [CANDIDATE]: Term 1 election: Requested vote from peers 9d194a54896a438890b8360e1c3b20b7 (127.2.72.130:42543), e5009dc782e0443bb669e6273fd1bc2e (127.2.72.131:34791)
I20260709 13:13:03.132553  3677 raft_consensus.cc:740] T e872dff462ec425e89203d28752e9582 P f8d75be4230e41709c145472e3021de3 [term 0 FOLLOWER]: Becoming Follower/Learner. State: Replica: f8d75be4230e41709c145472e3021de3, State: Initialized, Role: FOLLOWER
I20260709 13:13:03.138069  3677 consensus_queue.cc:260] T e872dff462ec425e89203d28752e9582 P f8d75be4230e41709c145472e3021de3 [NON_LEADER]: Queue going to NON_LEADER mode. State: All replicated index: 0, Majority replicated index: 0, Committed index: 0, Last appended: 0.0, Last appended by leader: 0, Current term: 0, Majority size: -1, State: 0, Mode: NON_LEADER, active raft config: opid_index: -1 OBSOLETE_local: false peers { permanent_uuid: "f8d75be4230e41709c145472e3021de3" member_type: VOTER last_known_addr { host: "127.2.72.129" port: 34081 } } peers { permanent_uuid: "9d194a54896a438890b8360e1c3b20b7" member_type: VOTER last_known_addr { host: "127.2.72.130" port: 42543 } } peers { permanent_uuid: "e5009dc782e0443bb669e6273fd1bc2e" member_type: VOTER last_known_addr { host: "127.2.72.131" port: 34791 } }
I20260709 13:13:03.142706  3677 ts_tablet_manager.cc:1434] T e872dff462ec425e89203d28752e9582 P f8d75be4230e41709c145472e3021de3: Time spent starting tablet: real 0.015s	user 0.009s	sys 0.000s
I20260709 13:13:03.143990  3677 tablet_bootstrap.cc:492] T 258217d816014e1a8db1628efeabd8de P f8d75be4230e41709c145472e3021de3: Bootstrap starting.
I20260709 13:13:03.151669  3635 tablet_service.cc:1917] Received RequestConsensusVote() RPC: tablet_id: "88eb0cb917264d978b2956bb4b24de2c" candidate_uuid: "f8d75be4230e41709c145472e3021de3" candidate_term: 1 candidate_status { last_received { term: 0 index: 0 } } ignore_live_leader: false dest_uuid: "e5009dc782e0443bb669e6273fd1bc2e"
I20260709 13:13:03.154600  3676 ts_tablet_manager.cc:1434] T 6d4afd1bd3484431bd8de370e16f11d6 P e5009dc782e0443bb669e6273fd1bc2e: Time spent starting tablet: real 0.166s	user 0.005s	sys 0.004s
I20260709 13:13:03.156049  3676 tablet_bootstrap.cc:492] T 807e39b947a64953976bf54b62f9c825 P e5009dc782e0443bb669e6273fd1bc2e: Bootstrap starting.
W20260709 13:13:03.157135  3369 outbound_call.cc:321] RPC callback for RPC call kudu.tserver.TabletServerAdminService.CreateTablet -> {remote=127.2.72.131:34791, user_credentials={real_user=slave}} blocked reactor thread for 46508us
I20260709 13:13:03.159848  3677 tablet_bootstrap.cc:654] T 258217d816014e1a8db1628efeabd8de P f8d75be4230e41709c145472e3021de3: Neither blocks nor log segments found. Creating new log.
I20260709 13:13:03.159917  3686 consensus_queue.cc:1048] T fe235f0dc54b4428b044e978520bf8c3 P 9d194a54896a438890b8360e1c3b20b7 [LEADER]: Connected to new peer: Peer: permanent_uuid: "e5009dc782e0443bb669e6273fd1bc2e" member_type: VOTER last_known_addr { host: "127.2.72.131" port: 34791 }, Status: LMP_MISMATCH, Last received: 0.0, Next index: 1, Last known committed idx: 0, Time since last communication: 0.000s
I20260709 13:13:03.152547  3635 raft_consensus.cc:3060] T 88eb0cb917264d978b2956bb4b24de2c P e5009dc782e0443bb669e6273fd1bc2e [term 0 FOLLOWER]: Advancing to term 1
I20260709 13:13:03.176069  3635 raft_consensus.cc:2468] T 88eb0cb917264d978b2956bb4b24de2c P e5009dc782e0443bb669e6273fd1bc2e [term 1 FOLLOWER]: Leader election vote request: Granting yes vote for candidate f8d75be4230e41709c145472e3021de3 in term 1.
I20260709 13:13:03.178321  3450 leader_election.cc:304] T 88eb0cb917264d978b2956bb4b24de2c P f8d75be4230e41709c145472e3021de3 [CANDIDATE]: Term 1 election: Election decided. Result: candidate won. Election summary: received 3 responses out of 3 voters: 2 yes votes; 1 no votes. yes voters: e5009dc782e0443bb669e6273fd1bc2e, f8d75be4230e41709c145472e3021de3; no voters: 9d194a54896a438890b8360e1c3b20b7
I20260709 13:13:03.180292  3709 raft_consensus.cc:2804] T 88eb0cb917264d978b2956bb4b24de2c P f8d75be4230e41709c145472e3021de3 [term 1 FOLLOWER]: Leader election won for term 1
I20260709 13:13:03.181102  3709 raft_consensus.cc:697] T 88eb0cb917264d978b2956bb4b24de2c P f8d75be4230e41709c145472e3021de3 [term 1 LEADER]: Becoming Leader. State: Replica: f8d75be4230e41709c145472e3021de3, State: Running, Role: LEADER
I20260709 13:13:03.182271  3709 consensus_queue.cc:237] T 88eb0cb917264d978b2956bb4b24de2c P f8d75be4230e41709c145472e3021de3 [LEADER]: Queue going to LEADER mode. State: All replicated index: 0, Majority replicated index: 0, Committed index: 0, Last appended: 0.0, Last appended by leader: 0, Current term: 1, Majority size: 2, State: 0, Mode: LEADER, active raft config: opid_index: -1 OBSOLETE_local: false peers { permanent_uuid: "f8d75be4230e41709c145472e3021de3" member_type: VOTER last_known_addr { host: "127.2.72.129" port: 34081 } } peers { permanent_uuid: "9d194a54896a438890b8360e1c3b20b7" member_type: VOTER last_known_addr { host: "127.2.72.130" port: 42543 } } peers { permanent_uuid: "e5009dc782e0443bb669e6273fd1bc2e" member_type: VOTER last_known_addr { host: "127.2.72.131" port: 34791 } }
I20260709 13:13:03.184569  3680 tablet_bootstrap.cc:492] T 6d4afd1bd3484431bd8de370e16f11d6 P 9d194a54896a438890b8360e1c3b20b7: Bootstrap starting.
I20260709 13:13:03.205566  3686 raft_consensus.cc:493] T 6bbeea5aaa0a4d2db401ab8b9f12c6ae P 9d194a54896a438890b8360e1c3b20b7 [term 0 FOLLOWER]: Starting pre-election (no leader contacted us within the election timeout)
I20260709 13:13:03.206379  3676 tablet_bootstrap.cc:654] T 807e39b947a64953976bf54b62f9c825 P e5009dc782e0443bb669e6273fd1bc2e: Neither blocks nor log segments found. Creating new log.
I20260709 13:13:03.206290  3686 raft_consensus.cc:515] T 6bbeea5aaa0a4d2db401ab8b9f12c6ae P 9d194a54896a438890b8360e1c3b20b7 [term 0 FOLLOWER]: Starting pre-election with config: opid_index: -1 OBSOLETE_local: false peers { permanent_uuid: "f8d75be4230e41709c145472e3021de3" member_type: VOTER last_known_addr { host: "127.2.72.129" port: 34081 } } peers { permanent_uuid: "9d194a54896a438890b8360e1c3b20b7" member_type: VOTER last_known_addr { host: "127.2.72.130" port: 42543 } } peers { permanent_uuid: "e5009dc782e0443bb669e6273fd1bc2e" member_type: VOTER last_known_addr { host: "127.2.72.131" port: 34791 } }
I20260709 13:13:03.210081  3686 leader_election.cc:290] T 6bbeea5aaa0a4d2db401ab8b9f12c6ae P 9d194a54896a438890b8360e1c3b20b7 [CANDIDATE]: Term 1 pre-election: Requested pre-vote from peers f8d75be4230e41709c145472e3021de3 (127.2.72.129:34081), e5009dc782e0443bb669e6273fd1bc2e (127.2.72.131:34791)
I20260709 13:13:03.211230  3635 tablet_service.cc:1917] Received RequestConsensusVote() RPC: tablet_id: "6bbeea5aaa0a4d2db401ab8b9f12c6ae" candidate_uuid: "9d194a54896a438890b8360e1c3b20b7" candidate_term: 1 candidate_status { last_received { term: 0 index: 0 } } ignore_live_leader: false dest_uuid: "e5009dc782e0443bb669e6273fd1bc2e" is_pre_election: true
I20260709 13:13:03.213366  3635 raft_consensus.cc:2468] T 6bbeea5aaa0a4d2db401ab8b9f12c6ae P e5009dc782e0443bb669e6273fd1bc2e [term 0 FOLLOWER]: Leader pre-election vote request: Granting yes vote for candidate 9d194a54896a438890b8360e1c3b20b7 in term 0.
I20260709 13:13:03.215268  3680 tablet_bootstrap.cc:654] T 6d4afd1bd3484431bd8de370e16f11d6 P 9d194a54896a438890b8360e1c3b20b7: Neither blocks nor log segments found. Creating new log.
W20260709 13:13:03.246037  3450 outbound_call.cc:321] RPC callback for RPC call kudu.consensus.ConsensusService.RequestConsensusVote -> {remote=127.2.72.131:34791, user_credentials={real_user=slave}} blocked reactor thread for 67672us
I20260709 13:13:03.254230  3525 leader_election.cc:304] T 6bbeea5aaa0a4d2db401ab8b9f12c6ae P 9d194a54896a438890b8360e1c3b20b7 [CANDIDATE]: Term 1 pre-election: Election decided. Result: candidate won. Election summary: received 2 responses out of 3 voters: 2 yes votes; 0 no votes. yes voters: 9d194a54896a438890b8360e1c3b20b7, e5009dc782e0443bb669e6273fd1bc2e; no voters: 
I20260709 13:13:03.261328  3677 tablet_bootstrap.cc:492] T 258217d816014e1a8db1628efeabd8de P f8d75be4230e41709c145472e3021de3: No bootstrap required, opened a new log
I20260709 13:13:03.262514  3677 ts_tablet_manager.cc:1403] T 258217d816014e1a8db1628efeabd8de P f8d75be4230e41709c145472e3021de3: Time spent bootstrapping tablet: real 0.119s	user 0.017s	sys 0.008s
I20260709 13:13:03.264016  3621 tablet_service.cc:1511] Processing CreateTablet for tablet 7d6790156cf64499bcccfc4dbc1d203a (DEFAULT_TABLE table=test-workload [id=af60d4a61a9f4c839de921951e1e9c06]), partition=RANGE (key) PARTITION 2111085566 <= VALUES
I20260709 13:13:03.266606  3676 tablet_bootstrap.cc:492] T 807e39b947a64953976bf54b62f9c825 P e5009dc782e0443bb669e6273fd1bc2e: No bootstrap required, opened a new log
I20260709 13:13:03.266826  3621 data_dirs.cc:400] Could only allocate 1 dirs of requested 3 for tablet 7d6790156cf64499bcccfc4dbc1d203a. 1 dirs total, 0 dirs full, 0 dirs failed
I20260709 13:13:03.267824  3676 ts_tablet_manager.cc:1403] T 807e39b947a64953976bf54b62f9c825 P e5009dc782e0443bb669e6273fd1bc2e: Time spent bootstrapping tablet: real 0.112s	user 0.011s	sys 0.005s
I20260709 13:13:03.273406  3686 raft_consensus.cc:2804] T 6bbeea5aaa0a4d2db401ab8b9f12c6ae P 9d194a54896a438890b8360e1c3b20b7 [term 0 FOLLOWER]: Leader pre-election won for term 1
I20260709 13:13:03.276224  3686 raft_consensus.cc:493] T 6bbeea5aaa0a4d2db401ab8b9f12c6ae P 9d194a54896a438890b8360e1c3b20b7 [term 0 FOLLOWER]: Starting leader election (no leader contacted us within the election timeout)
I20260709 13:13:03.276724  3686 raft_consensus.cc:3060] T 6bbeea5aaa0a4d2db401ab8b9f12c6ae P 9d194a54896a438890b8360e1c3b20b7 [term 0 FOLLOWER]: Advancing to term 1
I20260709 13:13:03.279984  3705 consensus_queue.cc:1048] T 33600245759b46f2a01c734f92683ed3 P f8d75be4230e41709c145472e3021de3 [LEADER]: Connected to new peer: Peer: permanent_uuid: "9d194a54896a438890b8360e1c3b20b7" member_type: VOTER last_known_addr { host: "127.2.72.130" port: 42543 }, Status: LMP_MISMATCH, Last received: 0.0, Next index: 1, Last known committed idx: 0, Time since last communication: 0.002s
I20260709 13:13:03.273391  3486 tablet_service.cc:1917] Received RequestConsensusVote() RPC: tablet_id: "6bbeea5aaa0a4d2db401ab8b9f12c6ae" candidate_uuid: "9d194a54896a438890b8360e1c3b20b7" candidate_term: 1 candidate_status { last_received { term: 0 index: 0 } } ignore_live_leader: false dest_uuid: "f8d75be4230e41709c145472e3021de3" is_pre_election: true
W20260709 13:13:03.284341  3526 leader_election.cc:343] T 6bbeea5aaa0a4d2db401ab8b9f12c6ae P 9d194a54896a438890b8360e1c3b20b7 [CANDIDATE]: Term 1 pre-election: Tablet error from VoteRequest() call to peer f8d75be4230e41709c145472e3021de3 (127.2.72.129:34081): Illegal state: must be running to vote when last-logged opid is not known
I20260709 13:13:03.269151  3677 raft_consensus.cc:359] T 258217d816014e1a8db1628efeabd8de P f8d75be4230e41709c145472e3021de3 [term 0 FOLLOWER]: Replica starting. Triggering 0 pending ops. Active config: opid_index: -1 OBSOLETE_local: false peers { permanent_uuid: "f8d75be4230e41709c145472e3021de3" member_type: VOTER last_known_addr { host: "127.2.72.129" port: 34081 } } peers { permanent_uuid: "9d194a54896a438890b8360e1c3b20b7" member_type: VOTER last_known_addr { host: "127.2.72.130" port: 42543 } } peers { permanent_uuid: "e5009dc782e0443bb669e6273fd1bc2e" member_type: VOTER last_known_addr { host: "127.2.72.131" port: 34791 } }
I20260709 13:13:03.289467  3677 raft_consensus.cc:385] T 258217d816014e1a8db1628efeabd8de P f8d75be4230e41709c145472e3021de3 [term 0 FOLLOWER]: Consensus starting up: Expiring failure detector timer to make a prompt election more likely
I20260709 13:13:03.289916  3677 raft_consensus.cc:740] T 258217d816014e1a8db1628efeabd8de P f8d75be4230e41709c145472e3021de3 [term 0 FOLLOWER]: Becoming Follower/Learner. State: Replica: f8d75be4230e41709c145472e3021de3, State: Initialized, Role: FOLLOWER
I20260709 13:13:03.301841  3709 raft_consensus.cc:493] T e872dff462ec425e89203d28752e9582 P f8d75be4230e41709c145472e3021de3 [term 0 FOLLOWER]: Starting pre-election (no leader contacted us within the election timeout)
I20260709 13:13:03.302656  3709 raft_consensus.cc:515] T e872dff462ec425e89203d28752e9582 P f8d75be4230e41709c145472e3021de3 [term 0 FOLLOWER]: Starting pre-election with config: opid_index: -1 OBSOLETE_local: false peers { permanent_uuid: "f8d75be4230e41709c145472e3021de3" member_type: VOTER last_known_addr { host: "127.2.72.129" port: 34081 } } peers { permanent_uuid: "9d194a54896a438890b8360e1c3b20b7" member_type: VOTER last_known_addr { host: "127.2.72.130" port: 42543 } } peers { permanent_uuid: "e5009dc782e0443bb669e6273fd1bc2e" member_type: VOTER last_known_addr { host: "127.2.72.131" port: 34791 } }
I20260709 13:13:03.307121  3562 tablet_service.cc:1917] Received RequestConsensusVote() RPC: tablet_id: "e872dff462ec425e89203d28752e9582" candidate_uuid: "f8d75be4230e41709c145472e3021de3" candidate_term: 1 candidate_status { last_received { term: 0 index: 0 } } ignore_live_leader: false dest_uuid: "9d194a54896a438890b8360e1c3b20b7" is_pre_election: true
I20260709 13:13:03.307461  3636 tablet_service.cc:1917] Received RequestConsensusVote() RPC: tablet_id: "e872dff462ec425e89203d28752e9582" candidate_uuid: "f8d75be4230e41709c145472e3021de3" candidate_term: 1 candidate_status { last_received { term: 0 index: 0 } } ignore_live_leader: false dest_uuid: "e5009dc782e0443bb669e6273fd1bc2e" is_pre_election: true
I20260709 13:13:03.308497  3636 raft_consensus.cc:2468] T e872dff462ec425e89203d28752e9582 P e5009dc782e0443bb669e6273fd1bc2e [term 0 FOLLOWER]: Leader pre-election vote request: Granting yes vote for candidate f8d75be4230e41709c145472e3021de3 in term 0.
W20260709 13:13:03.309517  3451 leader_election.cc:343] T e872dff462ec425e89203d28752e9582 P f8d75be4230e41709c145472e3021de3 [CANDIDATE]: Term 1 pre-election: Tablet error from VoteRequest() call to peer 9d194a54896a438890b8360e1c3b20b7 (127.2.72.130:42543): Illegal state: must be running to vote when last-logged opid is not known
I20260709 13:13:03.310508  3450 leader_election.cc:304] T e872dff462ec425e89203d28752e9582 P f8d75be4230e41709c145472e3021de3 [CANDIDATE]: Term 1 pre-election: Election decided. Result: candidate won. Election summary: received 3 responses out of 3 voters: 2 yes votes; 1 no votes. yes voters: e5009dc782e0443bb669e6273fd1bc2e, f8d75be4230e41709c145472e3021de3; no voters: 9d194a54896a438890b8360e1c3b20b7
I20260709 13:13:03.311636  3705 raft_consensus.cc:2804] T e872dff462ec425e89203d28752e9582 P f8d75be4230e41709c145472e3021de3 [term 0 FOLLOWER]: Leader pre-election won for term 1
I20260709 13:13:03.311992  3705 raft_consensus.cc:493] T e872dff462ec425e89203d28752e9582 P f8d75be4230e41709c145472e3021de3 [term 0 FOLLOWER]: Starting leader election (no leader contacted us within the election timeout)
I20260709 13:13:03.312309  3705 raft_consensus.cc:3060] T e872dff462ec425e89203d28752e9582 P f8d75be4230e41709c145472e3021de3 [term 0 FOLLOWER]: Advancing to term 1
I20260709 13:13:03.317318  3382 catalog_manager.cc:5697] T 807e39b947a64953976bf54b62f9c825 P f8d75be4230e41709c145472e3021de3 reported cstate change: term changed from 0 to 1, leader changed from <none> to f8d75be4230e41709c145472e3021de3 (127.2.72.129). New cstate: current_term: 1 leader_uuid: "f8d75be4230e41709c145472e3021de3" committed_config { opid_index: -1 OBSOLETE_local: false peers { permanent_uuid: "e5009dc782e0443bb669e6273fd1bc2e" member_type: VOTER last_known_addr { host: "127.2.72.131" port: 34791 } health_report { overall_health: UNKNOWN } } peers { permanent_uuid: "f8d75be4230e41709c145472e3021de3" member_type: VOTER last_known_addr { host: "127.2.72.129" port: 34081 } health_report { overall_health: HEALTHY } } peers { permanent_uuid: "9d194a54896a438890b8360e1c3b20b7" member_type: VOTER last_known_addr { host: "127.2.72.130" port: 42543 } health_report { overall_health: UNKNOWN } } }
W20260709 13:13:03.321846  3450 consensus_peers.cc:597] T 33600245759b46f2a01c734f92683ed3 P f8d75be4230e41709c145472e3021de3 -> Peer e5009dc782e0443bb669e6273fd1bc2e (127.2.72.131:34791): Couldn't send request to peer e5009dc782e0443bb669e6273fd1bc2e. Error code: TABLET_NOT_RUNNING (12). Status: Illegal state: Tablet not RUNNING: INITIALIZED. This is attempt 1: this message will repeat every 5th retry.
I20260709 13:13:03.324102  3705 raft_consensus.cc:515] T e872dff462ec425e89203d28752e9582 P f8d75be4230e41709c145472e3021de3 [term 1 FOLLOWER]: Starting leader election with config: opid_index: -1 OBSOLETE_local: false peers { permanent_uuid: "f8d75be4230e41709c145472e3021de3" member_type: VOTER last_known_addr { host: "127.2.72.129" port: 34081 } } peers { permanent_uuid: "9d194a54896a438890b8360e1c3b20b7" member_type: VOTER last_known_addr { host: "127.2.72.130" port: 42543 } } peers { permanent_uuid: "e5009dc782e0443bb669e6273fd1bc2e" member_type: VOTER last_known_addr { host: "127.2.72.131" port: 34791 } }
I20260709 13:13:03.323751  3382 catalog_manager.cc:5697] T 88eb0cb917264d978b2956bb4b24de2c P f8d75be4230e41709c145472e3021de3 reported cstate change: term changed from 0 to 1, leader changed from <none> to f8d75be4230e41709c145472e3021de3 (127.2.72.129). New cstate: current_term: 1 leader_uuid: "f8d75be4230e41709c145472e3021de3" committed_config { opid_index: -1 OBSOLETE_local: false peers { permanent_uuid: "f8d75be4230e41709c145472e3021de3" member_type: VOTER last_known_addr { host: "127.2.72.129" port: 34081 } health_report { overall_health: HEALTHY } } peers { permanent_uuid: "9d194a54896a438890b8360e1c3b20b7" member_type: VOTER last_known_addr { host: "127.2.72.130" port: 42543 } health_report { overall_health: UNKNOWN } } peers { permanent_uuid: "e5009dc782e0443bb669e6273fd1bc2e" member_type: VOTER last_known_addr { host: "127.2.72.131" port: 34791 } health_report { overall_health: UNKNOWN } } }
I20260709 13:13:03.327651  3562 tablet_service.cc:1917] Received RequestConsensusVote() RPC: tablet_id: "e872dff462ec425e89203d28752e9582" candidate_uuid: "f8d75be4230e41709c145472e3021de3" candidate_term: 1 candidate_status { last_received { term: 0 index: 0 } } ignore_live_leader: false dest_uuid: "9d194a54896a438890b8360e1c3b20b7"
I20260709 13:13:03.328002  3636 tablet_service.cc:1917] Received RequestConsensusVote() RPC: tablet_id: "e872dff462ec425e89203d28752e9582" candidate_uuid: "f8d75be4230e41709c145472e3021de3" candidate_term: 1 candidate_status { last_received { term: 0 index: 0 } } ignore_live_leader: false dest_uuid: "e5009dc782e0443bb669e6273fd1bc2e"
I20260709 13:13:03.325523  3709 leader_election.cc:290] T e872dff462ec425e89203d28752e9582 P f8d75be4230e41709c145472e3021de3 [CANDIDATE]: Term 1 pre-election: Requested pre-vote from peers 9d194a54896a438890b8360e1c3b20b7 (127.2.72.130:42543), e5009dc782e0443bb669e6273fd1bc2e (127.2.72.131:34791)
I20260709 13:13:03.328730  3636 raft_consensus.cc:3060] T e872dff462ec425e89203d28752e9582 P e5009dc782e0443bb669e6273fd1bc2e [term 0 FOLLOWER]: Advancing to term 1
W20260709 13:13:03.329452  3451 leader_election.cc:343] T e872dff462ec425e89203d28752e9582 P f8d75be4230e41709c145472e3021de3 [CANDIDATE]: Term 1 election: Tablet error from VoteRequest() call to peer 9d194a54896a438890b8360e1c3b20b7 (127.2.72.130:42543): Illegal state: must be running to vote when last-logged opid is not known
I20260709 13:13:03.329269  3677 consensus_queue.cc:260] T 258217d816014e1a8db1628efeabd8de P f8d75be4230e41709c145472e3021de3 [NON_LEADER]: Queue going to NON_LEADER mode. State: All replicated index: 0, Majority replicated index: 0, Committed index: 0, Last appended: 0.0, Last appended by leader: 0, Current term: 0, Majority size: -1, State: 0, Mode: NON_LEADER, active raft config: opid_index: -1 OBSOLETE_local: false peers { permanent_uuid: "f8d75be4230e41709c145472e3021de3" member_type: VOTER last_known_addr { host: "127.2.72.129" port: 34081 } } peers { permanent_uuid: "9d194a54896a438890b8360e1c3b20b7" member_type: VOTER last_known_addr { host: "127.2.72.130" port: 42543 } } peers { permanent_uuid: "e5009dc782e0443bb669e6273fd1bc2e" member_type: VOTER last_known_addr { host: "127.2.72.131" port: 34791 } }
I20260709 13:13:03.332221  3677 ts_tablet_manager.cc:1434] T 258217d816014e1a8db1628efeabd8de P f8d75be4230e41709c145472e3021de3: Time spent starting tablet: real 0.069s	user 0.005s	sys 0.004s
I20260709 13:13:03.317826  3686 raft_consensus.cc:515] T 6bbeea5aaa0a4d2db401ab8b9f12c6ae P 9d194a54896a438890b8360e1c3b20b7 [term 1 FOLLOWER]: Starting leader election with config: opid_index: -1 OBSOLETE_local: false peers { permanent_uuid: "f8d75be4230e41709c145472e3021de3" member_type: VOTER last_known_addr { host: "127.2.72.129" port: 34081 } } peers { permanent_uuid: "9d194a54896a438890b8360e1c3b20b7" member_type: VOTER last_known_addr { host: "127.2.72.130" port: 42543 } } peers { permanent_uuid: "e5009dc782e0443bb669e6273fd1bc2e" member_type: VOTER last_known_addr { host: "127.2.72.131" port: 34791 } }
I20260709 13:13:03.336200  3686 leader_election.cc:290] T 6bbeea5aaa0a4d2db401ab8b9f12c6ae P 9d194a54896a438890b8360e1c3b20b7 [CANDIDATE]: Term 1 election: Requested vote from peers f8d75be4230e41709c145472e3021de3 (127.2.72.129:34081), e5009dc782e0443bb669e6273fd1bc2e (127.2.72.131:34791)
I20260709 13:13:03.350879  3705 leader_election.cc:290] T e872dff462ec425e89203d28752e9582 P f8d75be4230e41709c145472e3021de3 [CANDIDATE]: Term 1 election: Requested vote from peers 9d194a54896a438890b8360e1c3b20b7 (127.2.72.130:42543), e5009dc782e0443bb669e6273fd1bc2e (127.2.72.131:34791)
W20260709 13:13:03.351320  3525 outbound_call.cc:321] RPC callback for RPC call kudu.consensus.ConsensusService.UpdateConsensus -> {remote=127.2.72.131:34791, user_credentials={real_user=slave}} blocked reactor thread for 81489.9us
I20260709 13:13:03.358901  3635 tablet_service.cc:1917] Received RequestConsensusVote() RPC: tablet_id: "6bbeea5aaa0a4d2db401ab8b9f12c6ae" candidate_uuid: "9d194a54896a438890b8360e1c3b20b7" candidate_term: 1 candidate_status { last_received { term: 0 index: 0 } } ignore_live_leader: false dest_uuid: "e5009dc782e0443bb669e6273fd1bc2e"
I20260709 13:13:03.359612  3635 raft_consensus.cc:3060] T 6bbeea5aaa0a4d2db401ab8b9f12c6ae P e5009dc782e0443bb669e6273fd1bc2e [term 0 FOLLOWER]: Advancing to term 1
I20260709 13:13:03.362479  3486 tablet_service.cc:1917] Received RequestConsensusVote() RPC: tablet_id: "6bbeea5aaa0a4d2db401ab8b9f12c6ae" candidate_uuid: "9d194a54896a438890b8360e1c3b20b7" candidate_term: 1 candidate_status { last_received { term: 0 index: 0 } } ignore_live_leader: false dest_uuid: "f8d75be4230e41709c145472e3021de3"
I20260709 13:13:03.356158  3636 raft_consensus.cc:2468] T e872dff462ec425e89203d28752e9582 P e5009dc782e0443bb669e6273fd1bc2e [term 1 FOLLOWER]: Leader election vote request: Granting yes vote for candidate f8d75be4230e41709c145472e3021de3 in term 1.
W20260709 13:13:03.368026  3526 leader_election.cc:343] T 6bbeea5aaa0a4d2db401ab8b9f12c6ae P 9d194a54896a438890b8360e1c3b20b7 [CANDIDATE]: Term 1 election: Tablet error from VoteRequest() call to peer f8d75be4230e41709c145472e3021de3 (127.2.72.129:34081): Illegal state: must be running to vote when last-logged opid is not known
I20260709 13:13:03.319694  3676 raft_consensus.cc:359] T 807e39b947a64953976bf54b62f9c825 P e5009dc782e0443bb669e6273fd1bc2e [term 0 FOLLOWER]: Replica starting. Triggering 0 pending ops. Active config: opid_index: -1 OBSOLETE_local: false peers { permanent_uuid: "e5009dc782e0443bb669e6273fd1bc2e" member_type: VOTER last_known_addr { host: "127.2.72.131" port: 34791 } } peers { permanent_uuid: "f8d75be4230e41709c145472e3021de3" member_type: VOTER last_known_addr { host: "127.2.72.129" port: 34081 } } peers { permanent_uuid: "9d194a54896a438890b8360e1c3b20b7" member_type: VOTER last_known_addr { host: "127.2.72.130" port: 42543 } }
I20260709 13:13:03.368022  3450 leader_election.cc:304] T e872dff462ec425e89203d28752e9582 P f8d75be4230e41709c145472e3021de3 [CANDIDATE]: Term 1 election: Election decided. Result: candidate won. Election summary: received 3 responses out of 3 voters: 2 yes votes; 1 no votes. yes voters: e5009dc782e0443bb669e6273fd1bc2e, f8d75be4230e41709c145472e3021de3; no voters: 9d194a54896a438890b8360e1c3b20b7
I20260709 13:13:03.373859  3677 tablet_bootstrap.cc:492] T 6bbeea5aaa0a4d2db401ab8b9f12c6ae P f8d75be4230e41709c145472e3021de3: Bootstrap starting.
I20260709 13:13:03.372911  3676 raft_consensus.cc:385] T 807e39b947a64953976bf54b62f9c825 P e5009dc782e0443bb669e6273fd1bc2e [term 0 FOLLOWER]: Consensus starting up: Expiring failure detector timer to make a prompt election more likely
I20260709 13:13:03.374172  3705 raft_consensus.cc:2804] T e872dff462ec425e89203d28752e9582 P f8d75be4230e41709c145472e3021de3 [term 1 FOLLOWER]: Leader election won for term 1
I20260709 13:13:03.381434  3676 raft_consensus.cc:740] T 807e39b947a64953976bf54b62f9c825 P e5009dc782e0443bb669e6273fd1bc2e [term 0 FOLLOWER]: Becoming Follower/Learner. State: Replica: e5009dc782e0443bb669e6273fd1bc2e, State: Initialized, Role: FOLLOWER
I20260709 13:13:03.388721  3676 consensus_queue.cc:260] T 807e39b947a64953976bf54b62f9c825 P e5009dc782e0443bb669e6273fd1bc2e [NON_LEADER]: Queue going to NON_LEADER mode. State: All replicated index: 0, Majority replicated index: 0, Committed index: 0, Last appended: 0.0, Last appended by leader: 0, Current term: 0, Majority size: -1, State: 0, Mode: NON_LEADER, active raft config: opid_index: -1 OBSOLETE_local: false peers { permanent_uuid: "e5009dc782e0443bb669e6273fd1bc2e" member_type: VOTER last_known_addr { host: "127.2.72.131" port: 34791 } } peers { permanent_uuid: "f8d75be4230e41709c145472e3021de3" member_type: VOTER last_known_addr { host: "127.2.72.129" port: 34081 } } peers { permanent_uuid: "9d194a54896a438890b8360e1c3b20b7" member_type: VOTER last_known_addr { host: "127.2.72.130" port: 42543 } }
I20260709 13:13:03.386072  3705 raft_consensus.cc:697] T e872dff462ec425e89203d28752e9582 P f8d75be4230e41709c145472e3021de3 [term 1 LEADER]: Becoming Leader. State: Replica: f8d75be4230e41709c145472e3021de3, State: Running, Role: LEADER
I20260709 13:13:03.391038  3705 consensus_queue.cc:237] T e872dff462ec425e89203d28752e9582 P f8d75be4230e41709c145472e3021de3 [LEADER]: Queue going to LEADER mode. State: All replicated index: 0, Majority replicated index: 0, Committed index: 0, Last appended: 0.0, Last appended by leader: 0, Current term: 1, Majority size: 2, State: 0, Mode: LEADER, active raft config: opid_index: -1 OBSOLETE_local: false peers { permanent_uuid: "f8d75be4230e41709c145472e3021de3" member_type: VOTER last_known_addr { host: "127.2.72.129" port: 34081 } } peers { permanent_uuid: "9d194a54896a438890b8360e1c3b20b7" member_type: VOTER last_known_addr { host: "127.2.72.130" port: 42543 } } peers { permanent_uuid: "e5009dc782e0443bb669e6273fd1bc2e" member_type: VOTER last_known_addr { host: "127.2.72.131" port: 34791 } }
I20260709 13:13:03.391899  3676 ts_tablet_manager.cc:1434] T 807e39b947a64953976bf54b62f9c825 P e5009dc782e0443bb669e6273fd1bc2e: Time spent starting tablet: real 0.122s	user 0.008s	sys 0.000s
I20260709 13:13:03.393505  3676 tablet_bootstrap.cc:492] T e29e7922029d48efaca4cd8e72161627 P e5009dc782e0443bb669e6273fd1bc2e: Bootstrap starting.
W20260709 13:13:03.394448  3721 log.cc:927] Time spent T 88eb0cb917264d978b2956bb4b24de2c P f8d75be4230e41709c145472e3021de3: Append to log took a long time: real 0.078s	user 0.002s	sys 0.000s
I20260709 13:13:03.409515  3635 raft_consensus.cc:2468] T 6bbeea5aaa0a4d2db401ab8b9f12c6ae P e5009dc782e0443bb669e6273fd1bc2e [term 1 FOLLOWER]: Leader election vote request: Granting yes vote for candidate 9d194a54896a438890b8360e1c3b20b7 in term 1.
I20260709 13:13:03.410138  3680 tablet_bootstrap.cc:492] T 6d4afd1bd3484431bd8de370e16f11d6 P 9d194a54896a438890b8360e1c3b20b7: No bootstrap required, opened a new log
I20260709 13:13:03.411005  3680 ts_tablet_manager.cc:1403] T 6d4afd1bd3484431bd8de370e16f11d6 P 9d194a54896a438890b8360e1c3b20b7: Time spent bootstrapping tablet: real 0.299s	user 0.015s	sys 0.024s
I20260709 13:13:03.410933  3525 leader_election.cc:304] T 6bbeea5aaa0a4d2db401ab8b9f12c6ae P 9d194a54896a438890b8360e1c3b20b7 [CANDIDATE]: Term 1 election: Election decided. Result: candidate won. Election summary: received 3 responses out of 3 voters: 2 yes votes; 1 no votes. yes voters: 9d194a54896a438890b8360e1c3b20b7, e5009dc782e0443bb669e6273fd1bc2e; no voters: f8d75be4230e41709c145472e3021de3
I20260709 13:13:03.412465  3724 raft_consensus.cc:2804] T 6bbeea5aaa0a4d2db401ab8b9f12c6ae P 9d194a54896a438890b8360e1c3b20b7 [term 1 FOLLOWER]: Leader election won for term 1
I20260709 13:13:03.412968  3724 raft_consensus.cc:697] T 6bbeea5aaa0a4d2db401ab8b9f12c6ae P 9d194a54896a438890b8360e1c3b20b7 [term 1 LEADER]: Becoming Leader. State: Replica: 9d194a54896a438890b8360e1c3b20b7, State: Running, Role: LEADER
I20260709 13:13:03.413925  3724 consensus_queue.cc:237] T 6bbeea5aaa0a4d2db401ab8b9f12c6ae P 9d194a54896a438890b8360e1c3b20b7 [LEADER]: Queue going to LEADER mode. State: All replicated index: 0, Majority replicated index: 0, Committed index: 0, Last appended: 0.0, Last appended by leader: 0, Current term: 1, Majority size: 2, State: 0, Mode: LEADER, active raft config: opid_index: -1 OBSOLETE_local: false peers { permanent_uuid: "f8d75be4230e41709c145472e3021de3" member_type: VOTER last_known_addr { host: "127.2.72.129" port: 34081 } } peers { permanent_uuid: "9d194a54896a438890b8360e1c3b20b7" member_type: VOTER last_known_addr { host: "127.2.72.130" port: 42543 } } peers { permanent_uuid: "e5009dc782e0443bb669e6273fd1bc2e" member_type: VOTER last_known_addr { host: "127.2.72.131" port: 34791 } }
I20260709 13:13:03.416886  3680 raft_consensus.cc:359] T 6d4afd1bd3484431bd8de370e16f11d6 P 9d194a54896a438890b8360e1c3b20b7 [term 0 FOLLOWER]: Replica starting. Triggering 0 pending ops. Active config: opid_index: -1 OBSOLETE_local: false peers { permanent_uuid: "f8d75be4230e41709c145472e3021de3" member_type: VOTER last_known_addr { host: "127.2.72.129" port: 34081 } } peers { permanent_uuid: "9d194a54896a438890b8360e1c3b20b7" member_type: VOTER last_known_addr { host: "127.2.72.130" port: 42543 } } peers { permanent_uuid: "e5009dc782e0443bb669e6273fd1bc2e" member_type: VOTER last_known_addr { host: "127.2.72.131" port: 34791 } }
I20260709 13:13:03.422430  3680 raft_consensus.cc:385] T 6d4afd1bd3484431bd8de370e16f11d6 P 9d194a54896a438890b8360e1c3b20b7 [term 0 FOLLOWER]: Consensus starting up: Expiring failure detector timer to make a prompt election more likely
I20260709 13:13:03.422940  3680 raft_consensus.cc:740] T 6d4afd1bd3484431bd8de370e16f11d6 P 9d194a54896a438890b8360e1c3b20b7 [term 0 FOLLOWER]: Becoming Follower/Learner. State: Replica: 9d194a54896a438890b8360e1c3b20b7, State: Initialized, Role: FOLLOWER
I20260709 13:13:03.424052  3680 consensus_queue.cc:260] T 6d4afd1bd3484431bd8de370e16f11d6 P 9d194a54896a438890b8360e1c3b20b7 [NON_LEADER]: Queue going to NON_LEADER mode. State: All replicated index: 0, Majority replicated index: 0, Committed index: 0, Last appended: 0.0, Last appended by leader: 0, Current term: 0, Majority size: -1, State: 0, Mode: NON_LEADER, active raft config: opid_index: -1 OBSOLETE_local: false peers { permanent_uuid: "f8d75be4230e41709c145472e3021de3" member_type: VOTER last_known_addr { host: "127.2.72.129" port: 34081 } } peers { permanent_uuid: "9d194a54896a438890b8360e1c3b20b7" member_type: VOTER last_known_addr { host: "127.2.72.130" port: 42543 } } peers { permanent_uuid: "e5009dc782e0443bb669e6273fd1bc2e" member_type: VOTER last_known_addr { host: "127.2.72.131" port: 34791 } }
I20260709 13:13:03.426373  3691 raft_consensus.cc:493] T 807e39b947a64953976bf54b62f9c825 P e5009dc782e0443bb669e6273fd1bc2e [term 0 FOLLOWER]: Starting pre-election (no leader contacted us within the election timeout)
I20260709 13:13:03.427078  3691 raft_consensus.cc:515] T 807e39b947a64953976bf54b62f9c825 P e5009dc782e0443bb669e6273fd1bc2e [term 0 FOLLOWER]: Starting pre-election with config: opid_index: -1 OBSOLETE_local: false peers { permanent_uuid: "e5009dc782e0443bb669e6273fd1bc2e" member_type: VOTER last_known_addr { host: "127.2.72.131" port: 34791 } } peers { permanent_uuid: "f8d75be4230e41709c145472e3021de3" member_type: VOTER last_known_addr { host: "127.2.72.129" port: 34081 } } peers { permanent_uuid: "9d194a54896a438890b8360e1c3b20b7" member_type: VOTER last_known_addr { host: "127.2.72.130" port: 42543 } }
I20260709 13:13:03.431934  3691 leader_election.cc:290] T 807e39b947a64953976bf54b62f9c825 P e5009dc782e0443bb669e6273fd1bc2e [CANDIDATE]: Term 1 pre-election: Requested pre-vote from peers f8d75be4230e41709c145472e3021de3 (127.2.72.129:34081), 9d194a54896a438890b8360e1c3b20b7 (127.2.72.130:42543)
I20260709 13:13:03.442989  3486 tablet_service.cc:1917] Received RequestConsensusVote() RPC: tablet_id: "807e39b947a64953976bf54b62f9c825" candidate_uuid: "e5009dc782e0443bb669e6273fd1bc2e" candidate_term: 1 candidate_status { last_received { term: 0 index: 0 } } ignore_live_leader: false dest_uuid: "f8d75be4230e41709c145472e3021de3" is_pre_election: true
I20260709 13:13:03.444890  3562 tablet_service.cc:1917] Received RequestConsensusVote() RPC: tablet_id: "807e39b947a64953976bf54b62f9c825" candidate_uuid: "e5009dc782e0443bb669e6273fd1bc2e" candidate_term: 1 candidate_status { last_received { term: 0 index: 0 } } ignore_live_leader: false dest_uuid: "9d194a54896a438890b8360e1c3b20b7" is_pre_election: true
I20260709 13:13:03.445905  3562 raft_consensus.cc:2393] T 807e39b947a64953976bf54b62f9c825 P 9d194a54896a438890b8360e1c3b20b7 [term 1 FOLLOWER]: Leader pre-election vote request: Denying vote to candidate e5009dc782e0443bb669e6273fd1bc2e in current term 1: Already voted for candidate f8d75be4230e41709c145472e3021de3 in this term.
I20260709 13:13:03.446642  3680 ts_tablet_manager.cc:1434] T 6d4afd1bd3484431bd8de370e16f11d6 P 9d194a54896a438890b8360e1c3b20b7: Time spent starting tablet: real 0.035s	user 0.010s	sys 0.000s
I20260709 13:13:03.448129  3600 leader_election.cc:304] T 807e39b947a64953976bf54b62f9c825 P e5009dc782e0443bb669e6273fd1bc2e [CANDIDATE]: Term 1 pre-election: Election decided. Result: candidate lost. Election summary: received 3 responses out of 3 voters: 1 yes votes; 2 no votes. yes voters: e5009dc782e0443bb669e6273fd1bc2e; no voters: 9d194a54896a438890b8360e1c3b20b7, f8d75be4230e41709c145472e3021de3
I20260709 13:13:03.449364  3691 raft_consensus.cc:3060] T 807e39b947a64953976bf54b62f9c825 P e5009dc782e0443bb669e6273fd1bc2e [term 0 FOLLOWER]: Advancing to term 1
I20260709 13:13:03.462524  3676 tablet_bootstrap.cc:654] T e29e7922029d48efaca4cd8e72161627 P e5009dc782e0443bb669e6273fd1bc2e: Neither blocks nor log segments found. Creating new log.
