I20260709 13:13:02.133275  5749 tablet_service.cc:1917] Received RequestConsensusVote() RPC: tablet_id: "fd2fd1156f02455cadc747f0a512a98f" candidate_uuid: "429ba8e8887147049d8c872f8b15fc77" candidate_term: 1 candidate_status { last_received { term: 0 index: 0 } } ignore_live_leader: false dest_uuid: "fb6fb5c826944b5095edad52a684c7fa" is_pre_election: true
I20260709 13:13:02.136721  6135 raft_consensus.cc:493] T f9461d32508748b98f012e300736eab7 P 6028aef66e174396b8f7c53fb9c2a5a1 [term 0 FOLLOWER]: Starting pre-election (no leader contacted us within the election timeout)
W20260709 13:13:02.139590  5865 leader_election.cc:343] T cb8ea1bc8b35496392008c44f131e646 P 429ba8e8887147049d8c872f8b15fc77 [CANDIDATE]: Term 1 pre-election: Tablet error from VoteRequest() call to peer fb6fb5c826944b5095edad52a684c7fa (127.4.135.193:39827): Illegal state: must be running to vote when last-logged opid is not known
I20260709 13:13:02.140027  5941 ts_tablet_manager.cc:1434] T cb8ea1bc8b35496392008c44f131e646 P 6028aef66e174396b8f7c53fb9c2a5a1: Time spent starting tablet: real 0.083s	user 0.006s	sys 0.000s
I20260709 13:13:02.141073  5941 tablet_bootstrap.cc:492] T 11b27c469b7a451b83b1a2f27c71d1c5 P 6028aef66e174396b8f7c53fb9c2a5a1: Bootstrap starting.
I20260709 13:13:02.140822  5896 tablet_service.cc:1917] Received RequestConsensusVote() RPC: tablet_id: "7b8a2029b4db40f58f9840d709083d5a" candidate_uuid: "6028aef66e174396b8f7c53fb9c2a5a1" candidate_term: 1 candidate_status { last_received { term: 0 index: 0 } } ignore_live_leader: false dest_uuid: "429ba8e8887147049d8c872f8b15fc77"
I20260709 13:13:02.145128  5822 tablet_service.cc:1917] Received RequestConsensusVote() RPC: tablet_id: "cb8ea1bc8b35496392008c44f131e646" candidate_uuid: "429ba8e8887147049d8c872f8b15fc77" candidate_term: 1 candidate_status { last_received { term: 0 index: 0 } } ignore_live_leader: false dest_uuid: "6028aef66e174396b8f7c53fb9c2a5a1" is_pre_election: true
I20260709 13:13:02.145723  5822 raft_consensus.cc:2468] T cb8ea1bc8b35496392008c44f131e646 P 6028aef66e174396b8f7c53fb9c2a5a1 [term 0 FOLLOWER]: Leader pre-election vote request: Granting yes vote for candidate 429ba8e8887147049d8c872f8b15fc77 in term 0.
I20260709 13:13:02.137264  6135 raft_consensus.cc:515] T f9461d32508748b98f012e300736eab7 P 6028aef66e174396b8f7c53fb9c2a5a1 [term 0 FOLLOWER]: Starting pre-election with config: opid_index: -1 OBSOLETE_local: false peers { permanent_uuid: "fb6fb5c826944b5095edad52a684c7fa" member_type: VOTER last_known_addr { host: "127.4.135.193" port: 39827 } } peers { permanent_uuid: "6028aef66e174396b8f7c53fb9c2a5a1" member_type: VOTER last_known_addr { host: "127.4.135.194" port: 45625 } } peers { permanent_uuid: "429ba8e8887147049d8c872f8b15fc77" member_type: VOTER last_known_addr { host: "127.4.135.195" port: 39809 } }
I20260709 13:13:02.135488  6128 leader_election.cc:290] T 7b8a2029b4db40f58f9840d709083d5a P 6028aef66e174396b8f7c53fb9c2a5a1 [CANDIDATE]: Term 1 election: Requested vote from peers fb6fb5c826944b5095edad52a684c7fa (127.4.135.193:39827), 429ba8e8887147049d8c872f8b15fc77 (127.4.135.195:39809)
I20260709 13:13:02.139159  6149 raft_consensus.cc:2804] T fd2fd1156f02455cadc747f0a512a98f P 429ba8e8887147049d8c872f8b15fc77 [term 0 FOLLOWER]: Leader pre-election won for term 1
I20260709 13:13:02.139281  5749 raft_consensus.cc:2468] T fd2fd1156f02455cadc747f0a512a98f P fb6fb5c826944b5095edad52a684c7fa [term 0 FOLLOWER]: Leader pre-election vote request: Granting yes vote for candidate 429ba8e8887147049d8c872f8b15fc77 in term 0.
I20260709 13:13:02.154580  6149 raft_consensus.cc:493] T fd2fd1156f02455cadc747f0a512a98f P 429ba8e8887147049d8c872f8b15fc77 [term 0 FOLLOWER]: Starting leader election (no leader contacted us within the election timeout)
I20260709 13:13:02.158694  6149 raft_consensus.cc:3060] T fd2fd1156f02455cadc747f0a512a98f P 429ba8e8887147049d8c872f8b15fc77 [term 0 FOLLOWER]: Advancing to term 1
I20260709 13:13:02.165403  6135 leader_election.cc:290] T f9461d32508748b98f012e300736eab7 P 6028aef66e174396b8f7c53fb9c2a5a1 [CANDIDATE]: Term 1 pre-election: Requested pre-vote from peers fb6fb5c826944b5095edad52a684c7fa (127.4.135.193:39827), 429ba8e8887147049d8c872f8b15fc77 (127.4.135.195:39809)
I20260709 13:13:02.166945  5749 tablet_service.cc:1917] Received RequestConsensusVote() RPC: tablet_id: "f9461d32508748b98f012e300736eab7" candidate_uuid: "6028aef66e174396b8f7c53fb9c2a5a1" candidate_term: 1 candidate_status { last_received { term: 0 index: 0 } } ignore_live_leader: false dest_uuid: "fb6fb5c826944b5095edad52a684c7fa" is_pre_election: true
I20260709 13:13:02.160391  5862 leader_election.cc:304] T cb8ea1bc8b35496392008c44f131e646 P 429ba8e8887147049d8c872f8b15fc77 [CANDIDATE]: Term 1 pre-election: Election decided. Result: candidate won. Election summary: received 3 responses out of 3 voters: 2 yes votes; 1 no votes. yes voters: 429ba8e8887147049d8c872f8b15fc77, 6028aef66e174396b8f7c53fb9c2a5a1; no voters: fb6fb5c826944b5095edad52a684c7fa
W20260709 13:13:02.168327  5791 leader_election.cc:343] T f9461d32508748b98f012e300736eab7 P 6028aef66e174396b8f7c53fb9c2a5a1 [CANDIDATE]: Term 1 pre-election: Tablet error from VoteRequest() call to peer fb6fb5c826944b5095edad52a684c7fa (127.4.135.193:39827): Illegal state: must be running to vote when last-logged opid is not known
I20260709 13:13:02.169226  6057 raft_consensus.cc:2804] T cb8ea1bc8b35496392008c44f131e646 P 429ba8e8887147049d8c872f8b15fc77 [term 0 FOLLOWER]: Leader pre-election won for term 1
I20260709 13:13:02.169755  6057 raft_consensus.cc:493] T cb8ea1bc8b35496392008c44f131e646 P 429ba8e8887147049d8c872f8b15fc77 [term 0 FOLLOWER]: Starting leader election (no leader contacted us within the election timeout)
I20260709 13:13:02.170207  6057 raft_consensus.cc:3060] T cb8ea1bc8b35496392008c44f131e646 P 429ba8e8887147049d8c872f8b15fc77 [term 0 FOLLOWER]: Advancing to term 1
I20260709 13:13:02.176358  5942 tablet_bootstrap.cc:492] T 2bf8c9d81ddc4b42902abe0a260bd355 P 429ba8e8887147049d8c872f8b15fc77: No bootstrap required, opened a new log
I20260709 13:13:02.176848  5942 ts_tablet_manager.cc:1403] T 2bf8c9d81ddc4b42902abe0a260bd355 P 429ba8e8887147049d8c872f8b15fc77: Time spent bootstrapping tablet: real 0.092s	user 0.015s	sys 0.003s
I20260709 13:13:02.179682  5942 raft_consensus.cc:359] T 2bf8c9d81ddc4b42902abe0a260bd355 P 429ba8e8887147049d8c872f8b15fc77 [term 0 FOLLOWER]: Replica starting. Triggering 0 pending ops. Active config: opid_index: -1 OBSOLETE_local: false peers { permanent_uuid: "fb6fb5c826944b5095edad52a684c7fa" member_type: VOTER last_known_addr { host: "127.4.135.193" port: 39827 } } peers { permanent_uuid: "6028aef66e174396b8f7c53fb9c2a5a1" member_type: VOTER last_known_addr { host: "127.4.135.194" port: 45625 } } peers { permanent_uuid: "429ba8e8887147049d8c872f8b15fc77" member_type: VOTER last_known_addr { host: "127.4.135.195" port: 39809 } }
I20260709 13:13:02.180395  5942 raft_consensus.cc:385] T 2bf8c9d81ddc4b42902abe0a260bd355 P 429ba8e8887147049d8c872f8b15fc77 [term 0 FOLLOWER]: Consensus starting up: Expiring failure detector timer to make a prompt election more likely
I20260709 13:13:02.180701  5942 raft_consensus.cc:740] T 2bf8c9d81ddc4b42902abe0a260bd355 P 429ba8e8887147049d8c872f8b15fc77 [term 0 FOLLOWER]: Becoming Follower/Learner. State: Replica: 429ba8e8887147049d8c872f8b15fc77, State: Initialized, Role: FOLLOWER
I20260709 13:13:02.181469  5942 consensus_queue.cc:260] T 2bf8c9d81ddc4b42902abe0a260bd355 P 429ba8e8887147049d8c872f8b15fc77 [NON_LEADER]: Queue going to NON_LEADER mode. State: All replicated index: 0, Majority replicated index: 0, Committed index: 0, Last appended: 0.0, Last appended by leader: 0, Current term: 0, Majority size: -1, State: 0, Mode: NON_LEADER, active raft config: opid_index: -1 OBSOLETE_local: false peers { permanent_uuid: "fb6fb5c826944b5095edad52a684c7fa" member_type: VOTER last_known_addr { host: "127.4.135.193" port: 39827 } } peers { permanent_uuid: "6028aef66e174396b8f7c53fb9c2a5a1" member_type: VOTER last_known_addr { host: "127.4.135.194" port: 45625 } } peers { permanent_uuid: "429ba8e8887147049d8c872f8b15fc77" member_type: VOTER last_known_addr { host: "127.4.135.195" port: 39809 } }
I20260709 13:13:02.192797  6015 raft_consensus.cc:493] T 2bf8c9d81ddc4b42902abe0a260bd355 P 429ba8e8887147049d8c872f8b15fc77 [term 0 FOLLOWER]: Starting pre-election (no leader contacted us within the election timeout)
I20260709 13:13:02.193289  6015 raft_consensus.cc:515] T 2bf8c9d81ddc4b42902abe0a260bd355 P 429ba8e8887147049d8c872f8b15fc77 [term 0 FOLLOWER]: Starting pre-election with config: opid_index: -1 OBSOLETE_local: false peers { permanent_uuid: "fb6fb5c826944b5095edad52a684c7fa" member_type: VOTER last_known_addr { host: "127.4.135.193" port: 39827 } } peers { permanent_uuid: "6028aef66e174396b8f7c53fb9c2a5a1" member_type: VOTER last_known_addr { host: "127.4.135.194" port: 45625 } } peers { permanent_uuid: "429ba8e8887147049d8c872f8b15fc77" member_type: VOTER last_known_addr { host: "127.4.135.195" port: 39809 } }
I20260709 13:13:02.195396  6015 leader_election.cc:290] T 2bf8c9d81ddc4b42902abe0a260bd355 P 429ba8e8887147049d8c872f8b15fc77 [CANDIDATE]: Term 1 pre-election: Requested pre-vote from peers fb6fb5c826944b5095edad52a684c7fa (127.4.135.193:39827), 6028aef66e174396b8f7c53fb9c2a5a1 (127.4.135.194:45625)
I20260709 13:13:02.196116  5941 tablet_bootstrap.cc:654] T 11b27c469b7a451b83b1a2f27c71d1c5 P 6028aef66e174396b8f7c53fb9c2a5a1: Neither blocks nor log segments found. Creating new log.
I20260709 13:13:02.197172  5749 tablet_service.cc:1917] Received RequestConsensusVote() RPC: tablet_id: "2bf8c9d81ddc4b42902abe0a260bd355" candidate_uuid: "429ba8e8887147049d8c872f8b15fc77" candidate_term: 1 candidate_status { last_received { term: 0 index: 0 } } ignore_live_leader: false dest_uuid: "fb6fb5c826944b5095edad52a684c7fa" is_pre_election: true
I20260709 13:13:02.197664  5822 tablet_service.cc:1917] Received RequestConsensusVote() RPC: tablet_id: "2bf8c9d81ddc4b42902abe0a260bd355" candidate_uuid: "429ba8e8887147049d8c872f8b15fc77" candidate_term: 1 candidate_status { last_received { term: 0 index: 0 } } ignore_live_leader: false dest_uuid: "6028aef66e174396b8f7c53fb9c2a5a1" is_pre_election: true
I20260709 13:13:02.199447  5822 raft_consensus.cc:2468] T 2bf8c9d81ddc4b42902abe0a260bd355 P 6028aef66e174396b8f7c53fb9c2a5a1 [term 0 FOLLOWER]: Leader pre-election vote request: Granting yes vote for candidate 429ba8e8887147049d8c872f8b15fc77 in term 0.
I20260709 13:13:02.200649  6057 raft_consensus.cc:515] T cb8ea1bc8b35496392008c44f131e646 P 429ba8e8887147049d8c872f8b15fc77 [term 1 FOLLOWER]: Starting leader election with config: opid_index: -1 OBSOLETE_local: false peers { permanent_uuid: "fb6fb5c826944b5095edad52a684c7fa" member_type: VOTER last_known_addr { host: "127.4.135.193" port: 39827 } } peers { permanent_uuid: "6028aef66e174396b8f7c53fb9c2a5a1" member_type: VOTER last_known_addr { host: "127.4.135.194" port: 45625 } } peers { permanent_uuid: "429ba8e8887147049d8c872f8b15fc77" member_type: VOTER last_known_addr { host: "127.4.135.195" port: 39809 } }
W20260709 13:13:02.168644  5789 leader_election.cc:343] T 7b8a2029b4db40f58f9840d709083d5a P 6028aef66e174396b8f7c53fb9c2a5a1 [CANDIDATE]: Term 1 election: Tablet error from VoteRequest() call to peer 429ba8e8887147049d8c872f8b15fc77 (127.4.135.195:39809): Illegal state: must be running to vote when last-logged opid is not known
I20260709 13:13:02.200654  5862 leader_election.cc:304] T 2bf8c9d81ddc4b42902abe0a260bd355 P 429ba8e8887147049d8c872f8b15fc77 [CANDIDATE]: Term 1 pre-election: Election decided. Result: candidate won. Election summary: received 2 responses out of 3 voters: 2 yes votes; 0 no votes. yes voters: 429ba8e8887147049d8c872f8b15fc77, 6028aef66e174396b8f7c53fb9c2a5a1; no voters: 
I20260709 13:13:02.197082  5942 ts_tablet_manager.cc:1434] T 2bf8c9d81ddc4b42902abe0a260bd355 P 429ba8e8887147049d8c872f8b15fc77: Time spent starting tablet: real 0.020s	user 0.005s	sys 0.001s
I20260709 13:13:02.202359  6015 raft_consensus.cc:2804] T 2bf8c9d81ddc4b42902abe0a260bd355 P 429ba8e8887147049d8c872f8b15fc77 [term 0 FOLLOWER]: Leader pre-election won for term 1
I20260709 13:13:02.202798  6015 raft_consensus.cc:493] T 2bf8c9d81ddc4b42902abe0a260bd355 P 429ba8e8887147049d8c872f8b15fc77 [term 0 FOLLOWER]: Starting leader election (no leader contacted us within the election timeout)
I20260709 13:13:02.202574  6149 raft_consensus.cc:515] T fd2fd1156f02455cadc747f0a512a98f P 429ba8e8887147049d8c872f8b15fc77 [term 1 FOLLOWER]: Starting leader election with config: opid_index: -1 OBSOLETE_local: false peers { permanent_uuid: "fb6fb5c826944b5095edad52a684c7fa" member_type: VOTER last_known_addr { host: "127.4.135.193" port: 39827 } } peers { permanent_uuid: "6028aef66e174396b8f7c53fb9c2a5a1" member_type: VOTER last_known_addr { host: "127.4.135.194" port: 45625 } } peers { permanent_uuid: "429ba8e8887147049d8c872f8b15fc77" member_type: VOTER last_known_addr { host: "127.4.135.195" port: 39809 } }
I20260709 13:13:02.203178  6015 raft_consensus.cc:3060] T 2bf8c9d81ddc4b42902abe0a260bd355 P 429ba8e8887147049d8c872f8b15fc77 [term 0 FOLLOWER]: Advancing to term 1
I20260709 13:13:02.203457  5942 tablet_bootstrap.cc:492] T f9461d32508748b98f012e300736eab7 P 429ba8e8887147049d8c872f8b15fc77: Bootstrap starting.
I20260709 13:13:02.205581  5822 tablet_service.cc:1917] Received RequestConsensusVote() RPC: tablet_id: "fd2fd1156f02455cadc747f0a512a98f" candidate_uuid: "429ba8e8887147049d8c872f8b15fc77" candidate_term: 1 candidate_status { last_received { term: 0 index: 0 } } ignore_live_leader: false dest_uuid: "6028aef66e174396b8f7c53fb9c2a5a1"
I20260709 13:13:02.206154  5822 raft_consensus.cc:3060] T fd2fd1156f02455cadc747f0a512a98f P 6028aef66e174396b8f7c53fb9c2a5a1 [term 0 FOLLOWER]: Advancing to term 1
I20260709 13:13:02.206887  5892 tablet_service.cc:1917] Received RequestConsensusVote() RPC: tablet_id: "f9461d32508748b98f012e300736eab7" candidate_uuid: "6028aef66e174396b8f7c53fb9c2a5a1" candidate_term: 1 candidate_status { last_received { term: 0 index: 0 } } ignore_live_leader: false dest_uuid: "429ba8e8887147049d8c872f8b15fc77" is_pre_election: true
W20260709 13:13:02.202353  5865 leader_election.cc:343] T 2bf8c9d81ddc4b42902abe0a260bd355 P 429ba8e8887147049d8c872f8b15fc77 [CANDIDATE]: Term 1 pre-election: Tablet error from VoteRequest() call to peer fb6fb5c826944b5095edad52a684c7fa (127.4.135.193:39827): Illegal state: must be running to vote when last-logged opid is not known
I20260709 13:13:02.207913  5896 raft_consensus.cc:1275] T 662c63b48b7b42f2af8b95d3ffc7b422 P 429ba8e8887147049d8c872f8b15fc77 [term 3 FOLLOWER]: Refusing update from remote peer 6028aef66e174396b8f7c53fb9c2a5a1: Log matching property violated. Preceding OpId in replica: term: 1 index: 1. Preceding OpId from leader: term: 3 index: 2. (index mismatch)
I20260709 13:13:02.211488  5750 tablet_service.cc:1917] Received RequestConsensusVote() RPC: tablet_id: "fd2fd1156f02455cadc747f0a512a98f" candidate_uuid: "429ba8e8887147049d8c872f8b15fc77" candidate_term: 1 candidate_status { last_received { term: 0 index: 0 } } ignore_live_leader: false dest_uuid: "fb6fb5c826944b5095edad52a684c7fa"
I20260709 13:13:02.212133  5750 raft_consensus.cc:3060] T fd2fd1156f02455cadc747f0a512a98f P fb6fb5c826944b5095edad52a684c7fa [term 0 FOLLOWER]: Advancing to term 1
I20260709 13:13:02.203184  5939 tablet_bootstrap.cc:492] T 5a6ff4f88e1343d3a6abe3558c451461 P fb6fb5c826944b5095edad52a684c7fa: No bootstrap required, opened a new log
I20260709 13:13:02.212802  5939 ts_tablet_manager.cc:1403] T 5a6ff4f88e1343d3a6abe3558c451461 P fb6fb5c826944b5095edad52a684c7fa: Time spent bootstrapping tablet: real 0.177s	user 0.020s	sys 0.013s
I20260709 13:13:02.215368  5939 raft_consensus.cc:359] T 5a6ff4f88e1343d3a6abe3558c451461 P fb6fb5c826944b5095edad52a684c7fa [term 0 FOLLOWER]: Replica starting. Triggering 0 pending ops. Active config: opid_index: -1 OBSOLETE_local: false peers { permanent_uuid: "fb6fb5c826944b5095edad52a684c7fa" member_type: VOTER last_known_addr { host: "127.4.135.193" port: 39827 } } peers { permanent_uuid: "6028aef66e174396b8f7c53fb9c2a5a1" member_type: VOTER last_known_addr { host: "127.4.135.194" port: 45625 } } peers { permanent_uuid: "429ba8e8887147049d8c872f8b15fc77" member_type: VOTER last_known_addr { host: "127.4.135.195" port: 39809 } }
I20260709 13:13:02.215950  5939 raft_consensus.cc:385] T 5a6ff4f88e1343d3a6abe3558c451461 P fb6fb5c826944b5095edad52a684c7fa [term 0 FOLLOWER]: Consensus starting up: Expiring failure detector timer to make a prompt election more likely
I20260709 13:13:02.216188  5939 raft_consensus.cc:740] T 5a6ff4f88e1343d3a6abe3558c451461 P fb6fb5c826944b5095edad52a684c7fa [term 0 FOLLOWER]: Becoming Follower/Learner. State: Replica: fb6fb5c826944b5095edad52a684c7fa, State: Initialized, Role: FOLLOWER
I20260709 13:13:02.216698  6015 raft_consensus.cc:515] T 2bf8c9d81ddc4b42902abe0a260bd355 P 429ba8e8887147049d8c872f8b15fc77 [term 1 FOLLOWER]: Starting leader election with config: opid_index: -1 OBSOLETE_local: false peers { permanent_uuid: "fb6fb5c826944b5095edad52a684c7fa" member_type: VOTER last_known_addr { host: "127.4.135.193" port: 39827 } } peers { permanent_uuid: "6028aef66e174396b8f7c53fb9c2a5a1" member_type: VOTER last_known_addr { host: "127.4.135.194" port: 45625 } } peers { permanent_uuid: "429ba8e8887147049d8c872f8b15fc77" member_type: VOTER last_known_addr { host: "127.4.135.195" port: 39809 } }
I20260709 13:13:02.217535  5939 consensus_queue.cc:260] T 5a6ff4f88e1343d3a6abe3558c451461 P fb6fb5c826944b5095edad52a684c7fa [NON_LEADER]: Queue going to NON_LEADER mode. State: All replicated index: 0, Majority replicated index: 0, Committed index: 0, Last appended: 0.0, Last appended by leader: 0, Current term: 0, Majority size: -1, State: 0, Mode: NON_LEADER, active raft config: opid_index: -1 OBSOLETE_local: false peers { permanent_uuid: "fb6fb5c826944b5095edad52a684c7fa" member_type: VOTER last_known_addr { host: "127.4.135.193" port: 39827 } } peers { permanent_uuid: "6028aef66e174396b8f7c53fb9c2a5a1" member_type: VOTER last_known_addr { host: "127.4.135.194" port: 45625 } } peers { permanent_uuid: "429ba8e8887147049d8c872f8b15fc77" member_type: VOTER last_known_addr { host: "127.4.135.195" port: 39809 } }
I20260709 13:13:02.219983  5939 ts_tablet_manager.cc:1434] T 5a6ff4f88e1343d3a6abe3558c451461 P fb6fb5c826944b5095edad52a684c7fa: Time spent starting tablet: real 0.007s	user 0.004s	sys 0.000s
I20260709 13:13:02.226804  5941 tablet_bootstrap.cc:492] T 11b27c469b7a451b83b1a2f27c71d1c5 P 6028aef66e174396b8f7c53fb9c2a5a1: No bootstrap required, opened a new log
I20260709 13:13:02.227303  5941 ts_tablet_manager.cc:1403] T 11b27c469b7a451b83b1a2f27c71d1c5 P 6028aef66e174396b8f7c53fb9c2a5a1: Time spent bootstrapping tablet: real 0.087s	user 0.007s	sys 0.003s
W20260709 13:13:02.232307  5789 leader_election.cc:343] T f9461d32508748b98f012e300736eab7 P 6028aef66e174396b8f7c53fb9c2a5a1 [CANDIDATE]: Term 1 pre-election: Tablet error from VoteRequest() call to peer 429ba8e8887147049d8c872f8b15fc77 (127.4.135.195:39809): Illegal state: must be running to vote when last-logged opid is not known
I20260709 13:13:02.232909  5789 leader_election.cc:304] T f9461d32508748b98f012e300736eab7 P 6028aef66e174396b8f7c53fb9c2a5a1 [CANDIDATE]: Term 1 pre-election: Election decided. Result: candidate lost. Election summary: received 3 responses out of 3 voters: 1 yes votes; 2 no votes. yes voters: 6028aef66e174396b8f7c53fb9c2a5a1; no voters: 429ba8e8887147049d8c872f8b15fc77, fb6fb5c826944b5095edad52a684c7fa
I20260709 13:13:02.234280  6149 leader_election.cc:290] T fd2fd1156f02455cadc747f0a512a98f P 429ba8e8887147049d8c872f8b15fc77 [CANDIDATE]: Term 1 election: Requested vote from peers fb6fb5c826944b5095edad52a684c7fa (127.4.135.193:39827), 6028aef66e174396b8f7c53fb9c2a5a1 (127.4.135.194:45625)
I20260709 13:13:02.233912  6128 raft_consensus.cc:2749] T f9461d32508748b98f012e300736eab7 P 6028aef66e174396b8f7c53fb9c2a5a1 [term 0 FOLLOWER]: Leader pre-election lost for term 1. Reason: could not achieve majority
I20260709 13:13:02.237480  6057 leader_election.cc:290] T cb8ea1bc8b35496392008c44f131e646 P 429ba8e8887147049d8c872f8b15fc77 [CANDIDATE]: Term 1 election: Requested vote from peers fb6fb5c826944b5095edad52a684c7fa (127.4.135.193:39827), 6028aef66e174396b8f7c53fb9c2a5a1 (127.4.135.194:45625)
I20260709 13:13:02.238142  5749 tablet_service.cc:1917] Received RequestConsensusVote() RPC: tablet_id: "cb8ea1bc8b35496392008c44f131e646" candidate_uuid: "429ba8e8887147049d8c872f8b15fc77" candidate_term: 1 candidate_status { last_received { term: 0 index: 0 } } ignore_live_leader: false dest_uuid: "fb6fb5c826944b5095edad52a684c7fa"
I20260709 13:13:02.243019  5822 raft_consensus.cc:2468] T fd2fd1156f02455cadc747f0a512a98f P 6028aef66e174396b8f7c53fb9c2a5a1 [term 1 FOLLOWER]: Leader election vote request: Granting yes vote for candidate 429ba8e8887147049d8c872f8b15fc77 in term 1.
I20260709 13:13:02.267383  5749 tablet_service.cc:1917] Received RequestConsensusVote() RPC: tablet_id: "2bf8c9d81ddc4b42902abe0a260bd355" candidate_uuid: "429ba8e8887147049d8c872f8b15fc77" candidate_term: 1 candidate_status { last_received { term: 0 index: 0 } } ignore_live_leader: false dest_uuid: "fb6fb5c826944b5095edad52a684c7fa"
W20260709 13:13:02.267709  5865 leader_election.cc:343] T cb8ea1bc8b35496392008c44f131e646 P 429ba8e8887147049d8c872f8b15fc77 [CANDIDATE]: Term 1 election: Tablet error from VoteRequest() call to peer fb6fb5c826944b5095edad52a684c7fa (127.4.135.193:39827): Illegal state: must be running to vote when last-logged opid is not known
I20260709 13:13:02.268332  6128 consensus_queue.cc:1048] T 662c63b48b7b42f2af8b95d3ffc7b422 P 6028aef66e174396b8f7c53fb9c2a5a1 [LEADER]: Connected to new peer: Peer: permanent_uuid: "429ba8e8887147049d8c872f8b15fc77" member_type: VOTER last_known_addr { host: "127.4.135.195" port: 39809 }, Status: LMP_MISMATCH, Last received: 0.0, Next index: 2, Last known committed idx: 0, Time since last communication: 0.001s
W20260709 13:13:02.268858  5865 leader_election.cc:343] T 2bf8c9d81ddc4b42902abe0a260bd355 P 429ba8e8887147049d8c872f8b15fc77 [CANDIDATE]: Term 1 election: Tablet error from VoteRequest() call to peer fb6fb5c826944b5095edad52a684c7fa (127.4.135.193:39827): Illegal state: must be running to vote when last-logged opid is not known
I20260709 13:13:02.238526  5821 tablet_service.cc:1917] Received RequestConsensusVote() RPC: tablet_id: "cb8ea1bc8b35496392008c44f131e646" candidate_uuid: "429ba8e8887147049d8c872f8b15fc77" candidate_term: 1 candidate_status { last_received { term: 0 index: 0 } } ignore_live_leader: false dest_uuid: "6028aef66e174396b8f7c53fb9c2a5a1"
I20260709 13:13:02.271100  5821 raft_consensus.cc:3060] T cb8ea1bc8b35496392008c44f131e646 P 6028aef66e174396b8f7c53fb9c2a5a1 [term 0 FOLLOWER]: Advancing to term 1
I20260709 13:13:02.275594  6015 leader_election.cc:290] T 2bf8c9d81ddc4b42902abe0a260bd355 P 429ba8e8887147049d8c872f8b15fc77 [CANDIDATE]: Term 1 election: Requested vote from peers fb6fb5c826944b5095edad52a684c7fa (127.4.135.193:39827), 6028aef66e174396b8f7c53fb9c2a5a1 (127.4.135.194:45625)
I20260709 13:13:02.277470  5862 leader_election.cc:304] T fd2fd1156f02455cadc747f0a512a98f P 429ba8e8887147049d8c872f8b15fc77 [CANDIDATE]: Term 1 election: Election decided. Result: candidate won. Election summary: received 2 responses out of 3 voters: 2 yes votes; 0 no votes. yes voters: 429ba8e8887147049d8c872f8b15fc77, 6028aef66e174396b8f7c53fb9c2a5a1; no voters: 
I20260709 13:13:02.278191  6094 consensus_queue.cc:1048] T 954521780ae24d64be0ff8d4b3e92a89 P fb6fb5c826944b5095edad52a684c7fa [LEADER]: Connected to new peer: Peer: permanent_uuid: "429ba8e8887147049d8c872f8b15fc77" member_type: VOTER last_known_addr { host: "127.4.135.195" port: 39809 }, Status: LMP_MISMATCH, Last received: 0.0, Next index: 1, Last known committed idx: 0, Time since last communication: 0.000s
I20260709 13:13:02.282781  6057 raft_consensus.cc:2804] T fd2fd1156f02455cadc747f0a512a98f P 429ba8e8887147049d8c872f8b15fc77 [term 1 FOLLOWER]: Leader election won for term 1
I20260709 13:13:02.283356  5823 tablet_service.cc:1917] Received RequestConsensusVote() RPC: tablet_id: "2bf8c9d81ddc4b42902abe0a260bd355" candidate_uuid: "429ba8e8887147049d8c872f8b15fc77" candidate_term: 1 candidate_status { last_received { term: 0 index: 0 } } ignore_live_leader: false dest_uuid: "6028aef66e174396b8f7c53fb9c2a5a1"
I20260709 13:13:02.284016  5823 raft_consensus.cc:3060] T 2bf8c9d81ddc4b42902abe0a260bd355 P 6028aef66e174396b8f7c53fb9c2a5a1 [term 0 FOLLOWER]: Advancing to term 1
I20260709 13:13:02.284488  6057 raft_consensus.cc:697] T fd2fd1156f02455cadc747f0a512a98f P 429ba8e8887147049d8c872f8b15fc77 [term 1 LEADER]: Becoming Leader. State: Replica: 429ba8e8887147049d8c872f8b15fc77, State: Running, Role: LEADER
I20260709 13:13:02.285391  6057 consensus_queue.cc:237] T fd2fd1156f02455cadc747f0a512a98f P 429ba8e8887147049d8c872f8b15fc77 [LEADER]: Queue going to LEADER mode. State: All replicated index: 0, Majority replicated index: 0, Committed index: 0, Last appended: 0.0, Last appended by leader: 0, Current term: 1, Majority size: 2, State: 0, Mode: LEADER, active raft config: opid_index: -1 OBSOLETE_local: false peers { permanent_uuid: "fb6fb5c826944b5095edad52a684c7fa" member_type: VOTER last_known_addr { host: "127.4.135.193" port: 39827 } } peers { permanent_uuid: "6028aef66e174396b8f7c53fb9c2a5a1" member_type: VOTER last_known_addr { host: "127.4.135.194" port: 45625 } } peers { permanent_uuid: "429ba8e8887147049d8c872f8b15fc77" member_type: VOTER last_known_addr { host: "127.4.135.195" port: 39809 } }
I20260709 13:13:02.288254  5749 raft_consensus.cc:1275] T 662c63b48b7b42f2af8b95d3ffc7b422 P fb6fb5c826944b5095edad52a684c7fa [term 3 FOLLOWER]: Refusing update from remote peer 6028aef66e174396b8f7c53fb9c2a5a1: Log matching property violated. Preceding OpId in replica: term: 1 index: 1. Preceding OpId from leader: term: 3 index: 2. (index mismatch)
I20260709 13:13:02.289726  6135 consensus_queue.cc:1048] T 662c63b48b7b42f2af8b95d3ffc7b422 P 6028aef66e174396b8f7c53fb9c2a5a1 [LEADER]: Connected to new peer: Peer: permanent_uuid: "fb6fb5c826944b5095edad52a684c7fa" member_type: VOTER last_known_addr { host: "127.4.135.193" port: 39827 }, Status: LMP_MISMATCH, Last received: 0.0, Next index: 2, Last known committed idx: 1, Time since last communication: 0.000s
I20260709 13:13:02.289983  6094 consensus_queue.cc:1048] T 954521780ae24d64be0ff8d4b3e92a89 P fb6fb5c826944b5095edad52a684c7fa [LEADER]: Connected to new peer: Peer: permanent_uuid: "6028aef66e174396b8f7c53fb9c2a5a1" member_type: VOTER last_known_addr { host: "127.4.135.194" port: 45625 }, Status: LMP_MISMATCH, Last received: 0.0, Next index: 1, Last known committed idx: 0, Time since last communication: 0.000s
I20260709 13:13:02.294862  5821 raft_consensus.cc:2468] T cb8ea1bc8b35496392008c44f131e646 P 6028aef66e174396b8f7c53fb9c2a5a1 [term 1 FOLLOWER]: Leader election vote request: Granting yes vote for candidate 429ba8e8887147049d8c872f8b15fc77 in term 1.
I20260709 13:13:02.249007  5750 raft_consensus.cc:2468] T fd2fd1156f02455cadc747f0a512a98f P fb6fb5c826944b5095edad52a684c7fa [term 1 FOLLOWER]: Leader election vote request: Granting yes vote for candidate 429ba8e8887147049d8c872f8b15fc77 in term 1.
I20260709 13:13:02.296911  5862 leader_election.cc:304] T cb8ea1bc8b35496392008c44f131e646 P 429ba8e8887147049d8c872f8b15fc77 [CANDIDATE]: Term 1 election: Election decided. Result: candidate won. Election summary: received 3 responses out of 3 voters: 2 yes votes; 1 no votes. yes voters: 429ba8e8887147049d8c872f8b15fc77, 6028aef66e174396b8f7c53fb9c2a5a1; no voters: fb6fb5c826944b5095edad52a684c7fa
I20260709 13:13:02.298015  5823 raft_consensus.cc:2468] T 2bf8c9d81ddc4b42902abe0a260bd355 P 6028aef66e174396b8f7c53fb9c2a5a1 [term 1 FOLLOWER]: Leader election vote request: Granting yes vote for candidate 429ba8e8887147049d8c872f8b15fc77 in term 1.
I20260709 13:13:02.305889  6015 raft_consensus.cc:2804] T cb8ea1bc8b35496392008c44f131e646 P 429ba8e8887147049d8c872f8b15fc77 [term 1 FOLLOWER]: Leader election won for term 1
I20260709 13:13:02.306375  6015 raft_consensus.cc:697] T cb8ea1bc8b35496392008c44f131e646 P 429ba8e8887147049d8c872f8b15fc77 [term 1 LEADER]: Becoming Leader. State: Replica: 429ba8e8887147049d8c872f8b15fc77, State: Running, Role: LEADER
I20260709 13:13:02.307178  6015 consensus_queue.cc:237] T cb8ea1bc8b35496392008c44f131e646 P 429ba8e8887147049d8c872f8b15fc77 [LEADER]: Queue going to LEADER mode. State: All replicated index: 0, Majority replicated index: 0, Committed index: 0, Last appended: 0.0, Last appended by leader: 0, Current term: 1, Majority size: 2, State: 0, Mode: LEADER, active raft config: opid_index: -1 OBSOLETE_local: false peers { permanent_uuid: "fb6fb5c826944b5095edad52a684c7fa" member_type: VOTER last_known_addr { host: "127.4.135.193" port: 39827 } } peers { permanent_uuid: "6028aef66e174396b8f7c53fb9c2a5a1" member_type: VOTER last_known_addr { host: "127.4.135.194" port: 45625 } } peers { permanent_uuid: "429ba8e8887147049d8c872f8b15fc77" member_type: VOTER last_known_addr { host: "127.4.135.195" port: 39809 } }
I20260709 13:13:02.295073  5939 tablet_bootstrap.cc:492] T cb8ea1bc8b35496392008c44f131e646 P fb6fb5c826944b5095edad52a684c7fa: Bootstrap starting.
I20260709 13:13:02.345654  5941 raft_consensus.cc:359] T 11b27c469b7a451b83b1a2f27c71d1c5 P 6028aef66e174396b8f7c53fb9c2a5a1 [term 0 FOLLOWER]: Replica starting. Triggering 0 pending ops. Active config: opid_index: -1 OBSOLETE_local: false peers { permanent_uuid: "fb6fb5c826944b5095edad52a684c7fa" member_type: VOTER last_known_addr { host: "127.4.135.193" port: 39827 } } peers { permanent_uuid: "6028aef66e174396b8f7c53fb9c2a5a1" member_type: VOTER last_known_addr { host: "127.4.135.194" port: 45625 } } peers { permanent_uuid: "429ba8e8887147049d8c872f8b15fc77" member_type: VOTER last_known_addr { host: "127.4.135.195" port: 39809 } }
I20260709 13:13:02.346457  5941 raft_consensus.cc:385] T 11b27c469b7a451b83b1a2f27c71d1c5 P 6028aef66e174396b8f7c53fb9c2a5a1 [term 0 FOLLOWER]: Consensus starting up: Expiring failure detector timer to make a prompt election more likely
I20260709 13:13:02.350711  5941 raft_consensus.cc:740] T 11b27c469b7a451b83b1a2f27c71d1c5 P 6028aef66e174396b8f7c53fb9c2a5a1 [term 0 FOLLOWER]: Becoming Follower/Learner. State: Replica: 6028aef66e174396b8f7c53fb9c2a5a1, State: Initialized, Role: FOLLOWER
I20260709 13:13:02.353914  5941 consensus_queue.cc:260] T 11b27c469b7a451b83b1a2f27c71d1c5 P 6028aef66e174396b8f7c53fb9c2a5a1 [NON_LEADER]: Queue going to NON_LEADER mode. State: All replicated index: 0, Majority replicated index: 0, Committed index: 0, Last appended: 0.0, Last appended by leader: 0, Current term: 0, Majority size: -1, State: 0, Mode: NON_LEADER, active raft config: opid_index: -1 OBSOLETE_local: false peers { permanent_uuid: "fb6fb5c826944b5095edad52a684c7fa" member_type: VOTER last_known_addr { host: "127.4.135.193" port: 39827 } } peers { permanent_uuid: "6028aef66e174396b8f7c53fb9c2a5a1" member_type: VOTER last_known_addr { host: "127.4.135.194" port: 45625 } } peers { permanent_uuid: "429ba8e8887147049d8c872f8b15fc77" member_type: VOTER last_known_addr { host: "127.4.135.195" port: 39809 } }
I20260709 13:13:02.355546  5941 ts_tablet_manager.cc:1434] T 11b27c469b7a451b83b1a2f27c71d1c5 P 6028aef66e174396b8f7c53fb9c2a5a1: Time spent starting tablet: real 0.128s	user 0.010s	sys 0.005s
I20260709 13:13:02.351011  5645 catalog_manager.cc:5697] T fd2fd1156f02455cadc747f0a512a98f P 429ba8e8887147049d8c872f8b15fc77 reported cstate change: term changed from 0 to 1, leader changed from <none> to 429ba8e8887147049d8c872f8b15fc77 (127.4.135.195). New cstate: current_term: 1 leader_uuid: "429ba8e8887147049d8c872f8b15fc77" committed_config { opid_index: -1 OBSOLETE_local: false peers { permanent_uuid: "fb6fb5c826944b5095edad52a684c7fa" member_type: VOTER last_known_addr { host: "127.4.135.193" port: 39827 } health_report { overall_health: UNKNOWN } } peers { permanent_uuid: "6028aef66e174396b8f7c53fb9c2a5a1" member_type: VOTER last_known_addr { host: "127.4.135.194" port: 45625 } health_report { overall_health: UNKNOWN } } peers { permanent_uuid: "429ba8e8887147049d8c872f8b15fc77" member_type: VOTER last_known_addr { host: "127.4.135.195" port: 39809 } health_report { overall_health: HEALTHY } } }
I20260709 13:13:02.366765  5862 leader_election.cc:304] T 2bf8c9d81ddc4b42902abe0a260bd355 P 429ba8e8887147049d8c872f8b15fc77 [CANDIDATE]: Term 1 election: Election decided. Result: candidate won. Election summary: received 3 responses out of 3 voters: 2 yes votes; 1 no votes. yes voters: 429ba8e8887147049d8c872f8b15fc77, 6028aef66e174396b8f7c53fb9c2a5a1; no voters: fb6fb5c826944b5095edad52a684c7fa
I20260709 13:13:02.367519  6057 raft_consensus.cc:2804] T 2bf8c9d81ddc4b42902abe0a260bd355 P 429ba8e8887147049d8c872f8b15fc77 [term 1 FOLLOWER]: Leader election won for term 1
I20260709 13:13:02.367611  6020 raft_consensus.cc:493] T 11b27c469b7a451b83b1a2f27c71d1c5 P 6028aef66e174396b8f7c53fb9c2a5a1 [term 0 FOLLOWER]: Starting pre-election (no leader contacted us within the election timeout)
I20260709 13:13:02.368212  6057 raft_consensus.cc:697] T 2bf8c9d81ddc4b42902abe0a260bd355 P 429ba8e8887147049d8c872f8b15fc77 [term 1 LEADER]: Becoming Leader. State: Replica: 429ba8e8887147049d8c872f8b15fc77, State: Running, Role: LEADER
I20260709 13:13:02.368388  6020 raft_consensus.cc:515] T 11b27c469b7a451b83b1a2f27c71d1c5 P 6028aef66e174396b8f7c53fb9c2a5a1 [term 0 FOLLOWER]: Starting pre-election with config: opid_index: -1 OBSOLETE_local: false peers { permanent_uuid: "fb6fb5c826944b5095edad52a684c7fa" member_type: VOTER last_known_addr { host: "127.4.135.193" port: 39827 } } peers { permanent_uuid: "6028aef66e174396b8f7c53fb9c2a5a1" member_type: VOTER last_known_addr { host: "127.4.135.194" port: 45625 } } peers { permanent_uuid: "429ba8e8887147049d8c872f8b15fc77" member_type: VOTER last_known_addr { host: "127.4.135.195" port: 39809 } }
I20260709 13:13:02.369288  6057 consensus_queue.cc:237] T 2bf8c9d81ddc4b42902abe0a260bd355 P 429ba8e8887147049d8c872f8b15fc77 [LEADER]: Queue going to LEADER mode. State: All replicated index: 0, Majority replicated index: 0, Committed index: 0, Last appended: 0.0, Last appended by leader: 0, Current term: 1, Majority size: 2, State: 0, Mode: LEADER, active raft config: opid_index: -1 OBSOLETE_local: false peers { permanent_uuid: "fb6fb5c826944b5095edad52a684c7fa" member_type: VOTER last_known_addr { host: "127.4.135.193" port: 39827 } } peers { permanent_uuid: "6028aef66e174396b8f7c53fb9c2a5a1" member_type: VOTER last_known_addr { host: "127.4.135.194" port: 45625 } } peers { permanent_uuid: "429ba8e8887147049d8c872f8b15fc77" member_type: VOTER last_known_addr { host: "127.4.135.195" port: 39809 } }
I20260709 13:13:02.370653  6020 leader_election.cc:290] T 11b27c469b7a451b83b1a2f27c71d1c5 P 6028aef66e174396b8f7c53fb9c2a5a1 [CANDIDATE]: Term 1 pre-election: Requested pre-vote from peers fb6fb5c826944b5095edad52a684c7fa (127.4.135.193:39827), 429ba8e8887147049d8c872f8b15fc77 (127.4.135.195:39809)
I20260709 13:13:02.375012  5749 tablet_service.cc:1917] Received RequestConsensusVote() RPC: tablet_id: "11b27c469b7a451b83b1a2f27c71d1c5" candidate_uuid: "6028aef66e174396b8f7c53fb9c2a5a1" candidate_term: 1 candidate_status { last_received { term: 0 index: 0 } } ignore_live_leader: false dest_uuid: "fb6fb5c826944b5095edad52a684c7fa" is_pre_election: true
W20260709 13:13:02.376400  5791 leader_election.cc:343] T 11b27c469b7a451b83b1a2f27c71d1c5 P 6028aef66e174396b8f7c53fb9c2a5a1 [CANDIDATE]: Term 1 pre-election: Tablet error from VoteRequest() call to peer fb6fb5c826944b5095edad52a684c7fa (127.4.135.193:39827): Illegal state: must be running to vote when last-logged opid is not known
I20260709 13:13:02.408717  5941 tablet_bootstrap.cc:492] T 5a6ff4f88e1343d3a6abe3558c451461 P 6028aef66e174396b8f7c53fb9c2a5a1: Bootstrap starting.
I20260709 13:13:02.412071  5942 tablet_bootstrap.cc:654] T f9461d32508748b98f012e300736eab7 P 429ba8e8887147049d8c872f8b15fc77: Neither blocks nor log segments found. Creating new log.
I20260709 13:13:02.414872  5899 tablet_service.cc:1917] Received RequestConsensusVote() RPC: tablet_id: "11b27c469b7a451b83b1a2f27c71d1c5" candidate_uuid: "6028aef66e174396b8f7c53fb9c2a5a1" candidate_term: 1 candidate_status { last_received { term: 0 index: 0 } } ignore_live_leader: false dest_uuid: "429ba8e8887147049d8c872f8b15fc77" is_pre_election: true
W20260709 13:13:02.416471  5789 leader_election.cc:343] T 11b27c469b7a451b83b1a2f27c71d1c5 P 6028aef66e174396b8f7c53fb9c2a5a1 [CANDIDATE]: Term 1 pre-election: Tablet error from VoteRequest() call to peer 429ba8e8887147049d8c872f8b15fc77 (127.4.135.195:39809): Illegal state: must be running to vote when last-logged opid is not known
I20260709 13:13:02.417689  5789 leader_election.cc:304] T 11b27c469b7a451b83b1a2f27c71d1c5 P 6028aef66e174396b8f7c53fb9c2a5a1 [CANDIDATE]: Term 1 pre-election: Election decided. Result: candidate lost. Election summary: received 3 responses out of 3 voters: 1 yes votes; 2 no votes. yes voters: 6028aef66e174396b8f7c53fb9c2a5a1; no voters: 429ba8e8887147049d8c872f8b15fc77, fb6fb5c826944b5095edad52a684c7fa
I20260709 13:13:02.419695  6135 raft_consensus.cc:2749] T 11b27c469b7a451b83b1a2f27c71d1c5 P 6028aef66e174396b8f7c53fb9c2a5a1 [term 0 FOLLOWER]: Leader pre-election lost for term 1. Reason: could not achieve majority
I20260709 13:13:02.430981  5939 tablet_bootstrap.cc:654] T cb8ea1bc8b35496392008c44f131e646 P fb6fb5c826944b5095edad52a684c7fa: Neither blocks nor log segments found. Creating new log.
I20260709 13:13:02.432042  5941 tablet_bootstrap.cc:654] T 5a6ff4f88e1343d3a6abe3558c451461 P 6028aef66e174396b8f7c53fb9c2a5a1: Neither blocks nor log segments found. Creating new log.
I20260709 13:13:02.441303  5645 catalog_manager.cc:5697] T 7b8a2029b4db40f58f9840d709083d5a P 6028aef66e174396b8f7c53fb9c2a5a1 reported cstate change: term changed from 0 to 1, leader changed from <none> to 6028aef66e174396b8f7c53fb9c2a5a1 (127.4.135.194). New cstate: current_term: 1 leader_uuid: "6028aef66e174396b8f7c53fb9c2a5a1" committed_config { opid_index: -1 OBSOLETE_local: false peers { permanent_uuid: "fb6fb5c826944b5095edad52a684c7fa" member_type: VOTER last_known_addr { host: "127.4.135.193" port: 39827 } health_report { overall_health: UNKNOWN } } peers { permanent_uuid: "6028aef66e174396b8f7c53fb9c2a5a1" member_type: VOTER last_known_addr { host: "127.4.135.194" port: 45625 } health_report { overall_health: HEALTHY } } peers { permanent_uuid: "429ba8e8887147049d8c872f8b15fc77" member_type: VOTER last_known_addr { host: "127.4.135.195" port: 39809 } health_report { overall_health: UNKNOWN } } }
I20260709 13:13:02.461164  5942 tablet_bootstrap.cc:492] T f9461d32508748b98f012e300736eab7 P 429ba8e8887147049d8c872f8b15fc77: No bootstrap required, opened a new log
I20260709 13:13:02.461609  5942 ts_tablet_manager.cc:1403] T f9461d32508748b98f012e300736eab7 P 429ba8e8887147049d8c872f8b15fc77: Time spent bootstrapping tablet: real 0.259s	user 0.011s	sys 0.009s
I20260709 13:13:02.460992  5648 catalog_manager.cc:5697] T 2bf8c9d81ddc4b42902abe0a260bd355 P 429ba8e8887147049d8c872f8b15fc77 reported cstate change: term changed from 0 to 1, leader changed from <none> to 429ba8e8887147049d8c872f8b15fc77 (127.4.135.195). New cstate: current_term: 1 leader_uuid: "429ba8e8887147049d8c872f8b15fc77" committed_config { opid_index: -1 OBSOLETE_local: false peers { permanent_uuid: "fb6fb5c826944b5095edad52a684c7fa" member_type: VOTER last_known_addr { host: "127.4.135.193" port: 39827 } health_report { overall_health: UNKNOWN } } peers { permanent_uuid: "6028aef66e174396b8f7c53fb9c2a5a1" member_type: VOTER last_known_addr { host: "127.4.135.194" port: 45625 } health_report { overall_health: UNKNOWN } } peers { permanent_uuid: "429ba8e8887147049d8c872f8b15fc77" member_type: VOTER last_known_addr { host: "127.4.135.195" port: 39809 } health_report { overall_health: HEALTHY } } }
I20260709 13:13:02.462769  5648 catalog_manager.cc:5697] T cb8ea1bc8b35496392008c44f131e646 P 429ba8e8887147049d8c872f8b15fc77 reported cstate change: term changed from 0 to 1, leader changed from <none> to 429ba8e8887147049d8c872f8b15fc77 (127.4.135.195). New cstate: current_term: 1 leader_uuid: "429ba8e8887147049d8c872f8b15fc77" committed_config { opid_index: -1 OBSOLETE_local: false peers { permanent_uuid: "fb6fb5c826944b5095edad52a684c7fa" member_type: VOTER last_known_addr { host: "127.4.135.193" port: 39827 } health_report { overall_health: UNKNOWN } } peers { permanent_uuid: "6028aef66e174396b8f7c53fb9c2a5a1" member_type: VOTER last_known_addr { host: "127.4.135.194" port: 45625 } health_report { overall_health: UNKNOWN } } peers { permanent_uuid: "429ba8e8887147049d8c872f8b15fc77" member_type: VOTER last_known_addr { host: "127.4.135.195" port: 39809 } health_report { overall_health: HEALTHY } } }
I20260709 13:13:02.463747  5942 raft_consensus.cc:359] T f9461d32508748b98f012e300736eab7 P 429ba8e8887147049d8c872f8b15fc77 [term 0 FOLLOWER]: Replica starting. Triggering 0 pending ops. Active config: opid_index: -1 OBSOLETE_local: false peers { permanent_uuid: "fb6fb5c826944b5095edad52a684c7fa" member_type: VOTER last_known_addr { host: "127.4.135.193" port: 39827 } } peers { permanent_uuid: "6028aef66e174396b8f7c53fb9c2a5a1" member_type: VOTER last_known_addr { host: "127.4.135.194" port: 45625 } } peers { permanent_uuid: "429ba8e8887147049d8c872f8b15fc77" member_type: VOTER last_known_addr { host: "127.4.135.195" port: 39809 } }
I20260709 13:13:02.464196  5942 raft_consensus.cc:385] T f9461d32508748b98f012e300736eab7 P 429ba8e8887147049d8c872f8b15fc77 [term 0 FOLLOWER]: Consensus starting up: Expiring failure detector timer to make a prompt election more likely
I20260709 13:13:02.464428  5942 raft_consensus.cc:740] T f9461d32508748b98f012e300736eab7 P 429ba8e8887147049d8c872f8b15fc77 [term 0 FOLLOWER]: Becoming Follower/Learner. State: Replica: 429ba8e8887147049d8c872f8b15fc77, State: Initialized, Role: FOLLOWER
I20260709 13:13:02.464986  5942 consensus_queue.cc:260] T f9461d32508748b98f012e300736eab7 P 429ba8e8887147049d8c872f8b15fc77 [NON_LEADER]: Queue going to NON_LEADER mode. State: All replicated index: 0, Majority replicated index: 0, Committed index: 0, Last appended: 0.0, Last appended by leader: 0, Current term: 0, Majority size: -1, State: 0, Mode: NON_LEADER, active raft config: opid_index: -1 OBSOLETE_local: false peers { permanent_uuid: "fb6fb5c826944b5095edad52a684c7fa" member_type: VOTER last_known_addr { host: "127.4.135.193" port: 39827 } } peers { permanent_uuid: "6028aef66e174396b8f7c53fb9c2a5a1" member_type: VOTER last_known_addr { host: "127.4.135.194" port: 45625 } } peers { permanent_uuid: "429ba8e8887147049d8c872f8b15fc77" member_type: VOTER last_known_addr { host: "127.4.135.195" port: 39809 } }
I20260709 13:13:02.467636  5942 ts_tablet_manager.cc:1434] T f9461d32508748b98f012e300736eab7 P 429ba8e8887147049d8c872f8b15fc77: Time spent starting tablet: real 0.006s	user 0.004s	sys 0.000s
I20260709 13:13:02.468634  5942 tablet_bootstrap.cc:492] T b9d34298ea124b4bbfda7701e0572602 P 429ba8e8887147049d8c872f8b15fc77: Bootstrap starting.
I20260709 13:13:02.470273  5939 tablet_bootstrap.cc:492] T cb8ea1bc8b35496392008c44f131e646 P fb6fb5c826944b5095edad52a684c7fa: No bootstrap required, opened a new log
I20260709 13:13:02.470700  5939 ts_tablet_manager.cc:1403] T cb8ea1bc8b35496392008c44f131e646 P fb6fb5c826944b5095edad52a684c7fa: Time spent bootstrapping tablet: real 0.176s	user 0.006s	sys 0.011s
I20260709 13:13:02.471284  5941 tablet_bootstrap.cc:492] T 5a6ff4f88e1343d3a6abe3558c451461 P 6028aef66e174396b8f7c53fb9c2a5a1: No bootstrap required, opened a new log
I20260709 13:13:02.471774  5941 ts_tablet_manager.cc:1403] T 5a6ff4f88e1343d3a6abe3558c451461 P 6028aef66e174396b8f7c53fb9c2a5a1: Time spent bootstrapping tablet: real 0.063s	user 0.010s	sys 0.003s
I20260709 13:13:02.474576  5939 raft_consensus.cc:359] T cb8ea1bc8b35496392008c44f131e646 P fb6fb5c826944b5095edad52a684c7fa [term 0 FOLLOWER]: Replica starting. Triggering 0 pending ops. Active config: opid_index: -1 OBSOLETE_local: false peers { permanent_uuid: "fb6fb5c826944b5095edad52a684c7fa" member_type: VOTER last_known_addr { host: "127.4.135.193" port: 39827 } } peers { permanent_uuid: "6028aef66e174396b8f7c53fb9c2a5a1" member_type: VOTER last_known_addr { host: "127.4.135.194" port: 45625 } } peers { permanent_uuid: "429ba8e8887147049d8c872f8b15fc77" member_type: VOTER last_known_addr { host: "127.4.135.195" port: 39809 } }
I20260709 13:13:02.475435  5941 raft_consensus.cc:359] T 5a6ff4f88e1343d3a6abe3558c451461 P 6028aef66e174396b8f7c53fb9c2a5a1 [term 0 FOLLOWER]: Replica starting. Triggering 0 pending ops. Active config: opid_index: -1 OBSOLETE_local: false peers { permanent_uuid: "fb6fb5c826944b5095edad52a684c7fa" member_type: VOTER last_known_addr { host: "127.4.135.193" port: 39827 } } peers { permanent_uuid: "6028aef66e174396b8f7c53fb9c2a5a1" member_type: VOTER last_known_addr { host: "127.4.135.194" port: 45625 } } peers { permanent_uuid: "429ba8e8887147049d8c872f8b15fc77" member_type: VOTER last_known_addr { host: "127.4.135.195" port: 39809 } }
I20260709 13:13:02.475927  5939 raft_consensus.cc:385] T cb8ea1bc8b35496392008c44f131e646 P fb6fb5c826944b5095edad52a684c7fa [term 0 FOLLOWER]: Consensus starting up: Expiring failure detector timer to make a prompt election more likely
I20260709 13:13:02.476082  5941 raft_consensus.cc:385] T 5a6ff4f88e1343d3a6abe3558c451461 P 6028aef66e174396b8f7c53fb9c2a5a1 [term 0 FOLLOWER]: Consensus starting up: Expiring failure detector timer to make a prompt election more likely
I20260709 13:13:02.476420  5941 raft_consensus.cc:740] T 5a6ff4f88e1343d3a6abe3558c451461 P 6028aef66e174396b8f7c53fb9c2a5a1 [term 0 FOLLOWER]: Becoming Follower/Learner. State: Replica: 6028aef66e174396b8f7c53fb9c2a5a1, State: Initialized, Role: FOLLOWER
I20260709 13:13:02.477505  5941 consensus_queue.cc:260] T 5a6ff4f88e1343d3a6abe3558c451461 P 6028aef66e174396b8f7c53fb9c2a5a1 [NON_LEADER]: Queue going to NON_LEADER mode. State: All replicated index: 0, Majority replicated index: 0, Committed index: 0, Last appended: 0.0, Last appended by leader: 0, Current term: 0, Majority size: -1, State: 0, Mode: NON_LEADER, active raft config: opid_index: -1 OBSOLETE_local: false peers { permanent_uuid: "fb6fb5c826944b5095edad52a684c7fa" member_type: VOTER last_known_addr { host: "127.4.135.193" port: 39827 } } peers { permanent_uuid: "6028aef66e174396b8f7c53fb9c2a5a1" member_type: VOTER last_known_addr { host: "127.4.135.194" port: 45625 } } peers { permanent_uuid: "429ba8e8887147049d8c872f8b15fc77" member_type: VOTER last_known_addr { host: "127.4.135.195" port: 39809 } }
I20260709 13:13:02.476409  5939 raft_consensus.cc:740] T cb8ea1bc8b35496392008c44f131e646 P fb6fb5c826944b5095edad52a684c7fa [term 0 FOLLOWER]: Becoming Follower/Learner. State: Replica: fb6fb5c826944b5095edad52a684c7fa, State: Initialized, Role: FOLLOWER
I20260709 13:13:02.479543  5942 tablet_bootstrap.cc:654] T b9d34298ea124b4bbfda7701e0572602 P 429ba8e8887147049d8c872f8b15fc77: Neither blocks nor log segments found. Creating new log.
I20260709 13:13:02.479607  5941 ts_tablet_manager.cc:1434] T 5a6ff4f88e1343d3a6abe3558c451461 P 6028aef66e174396b8f7c53fb9c2a5a1: Time spent starting tablet: real 0.008s	user 0.004s	sys 0.000s
I20260709 13:13:02.478808  5939 consensus_queue.cc:260] T cb8ea1bc8b35496392008c44f131e646 P fb6fb5c826944b5095edad52a684c7fa [NON_LEADER]: Queue going to NON_LEADER mode. State: All replicated index: 0, Majority replicated index: 0, Committed index: 0, Last appended: 0.0, Last appended by leader: 0, Current term: 0, Majority size: -1, State: 0, Mode: NON_LEADER, active raft config: opid_index: -1 OBSOLETE_local: false peers { permanent_uuid: "fb6fb5c826944b5095edad52a684c7fa" member_type: VOTER last_known_addr { host: "127.4.135.193" port: 39827 } } peers { permanent_uuid: "6028aef66e174396b8f7c53fb9c2a5a1" member_type: VOTER last_known_addr { host: "127.4.135.194" port: 45625 } } peers { permanent_uuid: "429ba8e8887147049d8c872f8b15fc77" member_type: VOTER last_known_addr { host: "127.4.135.195" port: 39809 } }
I20260709 13:13:02.483431  5939 ts_tablet_manager.cc:1434] T cb8ea1bc8b35496392008c44f131e646 P fb6fb5c826944b5095edad52a684c7fa: Time spent starting tablet: real 0.012s	user 0.005s	sys 0.001s
I20260709 13:13:02.484833  5939 tablet_bootstrap.cc:492] T 2bf8c9d81ddc4b42902abe0a260bd355 P fb6fb5c826944b5095edad52a684c7fa: Bootstrap starting.
I20260709 13:13:02.489164  5941 tablet_bootstrap.cc:492] T b91dd271d2ed46feb392c6c586e5e277 P 6028aef66e174396b8f7c53fb9c2a5a1: Bootstrap starting.
I20260709 13:13:02.495042  5941 tablet_bootstrap.cc:654] T b91dd271d2ed46feb392c6c586e5e277 P 6028aef66e174396b8f7c53fb9c2a5a1: Neither blocks nor log segments found. Creating new log.
I20260709 13:13:02.498569  5939 tablet_bootstrap.cc:654] T 2bf8c9d81ddc4b42902abe0a260bd355 P fb6fb5c826944b5095edad52a684c7fa: Neither blocks nor log segments found. Creating new log.
I20260709 13:13:02.510839  5942 tablet_bootstrap.cc:492] T b9d34298ea124b4bbfda7701e0572602 P 429ba8e8887147049d8c872f8b15fc77: No bootstrap required, opened a new log
I20260709 13:13:02.511392  5942 ts_tablet_manager.cc:1403] T b9d34298ea124b4bbfda7701e0572602 P 429ba8e8887147049d8c872f8b15fc77: Time spent bootstrapping tablet: real 0.043s	user 0.017s	sys 0.010s
I20260709 13:13:02.514880  6034 raft_consensus.cc:493] T 5a6ff4f88e1343d3a6abe3558c451461 P 6028aef66e174396b8f7c53fb9c2a5a1 [term 0 FOLLOWER]: Starting pre-election (no leader contacted us within the election timeout)
