I20260709 13:13:04.543865  5789 leader_election.cc:304] T 1acb6034b9cc457c9ac961e802d992de P 6028aef66e174396b8f7c53fb9c2a5a1 [CANDIDATE]: Term 1 pre-election: Election decided. Result: candidate lost. Election summary: received 3 responses out of 3 voters: 1 yes votes; 2 no votes. yes voters: 6028aef66e174396b8f7c53fb9c2a5a1; no voters: 429ba8e8887147049d8c872f8b15fc77, fb6fb5c826944b5095edad52a684c7fa
I20260709 13:13:04.544094  5939 ts_tablet_manager.cc:1403] T d5433980396c4c62b13a5ef7ea36f94b P fb6fb5c826944b5095edad52a684c7fa: Time spent bootstrapping tablet: real 0.048s	user 0.011s	sys 0.003s
I20260709 13:13:04.544914  6277 raft_consensus.cc:2749] T 1acb6034b9cc457c9ac961e802d992de P 6028aef66e174396b8f7c53fb9c2a5a1 [term 0 FOLLOWER]: Leader pre-election lost for term 1. Reason: could not achieve majority
I20260709 13:13:04.546833  5939 raft_consensus.cc:359] T d5433980396c4c62b13a5ef7ea36f94b P fb6fb5c826944b5095edad52a684c7fa [term 0 FOLLOWER]: Replica starting. Triggering 0 pending ops. Active config: opid_index: -1 OBSOLETE_local: false peers { permanent_uuid: "fb6fb5c826944b5095edad52a684c7fa" member_type: VOTER last_known_addr { host: "127.4.135.193" port: 39827 } } peers { permanent_uuid: "6028aef66e174396b8f7c53fb9c2a5a1" member_type: VOTER last_known_addr { host: "127.4.135.194" port: 45625 } } peers { permanent_uuid: "429ba8e8887147049d8c872f8b15fc77" member_type: VOTER last_known_addr { host: "127.4.135.195" port: 39809 } }
I20260709 13:13:04.547940  5939 raft_consensus.cc:385] T d5433980396c4c62b13a5ef7ea36f94b P fb6fb5c826944b5095edad52a684c7fa [term 0 FOLLOWER]: Consensus starting up: Expiring failure detector timer to make a prompt election more likely
I20260709 13:13:04.548233  5939 raft_consensus.cc:740] T d5433980396c4c62b13a5ef7ea36f94b P fb6fb5c826944b5095edad52a684c7fa [term 0 FOLLOWER]: Becoming Follower/Learner. State: Replica: fb6fb5c826944b5095edad52a684c7fa, State: Initialized, Role: FOLLOWER
I20260709 13:13:04.549700  5939 consensus_queue.cc:260] T d5433980396c4c62b13a5ef7ea36f94b P fb6fb5c826944b5095edad52a684c7fa [NON_LEADER]: Queue going to NON_LEADER mode. State: All replicated index: 0, Majority replicated index: 0, Committed index: 0, Last appended: 0.0, Last appended by leader: 0, Current term: 0, Majority size: -1, State: 0, Mode: NON_LEADER, active raft config: opid_index: -1 OBSOLETE_local: false peers { permanent_uuid: "fb6fb5c826944b5095edad52a684c7fa" member_type: VOTER last_known_addr { host: "127.4.135.193" port: 39827 } } peers { permanent_uuid: "6028aef66e174396b8f7c53fb9c2a5a1" member_type: VOTER last_known_addr { host: "127.4.135.194" port: 45625 } } peers { permanent_uuid: "429ba8e8887147049d8c872f8b15fc77" member_type: VOTER last_known_addr { host: "127.4.135.195" port: 39809 } }
I20260709 13:13:04.557278  5939 ts_tablet_manager.cc:1434] T d5433980396c4c62b13a5ef7ea36f94b P fb6fb5c826944b5095edad52a684c7fa: Time spent starting tablet: real 0.013s	user 0.003s	sys 0.003s
I20260709 13:13:04.559144  5939 tablet_bootstrap.cc:492] T df8a47082e7e4bb58e79fe671254941e P fb6fb5c826944b5095edad52a684c7fa: Bootstrap starting.
I20260709 13:13:04.568230  6260 consensus_queue.cc:1048] T 78a5727893a6463babe0193da3fa8fb3 P 429ba8e8887147049d8c872f8b15fc77 [LEADER]: Connected to new peer: Peer: permanent_uuid: "6028aef66e174396b8f7c53fb9c2a5a1" member_type: VOTER last_known_addr { host: "127.4.135.194" port: 45625 }, Status: LMP_MISMATCH, Last received: 0.0, Next index: 1, Last known committed idx: 0, Time since last communication: 0.009s
I20260709 13:13:04.577502  5939 tablet_bootstrap.cc:654] T df8a47082e7e4bb58e79fe671254941e P fb6fb5c826944b5095edad52a684c7fa: Neither blocks nor log segments found. Creating new log.
I20260709 13:13:04.577848  6057 consensus_queue.cc:1048] T 44d06456c05340bc9f1aa0af9cd291c6 P 429ba8e8887147049d8c872f8b15fc77 [LEADER]: Connected to new peer: Peer: permanent_uuid: "fb6fb5c826944b5095edad52a684c7fa" member_type: VOTER last_known_addr { host: "127.4.135.193" port: 39827 }, Status: LMP_MISMATCH, Last received: 0.0, Next index: 1, Last known committed idx: 0, Time since last communication: 0.000s
I20260709 13:13:04.594653  6228 consensus_queue.cc:1048] T 23d844d87b334c7f88eb69aa941ac4e1 P 6028aef66e174396b8f7c53fb9c2a5a1 [LEADER]: Connected to new peer: Peer: permanent_uuid: "fb6fb5c826944b5095edad52a684c7fa" member_type: VOTER last_known_addr { host: "127.4.135.193" port: 39827 }, Status: LMP_MISMATCH, Last received: 0.0, Next index: 1, Last known committed idx: 0, Time since last communication: 0.001s
I20260709 13:13:04.635051  5942 tablet_bootstrap.cc:492] T b5191c49cb6a4f18aaa2f82875a4e5c5 P 429ba8e8887147049d8c872f8b15fc77: No bootstrap required, opened a new log
I20260709 13:13:04.635577  5942 ts_tablet_manager.cc:1403] T b5191c49cb6a4f18aaa2f82875a4e5c5 P 429ba8e8887147049d8c872f8b15fc77: Time spent bootstrapping tablet: real 0.184s	user 0.025s	sys 0.046s
I20260709 13:13:04.636523  5939 tablet_bootstrap.cc:492] T df8a47082e7e4bb58e79fe671254941e P fb6fb5c826944b5095edad52a684c7fa: No bootstrap required, opened a new log
I20260709 13:13:04.637018  5939 ts_tablet_manager.cc:1403] T df8a47082e7e4bb58e79fe671254941e P fb6fb5c826944b5095edad52a684c7fa: Time spent bootstrapping tablet: real 0.078s	user 0.017s	sys 0.001s
I20260709 13:13:04.638139  5942 raft_consensus.cc:359] T b5191c49cb6a4f18aaa2f82875a4e5c5 P 429ba8e8887147049d8c872f8b15fc77 [term 0 FOLLOWER]: Replica starting. Triggering 0 pending ops. Active config: opid_index: -1 OBSOLETE_local: false peers { permanent_uuid: "fb6fb5c826944b5095edad52a684c7fa" member_type: VOTER last_known_addr { host: "127.4.135.193" port: 39827 } } peers { permanent_uuid: "6028aef66e174396b8f7c53fb9c2a5a1" member_type: VOTER last_known_addr { host: "127.4.135.194" port: 45625 } } peers { permanent_uuid: "429ba8e8887147049d8c872f8b15fc77" member_type: VOTER last_known_addr { host: "127.4.135.195" port: 39809 } }
I20260709 13:13:04.639225  5942 raft_consensus.cc:385] T b5191c49cb6a4f18aaa2f82875a4e5c5 P 429ba8e8887147049d8c872f8b15fc77 [term 0 FOLLOWER]: Consensus starting up: Expiring failure detector timer to make a prompt election more likely
I20260709 13:13:04.639513  5942 raft_consensus.cc:740] T b5191c49cb6a4f18aaa2f82875a4e5c5 P 429ba8e8887147049d8c872f8b15fc77 [term 0 FOLLOWER]: Becoming Follower/Learner. State: Replica: 429ba8e8887147049d8c872f8b15fc77, State: Initialized, Role: FOLLOWER
I20260709 13:13:04.640359  5939 raft_consensus.cc:359] T df8a47082e7e4bb58e79fe671254941e P fb6fb5c826944b5095edad52a684c7fa [term 0 FOLLOWER]: Replica starting. Triggering 0 pending ops. Active config: opid_index: -1 OBSOLETE_local: false peers { permanent_uuid: "fb6fb5c826944b5095edad52a684c7fa" member_type: VOTER last_known_addr { host: "127.4.135.193" port: 39827 } } peers { permanent_uuid: "6028aef66e174396b8f7c53fb9c2a5a1" member_type: VOTER last_known_addr { host: "127.4.135.194" port: 45625 } } peers { permanent_uuid: "429ba8e8887147049d8c872f8b15fc77" member_type: VOTER last_known_addr { host: "127.4.135.195" port: 39809 } }
I20260709 13:13:04.641125  5939 raft_consensus.cc:385] T df8a47082e7e4bb58e79fe671254941e P fb6fb5c826944b5095edad52a684c7fa [term 0 FOLLOWER]: Consensus starting up: Expiring failure detector timer to make a prompt election more likely
I20260709 13:13:04.641491  5939 raft_consensus.cc:740] T df8a47082e7e4bb58e79fe671254941e P fb6fb5c826944b5095edad52a684c7fa [term 0 FOLLOWER]: Becoming Follower/Learner. State: Replica: fb6fb5c826944b5095edad52a684c7fa, State: Initialized, Role: FOLLOWER
I20260709 13:13:04.644605  5939 consensus_queue.cc:260] T df8a47082e7e4bb58e79fe671254941e P fb6fb5c826944b5095edad52a684c7fa [NON_LEADER]: Queue going to NON_LEADER mode. State: All replicated index: 0, Majority replicated index: 0, Committed index: 0, Last appended: 0.0, Last appended by leader: 0, Current term: 0, Majority size: -1, State: 0, Mode: NON_LEADER, active raft config: opid_index: -1 OBSOLETE_local: false peers { permanent_uuid: "fb6fb5c826944b5095edad52a684c7fa" member_type: VOTER last_known_addr { host: "127.4.135.193" port: 39827 } } peers { permanent_uuid: "6028aef66e174396b8f7c53fb9c2a5a1" member_type: VOTER last_known_addr { host: "127.4.135.194" port: 45625 } } peers { permanent_uuid: "429ba8e8887147049d8c872f8b15fc77" member_type: VOTER last_known_addr { host: "127.4.135.195" port: 39809 } }
I20260709 13:13:04.644676  5942 consensus_queue.cc:260] T b5191c49cb6a4f18aaa2f82875a4e5c5 P 429ba8e8887147049d8c872f8b15fc77 [NON_LEADER]: Queue going to NON_LEADER mode. State: All replicated index: 0, Majority replicated index: 0, Committed index: 0, Last appended: 0.0, Last appended by leader: 0, Current term: 0, Majority size: -1, State: 0, Mode: NON_LEADER, active raft config: opid_index: -1 OBSOLETE_local: false peers { permanent_uuid: "fb6fb5c826944b5095edad52a684c7fa" member_type: VOTER last_known_addr { host: "127.4.135.193" port: 39827 } } peers { permanent_uuid: "6028aef66e174396b8f7c53fb9c2a5a1" member_type: VOTER last_known_addr { host: "127.4.135.194" port: 45625 } } peers { permanent_uuid: "429ba8e8887147049d8c872f8b15fc77" member_type: VOTER last_known_addr { host: "127.4.135.195" port: 39809 } }
I20260709 13:13:04.647249  5942 ts_tablet_manager.cc:1434] T b5191c49cb6a4f18aaa2f82875a4e5c5 P 429ba8e8887147049d8c872f8b15fc77: Time spent starting tablet: real 0.011s	user 0.008s	sys 0.000s
I20260709 13:13:04.648419  6034 raft_consensus.cc:493] T 923fdd3f2c4d4de2b9adc567ecec2a2b P 6028aef66e174396b8f7c53fb9c2a5a1 [term 0 FOLLOWER]: Starting pre-election (no leader contacted us within the election timeout)
I20260709 13:13:04.648859  6034 raft_consensus.cc:515] T 923fdd3f2c4d4de2b9adc567ecec2a2b P 6028aef66e174396b8f7c53fb9c2a5a1 [term 0 FOLLOWER]: Starting pre-election with config: opid_index: -1 OBSOLETE_local: false peers { permanent_uuid: "fb6fb5c826944b5095edad52a684c7fa" member_type: VOTER last_known_addr { host: "127.4.135.193" port: 39827 } } peers { permanent_uuid: "6028aef66e174396b8f7c53fb9c2a5a1" member_type: VOTER last_known_addr { host: "127.4.135.194" port: 45625 } } peers { permanent_uuid: "429ba8e8887147049d8c872f8b15fc77" member_type: VOTER last_known_addr { host: "127.4.135.195" port: 39809 } }
I20260709 13:13:04.650763  6034 leader_election.cc:290] T 923fdd3f2c4d4de2b9adc567ecec2a2b P 6028aef66e174396b8f7c53fb9c2a5a1 [CANDIDATE]: Term 1 pre-election: Requested pre-vote from peers fb6fb5c826944b5095edad52a684c7fa (127.4.135.193:39827), 429ba8e8887147049d8c872f8b15fc77 (127.4.135.195:39809)
I20260709 13:13:04.650938  5939 ts_tablet_manager.cc:1434] T df8a47082e7e4bb58e79fe671254941e P fb6fb5c826944b5095edad52a684c7fa: Time spent starting tablet: real 0.014s	user 0.005s	sys 0.000s
I20260709 13:13:04.652377  5939 tablet_bootstrap.cc:492] T 1acb6034b9cc457c9ac961e802d992de P fb6fb5c826944b5095edad52a684c7fa: Bootstrap starting.
I20260709 13:13:04.652465  5892 tablet_service.cc:1917] Received RequestConsensusVote() RPC: tablet_id: "923fdd3f2c4d4de2b9adc567ecec2a2b" candidate_uuid: "6028aef66e174396b8f7c53fb9c2a5a1" candidate_term: 1 candidate_status { last_received { term: 0 index: 0 } } ignore_live_leader: false dest_uuid: "429ba8e8887147049d8c872f8b15fc77" is_pre_election: true
I20260709 13:13:04.648643  5942 tablet_bootstrap.cc:492] T 16d4bdc5380745269c2be349dbf888c9 P 429ba8e8887147049d8c872f8b15fc77: Bootstrap starting.
W20260709 13:13:04.653884  5789 leader_election.cc:343] T 923fdd3f2c4d4de2b9adc567ecec2a2b P 6028aef66e174396b8f7c53fb9c2a5a1 [CANDIDATE]: Term 1 pre-election: Tablet error from VoteRequest() call to peer 429ba8e8887147049d8c872f8b15fc77 (127.4.135.195:39809): Illegal state: must be running to vote when last-logged opid is not known
I20260709 13:13:04.655336  5748 tablet_service.cc:1917] Received RequestConsensusVote() RPC: tablet_id: "923fdd3f2c4d4de2b9adc567ecec2a2b" candidate_uuid: "6028aef66e174396b8f7c53fb9c2a5a1" candidate_term: 1 candidate_status { last_received { term: 0 index: 0 } } ignore_live_leader: false dest_uuid: "fb6fb5c826944b5095edad52a684c7fa" is_pre_election: true
W20260709 13:13:04.656631  5791 leader_election.cc:343] T 923fdd3f2c4d4de2b9adc567ecec2a2b P 6028aef66e174396b8f7c53fb9c2a5a1 [CANDIDATE]: Term 1 pre-election: Tablet error from VoteRequest() call to peer fb6fb5c826944b5095edad52a684c7fa (127.4.135.193:39827): Illegal state: must be running to vote when last-logged opid is not known
I20260709 13:13:04.657037  5791 leader_election.cc:304] T 923fdd3f2c4d4de2b9adc567ecec2a2b P 6028aef66e174396b8f7c53fb9c2a5a1 [CANDIDATE]: Term 1 pre-election: Election decided. Result: candidate lost. Election summary: received 3 responses out of 3 voters: 1 yes votes; 2 no votes. yes voters: 6028aef66e174396b8f7c53fb9c2a5a1; no voters: 429ba8e8887147049d8c872f8b15fc77, fb6fb5c826944b5095edad52a684c7fa
I20260709 13:13:04.657704  6277 raft_consensus.cc:2749] T 923fdd3f2c4d4de2b9adc567ecec2a2b P 6028aef66e174396b8f7c53fb9c2a5a1 [term 0 FOLLOWER]: Leader pre-election lost for term 1. Reason: could not achieve majority
I20260709 13:13:04.662777  5942 tablet_bootstrap.cc:654] T 16d4bdc5380745269c2be349dbf888c9 P 429ba8e8887147049d8c872f8b15fc77: Neither blocks nor log segments found. Creating new log.
I20260709 13:13:04.665352  6260 raft_consensus.cc:493] T b8f132a761be40409d4c0dc644b0e187 P 429ba8e8887147049d8c872f8b15fc77 [term 0 FOLLOWER]: Starting pre-election (no leader contacted us within the election timeout)
I20260709 13:13:04.669433  6260 raft_consensus.cc:515] T b8f132a761be40409d4c0dc644b0e187 P 429ba8e8887147049d8c872f8b15fc77 [term 0 FOLLOWER]: Starting pre-election with config: opid_index: -1 OBSOLETE_local: false peers { permanent_uuid: "fb6fb5c826944b5095edad52a684c7fa" member_type: VOTER last_known_addr { host: "127.4.135.193" port: 39827 } } peers { permanent_uuid: "6028aef66e174396b8f7c53fb9c2a5a1" member_type: VOTER last_known_addr { host: "127.4.135.194" port: 45625 } } peers { permanent_uuid: "429ba8e8887147049d8c872f8b15fc77" member_type: VOTER last_known_addr { host: "127.4.135.195" port: 39809 } }
I20260709 13:13:04.671867  6260 leader_election.cc:290] T b8f132a761be40409d4c0dc644b0e187 P 429ba8e8887147049d8c872f8b15fc77 [CANDIDATE]: Term 1 pre-election: Requested pre-vote from peers fb6fb5c826944b5095edad52a684c7fa (127.4.135.193:39827), 6028aef66e174396b8f7c53fb9c2a5a1 (127.4.135.194:45625)
I20260709 13:13:04.672457  5748 tablet_service.cc:1917] Received RequestConsensusVote() RPC: tablet_id: "b8f132a761be40409d4c0dc644b0e187" candidate_uuid: "429ba8e8887147049d8c872f8b15fc77" candidate_term: 1 candidate_status { last_received { term: 0 index: 0 } } ignore_live_leader: false dest_uuid: "fb6fb5c826944b5095edad52a684c7fa" is_pre_election: true
W20260709 13:13:04.673754  5865 leader_election.cc:343] T b8f132a761be40409d4c0dc644b0e187 P 429ba8e8887147049d8c872f8b15fc77 [CANDIDATE]: Term 1 pre-election: Tablet error from VoteRequest() call to peer fb6fb5c826944b5095edad52a684c7fa (127.4.135.193:39827): Illegal state: must be running to vote when last-logged opid is not known
I20260709 13:13:04.674538  5939 tablet_bootstrap.cc:654] T 1acb6034b9cc457c9ac961e802d992de P fb6fb5c826944b5095edad52a684c7fa: Neither blocks nor log segments found. Creating new log.
I20260709 13:13:04.675498  5748 raft_consensus.cc:3060] T 2f117805daac421a8fb502c1b94dddd9 P fb6fb5c826944b5095edad52a684c7fa [term 0 FOLLOWER]: Advancing to term 1
I20260709 13:13:04.689085  6260 consensus_queue.cc:1048] T 2f117805daac421a8fb502c1b94dddd9 P 429ba8e8887147049d8c872f8b15fc77 [LEADER]: Connected to new peer: Peer: permanent_uuid: "6028aef66e174396b8f7c53fb9c2a5a1" member_type: VOTER last_known_addr { host: "127.4.135.194" port: 45625 }, Status: LMP_MISMATCH, Last received: 0.0, Next index: 1, Last known committed idx: 0, Time since last communication: 0.000s
I20260709 13:13:04.695801  6262 consensus_queue.cc:1048] T c788aabf8a264ce2ba38f04c3cef6e52 P 429ba8e8887147049d8c872f8b15fc77 [LEADER]: Connected to new peer: Peer: permanent_uuid: "6028aef66e174396b8f7c53fb9c2a5a1" member_type: VOTER last_known_addr { host: "127.4.135.194" port: 45625 }, Status: LMP_MISMATCH, Last received: 0.0, Next index: 1, Last known committed idx: 0, Time since last communication: 0.000s
I20260709 13:13:04.699472  6034 consensus_queue.cc:1048] T 23d844d87b334c7f88eb69aa941ac4e1 P 6028aef66e174396b8f7c53fb9c2a5a1 [LEADER]: Connected to new peer: Peer: permanent_uuid: "429ba8e8887147049d8c872f8b15fc77" member_type: VOTER last_known_addr { host: "127.4.135.195" port: 39809 }, Status: LMP_MISMATCH, Last received: 0.0, Next index: 1, Last known committed idx: 0, Time since last communication: 0.000s
I20260709 13:13:04.712690  5822 tablet_service.cc:1917] Received RequestConsensusVote() RPC: tablet_id: "b8f132a761be40409d4c0dc644b0e187" candidate_uuid: "429ba8e8887147049d8c872f8b15fc77" candidate_term: 1 candidate_status { last_received { term: 0 index: 0 } } ignore_live_leader: false dest_uuid: "6028aef66e174396b8f7c53fb9c2a5a1" is_pre_election: true
W20260709 13:13:04.713960  5862 leader_election.cc:343] T b8f132a761be40409d4c0dc644b0e187 P 429ba8e8887147049d8c872f8b15fc77 [CANDIDATE]: Term 1 pre-election: Tablet error from VoteRequest() call to peer 6028aef66e174396b8f7c53fb9c2a5a1 (127.4.135.194:45625): Illegal state: must be running to vote when last-logged opid is not known
I20260709 13:13:04.714362  5862 leader_election.cc:304] T b8f132a761be40409d4c0dc644b0e187 P 429ba8e8887147049d8c872f8b15fc77 [CANDIDATE]: Term 1 pre-election: Election decided. Result: candidate lost. Election summary: received 3 responses out of 3 voters: 1 yes votes; 2 no votes. yes voters: 429ba8e8887147049d8c872f8b15fc77; no voters: 6028aef66e174396b8f7c53fb9c2a5a1, fb6fb5c826944b5095edad52a684c7fa
I20260709 13:13:04.715407  6262 raft_consensus.cc:2749] T b8f132a761be40409d4c0dc644b0e187 P 429ba8e8887147049d8c872f8b15fc77 [term 0 FOLLOWER]: Leader pre-election lost for term 1. Reason: could not achieve majority
I20260709 13:13:04.724546  5939 tablet_bootstrap.cc:492] T 1acb6034b9cc457c9ac961e802d992de P fb6fb5c826944b5095edad52a684c7fa: No bootstrap required, opened a new log
I20260709 13:13:04.727051  5939 ts_tablet_manager.cc:1403] T 1acb6034b9cc457c9ac961e802d992de P fb6fb5c826944b5095edad52a684c7fa: Time spent bootstrapping tablet: real 0.075s	user 0.015s	sys 0.008s
I20260709 13:13:04.726588  5942 tablet_bootstrap.cc:492] T 16d4bdc5380745269c2be349dbf888c9 P 429ba8e8887147049d8c872f8b15fc77: No bootstrap required, opened a new log
I20260709 13:13:04.729939  5942 ts_tablet_manager.cc:1403] T 16d4bdc5380745269c2be349dbf888c9 P 429ba8e8887147049d8c872f8b15fc77: Time spent bootstrapping tablet: real 0.082s	user 0.013s	sys 0.011s
I20260709 13:13:04.730576  6262 consensus_queue.cc:1048] T 2f117805daac421a8fb502c1b94dddd9 P 429ba8e8887147049d8c872f8b15fc77 [LEADER]: Connected to new peer: Peer: permanent_uuid: "fb6fb5c826944b5095edad52a684c7fa" member_type: VOTER last_known_addr { host: "127.4.135.193" port: 39827 }, Status: LMP_MISMATCH, Last received: 0.0, Next index: 1, Last known committed idx: 0, Time since last communication: 0.000s
I20260709 13:13:04.731395  5941 tablet_bootstrap.cc:492] T b2e878316160440c8378359200f6e098 P 6028aef66e174396b8f7c53fb9c2a5a1: No bootstrap required, opened a new log
I20260709 13:13:04.731838  5941 ts_tablet_manager.cc:1403] T b2e878316160440c8378359200f6e098 P 6028aef66e174396b8f7c53fb9c2a5a1: Time spent bootstrapping tablet: real 0.228s	user 0.053s	sys 0.095s
I20260709 13:13:04.732589  5942 raft_consensus.cc:359] T 16d4bdc5380745269c2be349dbf888c9 P 429ba8e8887147049d8c872f8b15fc77 [term 0 FOLLOWER]: Replica starting. Triggering 0 pending ops. Active config: opid_index: -1 OBSOLETE_local: false peers { permanent_uuid: "fb6fb5c826944b5095edad52a684c7fa" member_type: VOTER last_known_addr { host: "127.4.135.193" port: 39827 } } peers { permanent_uuid: "6028aef66e174396b8f7c53fb9c2a5a1" member_type: VOTER last_known_addr { host: "127.4.135.194" port: 45625 } } peers { permanent_uuid: "429ba8e8887147049d8c872f8b15fc77" member_type: VOTER last_known_addr { host: "127.4.135.195" port: 39809 } }
I20260709 13:13:04.733309  5942 raft_consensus.cc:385] T 16d4bdc5380745269c2be349dbf888c9 P 429ba8e8887147049d8c872f8b15fc77 [term 0 FOLLOWER]: Consensus starting up: Expiring failure detector timer to make a prompt election more likely
I20260709 13:13:04.733644  5942 raft_consensus.cc:740] T 16d4bdc5380745269c2be349dbf888c9 P 429ba8e8887147049d8c872f8b15fc77 [term 0 FOLLOWER]: Becoming Follower/Learner. State: Replica: 429ba8e8887147049d8c872f8b15fc77, State: Initialized, Role: FOLLOWER
I20260709 13:13:04.734267  5942 consensus_queue.cc:260] T 16d4bdc5380745269c2be349dbf888c9 P 429ba8e8887147049d8c872f8b15fc77 [NON_LEADER]: Queue going to NON_LEADER mode. State: All replicated index: 0, Majority replicated index: 0, Committed index: 0, Last appended: 0.0, Last appended by leader: 0, Current term: 0, Majority size: -1, State: 0, Mode: NON_LEADER, active raft config: opid_index: -1 OBSOLETE_local: false peers { permanent_uuid: "fb6fb5c826944b5095edad52a684c7fa" member_type: VOTER last_known_addr { host: "127.4.135.193" port: 39827 } } peers { permanent_uuid: "6028aef66e174396b8f7c53fb9c2a5a1" member_type: VOTER last_known_addr { host: "127.4.135.194" port: 45625 } } peers { permanent_uuid: "429ba8e8887147049d8c872f8b15fc77" member_type: VOTER last_known_addr { host: "127.4.135.195" port: 39809 } }
I20260709 13:13:04.735265  5939 raft_consensus.cc:359] T 1acb6034b9cc457c9ac961e802d992de P fb6fb5c826944b5095edad52a684c7fa [term 0 FOLLOWER]: Replica starting. Triggering 0 pending ops. Active config: opid_index: -1 OBSOLETE_local: false peers { permanent_uuid: "fb6fb5c826944b5095edad52a684c7fa" member_type: VOTER last_known_addr { host: "127.4.135.193" port: 39827 } } peers { permanent_uuid: "6028aef66e174396b8f7c53fb9c2a5a1" member_type: VOTER last_known_addr { host: "127.4.135.194" port: 45625 } } peers { permanent_uuid: "429ba8e8887147049d8c872f8b15fc77" member_type: VOTER last_known_addr { host: "127.4.135.195" port: 39809 } }
I20260709 13:13:04.737071  5939 raft_consensus.cc:385] T 1acb6034b9cc457c9ac961e802d992de P fb6fb5c826944b5095edad52a684c7fa [term 0 FOLLOWER]: Consensus starting up: Expiring failure detector timer to make a prompt election more likely
I20260709 13:13:04.737404  5939 raft_consensus.cc:740] T 1acb6034b9cc457c9ac961e802d992de P fb6fb5c826944b5095edad52a684c7fa [term 0 FOLLOWER]: Becoming Follower/Learner. State: Replica: fb6fb5c826944b5095edad52a684c7fa, State: Initialized, Role: FOLLOWER
I20260709 13:13:04.734261  5941 raft_consensus.cc:359] T b2e878316160440c8378359200f6e098 P 6028aef66e174396b8f7c53fb9c2a5a1 [term 0 FOLLOWER]: Replica starting. Triggering 0 pending ops. Active config: opid_index: -1 OBSOLETE_local: false peers { permanent_uuid: "fb6fb5c826944b5095edad52a684c7fa" member_type: VOTER last_known_addr { host: "127.4.135.193" port: 39827 } } peers { permanent_uuid: "6028aef66e174396b8f7c53fb9c2a5a1" member_type: VOTER last_known_addr { host: "127.4.135.194" port: 45625 } } peers { permanent_uuid: "429ba8e8887147049d8c872f8b15fc77" member_type: VOTER last_known_addr { host: "127.4.135.195" port: 39809 } }
I20260709 13:13:04.744729  5941 raft_consensus.cc:385] T b2e878316160440c8378359200f6e098 P 6028aef66e174396b8f7c53fb9c2a5a1 [term 0 FOLLOWER]: Consensus starting up: Expiring failure detector timer to make a prompt election more likely
I20260709 13:13:04.741026  6200 raft_consensus.cc:493] T 16d4bdc5380745269c2be349dbf888c9 P 429ba8e8887147049d8c872f8b15fc77 [term 0 FOLLOWER]: Starting pre-election (no leader contacted us within the election timeout)
I20260709 13:13:04.745275  5941 raft_consensus.cc:740] T b2e878316160440c8378359200f6e098 P 6028aef66e174396b8f7c53fb9c2a5a1 [term 0 FOLLOWER]: Becoming Follower/Learner. State: Replica: 6028aef66e174396b8f7c53fb9c2a5a1, State: Initialized, Role: FOLLOWER
I20260709 13:13:04.745671  6200 raft_consensus.cc:515] T 16d4bdc5380745269c2be349dbf888c9 P 429ba8e8887147049d8c872f8b15fc77 [term 0 FOLLOWER]: Starting pre-election with config: opid_index: -1 OBSOLETE_local: false peers { permanent_uuid: "fb6fb5c826944b5095edad52a684c7fa" member_type: VOTER last_known_addr { host: "127.4.135.193" port: 39827 } } peers { permanent_uuid: "6028aef66e174396b8f7c53fb9c2a5a1" member_type: VOTER last_known_addr { host: "127.4.135.194" port: 45625 } } peers { permanent_uuid: "429ba8e8887147049d8c872f8b15fc77" member_type: VOTER last_known_addr { host: "127.4.135.195" port: 39809 } }
I20260709 13:13:04.747901  5941 consensus_queue.cc:260] T b2e878316160440c8378359200f6e098 P 6028aef66e174396b8f7c53fb9c2a5a1 [NON_LEADER]: Queue going to NON_LEADER mode. State: All replicated index: 0, Majority replicated index: 0, Committed index: 0, Last appended: 0.0, Last appended by leader: 0, Current term: 0, Majority size: -1, State: 0, Mode: NON_LEADER, active raft config: opid_index: -1 OBSOLETE_local: false peers { permanent_uuid: "fb6fb5c826944b5095edad52a684c7fa" member_type: VOTER last_known_addr { host: "127.4.135.193" port: 39827 } } peers { permanent_uuid: "6028aef66e174396b8f7c53fb9c2a5a1" member_type: VOTER last_known_addr { host: "127.4.135.194" port: 45625 } } peers { permanent_uuid: "429ba8e8887147049d8c872f8b15fc77" member_type: VOTER last_known_addr { host: "127.4.135.195" port: 39809 } }
W20260709 13:13:04.749677  5865 consensus_peers.cc:597] T c788aabf8a264ce2ba38f04c3cef6e52 P 429ba8e8887147049d8c872f8b15fc77 -> Peer fb6fb5c826944b5095edad52a684c7fa (127.4.135.193:39827): Couldn't send request to peer fb6fb5c826944b5095edad52a684c7fa. Error code: TABLET_NOT_RUNNING (12). Status: Illegal state: Tablet not RUNNING: INITIALIZED. This is attempt 1: this message will repeat every 5th retry.
I20260709 13:13:04.751021  5941 ts_tablet_manager.cc:1434] T b2e878316160440c8378359200f6e098 P 6028aef66e174396b8f7c53fb9c2a5a1: Time spent starting tablet: real 0.019s	user 0.007s	sys 0.000s
I20260709 13:13:04.752008  5941 tablet_bootstrap.cc:492] T 5923a297c7274d5c95cc67a362873136 P 6028aef66e174396b8f7c53fb9c2a5a1: Bootstrap starting.
I20260709 13:13:04.753470  5821 tablet_service.cc:1917] Received RequestConsensusVote() RPC: tablet_id: "16d4bdc5380745269c2be349dbf888c9" candidate_uuid: "429ba8e8887147049d8c872f8b15fc77" candidate_term: 1 candidate_status { last_received { term: 0 index: 0 } } ignore_live_leader: false dest_uuid: "6028aef66e174396b8f7c53fb9c2a5a1" is_pre_election: true
I20260709 13:13:04.748685  5939 consensus_queue.cc:260] T 1acb6034b9cc457c9ac961e802d992de P fb6fb5c826944b5095edad52a684c7fa [NON_LEADER]: Queue going to NON_LEADER mode. State: All replicated index: 0, Majority replicated index: 0, Committed index: 0, Last appended: 0.0, Last appended by leader: 0, Current term: 0, Majority size: -1, State: 0, Mode: NON_LEADER, active raft config: opid_index: -1 OBSOLETE_local: false peers { permanent_uuid: "fb6fb5c826944b5095edad52a684c7fa" member_type: VOTER last_known_addr { host: "127.4.135.193" port: 39827 } } peers { permanent_uuid: "6028aef66e174396b8f7c53fb9c2a5a1" member_type: VOTER last_known_addr { host: "127.4.135.194" port: 45625 } } peers { permanent_uuid: "429ba8e8887147049d8c872f8b15fc77" member_type: VOTER last_known_addr { host: "127.4.135.195" port: 39809 } }
I20260709 13:13:04.749445  5942 ts_tablet_manager.cc:1434] T 16d4bdc5380745269c2be349dbf888c9 P 429ba8e8887147049d8c872f8b15fc77: Time spent starting tablet: real 0.019s	user 0.006s	sys 0.000s
I20260709 13:13:04.755650  5939 ts_tablet_manager.cc:1434] T 1acb6034b9cc457c9ac961e802d992de P fb6fb5c826944b5095edad52a684c7fa: Time spent starting tablet: real 0.028s	user 0.005s	sys 0.000s
I20260709 13:13:04.756374  5942 tablet_bootstrap.cc:492] T 1acb6034b9cc457c9ac961e802d992de P 429ba8e8887147049d8c872f8b15fc77: Bootstrap starting.
I20260709 13:13:04.756644  5939 tablet_bootstrap.cc:492] T c788aabf8a264ce2ba38f04c3cef6e52 P fb6fb5c826944b5095edad52a684c7fa: Bootstrap starting.
I20260709 13:13:04.751708  5748 tablet_service.cc:1917] Received RequestConsensusVote() RPC: tablet_id: "16d4bdc5380745269c2be349dbf888c9" candidate_uuid: "429ba8e8887147049d8c872f8b15fc77" candidate_term: 1 candidate_status { last_received { term: 0 index: 0 } } ignore_live_leader: false dest_uuid: "fb6fb5c826944b5095edad52a684c7fa" is_pre_election: true
W20260709 13:13:04.758478  5865 leader_election.cc:343] T 16d4bdc5380745269c2be349dbf888c9 P 429ba8e8887147049d8c872f8b15fc77 [CANDIDATE]: Term 1 pre-election: Tablet error from VoteRequest() call to peer fb6fb5c826944b5095edad52a684c7fa (127.4.135.193:39827): Illegal state: must be running to vote when last-logged opid is not known
I20260709 13:13:04.748276  6200 leader_election.cc:290] T 16d4bdc5380745269c2be349dbf888c9 P 429ba8e8887147049d8c872f8b15fc77 [CANDIDATE]: Term 1 pre-election: Requested pre-vote from peers fb6fb5c826944b5095edad52a684c7fa (127.4.135.193:39827), 6028aef66e174396b8f7c53fb9c2a5a1 (127.4.135.194:45625)
W20260709 13:13:04.759289  5862 leader_election.cc:343] T 16d4bdc5380745269c2be349dbf888c9 P 429ba8e8887147049d8c872f8b15fc77 [CANDIDATE]: Term 1 pre-election: Tablet error from VoteRequest() call to peer 6028aef66e174396b8f7c53fb9c2a5a1 (127.4.135.194:45625): Illegal state: must be running to vote when last-logged opid is not known
I20260709 13:13:04.759739  5862 leader_election.cc:304] T 16d4bdc5380745269c2be349dbf888c9 P 429ba8e8887147049d8c872f8b15fc77 [CANDIDATE]: Term 1 pre-election: Election decided. Result: candidate lost. Election summary: received 3 responses out of 3 voters: 1 yes votes; 2 no votes. yes voters: 429ba8e8887147049d8c872f8b15fc77; no voters: 6028aef66e174396b8f7c53fb9c2a5a1, fb6fb5c826944b5095edad52a684c7fa
I20260709 13:13:04.760735  6200 raft_consensus.cc:2749] T 16d4bdc5380745269c2be349dbf888c9 P 429ba8e8887147049d8c872f8b15fc77 [term 0 FOLLOWER]: Leader pre-election lost for term 1. Reason: could not achieve majority
I20260709 13:13:04.768141  5941 tablet_bootstrap.cc:654] T 5923a297c7274d5c95cc67a362873136 P 6028aef66e174396b8f7c53fb9c2a5a1: Neither blocks nor log segments found. Creating new log.
I20260709 13:13:04.770121  5939 tablet_bootstrap.cc:654] T c788aabf8a264ce2ba38f04c3cef6e52 P fb6fb5c826944b5095edad52a684c7fa: Neither blocks nor log segments found. Creating new log.
I20260709 13:13:04.776350  6228 raft_consensus.cc:493] T df8a47082e7e4bb58e79fe671254941e P 6028aef66e174396b8f7c53fb9c2a5a1 [term 0 FOLLOWER]: Starting pre-election (no leader contacted us within the election timeout)
I20260709 13:13:04.776839  6228 raft_consensus.cc:515] T df8a47082e7e4bb58e79fe671254941e P 6028aef66e174396b8f7c53fb9c2a5a1 [term 0 FOLLOWER]: Starting pre-election with config: opid_index: -1 OBSOLETE_local: false peers { permanent_uuid: "fb6fb5c826944b5095edad52a684c7fa" member_type: VOTER last_known_addr { host: "127.4.135.193" port: 39827 } } peers { permanent_uuid: "6028aef66e174396b8f7c53fb9c2a5a1" member_type: VOTER last_known_addr { host: "127.4.135.194" port: 45625 } } peers { permanent_uuid: "429ba8e8887147049d8c872f8b15fc77" member_type: VOTER last_known_addr { host: "127.4.135.195" port: 39809 } }
I20260709 13:13:04.778782  6228 leader_election.cc:290] T df8a47082e7e4bb58e79fe671254941e P 6028aef66e174396b8f7c53fb9c2a5a1 [CANDIDATE]: Term 1 pre-election: Requested pre-vote from peers fb6fb5c826944b5095edad52a684c7fa (127.4.135.193:39827), 429ba8e8887147049d8c872f8b15fc77 (127.4.135.195:39809)
I20260709 13:13:04.780103  5746 tablet_service.cc:1917] Received RequestConsensusVote() RPC: tablet_id: "df8a47082e7e4bb58e79fe671254941e" candidate_uuid: "6028aef66e174396b8f7c53fb9c2a5a1" candidate_term: 1 candidate_status { last_received { term: 0 index: 0 } } ignore_live_leader: false dest_uuid: "fb6fb5c826944b5095edad52a684c7fa" is_pre_election: true
I20260709 13:13:04.780685  5746 raft_consensus.cc:2468] T df8a47082e7e4bb58e79fe671254941e P fb6fb5c826944b5095edad52a684c7fa [term 0 FOLLOWER]: Leader pre-election vote request: Granting yes vote for candidate 6028aef66e174396b8f7c53fb9c2a5a1 in term 0.
I20260709 13:13:04.782626  5791 leader_election.cc:304] T df8a47082e7e4bb58e79fe671254941e P 6028aef66e174396b8f7c53fb9c2a5a1 [CANDIDATE]: Term 1 pre-election: Election decided. Result: candidate won. Election summary: received 2 responses out of 3 voters: 2 yes votes; 0 no votes. yes voters: 6028aef66e174396b8f7c53fb9c2a5a1, fb6fb5c826944b5095edad52a684c7fa; no voters: 
I20260709 13:13:04.783427  6224 raft_consensus.cc:2804] T df8a47082e7e4bb58e79fe671254941e P 6028aef66e174396b8f7c53fb9c2a5a1 [term 0 FOLLOWER]: Leader pre-election won for term 1
I20260709 13:13:04.783787  6224 raft_consensus.cc:493] T df8a47082e7e4bb58e79fe671254941e P 6028aef66e174396b8f7c53fb9c2a5a1 [term 0 FOLLOWER]: Starting leader election (no leader contacted us within the election timeout)
I20260709 13:13:04.784101  6224 raft_consensus.cc:3060] T df8a47082e7e4bb58e79fe671254941e P 6028aef66e174396b8f7c53fb9c2a5a1 [term 0 FOLLOWER]: Advancing to term 1
I20260709 13:13:04.786895  5942 tablet_bootstrap.cc:654] T 1acb6034b9cc457c9ac961e802d992de P 429ba8e8887147049d8c872f8b15fc77: Neither blocks nor log segments found. Creating new log.
I20260709 13:13:04.791292  5941 tablet_bootstrap.cc:492] T 5923a297c7274d5c95cc67a362873136 P 6028aef66e174396b8f7c53fb9c2a5a1: No bootstrap required, opened a new log
I20260709 13:13:04.791920  5941 ts_tablet_manager.cc:1403] T 5923a297c7274d5c95cc67a362873136 P 6028aef66e174396b8f7c53fb9c2a5a1: Time spent bootstrapping tablet: real 0.040s	user 0.016s	sys 0.002s
I20260709 13:13:04.795253  5941 raft_consensus.cc:359] T 5923a297c7274d5c95cc67a362873136 P 6028aef66e174396b8f7c53fb9c2a5a1 [term 0 FOLLOWER]: Replica starting. Triggering 0 pending ops. Active config: opid_index: -1 OBSOLETE_local: false peers { permanent_uuid: "fb6fb5c826944b5095edad52a684c7fa" member_type: VOTER last_known_addr { host: "127.4.135.193" port: 39827 } } peers { permanent_uuid: "6028aef66e174396b8f7c53fb9c2a5a1" member_type: VOTER last_known_addr { host: "127.4.135.194" port: 45625 } } peers { permanent_uuid: "429ba8e8887147049d8c872f8b15fc77" member_type: VOTER last_known_addr { host: "127.4.135.195" port: 39809 } }
I20260709 13:13:04.796295  5941 raft_consensus.cc:385] T 5923a297c7274d5c95cc67a362873136 P 6028aef66e174396b8f7c53fb9c2a5a1 [term 0 FOLLOWER]: Consensus starting up: Expiring failure detector timer to make a prompt election more likely
I20260709 13:13:04.798249  5939 tablet_bootstrap.cc:492] T c788aabf8a264ce2ba38f04c3cef6e52 P fb6fb5c826944b5095edad52a684c7fa: No bootstrap required, opened a new log
I20260709 13:13:04.798895  5939 ts_tablet_manager.cc:1403] T c788aabf8a264ce2ba38f04c3cef6e52 P fb6fb5c826944b5095edad52a684c7fa: Time spent bootstrapping tablet: real 0.042s	user 0.013s	sys 0.005s
I20260709 13:13:04.799540  5941 raft_consensus.cc:740] T 5923a297c7274d5c95cc67a362873136 P 6028aef66e174396b8f7c53fb9c2a5a1 [term 0 FOLLOWER]: Becoming Follower/Learner. State: Replica: 6028aef66e174396b8f7c53fb9c2a5a1, State: Initialized, Role: FOLLOWER
I20260709 13:13:04.801198  5941 consensus_queue.cc:260] T 5923a297c7274d5c95cc67a362873136 P 6028aef66e174396b8f7c53fb9c2a5a1 [NON_LEADER]: Queue going to NON_LEADER mode. State: All replicated index: 0, Majority replicated index: 0, Committed index: 0, Last appended: 0.0, Last appended by leader: 0, Current term: 0, Majority size: -1, State: 0, Mode: NON_LEADER, active raft config: opid_index: -1 OBSOLETE_local: false peers { permanent_uuid: "fb6fb5c826944b5095edad52a684c7fa" member_type: VOTER last_known_addr { host: "127.4.135.193" port: 39827 } } peers { permanent_uuid: "6028aef66e174396b8f7c53fb9c2a5a1" member_type: VOTER last_known_addr { host: "127.4.135.194" port: 45625 } } peers { permanent_uuid: "429ba8e8887147049d8c872f8b15fc77" member_type: VOTER last_known_addr { host: "127.4.135.195" port: 39809 } }
I20260709 13:13:04.802976  5896 tablet_service.cc:1917] Received RequestConsensusVote() RPC: tablet_id: "df8a47082e7e4bb58e79fe671254941e" candidate_uuid: "6028aef66e174396b8f7c53fb9c2a5a1" candidate_term: 1 candidate_status { last_received { term: 0 index: 0 } } ignore_live_leader: false dest_uuid: "429ba8e8887147049d8c872f8b15fc77" is_pre_election: true
I20260709 13:13:04.795066  6224 raft_consensus.cc:515] T df8a47082e7e4bb58e79fe671254941e P 6028aef66e174396b8f7c53fb9c2a5a1 [term 1 FOLLOWER]: Starting leader election with config: opid_index: -1 OBSOLETE_local: false peers { permanent_uuid: "fb6fb5c826944b5095edad52a684c7fa" member_type: VOTER last_known_addr { host: "127.4.135.193" port: 39827 } } peers { permanent_uuid: "6028aef66e174396b8f7c53fb9c2a5a1" member_type: VOTER last_known_addr { host: "127.4.135.194" port: 45625 } } peers { permanent_uuid: "429ba8e8887147049d8c872f8b15fc77" member_type: VOTER last_known_addr { host: "127.4.135.195" port: 39809 } }
I20260709 13:13:04.809090  5939 raft_consensus.cc:359] T c788aabf8a264ce2ba38f04c3cef6e52 P fb6fb5c826944b5095edad52a684c7fa [term 0 FOLLOWER]: Replica starting. Triggering 0 pending ops. Active config: opid_index: -1 OBSOLETE_local: false peers { permanent_uuid: "fb6fb5c826944b5095edad52a684c7fa" member_type: VOTER last_known_addr { host: "127.4.135.193" port: 39827 } } peers { permanent_uuid: "6028aef66e174396b8f7c53fb9c2a5a1" member_type: VOTER last_known_addr { host: "127.4.135.194" port: 45625 } } peers { permanent_uuid: "429ba8e8887147049d8c872f8b15fc77" member_type: VOTER last_known_addr { host: "127.4.135.195" port: 39809 } }
I20260709 13:13:04.810513  5939 raft_consensus.cc:385] T c788aabf8a264ce2ba38f04c3cef6e52 P fb6fb5c826944b5095edad52a684c7fa [term 0 FOLLOWER]: Consensus starting up: Expiring failure detector timer to make a prompt election more likely
I20260709 13:13:04.810956  5939 raft_consensus.cc:740] T c788aabf8a264ce2ba38f04c3cef6e52 P fb6fb5c826944b5095edad52a684c7fa [term 0 FOLLOWER]: Becoming Follower/Learner. State: Replica: fb6fb5c826944b5095edad52a684c7fa, State: Initialized, Role: FOLLOWER
I20260709 13:13:04.813952  5939 consensus_queue.cc:260] T c788aabf8a264ce2ba38f04c3cef6e52 P fb6fb5c826944b5095edad52a684c7fa [NON_LEADER]: Queue going to NON_LEADER mode. State: All replicated index: 0, Majority replicated index: 0, Committed index: 0, Last appended: 0.0, Last appended by leader: 0, Current term: 0, Majority size: -1, State: 0, Mode: NON_LEADER, active raft config: opid_index: -1 OBSOLETE_local: false peers { permanent_uuid: "fb6fb5c826944b5095edad52a684c7fa" member_type: VOTER last_known_addr { host: "127.4.135.193" port: 39827 } } peers { permanent_uuid: "6028aef66e174396b8f7c53fb9c2a5a1" member_type: VOTER last_known_addr { host: "127.4.135.194" port: 45625 } } peers { permanent_uuid: "429ba8e8887147049d8c872f8b15fc77" member_type: VOTER last_known_addr { host: "127.4.135.195" port: 39809 } }
I20260709 13:13:04.815201  5941 ts_tablet_manager.cc:1434] T 5923a297c7274d5c95cc67a362873136 P 6028aef66e174396b8f7c53fb9c2a5a1: Time spent starting tablet: real 0.023s	user 0.006s	sys 0.001s
I20260709 13:13:04.817543  5941 tablet_bootstrap.cc:492] T c14a08e3fcf0475cbb51a3caac7d3c9c P 6028aef66e174396b8f7c53fb9c2a5a1: Bootstrap starting.
I20260709 13:13:04.811729  5896 raft_consensus.cc:2468] T df8a47082e7e4bb58e79fe671254941e P 429ba8e8887147049d8c872f8b15fc77 [term 0 FOLLOWER]: Leader pre-election vote request: Granting yes vote for candidate 6028aef66e174396b8f7c53fb9c2a5a1 in term 0.
I20260709 13:13:04.825881  5939 ts_tablet_manager.cc:1434] T c788aabf8a264ce2ba38f04c3cef6e52 P fb6fb5c826944b5095edad52a684c7fa: Time spent starting tablet: real 0.027s	user 0.006s	sys 0.000s
I20260709 13:13:04.825301  6224 leader_election.cc:290] T df8a47082e7e4bb58e79fe671254941e P 6028aef66e174396b8f7c53fb9c2a5a1 [CANDIDATE]: Term 1 election: Requested vote from peers fb6fb5c826944b5095edad52a684c7fa (127.4.135.193:39827), 429ba8e8887147049d8c872f8b15fc77 (127.4.135.195:39809)
I20260709 13:13:04.827909  5942 tablet_bootstrap.cc:492] T 1acb6034b9cc457c9ac961e802d992de P 429ba8e8887147049d8c872f8b15fc77: No bootstrap required, opened a new log
I20260709 13:13:04.827976  6057 consensus_queue.cc:1048] T d5433980396c4c62b13a5ef7ea36f94b P 429ba8e8887147049d8c872f8b15fc77 [LEADER]: Connected to new peer: Peer: permanent_uuid: "6028aef66e174396b8f7c53fb9c2a5a1" member_type: VOTER last_known_addr { host: "127.4.135.194" port: 45625 }, Status: LMP_MISMATCH, Last received: 0.0, Next index: 1, Last known committed idx: 0, Time since last communication: 0.000s
I20260709 13:13:04.828418  5942 ts_tablet_manager.cc:1403] T 1acb6034b9cc457c9ac961e802d992de P 429ba8e8887147049d8c872f8b15fc77: Time spent bootstrapping tablet: real 0.072s	user 0.014s	sys 0.008s
I20260709 13:13:04.830080  5896 tablet_service.cc:1917] Received RequestConsensusVote() RPC: tablet_id: "df8a47082e7e4bb58e79fe671254941e" candidate_uuid: "6028aef66e174396b8f7c53fb9c2a5a1" candidate_term: 1 candidate_status { last_received { term: 0 index: 0 } } ignore_live_leader: false dest_uuid: "429ba8e8887147049d8c872f8b15fc77"
I20260709 13:13:04.834432  5745 tablet_service.cc:1917] Received RequestConsensusVote() RPC: tablet_id: "df8a47082e7e4bb58e79fe671254941e" candidate_uuid: "6028aef66e174396b8f7c53fb9c2a5a1" candidate_term: 1 candidate_status { last_received { term: 0 index: 0 } } ignore_live_leader: false dest_uuid: "fb6fb5c826944b5095edad52a684c7fa"
I20260709 13:13:04.835711  6208 raft_consensus.cc:493] T 2e3ea8d353d04dc4937e01d5317ec8af P 429ba8e8887147049d8c872f8b15fc77 [term 0 FOLLOWER]: Starting pre-election (no leader contacted us within the election timeout)
I20260709 13:13:04.835843  5745 raft_consensus.cc:3060] T df8a47082e7e4bb58e79fe671254941e P fb6fb5c826944b5095edad52a684c7fa [term 0 FOLLOWER]: Advancing to term 1
I20260709 13:13:04.835960  5896 raft_consensus.cc:3060] T df8a47082e7e4bb58e79fe671254941e P 429ba8e8887147049d8c872f8b15fc77 [term 0 FOLLOWER]: Advancing to term 1
I20260709 13:13:04.836242  6208 raft_consensus.cc:515] T 2e3ea8d353d04dc4937e01d5317ec8af P 429ba8e8887147049d8c872f8b15fc77 [term 0 FOLLOWER]: Starting pre-election with config: opid_index: -1 OBSOLETE_local: false peers { permanent_uuid: "fb6fb5c826944b5095edad52a684c7fa" member_type: VOTER last_known_addr { host: "127.4.135.193" port: 39827 } } peers { permanent_uuid: "6028aef66e174396b8f7c53fb9c2a5a1" member_type: VOTER last_known_addr { host: "127.4.135.194" port: 45625 } } peers { permanent_uuid: "429ba8e8887147049d8c872f8b15fc77" member_type: VOTER last_known_addr { host: "127.4.135.195" port: 39809 } }
I20260709 13:13:04.837294  5941 tablet_bootstrap.cc:654] T c14a08e3fcf0475cbb51a3caac7d3c9c P 6028aef66e174396b8f7c53fb9c2a5a1: Neither blocks nor log segments found. Creating new log.
I20260709 13:13:04.837728  5942 raft_consensus.cc:359] T 1acb6034b9cc457c9ac961e802d992de P 429ba8e8887147049d8c872f8b15fc77 [term 0 FOLLOWER]: Replica starting. Triggering 0 pending ops. Active config: opid_index: -1 OBSOLETE_local: false peers { permanent_uuid: "fb6fb5c826944b5095edad52a684c7fa" member_type: VOTER last_known_addr { host: "127.4.135.193" port: 39827 } } peers { permanent_uuid: "6028aef66e174396b8f7c53fb9c2a5a1" member_type: VOTER last_known_addr { host: "127.4.135.194" port: 45625 } } peers { permanent_uuid: "429ba8e8887147049d8c872f8b15fc77" member_type: VOTER last_known_addr { host: "127.4.135.195" port: 39809 } }
I20260709 13:13:04.839433  5942 raft_consensus.cc:385] T 1acb6034b9cc457c9ac961e802d992de P 429ba8e8887147049d8c872f8b15fc77 [term 0 FOLLOWER]: Consensus starting up: Expiring failure detector timer to make a prompt election more likely
I20260709 13:13:04.839785  5942 raft_consensus.cc:740] T 1acb6034b9cc457c9ac961e802d992de P 429ba8e8887147049d8c872f8b15fc77 [term 0 FOLLOWER]: Becoming Follower/Learner. State: Replica: 429ba8e8887147049d8c872f8b15fc77, State: Initialized, Role: FOLLOWER
I20260709 13:13:04.842489  5748 tablet_service.cc:1917] Received RequestConsensusVote() RPC: tablet_id: "2e3ea8d353d04dc4937e01d5317ec8af" candidate_uuid: "429ba8e8887147049d8c872f8b15fc77" candidate_term: 1 candidate_status { last_received { term: 0 index: 0 } } ignore_live_leader: false dest_uuid: "fb6fb5c826944b5095edad52a684c7fa" is_pre_election: true
I20260709 13:13:04.852396  5745 raft_consensus.cc:2468] T df8a47082e7e4bb58e79fe671254941e P fb6fb5c826944b5095edad52a684c7fa [term 1 FOLLOWER]: Leader election vote request: Granting yes vote for candidate 6028aef66e174396b8f7c53fb9c2a5a1 in term 1.
I20260709 13:13:04.838310  6208 leader_election.cc:290] T 2e3ea8d353d04dc4937e01d5317ec8af P 429ba8e8887147049d8c872f8b15fc77 [CANDIDATE]: Term 1 pre-election: Requested pre-vote from peers fb6fb5c826944b5095edad52a684c7fa (127.4.135.193:39827), 6028aef66e174396b8f7c53fb9c2a5a1 (127.4.135.194:45625)
I20260709 13:13:04.854187  5942 consensus_queue.cc:260] T 1acb6034b9cc457c9ac961e802d992de P 429ba8e8887147049d8c872f8b15fc77 [NON_LEADER]: Queue going to NON_LEADER mode. State: All replicated index: 0, Majority replicated index: 0, Committed index: 0, Last appended: 0.0, Last appended by leader: 0, Current term: 0, Majority size: -1, State: 0, Mode: NON_LEADER, active raft config: opid_index: -1 OBSOLETE_local: false peers { permanent_uuid: "fb6fb5c826944b5095edad52a684c7fa" member_type: VOTER last_known_addr { host: "127.4.135.193" port: 39827 } } peers { permanent_uuid: "6028aef66e174396b8f7c53fb9c2a5a1" member_type: VOTER last_known_addr { host: "127.4.135.194" port: 45625 } } peers { permanent_uuid: "429ba8e8887147049d8c872f8b15fc77" member_type: VOTER last_known_addr { host: "127.4.135.195" port: 39809 } }
I20260709 13:13:04.847636  5819 tablet_service.cc:1917] Received RequestConsensusVote() RPC: tablet_id: "2e3ea8d353d04dc4937e01d5317ec8af" candidate_uuid: "429ba8e8887147049d8c872f8b15fc77" candidate_term: 1 candidate_status { last_received { term: 0 index: 0 } } ignore_live_leader: false dest_uuid: "6028aef66e174396b8f7c53fb9c2a5a1" is_pre_election: true
W20260709 13:13:04.856559  5865 leader_election.cc:343] T 2e3ea8d353d04dc4937e01d5317ec8af P 429ba8e8887147049d8c872f8b15fc77 [CANDIDATE]: Term 1 pre-election: Tablet error from VoteRequest() call to peer fb6fb5c826944b5095edad52a684c7fa (127.4.135.193:39827): Illegal state: must be running to vote when last-logged opid is not known
I20260709 13:13:04.856657  5819 raft_consensus.cc:2468] T 2e3ea8d353d04dc4937e01d5317ec8af P 6028aef66e174396b8f7c53fb9c2a5a1 [term 0 FOLLOWER]: Leader pre-election vote request: Granting yes vote for candidate 429ba8e8887147049d8c872f8b15fc77 in term 0.
I20260709 13:13:04.853724  5791 leader_election.cc:304] T df8a47082e7e4bb58e79fe671254941e P 6028aef66e174396b8f7c53fb9c2a5a1 [CANDIDATE]: Term 1 election: Election decided. Result: candidate won. Election summary: received 2 responses out of 3 voters: 2 yes votes; 0 no votes. yes voters: 6028aef66e174396b8f7c53fb9c2a5a1, fb6fb5c826944b5095edad52a684c7fa; no voters: 
I20260709 13:13:04.858206  5862 leader_election.cc:304] T 2e3ea8d353d04dc4937e01d5317ec8af P 429ba8e8887147049d8c872f8b15fc77 [CANDIDATE]: Term 1 pre-election: Election decided. Result: candidate won. Election summary: received 3 responses out of 3 voters: 2 yes votes; 1 no votes. yes voters: 429ba8e8887147049d8c872f8b15fc77, 6028aef66e174396b8f7c53fb9c2a5a1; no voters: fb6fb5c826944b5095edad52a684c7fa
I20260709 13:13:04.858913  6057 raft_consensus.cc:2804] T 2e3ea8d353d04dc4937e01d5317ec8af P 429ba8e8887147049d8c872f8b15fc77 [term 0 FOLLOWER]: Leader pre-election won for term 1
I20260709 13:13:04.859258  6057 raft_consensus.cc:493] T 2e3ea8d353d04dc4937e01d5317ec8af P 429ba8e8887147049d8c872f8b15fc77 [term 0 FOLLOWER]: Starting leader election (no leader contacted us within the election timeout)
I20260709 13:13:04.859287  5939 tablet_bootstrap.cc:492] T 2e3ea8d353d04dc4937e01d5317ec8af P fb6fb5c826944b5095edad52a684c7fa: Bootstrap starting.
I20260709 13:13:04.859589  6057 raft_consensus.cc:3060] T 2e3ea8d353d04dc4937e01d5317ec8af P 429ba8e8887147049d8c872f8b15fc77 [term 0 FOLLOWER]: Advancing to term 1
I20260709 13:13:04.860378  6034 raft_consensus.cc:2804] T df8a47082e7e4bb58e79fe671254941e P 6028aef66e174396b8f7c53fb9c2a5a1 [term 1 FOLLOWER]: Leader election won for term 1
I20260709 13:13:04.863844  6034 raft_consensus.cc:697] T df8a47082e7e4bb58e79fe671254941e P 6028aef66e174396b8f7c53fb9c2a5a1 [term 1 LEADER]: Becoming Leader. State: Replica: 6028aef66e174396b8f7c53fb9c2a5a1, State: Running, Role: LEADER
I20260709 13:13:04.865577  5941 tablet_bootstrap.cc:492] T c14a08e3fcf0475cbb51a3caac7d3c9c P 6028aef66e174396b8f7c53fb9c2a5a1: No bootstrap required, opened a new log
I20260709 13:13:04.866003  5941 ts_tablet_manager.cc:1403] T c14a08e3fcf0475cbb51a3caac7d3c9c P 6028aef66e174396b8f7c53fb9c2a5a1: Time spent bootstrapping tablet: real 0.049s	user 0.009s	sys 0.011s
I20260709 13:13:04.868579  5941 raft_consensus.cc:359] T c14a08e3fcf0475cbb51a3caac7d3c9c P 6028aef66e174396b8f7c53fb9c2a5a1 [term 0 FOLLOWER]: Replica starting. Triggering 0 pending ops. Active config: opid_index: -1 OBSOLETE_local: false peers { permanent_uuid: "fb6fb5c826944b5095edad52a684c7fa" member_type: VOTER last_known_addr { host: "127.4.135.193" port: 39827 } } peers { permanent_uuid: "6028aef66e174396b8f7c53fb9c2a5a1" member_type: VOTER last_known_addr { host: "127.4.135.194" port: 45625 } } peers { permanent_uuid: "429ba8e8887147049d8c872f8b15fc77" member_type: VOTER last_known_addr { host: "127.4.135.195" port: 39809 } }
I20260709 13:13:04.869197  5941 raft_consensus.cc:385] T c14a08e3fcf0475cbb51a3caac7d3c9c P 6028aef66e174396b8f7c53fb9c2a5a1 [term 0 FOLLOWER]: Consensus starting up: Expiring failure detector timer to make a prompt election more likely
I20260709 13:13:04.869459  5941 raft_consensus.cc:740] T c14a08e3fcf0475cbb51a3caac7d3c9c P 6028aef66e174396b8f7c53fb9c2a5a1 [term 0 FOLLOWER]: Becoming Follower/Learner. State: Replica: 6028aef66e174396b8f7c53fb9c2a5a1, State: Initialized, Role: FOLLOWER
