I20260709 13:12:47.013273  5464 leader_election.cc:290] T b1844272307b4428ab4c7a73b2720fcb P 7cff59495e2e4fe9b75f21ecff381201 [CANDIDATE]: Term 1 election: Requested vote from peers 961014dd92114ff89e70bb3cc0c9db6d (127.4.135.193:38401), e1978e97ad81499b8e6b6e80f76b792a (127.4.135.195:40581)
I20260709 13:12:47.014108  5270 tablet_service.cc:1917] Received RequestConsensusVote() RPC: tablet_id: "b1844272307b4428ab4c7a73b2720fcb" candidate_uuid: "7cff59495e2e4fe9b75f21ecff381201" candidate_term: 1 candidate_status { last_received { term: 0 index: 0 } } ignore_live_leader: false dest_uuid: "961014dd92114ff89e70bb3cc0c9db6d"
I20260709 13:12:47.014256  5419 tablet_service.cc:1917] Received RequestConsensusVote() RPC: tablet_id: "b1844272307b4428ab4c7a73b2720fcb" candidate_uuid: "7cff59495e2e4fe9b75f21ecff381201" candidate_term: 1 candidate_status { last_received { term: 0 index: 0 } } ignore_live_leader: false dest_uuid: "e1978e97ad81499b8e6b6e80f76b792a" is_pre_election: true
I20260709 13:12:47.014878  5270 raft_consensus.cc:3060] T b1844272307b4428ab4c7a73b2720fcb P 961014dd92114ff89e70bb3cc0c9db6d [term 0 FOLLOWER]: Advancing to term 1
I20260709 13:12:47.016757  5459 tablet_bootstrap.cc:654] T 9b82fd4504924434bbbceb4bc8929311 P 961014dd92114ff89e70bb3cc0c9db6d: Neither blocks nor log segments found. Creating new log.
I20260709 13:12:47.017452  5419 tablet_service.cc:1917] Received RequestConsensusVote() RPC: tablet_id: "b1844272307b4428ab4c7a73b2720fcb" candidate_uuid: "7cff59495e2e4fe9b75f21ecff381201" candidate_term: 1 candidate_status { last_received { term: 0 index: 0 } } ignore_live_leader: false dest_uuid: "e1978e97ad81499b8e6b6e80f76b792a"
W20260709 13:12:47.016790  5311 leader_election.cc:343] T b1844272307b4428ab4c7a73b2720fcb P 7cff59495e2e4fe9b75f21ecff381201 [CANDIDATE]: Term 1 pre-election: Tablet error from VoteRequest() call to peer e1978e97ad81499b8e6b6e80f76b792a (127.4.135.195:40581): Illegal state: must be running to vote when last-logged opid is not known
W20260709 13:12:47.019456  5311 leader_election.cc:343] T b1844272307b4428ab4c7a73b2720fcb P 7cff59495e2e4fe9b75f21ecff381201 [CANDIDATE]: Term 1 election: Tablet error from VoteRequest() call to peer e1978e97ad81499b8e6b6e80f76b792a (127.4.135.195:40581): Illegal state: must be running to vote when last-logged opid is not known
I20260709 13:12:47.027271  5464 raft_consensus.cc:493] T 1656129ef70e43c9ad41774d1202744d P 7cff59495e2e4fe9b75f21ecff381201 [term 0 FOLLOWER]: Starting pre-election (no leader contacted us within the election timeout)
I20260709 13:12:47.028064  5459 tablet_bootstrap.cc:492] T 9b82fd4504924434bbbceb4bc8929311 P 961014dd92114ff89e70bb3cc0c9db6d: No bootstrap required, opened a new log
I20260709 13:12:47.027743  5464 raft_consensus.cc:515] T 1656129ef70e43c9ad41774d1202744d P 7cff59495e2e4fe9b75f21ecff381201 [term 0 FOLLOWER]: Starting pre-election with config: opid_index: -1 OBSOLETE_local: false peers { permanent_uuid: "961014dd92114ff89e70bb3cc0c9db6d" member_type: VOTER last_known_addr { host: "127.4.135.193" port: 38401 } } peers { permanent_uuid: "e1978e97ad81499b8e6b6e80f76b792a" member_type: VOTER last_known_addr { host: "127.4.135.195" port: 40581 } } peers { permanent_uuid: "7cff59495e2e4fe9b75f21ecff381201" member_type: VOTER last_known_addr { host: "127.4.135.194" port: 40417 } }
I20260709 13:12:47.028491  5459 ts_tablet_manager.cc:1403] T 9b82fd4504924434bbbceb4bc8929311 P 961014dd92114ff89e70bb3cc0c9db6d: Time spent bootstrapping tablet: real 0.018s	user 0.009s	sys 0.008s
I20260709 13:12:47.028986  5345 tablet_service.cc:1917] Received RequestConsensusVote() RPC: tablet_id: "8955210da8c44d63b776c4f04a8c2225" candidate_uuid: "e1978e97ad81499b8e6b6e80f76b792a" candidate_term: 1 candidate_status { last_received { term: 0 index: 0 } } ignore_live_leader: false dest_uuid: "7cff59495e2e4fe9b75f21ecff381201" is_pre_election: true
I20260709 13:12:47.029996  5464 leader_election.cc:290] T 1656129ef70e43c9ad41774d1202744d P 7cff59495e2e4fe9b75f21ecff381201 [CANDIDATE]: Term 1 pre-election: Requested pre-vote from peers 961014dd92114ff89e70bb3cc0c9db6d (127.4.135.193:38401), e1978e97ad81499b8e6b6e80f76b792a (127.4.135.195:40581)
W20260709 13:12:47.030428  5382 leader_election.cc:343] T 8955210da8c44d63b776c4f04a8c2225 P e1978e97ad81499b8e6b6e80f76b792a [CANDIDATE]: Term 1 pre-election: Tablet error from VoteRequest() call to peer 7cff59495e2e4fe9b75f21ecff381201 (127.4.135.194:40417): Illegal state: must be running to vote when last-logged opid is not known
I20260709 13:12:47.030855  5382 leader_election.cc:304] T 8955210da8c44d63b776c4f04a8c2225 P e1978e97ad81499b8e6b6e80f76b792a [CANDIDATE]: Term 1 pre-election: Election decided. Result: candidate lost. Election summary: received 3 responses out of 3 voters: 1 yes votes; 2 no votes. yes voters: e1978e97ad81499b8e6b6e80f76b792a; no voters: 7cff59495e2e4fe9b75f21ecff381201, 961014dd92114ff89e70bb3cc0c9db6d
I20260709 13:12:47.031316  5459 raft_consensus.cc:359] T 9b82fd4504924434bbbceb4bc8929311 P 961014dd92114ff89e70bb3cc0c9db6d [term 0 FOLLOWER]: Replica starting. Triggering 0 pending ops. Active config: opid_index: -1 OBSOLETE_local: false peers { permanent_uuid: "961014dd92114ff89e70bb3cc0c9db6d" member_type: VOTER last_known_addr { host: "127.4.135.193" port: 38401 } } peers { permanent_uuid: "7cff59495e2e4fe9b75f21ecff381201" member_type: VOTER last_known_addr { host: "127.4.135.194" port: 40417 } } peers { permanent_uuid: "e1978e97ad81499b8e6b6e80f76b792a" member_type: VOTER last_known_addr { host: "127.4.135.195" port: 40581 } }
I20260709 13:12:47.032006  5459 raft_consensus.cc:385] T 9b82fd4504924434bbbceb4bc8929311 P 961014dd92114ff89e70bb3cc0c9db6d [term 0 FOLLOWER]: Consensus starting up: Expiring failure detector timer to make a prompt election more likely
I20260709 13:12:47.031944  5468 raft_consensus.cc:2749] T 8955210da8c44d63b776c4f04a8c2225 P e1978e97ad81499b8e6b6e80f76b792a [term 0 FOLLOWER]: Leader pre-election lost for term 1. Reason: could not achieve majority
I20260709 13:12:47.024439  5270 raft_consensus.cc:2468] T b1844272307b4428ab4c7a73b2720fcb P 961014dd92114ff89e70bb3cc0c9db6d [term 1 FOLLOWER]: Leader election vote request: Granting yes vote for candidate 7cff59495e2e4fe9b75f21ecff381201 in term 1.
I20260709 13:12:47.031771  5269 tablet_service.cc:1917] Received RequestConsensusVote() RPC: tablet_id: "1656129ef70e43c9ad41774d1202744d" candidate_uuid: "7cff59495e2e4fe9b75f21ecff381201" candidate_term: 1 candidate_status { last_received { term: 0 index: 0 } } ignore_live_leader: false dest_uuid: "961014dd92114ff89e70bb3cc0c9db6d" is_pre_election: true
I20260709 13:12:47.032409  5459 raft_consensus.cc:740] T 9b82fd4504924434bbbceb4bc8929311 P 961014dd92114ff89e70bb3cc0c9db6d [term 0 FOLLOWER]: Becoming Follower/Learner. State: Replica: 961014dd92114ff89e70bb3cc0c9db6d, State: Initialized, Role: FOLLOWER
I20260709 13:12:47.033741  5309 leader_election.cc:304] T b1844272307b4428ab4c7a73b2720fcb P 7cff59495e2e4fe9b75f21ecff381201 [CANDIDATE]: Term 1 election: Election decided. Result: candidate won. Election summary: received 3 responses out of 3 voters: 2 yes votes; 1 no votes. yes voters: 7cff59495e2e4fe9b75f21ecff381201, 961014dd92114ff89e70bb3cc0c9db6d; no voters: e1978e97ad81499b8e6b6e80f76b792a
I20260709 13:12:47.033520  5459 consensus_queue.cc:260] T 9b82fd4504924434bbbceb4bc8929311 P 961014dd92114ff89e70bb3cc0c9db6d [NON_LEADER]: Queue going to NON_LEADER mode. State: All replicated index: 0, Majority replicated index: 0, Committed index: 0, Last appended: 0.0, Last appended by leader: 0, Current term: 0, Majority size: -1, State: 0, Mode: NON_LEADER, active raft config: opid_index: -1 OBSOLETE_local: false peers { permanent_uuid: "961014dd92114ff89e70bb3cc0c9db6d" member_type: VOTER last_known_addr { host: "127.4.135.193" port: 38401 } } peers { permanent_uuid: "7cff59495e2e4fe9b75f21ecff381201" member_type: VOTER last_known_addr { host: "127.4.135.194" port: 40417 } } peers { permanent_uuid: "e1978e97ad81499b8e6b6e80f76b792a" member_type: VOTER last_known_addr { host: "127.4.135.195" port: 40581 } }
I20260709 13:12:47.034795  5464 raft_consensus.cc:2804] T b1844272307b4428ab4c7a73b2720fcb P 7cff59495e2e4fe9b75f21ecff381201 [term 1 FOLLOWER]: Leader election won for term 1
W20260709 13:12:47.035174  5309 leader_election.cc:343] T 1656129ef70e43c9ad41774d1202744d P 7cff59495e2e4fe9b75f21ecff381201 [CANDIDATE]: Term 1 pre-election: Tablet error from VoteRequest() call to peer 961014dd92114ff89e70bb3cc0c9db6d (127.4.135.193:38401): Illegal state: must be running to vote when last-logged opid is not known
I20260709 13:12:47.035260  5464 raft_consensus.cc:697] T b1844272307b4428ab4c7a73b2720fcb P 7cff59495e2e4fe9b75f21ecff381201 [term 1 LEADER]: Becoming Leader. State: Replica: 7cff59495e2e4fe9b75f21ecff381201, State: Running, Role: LEADER
I20260709 13:12:47.035425  5419 tablet_service.cc:1917] Received RequestConsensusVote() RPC: tablet_id: "1656129ef70e43c9ad41774d1202744d" candidate_uuid: "7cff59495e2e4fe9b75f21ecff381201" candidate_term: 1 candidate_status { last_received { term: 0 index: 0 } } ignore_live_leader: false dest_uuid: "e1978e97ad81499b8e6b6e80f76b792a" is_pre_election: true
I20260709 13:12:47.036224  5464 consensus_queue.cc:237] T b1844272307b4428ab4c7a73b2720fcb P 7cff59495e2e4fe9b75f21ecff381201 [LEADER]: Queue going to LEADER mode. State: All replicated index: 0, Majority replicated index: 0, Committed index: 0, Last appended: 0.0, Last appended by leader: 0, Current term: 1, Majority size: 2, State: 0, Mode: LEADER, active raft config: opid_index: -1 OBSOLETE_local: false peers { permanent_uuid: "961014dd92114ff89e70bb3cc0c9db6d" member_type: VOTER last_known_addr { host: "127.4.135.193" port: 38401 } } peers { permanent_uuid: "7cff59495e2e4fe9b75f21ecff381201" member_type: VOTER last_known_addr { host: "127.4.135.194" port: 40417 } } peers { permanent_uuid: "e1978e97ad81499b8e6b6e80f76b792a" member_type: VOTER last_known_addr { host: "127.4.135.195" port: 40581 } }
W20260709 13:12:47.036826  5311 leader_election.cc:343] T 1656129ef70e43c9ad41774d1202744d P 7cff59495e2e4fe9b75f21ecff381201 [CANDIDATE]: Term 1 pre-election: Tablet error from VoteRequest() call to peer e1978e97ad81499b8e6b6e80f76b792a (127.4.135.195:40581): Illegal state: must be running to vote when last-logged opid is not known
I20260709 13:12:47.037402  5311 leader_election.cc:304] T 1656129ef70e43c9ad41774d1202744d P 7cff59495e2e4fe9b75f21ecff381201 [CANDIDATE]: Term 1 pre-election: Election decided. Result: candidate lost. Election summary: received 3 responses out of 3 voters: 1 yes votes; 2 no votes. yes voters: 7cff59495e2e4fe9b75f21ecff381201; no voters: 961014dd92114ff89e70bb3cc0c9db6d, e1978e97ad81499b8e6b6e80f76b792a
I20260709 13:12:47.036996  5459 ts_tablet_manager.cc:1434] T 9b82fd4504924434bbbceb4bc8929311 P 961014dd92114ff89e70bb3cc0c9db6d: Time spent starting tablet: real 0.008s	user 0.004s	sys 0.003s
I20260709 13:12:47.038848  5459 tablet_bootstrap.cc:492] T 4aebe21480544ea897e9961728a948ae P 961014dd92114ff89e70bb3cc0c9db6d: Bootstrap starting.
I20260709 13:12:47.041139  5460 tablet_bootstrap.cc:492] T 8955210da8c44d63b776c4f04a8c2225 P 7cff59495e2e4fe9b75f21ecff381201: No bootstrap required, opened a new log
I20260709 13:12:47.041673  5460 ts_tablet_manager.cc:1403] T 8955210da8c44d63b776c4f04a8c2225 P 7cff59495e2e4fe9b75f21ecff381201: Time spent bootstrapping tablet: real 0.057s	user 0.012s	sys 0.006s
I20260709 13:12:47.045118  5459 tablet_bootstrap.cc:654] T 4aebe21480544ea897e9961728a948ae P 961014dd92114ff89e70bb3cc0c9db6d: Neither blocks nor log segments found. Creating new log.
I20260709 13:12:47.046348  5476 raft_consensus.cc:2749] T 1656129ef70e43c9ad41774d1202744d P 7cff59495e2e4fe9b75f21ecff381201 [term 0 FOLLOWER]: Leader pre-election lost for term 1. Reason: could not achieve majority
I20260709 13:12:47.046563  5461 tablet_bootstrap.cc:492] T 1656129ef70e43c9ad41774d1202744d P e1978e97ad81499b8e6b6e80f76b792a: No bootstrap required, opened a new log
I20260709 13:12:47.047034  5461 ts_tablet_manager.cc:1403] T 1656129ef70e43c9ad41774d1202744d P e1978e97ad81499b8e6b6e80f76b792a: Time spent bootstrapping tablet: real 0.063s	user 0.020s	sys 0.012s
I20260709 13:12:47.047463  5466 raft_consensus.cc:493] T 9b82fd4504924434bbbceb4bc8929311 P 961014dd92114ff89e70bb3cc0c9db6d [term 0 FOLLOWER]: Starting pre-election (no leader contacted us within the election timeout)
I20260709 13:12:47.047297  5460 raft_consensus.cc:359] T 8955210da8c44d63b776c4f04a8c2225 P 7cff59495e2e4fe9b75f21ecff381201 [term 0 FOLLOWER]: Replica starting. Triggering 0 pending ops. Active config: opid_index: -1 OBSOLETE_local: false peers { permanent_uuid: "961014dd92114ff89e70bb3cc0c9db6d" member_type: VOTER last_known_addr { host: "127.4.135.193" port: 38401 } } peers { permanent_uuid: "7cff59495e2e4fe9b75f21ecff381201" member_type: VOTER last_known_addr { host: "127.4.135.194" port: 40417 } } peers { permanent_uuid: "e1978e97ad81499b8e6b6e80f76b792a" member_type: VOTER last_known_addr { host: "127.4.135.195" port: 40581 } }
I20260709 13:12:47.048041  5460 raft_consensus.cc:385] T 8955210da8c44d63b776c4f04a8c2225 P 7cff59495e2e4fe9b75f21ecff381201 [term 0 FOLLOWER]: Consensus starting up: Expiring failure detector timer to make a prompt election more likely
I20260709 13:12:47.047932  5466 raft_consensus.cc:515] T 9b82fd4504924434bbbceb4bc8929311 P 961014dd92114ff89e70bb3cc0c9db6d [term 0 FOLLOWER]: Starting pre-election with config: opid_index: -1 OBSOLETE_local: false peers { permanent_uuid: "961014dd92114ff89e70bb3cc0c9db6d" member_type: VOTER last_known_addr { host: "127.4.135.193" port: 38401 } } peers { permanent_uuid: "7cff59495e2e4fe9b75f21ecff381201" member_type: VOTER last_known_addr { host: "127.4.135.194" port: 40417 } } peers { permanent_uuid: "e1978e97ad81499b8e6b6e80f76b792a" member_type: VOTER last_known_addr { host: "127.4.135.195" port: 40581 } }
I20260709 13:12:47.048372  5460 raft_consensus.cc:740] T 8955210da8c44d63b776c4f04a8c2225 P 7cff59495e2e4fe9b75f21ecff381201 [term 0 FOLLOWER]: Becoming Follower/Learner. State: Replica: 7cff59495e2e4fe9b75f21ecff381201, State: Initialized, Role: FOLLOWER
I20260709 13:12:47.049175  5460 consensus_queue.cc:260] T 8955210da8c44d63b776c4f04a8c2225 P 7cff59495e2e4fe9b75f21ecff381201 [NON_LEADER]: Queue going to NON_LEADER mode. State: All replicated index: 0, Majority replicated index: 0, Committed index: 0, Last appended: 0.0, Last appended by leader: 0, Current term: 0, Majority size: -1, State: 0, Mode: NON_LEADER, active raft config: opid_index: -1 OBSOLETE_local: false peers { permanent_uuid: "961014dd92114ff89e70bb3cc0c9db6d" member_type: VOTER last_known_addr { host: "127.4.135.193" port: 38401 } } peers { permanent_uuid: "7cff59495e2e4fe9b75f21ecff381201" member_type: VOTER last_known_addr { host: "127.4.135.194" port: 40417 } } peers { permanent_uuid: "e1978e97ad81499b8e6b6e80f76b792a" member_type: VOTER last_known_addr { host: "127.4.135.195" port: 40581 } }
I20260709 13:12:47.051704  5460 ts_tablet_manager.cc:1434] T 8955210da8c44d63b776c4f04a8c2225 P 7cff59495e2e4fe9b75f21ecff381201: Time spent starting tablet: real 0.010s	user 0.003s	sys 0.004s
I20260709 13:12:47.052572  5460 tablet_bootstrap.cc:492] T aa1d005eddd04cfaa5ace0fda808349b P 7cff59495e2e4fe9b75f21ecff381201: Bootstrap starting.
I20260709 13:12:47.052398  5461 raft_consensus.cc:359] T 1656129ef70e43c9ad41774d1202744d P e1978e97ad81499b8e6b6e80f76b792a [term 0 FOLLOWER]: Replica starting. Triggering 0 pending ops. Active config: opid_index: -1 OBSOLETE_local: false peers { permanent_uuid: "961014dd92114ff89e70bb3cc0c9db6d" member_type: VOTER last_known_addr { host: "127.4.135.193" port: 38401 } } peers { permanent_uuid: "e1978e97ad81499b8e6b6e80f76b792a" member_type: VOTER last_known_addr { host: "127.4.135.195" port: 40581 } } peers { permanent_uuid: "7cff59495e2e4fe9b75f21ecff381201" member_type: VOTER last_known_addr { host: "127.4.135.194" port: 40417 } }
I20260709 13:12:47.053095  5461 raft_consensus.cc:385] T 1656129ef70e43c9ad41774d1202744d P e1978e97ad81499b8e6b6e80f76b792a [term 0 FOLLOWER]: Consensus starting up: Expiring failure detector timer to make a prompt election more likely
I20260709 13:12:47.053368  5461 raft_consensus.cc:740] T 1656129ef70e43c9ad41774d1202744d P e1978e97ad81499b8e6b6e80f76b792a [term 0 FOLLOWER]: Becoming Follower/Learner. State: Replica: e1978e97ad81499b8e6b6e80f76b792a, State: Initialized, Role: FOLLOWER
I20260709 13:12:47.054152  5461 consensus_queue.cc:260] T 1656129ef70e43c9ad41774d1202744d P e1978e97ad81499b8e6b6e80f76b792a [NON_LEADER]: Queue going to NON_LEADER mode. State: All replicated index: 0, Majority replicated index: 0, Committed index: 0, Last appended: 0.0, Last appended by leader: 0, Current term: 0, Majority size: -1, State: 0, Mode: NON_LEADER, active raft config: opid_index: -1 OBSOLETE_local: false peers { permanent_uuid: "961014dd92114ff89e70bb3cc0c9db6d" member_type: VOTER last_known_addr { host: "127.4.135.193" port: 38401 } } peers { permanent_uuid: "e1978e97ad81499b8e6b6e80f76b792a" member_type: VOTER last_known_addr { host: "127.4.135.195" port: 40581 } } peers { permanent_uuid: "7cff59495e2e4fe9b75f21ecff381201" member_type: VOTER last_known_addr { host: "127.4.135.194" port: 40417 } }
I20260709 13:12:47.054612  5466 leader_election.cc:290] T 9b82fd4504924434bbbceb4bc8929311 P 961014dd92114ff89e70bb3cc0c9db6d [CANDIDATE]: Term 1 pre-election: Requested pre-vote from peers 7cff59495e2e4fe9b75f21ecff381201 (127.4.135.194:40417), e1978e97ad81499b8e6b6e80f76b792a (127.4.135.195:40581)
I20260709 13:12:47.056613  5461 ts_tablet_manager.cc:1434] T 1656129ef70e43c9ad41774d1202744d P e1978e97ad81499b8e6b6e80f76b792a: Time spent starting tablet: real 0.009s	user 0.007s	sys 0.000s
I20260709 13:12:47.057591  5461 tablet_bootstrap.cc:492] T aa1d005eddd04cfaa5ace0fda808349b P e1978e97ad81499b8e6b6e80f76b792a: Bootstrap starting.
I20260709 13:12:47.059144  5460 tablet_bootstrap.cc:654] T aa1d005eddd04cfaa5ace0fda808349b P 7cff59495e2e4fe9b75f21ecff381201: Neither blocks nor log segments found. Creating new log.
I20260709 13:12:47.063823  5461 tablet_bootstrap.cc:654] T aa1d005eddd04cfaa5ace0fda808349b P e1978e97ad81499b8e6b6e80f76b792a: Neither blocks nor log segments found. Creating new log.
I20260709 13:12:47.064127  5167 catalog_manager.cc:5697] T b1844272307b4428ab4c7a73b2720fcb P 7cff59495e2e4fe9b75f21ecff381201 reported cstate change: term changed from 0 to 1, leader changed from <none> to 7cff59495e2e4fe9b75f21ecff381201 (127.4.135.194). New cstate: current_term: 1 leader_uuid: "7cff59495e2e4fe9b75f21ecff381201" committed_config { opid_index: -1 OBSOLETE_local: false peers { permanent_uuid: "961014dd92114ff89e70bb3cc0c9db6d" member_type: VOTER last_known_addr { host: "127.4.135.193" port: 38401 } health_report { overall_health: UNKNOWN } } peers { permanent_uuid: "7cff59495e2e4fe9b75f21ecff381201" member_type: VOTER last_known_addr { host: "127.4.135.194" port: 40417 } health_report { overall_health: HEALTHY } } peers { permanent_uuid: "e1978e97ad81499b8e6b6e80f76b792a" member_type: VOTER last_known_addr { host: "127.4.135.195" port: 40581 } health_report { overall_health: UNKNOWN } } }
I20260709 13:12:47.072954  5460 tablet_bootstrap.cc:492] T aa1d005eddd04cfaa5ace0fda808349b P 7cff59495e2e4fe9b75f21ecff381201: No bootstrap required, opened a new log
I20260709 13:12:47.076970  5460 ts_tablet_manager.cc:1403] T aa1d005eddd04cfaa5ace0fda808349b P 7cff59495e2e4fe9b75f21ecff381201: Time spent bootstrapping tablet: real 0.025s	user 0.015s	sys 0.003s
I20260709 13:12:47.080438  5460 raft_consensus.cc:359] T aa1d005eddd04cfaa5ace0fda808349b P 7cff59495e2e4fe9b75f21ecff381201 [term 0 FOLLOWER]: Replica starting. Triggering 0 pending ops. Active config: opid_index: -1 OBSOLETE_local: false peers { permanent_uuid: "961014dd92114ff89e70bb3cc0c9db6d" member_type: VOTER last_known_addr { host: "127.4.135.193" port: 38401 } } peers { permanent_uuid: "7cff59495e2e4fe9b75f21ecff381201" member_type: VOTER last_known_addr { host: "127.4.135.194" port: 40417 } } peers { permanent_uuid: "e1978e97ad81499b8e6b6e80f76b792a" member_type: VOTER last_known_addr { host: "127.4.135.195" port: 40581 } }
I20260709 13:12:47.081327  5460 raft_consensus.cc:385] T aa1d005eddd04cfaa5ace0fda808349b P 7cff59495e2e4fe9b75f21ecff381201 [term 0 FOLLOWER]: Consensus starting up: Expiring failure detector timer to make a prompt election more likely
I20260709 13:12:47.081661  5460 raft_consensus.cc:740] T aa1d005eddd04cfaa5ace0fda808349b P 7cff59495e2e4fe9b75f21ecff381201 [term 0 FOLLOWER]: Becoming Follower/Learner. State: Replica: 7cff59495e2e4fe9b75f21ecff381201, State: Initialized, Role: FOLLOWER
I20260709 13:12:47.082484  5460 consensus_queue.cc:260] T aa1d005eddd04cfaa5ace0fda808349b P 7cff59495e2e4fe9b75f21ecff381201 [NON_LEADER]: Queue going to NON_LEADER mode. State: All replicated index: 0, Majority replicated index: 0, Committed index: 0, Last appended: 0.0, Last appended by leader: 0, Current term: 0, Majority size: -1, State: 0, Mode: NON_LEADER, active raft config: opid_index: -1 OBSOLETE_local: false peers { permanent_uuid: "961014dd92114ff89e70bb3cc0c9db6d" member_type: VOTER last_known_addr { host: "127.4.135.193" port: 38401 } } peers { permanent_uuid: "7cff59495e2e4fe9b75f21ecff381201" member_type: VOTER last_known_addr { host: "127.4.135.194" port: 40417 } } peers { permanent_uuid: "e1978e97ad81499b8e6b6e80f76b792a" member_type: VOTER last_known_addr { host: "127.4.135.195" port: 40581 } }
I20260709 13:12:47.076247  5461 tablet_bootstrap.cc:492] T aa1d005eddd04cfaa5ace0fda808349b P e1978e97ad81499b8e6b6e80f76b792a: No bootstrap required, opened a new log
I20260709 13:12:47.085090  5461 ts_tablet_manager.cc:1403] T aa1d005eddd04cfaa5ace0fda808349b P e1978e97ad81499b8e6b6e80f76b792a: Time spent bootstrapping tablet: real 0.028s	user 0.011s	sys 0.007s
I20260709 13:12:47.085191  5460 ts_tablet_manager.cc:1434] T aa1d005eddd04cfaa5ace0fda808349b P 7cff59495e2e4fe9b75f21ecff381201: Time spent starting tablet: real 0.008s	user 0.008s	sys 0.000s
I20260709 13:12:47.086416  5460 tablet_bootstrap.cc:492] T fd0e3f991e1d4ce2944cca9b8cad7a06 P 7cff59495e2e4fe9b75f21ecff381201: Bootstrap starting.
I20260709 13:12:47.087996  5461 raft_consensus.cc:359] T aa1d005eddd04cfaa5ace0fda808349b P e1978e97ad81499b8e6b6e80f76b792a [term 0 FOLLOWER]: Replica starting. Triggering 0 pending ops. Active config: opid_index: -1 OBSOLETE_local: false peers { permanent_uuid: "961014dd92114ff89e70bb3cc0c9db6d" member_type: VOTER last_known_addr { host: "127.4.135.193" port: 38401 } } peers { permanent_uuid: "7cff59495e2e4fe9b75f21ecff381201" member_type: VOTER last_known_addr { host: "127.4.135.194" port: 40417 } } peers { permanent_uuid: "e1978e97ad81499b8e6b6e80f76b792a" member_type: VOTER last_known_addr { host: "127.4.135.195" port: 40581 } }
I20260709 13:12:47.088743  5461 raft_consensus.cc:385] T aa1d005eddd04cfaa5ace0fda808349b P e1978e97ad81499b8e6b6e80f76b792a [term 0 FOLLOWER]: Consensus starting up: Expiring failure detector timer to make a prompt election more likely
I20260709 13:12:47.089138  5461 raft_consensus.cc:740] T aa1d005eddd04cfaa5ace0fda808349b P e1978e97ad81499b8e6b6e80f76b792a [term 0 FOLLOWER]: Becoming Follower/Learner. State: Replica: e1978e97ad81499b8e6b6e80f76b792a, State: Initialized, Role: FOLLOWER
I20260709 13:12:47.090075  5461 consensus_queue.cc:260] T aa1d005eddd04cfaa5ace0fda808349b P e1978e97ad81499b8e6b6e80f76b792a [NON_LEADER]: Queue going to NON_LEADER mode. State: All replicated index: 0, Majority replicated index: 0, Committed index: 0, Last appended: 0.0, Last appended by leader: 0, Current term: 0, Majority size: -1, State: 0, Mode: NON_LEADER, active raft config: opid_index: -1 OBSOLETE_local: false peers { permanent_uuid: "961014dd92114ff89e70bb3cc0c9db6d" member_type: VOTER last_known_addr { host: "127.4.135.193" port: 38401 } } peers { permanent_uuid: "7cff59495e2e4fe9b75f21ecff381201" member_type: VOTER last_known_addr { host: "127.4.135.194" port: 40417 } } peers { permanent_uuid: "e1978e97ad81499b8e6b6e80f76b792a" member_type: VOTER last_known_addr { host: "127.4.135.195" port: 40581 } }
I20260709 13:12:47.092258  5461 ts_tablet_manager.cc:1434] T aa1d005eddd04cfaa5ace0fda808349b P e1978e97ad81499b8e6b6e80f76b792a: Time spent starting tablet: real 0.007s	user 0.005s	sys 0.000s
I20260709 13:12:47.093348  5461 tablet_bootstrap.cc:492] T b0ea89872cd441b6b2a9dd3d9af81e81 P e1978e97ad81499b8e6b6e80f76b792a: Bootstrap starting.
I20260709 13:12:47.093425  5460 tablet_bootstrap.cc:654] T fd0e3f991e1d4ce2944cca9b8cad7a06 P 7cff59495e2e4fe9b75f21ecff381201: Neither blocks nor log segments found. Creating new log.
I20260709 13:12:47.105160  5459 tablet_bootstrap.cc:492] T 4aebe21480544ea897e9961728a948ae P 961014dd92114ff89e70bb3cc0c9db6d: No bootstrap required, opened a new log
I20260709 13:12:47.105434  5461 tablet_bootstrap.cc:654] T b0ea89872cd441b6b2a9dd3d9af81e81 P e1978e97ad81499b8e6b6e80f76b792a: Neither blocks nor log segments found. Creating new log.
I20260709 13:12:47.105919  5468 raft_consensus.cc:493] T fd0e3f991e1d4ce2944cca9b8cad7a06 P e1978e97ad81499b8e6b6e80f76b792a [term 0 FOLLOWER]: Starting pre-election (no leader contacted us within the election timeout)
I20260709 13:12:47.106395  5468 raft_consensus.cc:515] T fd0e3f991e1d4ce2944cca9b8cad7a06 P e1978e97ad81499b8e6b6e80f76b792a [term 0 FOLLOWER]: Starting pre-election with config: opid_index: -1 OBSOLETE_local: false peers { permanent_uuid: "961014dd92114ff89e70bb3cc0c9db6d" member_type: VOTER last_known_addr { host: "127.4.135.193" port: 38401 } } peers { permanent_uuid: "7cff59495e2e4fe9b75f21ecff381201" member_type: VOTER last_known_addr { host: "127.4.135.194" port: 40417 } } peers { permanent_uuid: "e1978e97ad81499b8e6b6e80f76b792a" member_type: VOTER last_known_addr { host: "127.4.135.195" port: 40581 } }
I20260709 13:12:47.108641  5468 leader_election.cc:290] T fd0e3f991e1d4ce2944cca9b8cad7a06 P e1978e97ad81499b8e6b6e80f76b792a [CANDIDATE]: Term 1 pre-election: Requested pre-vote from peers 961014dd92114ff89e70bb3cc0c9db6d (127.4.135.193:38401), 7cff59495e2e4fe9b75f21ecff381201 (127.4.135.194:40417)
I20260709 13:12:47.111052  5345 tablet_service.cc:1917] Received RequestConsensusVote() RPC: tablet_id: "fd0e3f991e1d4ce2944cca9b8cad7a06" candidate_uuid: "e1978e97ad81499b8e6b6e80f76b792a" candidate_term: 1 candidate_status { last_received { term: 0 index: 0 } } ignore_live_leader: false dest_uuid: "7cff59495e2e4fe9b75f21ecff381201" is_pre_election: true
W20260709 13:12:47.112809  5382 leader_election.cc:343] T fd0e3f991e1d4ce2944cca9b8cad7a06 P e1978e97ad81499b8e6b6e80f76b792a [CANDIDATE]: Term 1 pre-election: Tablet error from VoteRequest() call to peer 7cff59495e2e4fe9b75f21ecff381201 (127.4.135.194:40417): Illegal state: must be running to vote when last-logged opid is not known
I20260709 13:12:47.114323  5270 tablet_service.cc:1917] Received RequestConsensusVote() RPC: tablet_id: "fd0e3f991e1d4ce2944cca9b8cad7a06" candidate_uuid: "e1978e97ad81499b8e6b6e80f76b792a" candidate_term: 1 candidate_status { last_received { term: 0 index: 0 } } ignore_live_leader: false dest_uuid: "961014dd92114ff89e70bb3cc0c9db6d" is_pre_election: true
I20260709 13:12:47.114988  5270 raft_consensus.cc:2468] T fd0e3f991e1d4ce2944cca9b8cad7a06 P 961014dd92114ff89e70bb3cc0c9db6d [term 0 FOLLOWER]: Leader pre-election vote request: Granting yes vote for candidate e1978e97ad81499b8e6b6e80f76b792a in term 0.
I20260709 13:12:47.116077  5383 leader_election.cc:304] T fd0e3f991e1d4ce2944cca9b8cad7a06 P e1978e97ad81499b8e6b6e80f76b792a [CANDIDATE]: Term 1 pre-election: Election decided. Result: candidate won. Election summary: received 3 responses out of 3 voters: 2 yes votes; 1 no votes. yes voters: 961014dd92114ff89e70bb3cc0c9db6d, e1978e97ad81499b8e6b6e80f76b792a; no voters: 7cff59495e2e4fe9b75f21ecff381201
I20260709 13:12:47.117012  5461 tablet_bootstrap.cc:492] T b0ea89872cd441b6b2a9dd3d9af81e81 P e1978e97ad81499b8e6b6e80f76b792a: No bootstrap required, opened a new log
I20260709 13:12:47.117148  5468 raft_consensus.cc:2804] T fd0e3f991e1d4ce2944cca9b8cad7a06 P e1978e97ad81499b8e6b6e80f76b792a [term 0 FOLLOWER]: Leader pre-election won for term 1
I20260709 13:12:47.117587  5461 ts_tablet_manager.cc:1403] T b0ea89872cd441b6b2a9dd3d9af81e81 P e1978e97ad81499b8e6b6e80f76b792a: Time spent bootstrapping tablet: real 0.024s	user 0.012s	sys 0.006s
I20260709 13:12:47.118042  5459 ts_tablet_manager.cc:1403] T 4aebe21480544ea897e9961728a948ae P 961014dd92114ff89e70bb3cc0c9db6d: Time spent bootstrapping tablet: real 0.067s	user 0.021s	sys 0.029s
I20260709 13:12:47.117532  5468 raft_consensus.cc:493] T fd0e3f991e1d4ce2944cca9b8cad7a06 P e1978e97ad81499b8e6b6e80f76b792a [term 0 FOLLOWER]: Starting leader election (no leader contacted us within the election timeout)
I20260709 13:12:47.118474  5468 raft_consensus.cc:3060] T fd0e3f991e1d4ce2944cca9b8cad7a06 P e1978e97ad81499b8e6b6e80f76b792a [term 0 FOLLOWER]: Advancing to term 1
I20260709 13:12:47.121016  5459 raft_consensus.cc:359] T 4aebe21480544ea897e9961728a948ae P 961014dd92114ff89e70bb3cc0c9db6d [term 0 FOLLOWER]: Replica starting. Triggering 0 pending ops. Active config: opid_index: -1 OBSOLETE_local: false peers { permanent_uuid: "961014dd92114ff89e70bb3cc0c9db6d" member_type: VOTER last_known_addr { host: "127.4.135.193" port: 38401 } } peers { permanent_uuid: "7cff59495e2e4fe9b75f21ecff381201" member_type: VOTER last_known_addr { host: "127.4.135.194" port: 40417 } } peers { permanent_uuid: "e1978e97ad81499b8e6b6e80f76b792a" member_type: VOTER last_known_addr { host: "127.4.135.195" port: 40581 } }
I20260709 13:12:47.121716  5459 raft_consensus.cc:385] T 4aebe21480544ea897e9961728a948ae P 961014dd92114ff89e70bb3cc0c9db6d [term 0 FOLLOWER]: Consensus starting up: Expiring failure detector timer to make a prompt election more likely
I20260709 13:12:47.122045  5459 raft_consensus.cc:740] T 4aebe21480544ea897e9961728a948ae P 961014dd92114ff89e70bb3cc0c9db6d [term 0 FOLLOWER]: Becoming Follower/Learner. State: Replica: 961014dd92114ff89e70bb3cc0c9db6d, State: Initialized, Role: FOLLOWER
I20260709 13:12:47.123813  5459 consensus_queue.cc:260] T 4aebe21480544ea897e9961728a948ae P 961014dd92114ff89e70bb3cc0c9db6d [NON_LEADER]: Queue going to NON_LEADER mode. State: All replicated index: 0, Majority replicated index: 0, Committed index: 0, Last appended: 0.0, Last appended by leader: 0, Current term: 0, Majority size: -1, State: 0, Mode: NON_LEADER, active raft config: opid_index: -1 OBSOLETE_local: false peers { permanent_uuid: "961014dd92114ff89e70bb3cc0c9db6d" member_type: VOTER last_known_addr { host: "127.4.135.193" port: 38401 } } peers { permanent_uuid: "7cff59495e2e4fe9b75f21ecff381201" member_type: VOTER last_known_addr { host: "127.4.135.194" port: 40417 } } peers { permanent_uuid: "e1978e97ad81499b8e6b6e80f76b792a" member_type: VOTER last_known_addr { host: "127.4.135.195" port: 40581 } }
I20260709 13:12:47.126927  5461 raft_consensus.cc:359] T b0ea89872cd441b6b2a9dd3d9af81e81 P e1978e97ad81499b8e6b6e80f76b792a [term 0 FOLLOWER]: Replica starting. Triggering 0 pending ops. Active config: opid_index: -1 OBSOLETE_local: false peers { permanent_uuid: "961014dd92114ff89e70bb3cc0c9db6d" member_type: VOTER last_known_addr { host: "127.4.135.193" port: 38401 } } peers { permanent_uuid: "7cff59495e2e4fe9b75f21ecff381201" member_type: VOTER last_known_addr { host: "127.4.135.194" port: 40417 } } peers { permanent_uuid: "e1978e97ad81499b8e6b6e80f76b792a" member_type: VOTER last_known_addr { host: "127.4.135.195" port: 40581 } }
I20260709 13:12:47.128357  5419 tablet_service.cc:1917] Received RequestConsensusVote() RPC: tablet_id: "9b82fd4504924434bbbceb4bc8929311" candidate_uuid: "961014dd92114ff89e70bb3cc0c9db6d" candidate_term: 1 candidate_status { last_received { term: 0 index: 0 } } ignore_live_leader: false dest_uuid: "e1978e97ad81499b8e6b6e80f76b792a" is_pre_election: true
I20260709 13:12:47.128357  5345 tablet_service.cc:1917] Received RequestConsensusVote() RPC: tablet_id: "9b82fd4504924434bbbceb4bc8929311" candidate_uuid: "961014dd92114ff89e70bb3cc0c9db6d" candidate_term: 1 candidate_status { last_received { term: 0 index: 0 } } ignore_live_leader: false dest_uuid: "7cff59495e2e4fe9b75f21ecff381201" is_pre_election: true
I20260709 13:12:47.132047  5461 raft_consensus.cc:385] T b0ea89872cd441b6b2a9dd3d9af81e81 P e1978e97ad81499b8e6b6e80f76b792a [term 0 FOLLOWER]: Consensus starting up: Expiring failure detector timer to make a prompt election more likely
I20260709 13:12:47.132483  5461 raft_consensus.cc:740] T b0ea89872cd441b6b2a9dd3d9af81e81 P e1978e97ad81499b8e6b6e80f76b792a [term 0 FOLLOWER]: Becoming Follower/Learner. State: Replica: e1978e97ad81499b8e6b6e80f76b792a, State: Initialized, Role: FOLLOWER
I20260709 13:12:47.129343  5460 tablet_bootstrap.cc:492] T fd0e3f991e1d4ce2944cca9b8cad7a06 P 7cff59495e2e4fe9b75f21ecff381201: No bootstrap required, opened a new log
I20260709 13:12:47.133060  5419 raft_consensus.cc:2468] T 9b82fd4504924434bbbceb4bc8929311 P e1978e97ad81499b8e6b6e80f76b792a [term 0 FOLLOWER]: Leader pre-election vote request: Granting yes vote for candidate 961014dd92114ff89e70bb3cc0c9db6d in term 0.
I20260709 13:12:47.133464  5460 ts_tablet_manager.cc:1403] T fd0e3f991e1d4ce2944cca9b8cad7a06 P 7cff59495e2e4fe9b75f21ecff381201: Time spent bootstrapping tablet: real 0.047s	user 0.027s	sys 0.007s
I20260709 13:12:47.133406  5461 consensus_queue.cc:260] T b0ea89872cd441b6b2a9dd3d9af81e81 P e1978e97ad81499b8e6b6e80f76b792a [NON_LEADER]: Queue going to NON_LEADER mode. State: All replicated index: 0, Majority replicated index: 0, Committed index: 0, Last appended: 0.0, Last appended by leader: 0, Current term: 0, Majority size: -1, State: 0, Mode: NON_LEADER, active raft config: opid_index: -1 OBSOLETE_local: false peers { permanent_uuid: "961014dd92114ff89e70bb3cc0c9db6d" member_type: VOTER last_known_addr { host: "127.4.135.193" port: 38401 } } peers { permanent_uuid: "7cff59495e2e4fe9b75f21ecff381201" member_type: VOTER last_known_addr { host: "127.4.135.194" port: 40417 } } peers { permanent_uuid: "e1978e97ad81499b8e6b6e80f76b792a" member_type: VOTER last_known_addr { host: "127.4.135.195" port: 40581 } }
I20260709 13:12:47.129359  5459 ts_tablet_manager.cc:1434] T 4aebe21480544ea897e9961728a948ae P 961014dd92114ff89e70bb3cc0c9db6d: Time spent starting tablet: real 0.011s	user 0.006s	sys 0.001s
I20260709 13:12:47.132467  5345 raft_consensus.cc:2468] T 9b82fd4504924434bbbceb4bc8929311 P 7cff59495e2e4fe9b75f21ecff381201 [term 0 FOLLOWER]: Leader pre-election vote request: Granting yes vote for candidate 961014dd92114ff89e70bb3cc0c9db6d in term 0.
I20260709 13:12:47.135471  5459 tablet_bootstrap.cc:492] T 8955210da8c44d63b776c4f04a8c2225 P 961014dd92114ff89e70bb3cc0c9db6d: Bootstrap starting.
I20260709 13:12:47.134335  5236 leader_election.cc:304] T 9b82fd4504924434bbbceb4bc8929311 P 961014dd92114ff89e70bb3cc0c9db6d [CANDIDATE]: Term 1 pre-election: Election decided. Result: candidate won. Election summary: received 2 responses out of 3 voters: 2 yes votes; 0 no votes. yes voters: 961014dd92114ff89e70bb3cc0c9db6d, e1978e97ad81499b8e6b6e80f76b792a; no voters: 
I20260709 13:12:47.136170  5466 raft_consensus.cc:2804] T 9b82fd4504924434bbbceb4bc8929311 P 961014dd92114ff89e70bb3cc0c9db6d [term 0 FOLLOWER]: Leader pre-election won for term 1
I20260709 13:12:47.136507  5466 raft_consensus.cc:493] T 9b82fd4504924434bbbceb4bc8929311 P 961014dd92114ff89e70bb3cc0c9db6d [term 0 FOLLOWER]: Starting leader election (no leader contacted us within the election timeout)
I20260709 13:12:47.136411  5460 raft_consensus.cc:359] T fd0e3f991e1d4ce2944cca9b8cad7a06 P 7cff59495e2e4fe9b75f21ecff381201 [term 0 FOLLOWER]: Replica starting. Triggering 0 pending ops. Active config: opid_index: -1 OBSOLETE_local: false peers { permanent_uuid: "961014dd92114ff89e70bb3cc0c9db6d" member_type: VOTER last_known_addr { host: "127.4.135.193" port: 38401 } } peers { permanent_uuid: "7cff59495e2e4fe9b75f21ecff381201" member_type: VOTER last_known_addr { host: "127.4.135.194" port: 40417 } } peers { permanent_uuid: "e1978e97ad81499b8e6b6e80f76b792a" member_type: VOTER last_known_addr { host: "127.4.135.195" port: 40581 } }
I20260709 13:12:47.136919  5466 raft_consensus.cc:3060] T 9b82fd4504924434bbbceb4bc8929311 P 961014dd92114ff89e70bb3cc0c9db6d [term 0 FOLLOWER]: Advancing to term 1
I20260709 13:12:47.137181  5460 raft_consensus.cc:385] T fd0e3f991e1d4ce2944cca9b8cad7a06 P 7cff59495e2e4fe9b75f21ecff381201 [term 0 FOLLOWER]: Consensus starting up: Expiring failure detector timer to make a prompt election more likely
I20260709 13:12:47.137506  5460 raft_consensus.cc:740] T fd0e3f991e1d4ce2944cca9b8cad7a06 P 7cff59495e2e4fe9b75f21ecff381201 [term 0 FOLLOWER]: Becoming Follower/Learner. State: Replica: 7cff59495e2e4fe9b75f21ecff381201, State: Initialized, Role: FOLLOWER
I20260709 13:12:47.138235  5460 consensus_queue.cc:260] T fd0e3f991e1d4ce2944cca9b8cad7a06 P 7cff59495e2e4fe9b75f21ecff381201 [NON_LEADER]: Queue going to NON_LEADER mode. State: All replicated index: 0, Majority replicated index: 0, Committed index: 0, Last appended: 0.0, Last appended by leader: 0, Current term: 0, Majority size: -1, State: 0, Mode: NON_LEADER, active raft config: opid_index: -1 OBSOLETE_local: false peers { permanent_uuid: "961014dd92114ff89e70bb3cc0c9db6d" member_type: VOTER last_known_addr { host: "127.4.135.193" port: 38401 } } peers { permanent_uuid: "7cff59495e2e4fe9b75f21ecff381201" member_type: VOTER last_known_addr { host: "127.4.135.194" port: 40417 } } peers { permanent_uuid: "e1978e97ad81499b8e6b6e80f76b792a" member_type: VOTER last_known_addr { host: "127.4.135.195" port: 40581 } }
I20260709 13:12:47.131384  5468 raft_consensus.cc:515] T fd0e3f991e1d4ce2944cca9b8cad7a06 P e1978e97ad81499b8e6b6e80f76b792a [term 1 FOLLOWER]: Starting leader election with config: opid_index: -1 OBSOLETE_local: false peers { permanent_uuid: "961014dd92114ff89e70bb3cc0c9db6d" member_type: VOTER last_known_addr { host: "127.4.135.193" port: 38401 } } peers { permanent_uuid: "7cff59495e2e4fe9b75f21ecff381201" member_type: VOTER last_known_addr { host: "127.4.135.194" port: 40417 } } peers { permanent_uuid: "e1978e97ad81499b8e6b6e80f76b792a" member_type: VOTER last_known_addr { host: "127.4.135.195" port: 40581 } }
I20260709 13:12:47.142383  5468 leader_election.cc:290] T fd0e3f991e1d4ce2944cca9b8cad7a06 P e1978e97ad81499b8e6b6e80f76b792a [CANDIDATE]: Term 1 election: Requested vote from peers 961014dd92114ff89e70bb3cc0c9db6d (127.4.135.193:38401), 7cff59495e2e4fe9b75f21ecff381201 (127.4.135.194:40417)
I20260709 13:12:47.142827  5460 ts_tablet_manager.cc:1434] T fd0e3f991e1d4ce2944cca9b8cad7a06 P 7cff59495e2e4fe9b75f21ecff381201: Time spent starting tablet: real 0.009s	user 0.006s	sys 0.000s
I20260709 13:12:47.143822  5460 tablet_bootstrap.cc:492] T 4aebe21480544ea897e9961728a948ae P 7cff59495e2e4fe9b75f21ecff381201: Bootstrap starting.
I20260709 13:12:47.144330  5489 raft_consensus.cc:493] T aa1d005eddd04cfaa5ace0fda808349b P e1978e97ad81499b8e6b6e80f76b792a [term 0 FOLLOWER]: Starting pre-election (no leader contacted us within the election timeout)
I20260709 13:12:47.146186  5459 tablet_bootstrap.cc:654] T 8955210da8c44d63b776c4f04a8c2225 P 961014dd92114ff89e70bb3cc0c9db6d: Neither blocks nor log segments found. Creating new log.
I20260709 13:12:47.144930  5489 raft_consensus.cc:515] T aa1d005eddd04cfaa5ace0fda808349b P e1978e97ad81499b8e6b6e80f76b792a [term 0 FOLLOWER]: Starting pre-election with config: opid_index: -1 OBSOLETE_local: false peers { permanent_uuid: "961014dd92114ff89e70bb3cc0c9db6d" member_type: VOTER last_known_addr { host: "127.4.135.193" port: 38401 } } peers { permanent_uuid: "7cff59495e2e4fe9b75f21ecff381201" member_type: VOTER last_known_addr { host: "127.4.135.194" port: 40417 } } peers { permanent_uuid: "e1978e97ad81499b8e6b6e80f76b792a" member_type: VOTER last_known_addr { host: "127.4.135.195" port: 40581 } }
I20260709 13:12:47.144564  5461 ts_tablet_manager.cc:1434] T b0ea89872cd441b6b2a9dd3d9af81e81 P e1978e97ad81499b8e6b6e80f76b792a: Time spent starting tablet: real 0.027s	user 0.006s	sys 0.000s
I20260709 13:12:47.149391  5461 tablet_bootstrap.cc:492] T adc22f4b066142ddb22e6eece190a1e6 P e1978e97ad81499b8e6b6e80f76b792a: Bootstrap starting.
I20260709 13:12:47.150588  5269 tablet_service.cc:1917] Received RequestConsensusVote() RPC: tablet_id: "aa1d005eddd04cfaa5ace0fda808349b" candidate_uuid: "e1978e97ad81499b8e6b6e80f76b792a" candidate_term: 1 candidate_status { last_received { term: 0 index: 0 } } ignore_live_leader: false dest_uuid: "961014dd92114ff89e70bb3cc0c9db6d" is_pre_election: true
I20260709 13:12:47.150063  5460 tablet_bootstrap.cc:654] T 4aebe21480544ea897e9961728a948ae P 7cff59495e2e4fe9b75f21ecff381201: Neither blocks nor log segments found. Creating new log.
I20260709 13:12:47.151549  5344 tablet_service.cc:1917] Received RequestConsensusVote() RPC: tablet_id: "aa1d005eddd04cfaa5ace0fda808349b" candidate_uuid: "e1978e97ad81499b8e6b6e80f76b792a" candidate_term: 1 candidate_status { last_received { term: 0 index: 0 } } ignore_live_leader: false dest_uuid: "7cff59495e2e4fe9b75f21ecff381201" is_pre_election: true
I20260709 13:12:47.152313  5344 raft_consensus.cc:2468] T aa1d005eddd04cfaa5ace0fda808349b P 7cff59495e2e4fe9b75f21ecff381201 [term 0 FOLLOWER]: Leader pre-election vote request: Granting yes vote for candidate e1978e97ad81499b8e6b6e80f76b792a in term 0.
I20260709 13:12:47.150369  5489 leader_election.cc:290] T aa1d005eddd04cfaa5ace0fda808349b P e1978e97ad81499b8e6b6e80f76b792a [CANDIDATE]: Term 1 pre-election: Requested pre-vote from peers 961014dd92114ff89e70bb3cc0c9db6d (127.4.135.193:38401), 7cff59495e2e4fe9b75f21ecff381201 (127.4.135.194:40417)
I20260709 13:12:47.153529  5382 leader_election.cc:304] T aa1d005eddd04cfaa5ace0fda808349b P e1978e97ad81499b8e6b6e80f76b792a [CANDIDATE]: Term 1 pre-election: Election decided. Result: candidate won. Election summary: received 2 responses out of 3 voters: 2 yes votes; 0 no votes. yes voters: 7cff59495e2e4fe9b75f21ecff381201, e1978e97ad81499b8e6b6e80f76b792a; no voters: 
I20260709 13:12:47.151731  5270 tablet_service.cc:1917] Received RequestConsensusVote() RPC: tablet_id: "fd0e3f991e1d4ce2944cca9b8cad7a06" candidate_uuid: "e1978e97ad81499b8e6b6e80f76b792a" candidate_term: 1 candidate_status { last_received { term: 0 index: 0 } } ignore_live_leader: false dest_uuid: "961014dd92114ff89e70bb3cc0c9db6d"
I20260709 13:12:47.154299  5270 raft_consensus.cc:3060] T fd0e3f991e1d4ce2944cca9b8cad7a06 P 961014dd92114ff89e70bb3cc0c9db6d [term 0 FOLLOWER]: Advancing to term 1
I20260709 13:12:47.154366  5489 raft_consensus.cc:2804] T aa1d005eddd04cfaa5ace0fda808349b P e1978e97ad81499b8e6b6e80f76b792a [term 0 FOLLOWER]: Leader pre-election won for term 1
W20260709 13:12:47.154747  5383 leader_election.cc:343] T aa1d005eddd04cfaa5ace0fda808349b P e1978e97ad81499b8e6b6e80f76b792a [CANDIDATE]: Term 1 pre-election: Tablet error from VoteRequest() call to peer 961014dd92114ff89e70bb3cc0c9db6d (127.4.135.193:38401): Illegal state: must be running to vote when last-logged opid is not known
I20260709 13:12:47.155085  5489 raft_consensus.cc:493] T aa1d005eddd04cfaa5ace0fda808349b P e1978e97ad81499b8e6b6e80f76b792a [term 0 FOLLOWER]: Starting leader election (no leader contacted us within the election timeout)
I20260709 13:12:47.157042  5489 raft_consensus.cc:3060] T aa1d005eddd04cfaa5ace0fda808349b P e1978e97ad81499b8e6b6e80f76b792a [term 0 FOLLOWER]: Advancing to term 1
W20260709 13:12:47.165171  5216 auto_rebalancer.cc:288] Could not retrieve cluster info: Service unavailable: Tablet not running
I20260709 13:12:47.165596  5345 tablet_service.cc:1917] Received RequestConsensusVote() RPC: tablet_id: "fd0e3f991e1d4ce2944cca9b8cad7a06" candidate_uuid: "e1978e97ad81499b8e6b6e80f76b792a" candidate_term: 1 candidate_status { last_received { term: 0 index: 0 } } ignore_live_leader: false dest_uuid: "7cff59495e2e4fe9b75f21ecff381201"
I20260709 13:12:47.166307  5345 raft_consensus.cc:3060] T fd0e3f991e1d4ce2944cca9b8cad7a06 P 7cff59495e2e4fe9b75f21ecff381201 [term 0 FOLLOWER]: Advancing to term 1
I20260709 13:12:47.183557  5461 tablet_bootstrap.cc:654] T adc22f4b066142ddb22e6eece190a1e6 P e1978e97ad81499b8e6b6e80f76b792a: Neither blocks nor log segments found. Creating new log.
I20260709 13:12:47.193476  5466 raft_consensus.cc:515] T 9b82fd4504924434bbbceb4bc8929311 P 961014dd92114ff89e70bb3cc0c9db6d [term 1 FOLLOWER]: Starting leader election with config: opid_index: -1 OBSOLETE_local: false peers { permanent_uuid: "961014dd92114ff89e70bb3cc0c9db6d" member_type: VOTER last_known_addr { host: "127.4.135.193" port: 38401 } } peers { permanent_uuid: "7cff59495e2e4fe9b75f21ecff381201" member_type: VOTER last_known_addr { host: "127.4.135.194" port: 40417 } } peers { permanent_uuid: "e1978e97ad81499b8e6b6e80f76b792a" member_type: VOTER last_known_addr { host: "127.4.135.195" port: 40581 } }
I20260709 13:12:47.195627  5461 tablet_bootstrap.cc:492] T adc22f4b066142ddb22e6eece190a1e6 P e1978e97ad81499b8e6b6e80f76b792a: No bootstrap required, opened a new log
I20260709 13:12:47.197711  5461 ts_tablet_manager.cc:1403] T adc22f4b066142ddb22e6eece190a1e6 P e1978e97ad81499b8e6b6e80f76b792a: Time spent bootstrapping tablet: real 0.049s	user 0.008s	sys 0.007s
I20260709 13:12:47.180167  5489 raft_consensus.cc:515] T aa1d005eddd04cfaa5ace0fda808349b P e1978e97ad81499b8e6b6e80f76b792a [term 1 FOLLOWER]: Starting leader election with config: opid_index: -1 OBSOLETE_local: false peers { permanent_uuid: "961014dd92114ff89e70bb3cc0c9db6d" member_type: VOTER last_known_addr { host: "127.4.135.193" port: 38401 } } peers { permanent_uuid: "7cff59495e2e4fe9b75f21ecff381201" member_type: VOTER last_known_addr { host: "127.4.135.194" port: 40417 } } peers { permanent_uuid: "e1978e97ad81499b8e6b6e80f76b792a" member_type: VOTER last_known_addr { host: "127.4.135.195" port: 40581 } }
I20260709 13:12:47.202159  5270 raft_consensus.cc:2468] T fd0e3f991e1d4ce2944cca9b8cad7a06 P 961014dd92114ff89e70bb3cc0c9db6d [term 1 FOLLOWER]: Leader election vote request: Granting yes vote for candidate e1978e97ad81499b8e6b6e80f76b792a in term 1.
I20260709 13:12:47.204227  5383 leader_election.cc:304] T fd0e3f991e1d4ce2944cca9b8cad7a06 P e1978e97ad81499b8e6b6e80f76b792a [CANDIDATE]: Term 1 election: Election decided. Result: candidate won. Election summary: received 2 responses out of 3 voters: 2 yes votes; 0 no votes. yes voters: 961014dd92114ff89e70bb3cc0c9db6d, e1978e97ad81499b8e6b6e80f76b792a; no voters: 
I20260709 13:12:47.205240  5468 raft_consensus.cc:2804] T fd0e3f991e1d4ce2944cca9b8cad7a06 P e1978e97ad81499b8e6b6e80f76b792a [term 1 FOLLOWER]: Leader election won for term 1
I20260709 13:12:47.205605  5270 tablet_service.cc:1917] Received RequestConsensusVote() RPC: tablet_id: "aa1d005eddd04cfaa5ace0fda808349b" candidate_uuid: "e1978e97ad81499b8e6b6e80f76b792a" candidate_term: 1 candidate_status { last_received { term: 0 index: 0 } } ignore_live_leader: false dest_uuid: "961014dd92114ff89e70bb3cc0c9db6d"
W20260709 13:12:47.207212  5383 leader_election.cc:343] T aa1d005eddd04cfaa5ace0fda808349b P e1978e97ad81499b8e6b6e80f76b792a [CANDIDATE]: Term 1 election: Tablet error from VoteRequest() call to peer 961014dd92114ff89e70bb3cc0c9db6d (127.4.135.193:38401): Illegal state: must be running to vote when last-logged opid is not known
I20260709 13:12:47.208632  5489 leader_election.cc:290] T aa1d005eddd04cfaa5ace0fda808349b P e1978e97ad81499b8e6b6e80f76b792a [CANDIDATE]: Term 1 election: Requested vote from peers 961014dd92114ff89e70bb3cc0c9db6d (127.4.135.193:38401), 7cff59495e2e4fe9b75f21ecff381201 (127.4.135.194:40417)
I20260709 13:12:47.210084  5344 tablet_service.cc:1917] Received RequestConsensusVote() RPC: tablet_id: "aa1d005eddd04cfaa5ace0fda808349b" candidate_uuid: "e1978e97ad81499b8e6b6e80f76b792a" candidate_term: 1 candidate_status { last_received { term: 0 index: 0 } } ignore_live_leader: false dest_uuid: "7cff59495e2e4fe9b75f21ecff381201"
I20260709 13:12:47.210870  5344 raft_consensus.cc:3060] T aa1d005eddd04cfaa5ace0fda808349b P 7cff59495e2e4fe9b75f21ecff381201 [term 0 FOLLOWER]: Advancing to term 1
I20260709 13:12:47.213091  5461 raft_consensus.cc:359] T adc22f4b066142ddb22e6eece190a1e6 P e1978e97ad81499b8e6b6e80f76b792a [term 0 FOLLOWER]: Replica starting. Triggering 0 pending ops. Active config: opid_index: -1 OBSOLETE_local: false peers { permanent_uuid: "961014dd92114ff89e70bb3cc0c9db6d" member_type: VOTER last_known_addr { host: "127.4.135.193" port: 38401 } } peers { permanent_uuid: "7cff59495e2e4fe9b75f21ecff381201" member_type: VOTER last_known_addr { host: "127.4.135.194" port: 40417 } } peers { permanent_uuid: "e1978e97ad81499b8e6b6e80f76b792a" member_type: VOTER last_known_addr { host: "127.4.135.195" port: 40581 } }
I20260709 13:12:47.216239  5461 raft_consensus.cc:385] T adc22f4b066142ddb22e6eece190a1e6 P e1978e97ad81499b8e6b6e80f76b792a [term 0 FOLLOWER]: Consensus starting up: Expiring failure detector timer to make a prompt election more likely
I20260709 13:12:47.217171  5461 raft_consensus.cc:740] T adc22f4b066142ddb22e6eece190a1e6 P e1978e97ad81499b8e6b6e80f76b792a [term 0 FOLLOWER]: Becoming Follower/Learner. State: Replica: e1978e97ad81499b8e6b6e80f76b792a, State: Initialized, Role: FOLLOWER
