I20260709 13:12:43.140486  6977 consensus_queue.cc:237] T a5a8d7fbb5f5438b82da890d340bdc1b P 486fb84edbb9421e9b66a14d4bffd6ef [LEADER]: Queue going to LEADER mode. State: All replicated index: 0, Majority replicated index: 2, Committed index: 2, Last appended: 2.2, Last appended by leader: 2, Current term: 3, Majority size: 2, State: 0, Mode: LEADER, active raft config: opid_index: -1 OBSOLETE_local: false peers { permanent_uuid: "486fb84edbb9421e9b66a14d4bffd6ef" member_type: VOTER last_known_addr { host: "127.5.227.129" port: 33931 } } peers { permanent_uuid: "9ca3677767cd4244a5584433736614fe" member_type: VOTER last_known_addr { host: "127.5.227.130" port: 44957 } } peers { permanent_uuid: "3385ddbdcf354cb6a3c2afe3170573be" member_type: VOTER last_known_addr { host: "127.5.227.131" port: 44005 } }
I20260709 13:12:43.141477  6764 raft_consensus.cc:3060] T a56bc90e16834fc69797a018889645ff P 9ca3677767cd4244a5584433736614fe [term 2 FOLLOWER]: Advancing to term 3
I20260709 13:12:43.141942  6839 tablet_service.cc:1917] Received RequestConsensusVote() RPC: tablet_id: "a56bc90e16834fc69797a018889645ff" candidate_uuid: "486fb84edbb9421e9b66a14d4bffd6ef" candidate_term: 3 candidate_status { last_received { term: 2 index: 2 } } ignore_live_leader: true dest_uuid: "3385ddbdcf354cb6a3c2afe3170573be"
I20260709 13:12:43.142518  6839 raft_consensus.cc:3060] T a56bc90e16834fc69797a018889645ff P 3385ddbdcf354cb6a3c2afe3170573be [term 2 FOLLOWER]: Advancing to term 3
I20260709 13:12:43.147578  6839 raft_consensus.cc:2468] T a56bc90e16834fc69797a018889645ff P 3385ddbdcf354cb6a3c2afe3170573be [term 3 FOLLOWER]: Leader election vote request: Granting yes vote for candidate 486fb84edbb9421e9b66a14d4bffd6ef in term 3.
I20260709 13:12:43.149041  6657 leader_election.cc:304] T a56bc90e16834fc69797a018889645ff P 486fb84edbb9421e9b66a14d4bffd6ef [CANDIDATE]: Term 3 election: Election decided. Result: candidate won. Election summary: received 2 responses out of 3 voters: 2 yes votes; 0 no votes. yes voters: 3385ddbdcf354cb6a3c2afe3170573be, 486fb84edbb9421e9b66a14d4bffd6ef; no voters: 
I20260709 13:12:43.149546  6764 raft_consensus.cc:2468] T a56bc90e16834fc69797a018889645ff P 9ca3677767cd4244a5584433736614fe [term 3 FOLLOWER]: Leader election vote request: Granting yes vote for candidate 486fb84edbb9421e9b66a14d4bffd6ef in term 3.
I20260709 13:12:43.149770  6977 raft_consensus.cc:2804] T a56bc90e16834fc69797a018889645ff P 486fb84edbb9421e9b66a14d4bffd6ef [term 3 FOLLOWER]: Leader election won for term 3
I20260709 13:12:43.150231  6977 raft_consensus.cc:697] T a56bc90e16834fc69797a018889645ff P 486fb84edbb9421e9b66a14d4bffd6ef [term 3 LEADER]: Becoming Leader. State: Replica: 486fb84edbb9421e9b66a14d4bffd6ef, State: Running, Role: LEADER
I20260709 13:12:43.151145  6977 consensus_queue.cc:237] T a56bc90e16834fc69797a018889645ff P 486fb84edbb9421e9b66a14d4bffd6ef [LEADER]: Queue going to LEADER mode. State: All replicated index: 0, Majority replicated index: 2, Committed index: 2, Last appended: 2.2, Last appended by leader: 2, Current term: 3, Majority size: 2, State: 0, Mode: LEADER, active raft config: opid_index: -1 OBSOLETE_local: false peers { permanent_uuid: "486fb84edbb9421e9b66a14d4bffd6ef" member_type: VOTER last_known_addr { host: "127.5.227.129" port: 33931 } } peers { permanent_uuid: "9ca3677767cd4244a5584433736614fe" member_type: VOTER last_known_addr { host: "127.5.227.130" port: 44957 } } peers { permanent_uuid: "3385ddbdcf354cb6a3c2afe3170573be" member_type: VOTER last_known_addr { host: "127.5.227.131" port: 44005 } }
I20260709 13:12:43.151774  6588 catalog_manager.cc:5697] T a5a8d7fbb5f5438b82da890d340bdc1b P 486fb84edbb9421e9b66a14d4bffd6ef reported cstate change: term changed from 2 to 3, leader changed from 9ca3677767cd4244a5584433736614fe (127.5.227.130) to 486fb84edbb9421e9b66a14d4bffd6ef (127.5.227.129). New cstate: current_term: 3 leader_uuid: "486fb84edbb9421e9b66a14d4bffd6ef" committed_config { opid_index: -1 OBSOLETE_local: false peers { permanent_uuid: "486fb84edbb9421e9b66a14d4bffd6ef" member_type: VOTER last_known_addr { host: "127.5.227.129" port: 33931 } health_report { overall_health: HEALTHY } } peers { permanent_uuid: "9ca3677767cd4244a5584433736614fe" member_type: VOTER last_known_addr { host: "127.5.227.130" port: 44957 } health_report { overall_health: UNKNOWN } } peers { permanent_uuid: "3385ddbdcf354cb6a3c2afe3170573be" member_type: VOTER last_known_addr { host: "127.5.227.131" port: 44005 } health_report { overall_health: UNKNOWN } } }
I20260709 13:12:43.165890  6588 catalog_manager.cc:5697] T a56bc90e16834fc69797a018889645ff P 486fb84edbb9421e9b66a14d4bffd6ef reported cstate change: term changed from 2 to 3, leader changed from 9ca3677767cd4244a5584433736614fe (127.5.227.130) to 486fb84edbb9421e9b66a14d4bffd6ef (127.5.227.129). New cstate: current_term: 3 leader_uuid: "486fb84edbb9421e9b66a14d4bffd6ef" committed_config { opid_index: -1 OBSOLETE_local: false peers { permanent_uuid: "486fb84edbb9421e9b66a14d4bffd6ef" member_type: VOTER last_known_addr { host: "127.5.227.129" port: 33931 } health_report { overall_health: HEALTHY } } peers { permanent_uuid: "9ca3677767cd4244a5584433736614fe" member_type: VOTER last_known_addr { host: "127.5.227.130" port: 44957 } health_report { overall_health: UNKNOWN } } peers { permanent_uuid: "3385ddbdcf354cb6a3c2afe3170573be" member_type: VOTER last_known_addr { host: "127.5.227.131" port: 44005 } health_report { overall_health: UNKNOWN } } }
I20260709 13:12:43.193056  6985 raft_consensus.cc:993] T f883b363f15346fea72784b743b14ddc P 3385ddbdcf354cb6a3c2afe3170573be: : Instructing follower 486fb84edbb9421e9b66a14d4bffd6ef to start an election
I20260709 13:12:43.193626  7009 raft_consensus.cc:1081] T f883b363f15346fea72784b743b14ddc P 3385ddbdcf354cb6a3c2afe3170573be [term 3 LEADER]: Signalling peer 486fb84edbb9421e9b66a14d4bffd6ef to start an election
I20260709 13:12:43.195144  6691 tablet_service.cc:2044] Received Run Leader Election RPC: tablet_id: "f883b363f15346fea72784b743b14ddc"
dest_uuid: "486fb84edbb9421e9b66a14d4bffd6ef"
 from {username='slave'} at 127.0.0.1:35972
I20260709 13:12:43.195662  6691 raft_consensus.cc:493] T f883b363f15346fea72784b743b14ddc P 486fb84edbb9421e9b66a14d4bffd6ef [term 3 FOLLOWER]: Starting forced leader election (received explicit request)
I20260709 13:12:43.195971  6691 raft_consensus.cc:3060] T f883b363f15346fea72784b743b14ddc P 486fb84edbb9421e9b66a14d4bffd6ef [term 3 FOLLOWER]: Advancing to term 4
I20260709 13:12:43.200635  6691 raft_consensus.cc:515] T f883b363f15346fea72784b743b14ddc P 486fb84edbb9421e9b66a14d4bffd6ef [term 4 FOLLOWER]: Starting forced leader election with config: opid_index: -1 OBSOLETE_local: false peers { permanent_uuid: "486fb84edbb9421e9b66a14d4bffd6ef" member_type: VOTER last_known_addr { host: "127.5.227.129" port: 33931 } } peers { permanent_uuid: "9ca3677767cd4244a5584433736614fe" member_type: VOTER last_known_addr { host: "127.5.227.130" port: 44957 } } peers { permanent_uuid: "3385ddbdcf354cb6a3c2afe3170573be" member_type: VOTER last_known_addr { host: "127.5.227.131" port: 44005 } }
I20260709 13:12:43.202219  6691 leader_election.cc:290] T f883b363f15346fea72784b743b14ddc P 486fb84edbb9421e9b66a14d4bffd6ef [CANDIDATE]: Term 4 election: Requested vote from peers 9ca3677767cd4244a5584433736614fe (127.5.227.130:44957), 3385ddbdcf354cb6a3c2afe3170573be (127.5.227.131:44005)
I20260709 13:12:43.203271  6764 tablet_service.cc:1917] Received RequestConsensusVote() RPC: tablet_id: "f883b363f15346fea72784b743b14ddc" candidate_uuid: "486fb84edbb9421e9b66a14d4bffd6ef" candidate_term: 4 candidate_status { last_received { term: 3 index: 3 } } ignore_live_leader: true dest_uuid: "9ca3677767cd4244a5584433736614fe"
I20260709 13:12:43.203271  6839 tablet_service.cc:1917] Received RequestConsensusVote() RPC: tablet_id: "f883b363f15346fea72784b743b14ddc" candidate_uuid: "486fb84edbb9421e9b66a14d4bffd6ef" candidate_term: 4 candidate_status { last_received { term: 3 index: 3 } } ignore_live_leader: true dest_uuid: "3385ddbdcf354cb6a3c2afe3170573be"
I20260709 13:12:43.204062  6764 raft_consensus.cc:3060] T f883b363f15346fea72784b743b14ddc P 9ca3677767cd4244a5584433736614fe [term 3 FOLLOWER]: Advancing to term 4
I20260709 13:12:43.204150  6839 raft_consensus.cc:3055] T f883b363f15346fea72784b743b14ddc P 3385ddbdcf354cb6a3c2afe3170573be [term 3 LEADER]: Stepping down as leader of term 3
I20260709 13:12:43.204504  6839 raft_consensus.cc:740] T f883b363f15346fea72784b743b14ddc P 3385ddbdcf354cb6a3c2afe3170573be [term 3 LEADER]: Becoming Follower/Learner. State: Replica: 3385ddbdcf354cb6a3c2afe3170573be, State: Running, Role: LEADER
I20260709 13:12:43.205315  6839 consensus_queue.cc:260] T f883b363f15346fea72784b743b14ddc P 3385ddbdcf354cb6a3c2afe3170573be [NON_LEADER]: Queue going to NON_LEADER mode. State: All replicated index: 0, Majority replicated index: 3, Committed index: 3, Last appended: 3.3, Last appended by leader: 3, Current term: 3, Majority size: -1, State: 0, Mode: NON_LEADER, active raft config: opid_index: -1 OBSOLETE_local: false peers { permanent_uuid: "486fb84edbb9421e9b66a14d4bffd6ef" member_type: VOTER last_known_addr { host: "127.5.227.129" port: 33931 } } peers { permanent_uuid: "9ca3677767cd4244a5584433736614fe" member_type: VOTER last_known_addr { host: "127.5.227.130" port: 44957 } } peers { permanent_uuid: "3385ddbdcf354cb6a3c2afe3170573be" member_type: VOTER last_known_addr { host: "127.5.227.131" port: 44005 } }
I20260709 13:12:43.206570  6839 raft_consensus.cc:3060] T f883b363f15346fea72784b743b14ddc P 3385ddbdcf354cb6a3c2afe3170573be [term 3 FOLLOWER]: Advancing to term 4
I20260709 13:12:43.210812  6764 raft_consensus.cc:2468] T f883b363f15346fea72784b743b14ddc P 9ca3677767cd4244a5584433736614fe [term 4 FOLLOWER]: Leader election vote request: Granting yes vote for candidate 486fb84edbb9421e9b66a14d4bffd6ef in term 4.
I20260709 13:12:43.212214  6656 leader_election.cc:304] T f883b363f15346fea72784b743b14ddc P 486fb84edbb9421e9b66a14d4bffd6ef [CANDIDATE]: Term 4 election: Election decided. Result: candidate won. Election summary: received 2 responses out of 3 voters: 2 yes votes; 0 no votes. yes voters: 486fb84edbb9421e9b66a14d4bffd6ef, 9ca3677767cd4244a5584433736614fe; no voters: 
I20260709 13:12:43.213008  6977 raft_consensus.cc:2804] T f883b363f15346fea72784b743b14ddc P 486fb84edbb9421e9b66a14d4bffd6ef [term 4 FOLLOWER]: Leader election won for term 4
I20260709 13:12:43.213220  6839 raft_consensus.cc:2468] T f883b363f15346fea72784b743b14ddc P 3385ddbdcf354cb6a3c2afe3170573be [term 4 FOLLOWER]: Leader election vote request: Granting yes vote for candidate 486fb84edbb9421e9b66a14d4bffd6ef in term 4.
I20260709 13:12:43.213541  6977 raft_consensus.cc:697] T f883b363f15346fea72784b743b14ddc P 486fb84edbb9421e9b66a14d4bffd6ef [term 4 LEADER]: Becoming Leader. State: Replica: 486fb84edbb9421e9b66a14d4bffd6ef, State: Running, Role: LEADER
I20260709 13:12:43.214459  6977 consensus_queue.cc:237] T f883b363f15346fea72784b743b14ddc P 486fb84edbb9421e9b66a14d4bffd6ef [LEADER]: Queue going to LEADER mode. State: All replicated index: 0, Majority replicated index: 3, Committed index: 3, Last appended: 3.3, Last appended by leader: 3, Current term: 4, Majority size: 2, State: 0, Mode: LEADER, active raft config: opid_index: -1 OBSOLETE_local: false peers { permanent_uuid: "486fb84edbb9421e9b66a14d4bffd6ef" member_type: VOTER last_known_addr { host: "127.5.227.129" port: 33931 } } peers { permanent_uuid: "9ca3677767cd4244a5584433736614fe" member_type: VOTER last_known_addr { host: "127.5.227.130" port: 44957 } } peers { permanent_uuid: "3385ddbdcf354cb6a3c2afe3170573be" member_type: VOTER last_known_addr { host: "127.5.227.131" port: 44005 } }
I20260709 13:12:43.220999  6588 catalog_manager.cc:5697] T f883b363f15346fea72784b743b14ddc P 486fb84edbb9421e9b66a14d4bffd6ef reported cstate change: term changed from 3 to 4, leader changed from 3385ddbdcf354cb6a3c2afe3170573be (127.5.227.131) to 486fb84edbb9421e9b66a14d4bffd6ef (127.5.227.129). New cstate: current_term: 4 leader_uuid: "486fb84edbb9421e9b66a14d4bffd6ef" committed_config { opid_index: -1 OBSOLETE_local: false peers { permanent_uuid: "486fb84edbb9421e9b66a14d4bffd6ef" member_type: VOTER last_known_addr { host: "127.5.227.129" port: 33931 } health_report { overall_health: HEALTHY } } peers { permanent_uuid: "9ca3677767cd4244a5584433736614fe" member_type: VOTER last_known_addr { host: "127.5.227.130" port: 44957 } health_report { overall_health: UNKNOWN } } peers { permanent_uuid: "3385ddbdcf354cb6a3c2afe3170573be" member_type: VOTER last_known_addr { host: "127.5.227.131" port: 44005 } health_report { overall_health: UNKNOWN } } }
I20260709 13:12:43.330498  6985 raft_consensus.cc:993] T 63f0c06342474223ae1a8dc48fb848b9 P 3385ddbdcf354cb6a3c2afe3170573be: : Instructing follower 486fb84edbb9421e9b66a14d4bffd6ef to start an election
I20260709 13:12:43.331002  6985 raft_consensus.cc:1081] T 63f0c06342474223ae1a8dc48fb848b9 P 3385ddbdcf354cb6a3c2afe3170573be [term 3 LEADER]: Signalling peer 486fb84edbb9421e9b66a14d4bffd6ef to start an election
I20260709 13:12:43.332378  6691 tablet_service.cc:2044] Received Run Leader Election RPC: tablet_id: "63f0c06342474223ae1a8dc48fb848b9"
dest_uuid: "486fb84edbb9421e9b66a14d4bffd6ef"
 from {username='slave'} at 127.0.0.1:35972
I20260709 13:12:43.332839  6691 raft_consensus.cc:493] T 63f0c06342474223ae1a8dc48fb848b9 P 486fb84edbb9421e9b66a14d4bffd6ef [term 3 FOLLOWER]: Starting forced leader election (received explicit request)
I20260709 13:12:43.333115  6691 raft_consensus.cc:3060] T 63f0c06342474223ae1a8dc48fb848b9 P 486fb84edbb9421e9b66a14d4bffd6ef [term 3 FOLLOWER]: Advancing to term 4
I20260709 13:12:43.337560  6691 raft_consensus.cc:515] T 63f0c06342474223ae1a8dc48fb848b9 P 486fb84edbb9421e9b66a14d4bffd6ef [term 4 FOLLOWER]: Starting forced leader election with config: opid_index: -1 OBSOLETE_local: false peers { permanent_uuid: "486fb84edbb9421e9b66a14d4bffd6ef" member_type: VOTER last_known_addr { host: "127.5.227.129" port: 33931 } } peers { permanent_uuid: "9ca3677767cd4244a5584433736614fe" member_type: VOTER last_known_addr { host: "127.5.227.130" port: 44957 } } peers { permanent_uuid: "3385ddbdcf354cb6a3c2afe3170573be" member_type: VOTER last_known_addr { host: "127.5.227.131" port: 44005 } }
I20260709 13:12:43.339129  6691 leader_election.cc:290] T 63f0c06342474223ae1a8dc48fb848b9 P 486fb84edbb9421e9b66a14d4bffd6ef [CANDIDATE]: Term 4 election: Requested vote from peers 9ca3677767cd4244a5584433736614fe (127.5.227.130:44957), 3385ddbdcf354cb6a3c2afe3170573be (127.5.227.131:44005)
I20260709 13:12:43.340050  6764 tablet_service.cc:1917] Received RequestConsensusVote() RPC: tablet_id: "63f0c06342474223ae1a8dc48fb848b9" candidate_uuid: "486fb84edbb9421e9b66a14d4bffd6ef" candidate_term: 4 candidate_status { last_received { term: 3 index: 3 } } ignore_live_leader: true dest_uuid: "9ca3677767cd4244a5584433736614fe"
I20260709 13:12:43.340209  6839 tablet_service.cc:1917] Received RequestConsensusVote() RPC: tablet_id: "63f0c06342474223ae1a8dc48fb848b9" candidate_uuid: "486fb84edbb9421e9b66a14d4bffd6ef" candidate_term: 4 candidate_status { last_received { term: 3 index: 3 } } ignore_live_leader: true dest_uuid: "3385ddbdcf354cb6a3c2afe3170573be"
I20260709 13:12:43.340516  6764 raft_consensus.cc:3060] T 63f0c06342474223ae1a8dc48fb848b9 P 9ca3677767cd4244a5584433736614fe [term 3 FOLLOWER]: Advancing to term 4
I20260709 13:12:43.340803  6839 raft_consensus.cc:3055] T 63f0c06342474223ae1a8dc48fb848b9 P 3385ddbdcf354cb6a3c2afe3170573be [term 3 LEADER]: Stepping down as leader of term 3
I20260709 13:12:43.341109  6839 raft_consensus.cc:740] T 63f0c06342474223ae1a8dc48fb848b9 P 3385ddbdcf354cb6a3c2afe3170573be [term 3 LEADER]: Becoming Follower/Learner. State: Replica: 3385ddbdcf354cb6a3c2afe3170573be, State: Running, Role: LEADER
I20260709 13:12:43.341739  6839 consensus_queue.cc:260] T 63f0c06342474223ae1a8dc48fb848b9 P 3385ddbdcf354cb6a3c2afe3170573be [NON_LEADER]: Queue going to NON_LEADER mode. State: All replicated index: 0, Majority replicated index: 3, Committed index: 3, Last appended: 3.3, Last appended by leader: 3, Current term: 3, Majority size: -1, State: 0, Mode: NON_LEADER, active raft config: opid_index: -1 OBSOLETE_local: false peers { permanent_uuid: "486fb84edbb9421e9b66a14d4bffd6ef" member_type: VOTER last_known_addr { host: "127.5.227.129" port: 33931 } } peers { permanent_uuid: "9ca3677767cd4244a5584433736614fe" member_type: VOTER last_known_addr { host: "127.5.227.130" port: 44957 } } peers { permanent_uuid: "3385ddbdcf354cb6a3c2afe3170573be" member_type: VOTER last_known_addr { host: "127.5.227.131" port: 44005 } }
I20260709 13:12:43.342697  6839 raft_consensus.cc:3060] T 63f0c06342474223ae1a8dc48fb848b9 P 3385ddbdcf354cb6a3c2afe3170573be [term 3 FOLLOWER]: Advancing to term 4
I20260709 13:12:43.345096  6764 raft_consensus.cc:2468] T 63f0c06342474223ae1a8dc48fb848b9 P 9ca3677767cd4244a5584433736614fe [term 4 FOLLOWER]: Leader election vote request: Granting yes vote for candidate 486fb84edbb9421e9b66a14d4bffd6ef in term 4.
I20260709 13:12:43.346122  6656 leader_election.cc:304] T 63f0c06342474223ae1a8dc48fb848b9 P 486fb84edbb9421e9b66a14d4bffd6ef [CANDIDATE]: Term 4 election: Election decided. Result: candidate won. Election summary: received 2 responses out of 3 voters: 2 yes votes; 0 no votes. yes voters: 486fb84edbb9421e9b66a14d4bffd6ef, 9ca3677767cd4244a5584433736614fe; no voters: 
I20260709 13:12:43.346925  6977 raft_consensus.cc:2804] T 63f0c06342474223ae1a8dc48fb848b9 P 486fb84edbb9421e9b66a14d4bffd6ef [term 4 FOLLOWER]: Leader election won for term 4
I20260709 13:12:43.347373  6977 raft_consensus.cc:697] T 63f0c06342474223ae1a8dc48fb848b9 P 486fb84edbb9421e9b66a14d4bffd6ef [term 4 LEADER]: Becoming Leader. State: Replica: 486fb84edbb9421e9b66a14d4bffd6ef, State: Running, Role: LEADER
I20260709 13:12:43.347818  6839 raft_consensus.cc:2468] T 63f0c06342474223ae1a8dc48fb848b9 P 3385ddbdcf354cb6a3c2afe3170573be [term 4 FOLLOWER]: Leader election vote request: Granting yes vote for candidate 486fb84edbb9421e9b66a14d4bffd6ef in term 4.
I20260709 13:12:43.348232  6977 consensus_queue.cc:237] T 63f0c06342474223ae1a8dc48fb848b9 P 486fb84edbb9421e9b66a14d4bffd6ef [LEADER]: Queue going to LEADER mode. State: All replicated index: 0, Majority replicated index: 3, Committed index: 3, Last appended: 3.3, Last appended by leader: 3, Current term: 4, Majority size: 2, State: 0, Mode: LEADER, active raft config: opid_index: -1 OBSOLETE_local: false peers { permanent_uuid: "486fb84edbb9421e9b66a14d4bffd6ef" member_type: VOTER last_known_addr { host: "127.5.227.129" port: 33931 } } peers { permanent_uuid: "9ca3677767cd4244a5584433736614fe" member_type: VOTER last_known_addr { host: "127.5.227.130" port: 44957 } } peers { permanent_uuid: "3385ddbdcf354cb6a3c2afe3170573be" member_type: VOTER last_known_addr { host: "127.5.227.131" port: 44005 } }
I20260709 13:12:43.354185  6588 catalog_manager.cc:5697] T 63f0c06342474223ae1a8dc48fb848b9 P 486fb84edbb9421e9b66a14d4bffd6ef reported cstate change: term changed from 3 to 4, leader changed from 3385ddbdcf354cb6a3c2afe3170573be (127.5.227.131) to 486fb84edbb9421e9b66a14d4bffd6ef (127.5.227.129). New cstate: current_term: 4 leader_uuid: "486fb84edbb9421e9b66a14d4bffd6ef" committed_config { opid_index: -1 OBSOLETE_local: false peers { permanent_uuid: "486fb84edbb9421e9b66a14d4bffd6ef" member_type: VOTER last_known_addr { host: "127.5.227.129" port: 33931 } health_report { overall_health: HEALTHY } } peers { permanent_uuid: "9ca3677767cd4244a5584433736614fe" member_type: VOTER last_known_addr { host: "127.5.227.130" port: 44957 } health_report { overall_health: UNKNOWN } } peers { permanent_uuid: "3385ddbdcf354cb6a3c2afe3170573be" member_type: VOTER last_known_addr { host: "127.5.227.131" port: 44005 } health_report { overall_health: UNKNOWN } } }
I20260709 13:12:43.390184  6925 raft_consensus.cc:993] T 336588db9ad34ddfb8c573e8d0faefc8 P 9ca3677767cd4244a5584433736614fe: : Instructing follower 486fb84edbb9421e9b66a14d4bffd6ef to start an election
I20260709 13:12:43.390646  7011 raft_consensus.cc:1081] T 336588db9ad34ddfb8c573e8d0faefc8 P 9ca3677767cd4244a5584433736614fe [term 2 LEADER]: Signalling peer 486fb84edbb9421e9b66a14d4bffd6ef to start an election
I20260709 13:12:43.392179  6691 tablet_service.cc:2044] Received Run Leader Election RPC: tablet_id: "336588db9ad34ddfb8c573e8d0faefc8"
dest_uuid: "486fb84edbb9421e9b66a14d4bffd6ef"
 from {username='slave'} at 127.0.0.1:35974
I20260709 13:12:43.392725  6691 raft_consensus.cc:493] T 336588db9ad34ddfb8c573e8d0faefc8 P 486fb84edbb9421e9b66a14d4bffd6ef [term 2 FOLLOWER]: Starting forced leader election (received explicit request)
I20260709 13:12:43.393006  6691 raft_consensus.cc:3060] T 336588db9ad34ddfb8c573e8d0faefc8 P 486fb84edbb9421e9b66a14d4bffd6ef [term 2 FOLLOWER]: Advancing to term 3
I20260709 13:12:43.397388  6691 raft_consensus.cc:515] T 336588db9ad34ddfb8c573e8d0faefc8 P 486fb84edbb9421e9b66a14d4bffd6ef [term 3 FOLLOWER]: Starting forced leader election with config: opid_index: -1 OBSOLETE_local: false peers { permanent_uuid: "486fb84edbb9421e9b66a14d4bffd6ef" member_type: VOTER last_known_addr { host: "127.5.227.129" port: 33931 } } peers { permanent_uuid: "9ca3677767cd4244a5584433736614fe" member_type: VOTER last_known_addr { host: "127.5.227.130" port: 44957 } } peers { permanent_uuid: "3385ddbdcf354cb6a3c2afe3170573be" member_type: VOTER last_known_addr { host: "127.5.227.131" port: 44005 } }
I20260709 13:12:43.399008  6691 leader_election.cc:290] T 336588db9ad34ddfb8c573e8d0faefc8 P 486fb84edbb9421e9b66a14d4bffd6ef [CANDIDATE]: Term 3 election: Requested vote from peers 9ca3677767cd4244a5584433736614fe (127.5.227.130:44957), 3385ddbdcf354cb6a3c2afe3170573be (127.5.227.131:44005)
I20260709 13:12:43.399801  6764 tablet_service.cc:1917] Received RequestConsensusVote() RPC: tablet_id: "336588db9ad34ddfb8c573e8d0faefc8" candidate_uuid: "486fb84edbb9421e9b66a14d4bffd6ef" candidate_term: 3 candidate_status { last_received { term: 2 index: 2 } } ignore_live_leader: true dest_uuid: "9ca3677767cd4244a5584433736614fe"
I20260709 13:12:43.400082  6839 tablet_service.cc:1917] Received RequestConsensusVote() RPC: tablet_id: "336588db9ad34ddfb8c573e8d0faefc8" candidate_uuid: "486fb84edbb9421e9b66a14d4bffd6ef" candidate_term: 3 candidate_status { last_received { term: 2 index: 2 } } ignore_live_leader: true dest_uuid: "3385ddbdcf354cb6a3c2afe3170573be"
I20260709 13:12:43.400354  6764 raft_consensus.cc:3055] T 336588db9ad34ddfb8c573e8d0faefc8 P 9ca3677767cd4244a5584433736614fe [term 2 LEADER]: Stepping down as leader of term 2
I20260709 13:12:43.400583  6839 raft_consensus.cc:3060] T 336588db9ad34ddfb8c573e8d0faefc8 P 3385ddbdcf354cb6a3c2afe3170573be [term 2 FOLLOWER]: Advancing to term 3
I20260709 13:12:43.400682  6764 raft_consensus.cc:740] T 336588db9ad34ddfb8c573e8d0faefc8 P 9ca3677767cd4244a5584433736614fe [term 2 LEADER]: Becoming Follower/Learner. State: Replica: 9ca3677767cd4244a5584433736614fe, State: Running, Role: LEADER
I20260709 13:12:43.401525  6764 consensus_queue.cc:260] T 336588db9ad34ddfb8c573e8d0faefc8 P 9ca3677767cd4244a5584433736614fe [NON_LEADER]: Queue going to NON_LEADER mode. State: All replicated index: 0, Majority replicated index: 2, Committed index: 2, Last appended: 2.2, Last appended by leader: 2, Current term: 2, Majority size: -1, State: 0, Mode: NON_LEADER, active raft config: opid_index: -1 OBSOLETE_local: false peers { permanent_uuid: "486fb84edbb9421e9b66a14d4bffd6ef" member_type: VOTER last_known_addr { host: "127.5.227.129" port: 33931 } } peers { permanent_uuid: "9ca3677767cd4244a5584433736614fe" member_type: VOTER last_known_addr { host: "127.5.227.130" port: 44957 } } peers { permanent_uuid: "3385ddbdcf354cb6a3c2afe3170573be" member_type: VOTER last_known_addr { host: "127.5.227.131" port: 44005 } }
I20260709 13:12:43.402807  6764 raft_consensus.cc:3060] T 336588db9ad34ddfb8c573e8d0faefc8 P 9ca3677767cd4244a5584433736614fe [term 2 FOLLOWER]: Advancing to term 3
I20260709 13:12:43.407713  6839 raft_consensus.cc:2468] T 336588db9ad34ddfb8c573e8d0faefc8 P 3385ddbdcf354cb6a3c2afe3170573be [term 3 FOLLOWER]: Leader election vote request: Granting yes vote for candidate 486fb84edbb9421e9b66a14d4bffd6ef in term 3.
I20260709 13:12:43.408854  6657 leader_election.cc:304] T 336588db9ad34ddfb8c573e8d0faefc8 P 486fb84edbb9421e9b66a14d4bffd6ef [CANDIDATE]: Term 3 election: Election decided. Result: candidate won. Election summary: received 2 responses out of 3 voters: 2 yes votes; 0 no votes. yes voters: 3385ddbdcf354cb6a3c2afe3170573be, 486fb84edbb9421e9b66a14d4bffd6ef; no voters: 
I20260709 13:12:43.409214  6764 raft_consensus.cc:2468] T 336588db9ad34ddfb8c573e8d0faefc8 P 9ca3677767cd4244a5584433736614fe [term 3 FOLLOWER]: Leader election vote request: Granting yes vote for candidate 486fb84edbb9421e9b66a14d4bffd6ef in term 3.
I20260709 13:12:43.409749  6977 raft_consensus.cc:2804] T 336588db9ad34ddfb8c573e8d0faefc8 P 486fb84edbb9421e9b66a14d4bffd6ef [term 3 FOLLOWER]: Leader election won for term 3
I20260709 13:12:43.410261  6977 raft_consensus.cc:697] T 336588db9ad34ddfb8c573e8d0faefc8 P 486fb84edbb9421e9b66a14d4bffd6ef [term 3 LEADER]: Becoming Leader. State: Replica: 486fb84edbb9421e9b66a14d4bffd6ef, State: Running, Role: LEADER
I20260709 13:12:43.411222  6977 consensus_queue.cc:237] T 336588db9ad34ddfb8c573e8d0faefc8 P 486fb84edbb9421e9b66a14d4bffd6ef [LEADER]: Queue going to LEADER mode. State: All replicated index: 0, Majority replicated index: 2, Committed index: 2, Last appended: 2.2, Last appended by leader: 2, Current term: 3, Majority size: 2, State: 0, Mode: LEADER, active raft config: opid_index: -1 OBSOLETE_local: false peers { permanent_uuid: "486fb84edbb9421e9b66a14d4bffd6ef" member_type: VOTER last_known_addr { host: "127.5.227.129" port: 33931 } } peers { permanent_uuid: "9ca3677767cd4244a5584433736614fe" member_type: VOTER last_known_addr { host: "127.5.227.130" port: 44957 } } peers { permanent_uuid: "3385ddbdcf354cb6a3c2afe3170573be" member_type: VOTER last_known_addr { host: "127.5.227.131" port: 44005 } }
I20260709 13:12:43.418237  6588 catalog_manager.cc:5697] T 336588db9ad34ddfb8c573e8d0faefc8 P 486fb84edbb9421e9b66a14d4bffd6ef reported cstate change: term changed from 2 to 3, leader changed from 9ca3677767cd4244a5584433736614fe (127.5.227.130) to 486fb84edbb9421e9b66a14d4bffd6ef (127.5.227.129). New cstate: current_term: 3 leader_uuid: "486fb84edbb9421e9b66a14d4bffd6ef" committed_config { opid_index: -1 OBSOLETE_local: false peers { permanent_uuid: "486fb84edbb9421e9b66a14d4bffd6ef" member_type: VOTER last_known_addr { host: "127.5.227.129" port: 33931 } health_report { overall_health: HEALTHY } } peers { permanent_uuid: "9ca3677767cd4244a5584433736614fe" member_type: VOTER last_known_addr { host: "127.5.227.130" port: 44957 } health_report { overall_health: UNKNOWN } } peers { permanent_uuid: "3385ddbdcf354cb6a3c2afe3170573be" member_type: VOTER last_known_addr { host: "127.5.227.131" port: 44005 } health_report { overall_health: UNKNOWN } } }
I20260709 13:12:43.625080  6839 raft_consensus.cc:1275] T f883b363f15346fea72784b743b14ddc P 3385ddbdcf354cb6a3c2afe3170573be [term 4 FOLLOWER]: Refusing update from remote peer 486fb84edbb9421e9b66a14d4bffd6ef: Log matching property violated. Preceding OpId in replica: term: 3 index: 3. Preceding OpId from leader: term: 4 index: 4. (index mismatch)
I20260709 13:12:43.626345  6977 consensus_queue.cc:1048] T f883b363f15346fea72784b743b14ddc P 486fb84edbb9421e9b66a14d4bffd6ef [LEADER]: Connected to new peer: Peer: permanent_uuid: "3385ddbdcf354cb6a3c2afe3170573be" member_type: VOTER last_known_addr { host: "127.5.227.131" port: 44005 }, Status: LMP_MISMATCH, Last received: 0.0, Next index: 4, Last known committed idx: 3, Time since last communication: 0.000s
I20260709 13:12:43.634968  6764 raft_consensus.cc:1275] T f883b363f15346fea72784b743b14ddc P 9ca3677767cd4244a5584433736614fe [term 4 FOLLOWER]: Refusing update from remote peer 486fb84edbb9421e9b66a14d4bffd6ef: Log matching property violated. Preceding OpId in replica: term: 3 index: 3. Preceding OpId from leader: term: 4 index: 4. (index mismatch)
I20260709 13:12:43.636638  6977 consensus_queue.cc:1048] T f883b363f15346fea72784b743b14ddc P 486fb84edbb9421e9b66a14d4bffd6ef [LEADER]: Connected to new peer: Peer: permanent_uuid: "9ca3677767cd4244a5584433736614fe" member_type: VOTER last_known_addr { host: "127.5.227.130" port: 44957 }, Status: LMP_MISMATCH, Last received: 0.0, Next index: 4, Last known committed idx: 3, Time since last communication: 0.000s
I20260709 13:12:43.650498  6839 raft_consensus.cc:1275] T a56bc90e16834fc69797a018889645ff P 3385ddbdcf354cb6a3c2afe3170573be [term 3 FOLLOWER]: Refusing update from remote peer 486fb84edbb9421e9b66a14d4bffd6ef: Log matching property violated. Preceding OpId in replica: term: 2 index: 2. Preceding OpId from leader: term: 3 index: 3. (index mismatch)
I20260709 13:12:43.651757  7020 consensus_queue.cc:1048] T a56bc90e16834fc69797a018889645ff P 486fb84edbb9421e9b66a14d4bffd6ef [LEADER]: Connected to new peer: Peer: permanent_uuid: "3385ddbdcf354cb6a3c2afe3170573be" member_type: VOTER last_known_addr { host: "127.5.227.131" port: 44005 }, Status: LMP_MISMATCH, Last received: 0.0, Next index: 3, Last known committed idx: 2, Time since last communication: 0.000s
I20260709 13:12:43.660367  6764 raft_consensus.cc:1275] T a56bc90e16834fc69797a018889645ff P 9ca3677767cd4244a5584433736614fe [term 3 FOLLOWER]: Refusing update from remote peer 486fb84edbb9421e9b66a14d4bffd6ef: Log matching property violated. Preceding OpId in replica: term: 2 index: 2. Preceding OpId from leader: term: 3 index: 3. (index mismatch)
I20260709 13:12:43.662055  7012 consensus_queue.cc:1048] T a56bc90e16834fc69797a018889645ff P 486fb84edbb9421e9b66a14d4bffd6ef [LEADER]: Connected to new peer: Peer: permanent_uuid: "9ca3677767cd4244a5584433736614fe" member_type: VOTER last_known_addr { host: "127.5.227.130" port: 44957 }, Status: LMP_MISMATCH, Last received: 0.0, Next index: 3, Last known committed idx: 2, Time since last communication: 0.001s
I20260709 13:12:43.713217  6764 raft_consensus.cc:1275] T a5a8d7fbb5f5438b82da890d340bdc1b P 9ca3677767cd4244a5584433736614fe [term 3 FOLLOWER]: Refusing update from remote peer 486fb84edbb9421e9b66a14d4bffd6ef: Log matching property violated. Preceding OpId in replica: term: 2 index: 2. Preceding OpId from leader: term: 3 index: 3. (index mismatch)
I20260709 13:12:43.714370  7012 consensus_queue.cc:1048] T a5a8d7fbb5f5438b82da890d340bdc1b P 486fb84edbb9421e9b66a14d4bffd6ef [LEADER]: Connected to new peer: Peer: permanent_uuid: "9ca3677767cd4244a5584433736614fe" member_type: VOTER last_known_addr { host: "127.5.227.130" port: 44957 }, Status: LMP_MISMATCH, Last received: 0.0, Next index: 3, Last known committed idx: 2, Time since last communication: 0.000s
I20260709 13:12:43.723568  6839 raft_consensus.cc:1275] T a5a8d7fbb5f5438b82da890d340bdc1b P 3385ddbdcf354cb6a3c2afe3170573be [term 3 FOLLOWER]: Refusing update from remote peer 486fb84edbb9421e9b66a14d4bffd6ef: Log matching property violated. Preceding OpId in replica: term: 2 index: 2. Preceding OpId from leader: term: 3 index: 3. (index mismatch)
I20260709 13:12:43.725860  6977 consensus_queue.cc:1048] T a5a8d7fbb5f5438b82da890d340bdc1b P 486fb84edbb9421e9b66a14d4bffd6ef [LEADER]: Connected to new peer: Peer: permanent_uuid: "3385ddbdcf354cb6a3c2afe3170573be" member_type: VOTER last_known_addr { host: "127.5.227.131" port: 44005 }, Status: LMP_MISMATCH, Last received: 0.0, Next index: 3, Last known committed idx: 2, Time since last communication: 0.000s
I20260709 13:12:43.756131  6764 raft_consensus.cc:1275] T 63f0c06342474223ae1a8dc48fb848b9 P 9ca3677767cd4244a5584433736614fe [term 4 FOLLOWER]: Refusing update from remote peer 486fb84edbb9421e9b66a14d4bffd6ef: Log matching property violated. Preceding OpId in replica: term: 3 index: 3. Preceding OpId from leader: term: 4 index: 4. (index mismatch)
I20260709 13:12:43.757648  6977 consensus_queue.cc:1048] T 63f0c06342474223ae1a8dc48fb848b9 P 486fb84edbb9421e9b66a14d4bffd6ef [LEADER]: Connected to new peer: Peer: permanent_uuid: "9ca3677767cd4244a5584433736614fe" member_type: VOTER last_known_addr { host: "127.5.227.130" port: 44957 }, Status: LMP_MISMATCH, Last received: 0.0, Next index: 4, Last known committed idx: 3, Time since last communication: 0.000s
I20260709 13:12:43.766568  6839 raft_consensus.cc:1275] T 63f0c06342474223ae1a8dc48fb848b9 P 3385ddbdcf354cb6a3c2afe3170573be [term 4 FOLLOWER]: Refusing update from remote peer 486fb84edbb9421e9b66a14d4bffd6ef: Log matching property violated. Preceding OpId in replica: term: 3 index: 3. Preceding OpId from leader: term: 4 index: 4. (index mismatch)
I20260709 13:12:43.768090  7020 consensus_queue.cc:1048] T 63f0c06342474223ae1a8dc48fb848b9 P 486fb84edbb9421e9b66a14d4bffd6ef [LEADER]: Connected to new peer: Peer: permanent_uuid: "3385ddbdcf354cb6a3c2afe3170573be" member_type: VOTER last_known_addr { host: "127.5.227.131" port: 44005 }, Status: LMP_MISMATCH, Last received: 0.0, Next index: 4, Last known committed idx: 3, Time since last communication: 0.000s
I20260709 13:12:43.948251  6764 raft_consensus.cc:1275] T 336588db9ad34ddfb8c573e8d0faefc8 P 9ca3677767cd4244a5584433736614fe [term 3 FOLLOWER]: Refusing update from remote peer 486fb84edbb9421e9b66a14d4bffd6ef: Log matching property violated. Preceding OpId in replica: term: 2 index: 2. Preceding OpId from leader: term: 3 index: 3. (index mismatch)
I20260709 13:12:43.949424  7020 consensus_queue.cc:1048] T 336588db9ad34ddfb8c573e8d0faefc8 P 486fb84edbb9421e9b66a14d4bffd6ef [LEADER]: Connected to new peer: Peer: permanent_uuid: "9ca3677767cd4244a5584433736614fe" member_type: VOTER last_known_addr { host: "127.5.227.130" port: 44957 }, Status: LMP_MISMATCH, Last received: 0.0, Next index: 3, Last known committed idx: 2, Time since last communication: 0.000s
I20260709 13:12:43.959144  6839 raft_consensus.cc:1275] T 336588db9ad34ddfb8c573e8d0faefc8 P 3385ddbdcf354cb6a3c2afe3170573be [term 3 FOLLOWER]: Refusing update from remote peer 486fb84edbb9421e9b66a14d4bffd6ef: Log matching property violated. Preceding OpId in replica: term: 2 index: 2. Preceding OpId from leader: term: 3 index: 3. (index mismatch)
I20260709 13:12:43.960647  7026 consensus_queue.cc:1048] T 336588db9ad34ddfb8c573e8d0faefc8 P 486fb84edbb9421e9b66a14d4bffd6ef [LEADER]: Connected to new peer: Peer: permanent_uuid: "3385ddbdcf354cb6a3c2afe3170573be" member_type: VOTER last_known_addr { host: "127.5.227.131" port: 44005 }, Status: LMP_MISMATCH, Last received: 0.0, Next index: 3, Last known committed idx: 2, Time since last communication: 0.000s
I20260709 13:12:45.952265  6030 auto_leader_rebalancer.cc:141] leader rebalance for table test-workload
I20260709 13:12:45.960233  6691 tablet_service.cc:2072] Received LeaderStepDown RPC: tablet_id: "a56bc90e16834fc69797a018889645ff"
dest_uuid: "486fb84edbb9421e9b66a14d4bffd6ef"
mode: GRACEFUL
new_leader_uuid: "9ca3677767cd4244a5584433736614fe"
 from {username='slave'} at 127.0.0.1:35992
I20260709 13:12:45.960760  6691 raft_consensus.cc:606] T a56bc90e16834fc69797a018889645ff P 486fb84edbb9421e9b66a14d4bffd6ef [term 3 LEADER]: Received request to transfer leadership to TS 9ca3677767cd4244a5584433736614fe
I20260709 13:12:45.963032  6691 tablet_service.cc:2072] Received LeaderStepDown RPC: tablet_id: "a5a8d7fbb5f5438b82da890d340bdc1b"
dest_uuid: "486fb84edbb9421e9b66a14d4bffd6ef"
mode: GRACEFUL
new_leader_uuid: "3385ddbdcf354cb6a3c2afe3170573be"
 from {username='slave'} at 127.0.0.1:35992
I20260709 13:12:45.963488  6691 raft_consensus.cc:606] T a5a8d7fbb5f5438b82da890d340bdc1b P 486fb84edbb9421e9b66a14d4bffd6ef [term 3 LEADER]: Received request to transfer leadership to TS 3385ddbdcf354cb6a3c2afe3170573be
I20260709 13:12:45.965523  6691 tablet_service.cc:2072] Received LeaderStepDown RPC: tablet_id: "b8416fc5086f4da896ff311339e720af"
dest_uuid: "486fb84edbb9421e9b66a14d4bffd6ef"
mode: GRACEFUL
new_leader_uuid: "3385ddbdcf354cb6a3c2afe3170573be"
 from {username='slave'} at 127.0.0.1:35992
I20260709 13:12:45.965939  6691 raft_consensus.cc:606] T b8416fc5086f4da896ff311339e720af P 486fb84edbb9421e9b66a14d4bffd6ef [term 2 LEADER]: Received request to transfer leadership to TS 3385ddbdcf354cb6a3c2afe3170573be
I20260709 13:12:45.967981  6691 tablet_service.cc:2072] Received LeaderStepDown RPC: tablet_id: "ba99fa0116da49c4aec770edf26fe261"
dest_uuid: "486fb84edbb9421e9b66a14d4bffd6ef"
mode: GRACEFUL
new_leader_uuid: "9ca3677767cd4244a5584433736614fe"
 from {username='slave'} at 127.0.0.1:35992
I20260709 13:12:45.968405  6691 raft_consensus.cc:606] T ba99fa0116da49c4aec770edf26fe261 P 486fb84edbb9421e9b66a14d4bffd6ef [term 2 LEADER]: Received request to transfer leadership to TS 9ca3677767cd4244a5584433736614fe
I20260709 13:12:45.969373  6030 auto_leader_rebalancer.cc:452] table: test-workload, leader rebalance finish, leader transfer count: 4
I20260709 13:12:45.969832  6030 auto_leader_rebalancer.cc:527] All tables' leader rebalancing finished this round
I20260709 13:12:46.015087  7033 raft_consensus.cc:993] T a56bc90e16834fc69797a018889645ff P 486fb84edbb9421e9b66a14d4bffd6ef: : Instructing follower 9ca3677767cd4244a5584433736614fe to start an election
I20260709 13:12:46.015542  7032 raft_consensus.cc:1081] T a56bc90e16834fc69797a018889645ff P 486fb84edbb9421e9b66a14d4bffd6ef [term 3 LEADER]: Signalling peer 9ca3677767cd4244a5584433736614fe to start an election
I20260709 13:12:46.017088  6766 tablet_service.cc:2044] Received Run Leader Election RPC: tablet_id: "a56bc90e16834fc69797a018889645ff"
dest_uuid: "9ca3677767cd4244a5584433736614fe"
 from {username='slave'} at 127.0.0.1:43716
I20260709 13:12:46.017643  6766 raft_consensus.cc:493] T a56bc90e16834fc69797a018889645ff P 9ca3677767cd4244a5584433736614fe [term 3 FOLLOWER]: Starting forced leader election (received explicit request)
I20260709 13:12:46.017972  6766 raft_consensus.cc:3060] T a56bc90e16834fc69797a018889645ff P 9ca3677767cd4244a5584433736614fe [term 3 FOLLOWER]: Advancing to term 4
I20260709 13:12:46.023362  6766 raft_consensus.cc:515] T a56bc90e16834fc69797a018889645ff P 9ca3677767cd4244a5584433736614fe [term 4 FOLLOWER]: Starting forced leader election with config: opid_index: -1 OBSOLETE_local: false peers { permanent_uuid: "486fb84edbb9421e9b66a14d4bffd6ef" member_type: VOTER last_known_addr { host: "127.5.227.129" port: 33931 } } peers { permanent_uuid: "9ca3677767cd4244a5584433736614fe" member_type: VOTER last_known_addr { host: "127.5.227.130" port: 44957 } } peers { permanent_uuid: "3385ddbdcf354cb6a3c2afe3170573be" member_type: VOTER last_known_addr { host: "127.5.227.131" port: 44005 } }
I20260709 13:12:46.025068  6766 leader_election.cc:290] T a56bc90e16834fc69797a018889645ff P 9ca3677767cd4244a5584433736614fe [CANDIDATE]: Term 4 election: Requested vote from peers 486fb84edbb9421e9b66a14d4bffd6ef (127.5.227.129:33931), 3385ddbdcf354cb6a3c2afe3170573be (127.5.227.131:44005)
I20260709 13:12:46.025996  6691 tablet_service.cc:1917] Received RequestConsensusVote() RPC: tablet_id: "a56bc90e16834fc69797a018889645ff" candidate_uuid: "9ca3677767cd4244a5584433736614fe" candidate_term: 4 candidate_status { last_received { term: 3 index: 3 } } ignore_live_leader: true dest_uuid: "486fb84edbb9421e9b66a14d4bffd6ef"
I20260709 13:12:46.026235  6839 tablet_service.cc:1917] Received RequestConsensusVote() RPC: tablet_id: "a56bc90e16834fc69797a018889645ff" candidate_uuid: "9ca3677767cd4244a5584433736614fe" candidate_term: 4 candidate_status { last_received { term: 3 index: 3 } } ignore_live_leader: true dest_uuid: "3385ddbdcf354cb6a3c2afe3170573be"
I20260709 13:12:46.026624  6691 raft_consensus.cc:3055] T a56bc90e16834fc69797a018889645ff P 486fb84edbb9421e9b66a14d4bffd6ef [term 3 LEADER]: Stepping down as leader of term 3
I20260709 13:12:46.026763  6839 raft_consensus.cc:3060] T a56bc90e16834fc69797a018889645ff P 3385ddbdcf354cb6a3c2afe3170573be [term 3 FOLLOWER]: Advancing to term 4
I20260709 13:12:46.026980  6691 raft_consensus.cc:740] T a56bc90e16834fc69797a018889645ff P 486fb84edbb9421e9b66a14d4bffd6ef [term 3 LEADER]: Becoming Follower/Learner. State: Replica: 486fb84edbb9421e9b66a14d4bffd6ef, State: Running, Role: LEADER
I20260709 13:12:46.027750  6691 consensus_queue.cc:260] T a56bc90e16834fc69797a018889645ff P 486fb84edbb9421e9b66a14d4bffd6ef [NON_LEADER]: Queue going to NON_LEADER mode. State: All replicated index: 0, Majority replicated index: 3, Committed index: 3, Last appended: 3.3, Last appended by leader: 3, Current term: 3, Majority size: -1, State: 0, Mode: NON_LEADER, active raft config: opid_index: -1 OBSOLETE_local: false peers { permanent_uuid: "486fb84edbb9421e9b66a14d4bffd6ef" member_type: VOTER last_known_addr { host: "127.5.227.129" port: 33931 } } peers { permanent_uuid: "9ca3677767cd4244a5584433736614fe" member_type: VOTER last_known_addr { host: "127.5.227.130" port: 44957 } } peers { permanent_uuid: "3385ddbdcf354cb6a3c2afe3170573be" member_type: VOTER last_known_addr { host: "127.5.227.131" port: 44005 } }
I20260709 13:12:46.028728  6691 raft_consensus.cc:3060] T a56bc90e16834fc69797a018889645ff P 486fb84edbb9421e9b66a14d4bffd6ef [term 3 FOLLOWER]: Advancing to term 4
I20260709 13:12:46.032210  6839 raft_consensus.cc:2468] T a56bc90e16834fc69797a018889645ff P 3385ddbdcf354cb6a3c2afe3170573be [term 4 FOLLOWER]: Leader election vote request: Granting yes vote for candidate 9ca3677767cd4244a5584433736614fe in term 4.
I20260709 13:12:46.033321  6732 leader_election.cc:304] T a56bc90e16834fc69797a018889645ff P 9ca3677767cd4244a5584433736614fe [CANDIDATE]: Term 4 election: Election decided. Result: candidate won. Election summary: received 2 responses out of 3 voters: 2 yes votes; 0 no votes. yes voters: 3385ddbdcf354cb6a3c2afe3170573be, 9ca3677767cd4244a5584433736614fe; no voters: 
I20260709 13:12:46.033840  6691 raft_consensus.cc:2468] T a56bc90e16834fc69797a018889645ff P 486fb84edbb9421e9b66a14d4bffd6ef [term 4 FOLLOWER]: Leader election vote request: Granting yes vote for candidate 9ca3677767cd4244a5584433736614fe in term 4.
I20260709 13:12:46.034031  6925 raft_consensus.cc:2804] T a56bc90e16834fc69797a018889645ff P 9ca3677767cd4244a5584433736614fe [term 4 FOLLOWER]: Leader election won for term 4
I20260709 13:12:46.035388  6925 raft_consensus.cc:697] T a56bc90e16834fc69797a018889645ff P 9ca3677767cd4244a5584433736614fe [term 4 LEADER]: Becoming Leader. State: Replica: 9ca3677767cd4244a5584433736614fe, State: Running, Role: LEADER
I20260709 13:12:46.036088  6925 consensus_queue.cc:237] T a56bc90e16834fc69797a018889645ff P 9ca3677767cd4244a5584433736614fe [LEADER]: Queue going to LEADER mode. State: All replicated index: 0, Majority replicated index: 3, Committed index: 3, Last appended: 3.3, Last appended by leader: 3, Current term: 4, Majority size: 2, State: 0, Mode: LEADER, active raft config: opid_index: -1 OBSOLETE_local: false peers { permanent_uuid: "486fb84edbb9421e9b66a14d4bffd6ef" member_type: VOTER last_known_addr { host: "127.5.227.129" port: 33931 } } peers { permanent_uuid: "9ca3677767cd4244a5584433736614fe" member_type: VOTER last_known_addr { host: "127.5.227.130" port: 44957 } } peers { permanent_uuid: "3385ddbdcf354cb6a3c2afe3170573be" member_type: VOTER last_known_addr { host: "127.5.227.131" port: 44005 } }
I20260709 13:12:46.042060  6588 catalog_manager.cc:5697] T a56bc90e16834fc69797a018889645ff P 9ca3677767cd4244a5584433736614fe reported cstate change: term changed from 3 to 4, leader changed from 486fb84edbb9421e9b66a14d4bffd6ef (127.5.227.129) to 9ca3677767cd4244a5584433736614fe (127.5.227.130). New cstate: current_term: 4 leader_uuid: "9ca3677767cd4244a5584433736614fe" committed_config { opid_index: -1 OBSOLETE_local: false peers { permanent_uuid: "486fb84edbb9421e9b66a14d4bffd6ef" member_type: VOTER last_known_addr { host: "127.5.227.129" port: 33931 } health_report { overall_health: UNKNOWN } } peers { permanent_uuid: "9ca3677767cd4244a5584433736614fe" member_type: VOTER last_known_addr { host: "127.5.227.130" port: 44957 } health_report { overall_health: HEALTHY } } peers { permanent_uuid: "3385ddbdcf354cb6a3c2afe3170573be" member_type: VOTER last_known_addr { host: "127.5.227.131" port: 44005 } health_report { overall_health: UNKNOWN } } }
I20260709 13:12:46.070611  7033 raft_consensus.cc:993] T ba99fa0116da49c4aec770edf26fe261 P 486fb84edbb9421e9b66a14d4bffd6ef: : Instructing follower 9ca3677767cd4244a5584433736614fe to start an election
I20260709 13:12:46.071053  7032 raft_consensus.cc:1081] T ba99fa0116da49c4aec770edf26fe261 P 486fb84edbb9421e9b66a14d4bffd6ef [term 2 LEADER]: Signalling peer 9ca3677767cd4244a5584433736614fe to start an election
I20260709 13:12:46.072425  6766 tablet_service.cc:2044] Received Run Leader Election RPC: tablet_id: "ba99fa0116da49c4aec770edf26fe261"
dest_uuid: "9ca3677767cd4244a5584433736614fe"
 from {username='slave'} at 127.0.0.1:43716
I20260709 13:12:46.072844  6766 raft_consensus.cc:493] T ba99fa0116da49c4aec770edf26fe261 P 9ca3677767cd4244a5584433736614fe [term 2 FOLLOWER]: Starting forced leader election (received explicit request)
I20260709 13:12:46.073097  6766 raft_consensus.cc:3060] T ba99fa0116da49c4aec770edf26fe261 P 9ca3677767cd4244a5584433736614fe [term 2 FOLLOWER]: Advancing to term 3
I20260709 13:12:46.077944  6766 raft_consensus.cc:515] T ba99fa0116da49c4aec770edf26fe261 P 9ca3677767cd4244a5584433736614fe [term 3 FOLLOWER]: Starting forced leader election with config: opid_index: -1 OBSOLETE_local: false peers { permanent_uuid: "486fb84edbb9421e9b66a14d4bffd6ef" member_type: VOTER last_known_addr { host: "127.5.227.129" port: 33931 } } peers { permanent_uuid: "9ca3677767cd4244a5584433736614fe" member_type: VOTER last_known_addr { host: "127.5.227.130" port: 44957 } } peers { permanent_uuid: "3385ddbdcf354cb6a3c2afe3170573be" member_type: VOTER last_known_addr { host: "127.5.227.131" port: 44005 } }
I20260709 13:12:46.079701  6766 leader_election.cc:290] T ba99fa0116da49c4aec770edf26fe261 P 9ca3677767cd4244a5584433736614fe [CANDIDATE]: Term 3 election: Requested vote from peers 486fb84edbb9421e9b66a14d4bffd6ef (127.5.227.129:33931), 3385ddbdcf354cb6a3c2afe3170573be (127.5.227.131:44005)
I20260709 13:12:46.080451  6691 tablet_service.cc:1917] Received RequestConsensusVote() RPC: tablet_id: "ba99fa0116da49c4aec770edf26fe261" candidate_uuid: "9ca3677767cd4244a5584433736614fe" candidate_term: 3 candidate_status { last_received { term: 2 index: 2 } } ignore_live_leader: true dest_uuid: "486fb84edbb9421e9b66a14d4bffd6ef"
I20260709 13:12:46.080665  6839 tablet_service.cc:1917] Received RequestConsensusVote() RPC: tablet_id: "ba99fa0116da49c4aec770edf26fe261" candidate_uuid: "9ca3677767cd4244a5584433736614fe" candidate_term: 3 candidate_status { last_received { term: 2 index: 2 } } ignore_live_leader: true dest_uuid: "3385ddbdcf354cb6a3c2afe3170573be"
I20260709 13:12:46.081036  6691 raft_consensus.cc:3055] T ba99fa0116da49c4aec770edf26fe261 P 486fb84edbb9421e9b66a14d4bffd6ef [term 2 LEADER]: Stepping down as leader of term 2
I20260709 13:12:46.081107  6839 raft_consensus.cc:3060] T ba99fa0116da49c4aec770edf26fe261 P 3385ddbdcf354cb6a3c2afe3170573be [term 2 FOLLOWER]: Advancing to term 3
I20260709 13:12:46.081401  6691 raft_consensus.cc:740] T ba99fa0116da49c4aec770edf26fe261 P 486fb84edbb9421e9b66a14d4bffd6ef [term 2 LEADER]: Becoming Follower/Learner. State: Replica: 486fb84edbb9421e9b66a14d4bffd6ef, State: Running, Role: LEADER
I20260709 13:12:46.082166  6691 consensus_queue.cc:260] T ba99fa0116da49c4aec770edf26fe261 P 486fb84edbb9421e9b66a14d4bffd6ef [NON_LEADER]: Queue going to NON_LEADER mode. State: All replicated index: 0, Majority replicated index: 2, Committed index: 2, Last appended: 2.2, Last appended by leader: 2, Current term: 2, Majority size: -1, State: 0, Mode: NON_LEADER, active raft config: opid_index: -1 OBSOLETE_local: false peers { permanent_uuid: "486fb84edbb9421e9b66a14d4bffd6ef" member_type: VOTER last_known_addr { host: "127.5.227.129" port: 33931 } } peers { permanent_uuid: "9ca3677767cd4244a5584433736614fe" member_type: VOTER last_known_addr { host: "127.5.227.130" port: 44957 } } peers { permanent_uuid: "3385ddbdcf354cb6a3c2afe3170573be" member_type: VOTER last_known_addr { host: "127.5.227.131" port: 44005 } }
I20260709 13:12:46.083290  6691 raft_consensus.cc:3060] T ba99fa0116da49c4aec770edf26fe261 P 486fb84edbb9421e9b66a14d4bffd6ef [term 2 FOLLOWER]: Advancing to term 3
I20260709 13:12:46.087649  6839 raft_consensus.cc:2468] T ba99fa0116da49c4aec770edf26fe261 P 3385ddbdcf354cb6a3c2afe3170573be [term 3 FOLLOWER]: Leader election vote request: Granting yes vote for candidate 9ca3677767cd4244a5584433736614fe in term 3.
I20260709 13:12:46.088832  6732 leader_election.cc:304] T ba99fa0116da49c4aec770edf26fe261 P 9ca3677767cd4244a5584433736614fe [CANDIDATE]: Term 3 election: Election decided. Result: candidate won. Election summary: received 2 responses out of 3 voters: 2 yes votes; 0 no votes. yes voters: 3385ddbdcf354cb6a3c2afe3170573be, 9ca3677767cd4244a5584433736614fe; no voters: 
I20260709 13:12:46.089392  6691 raft_consensus.cc:2468] T ba99fa0116da49c4aec770edf26fe261 P 486fb84edbb9421e9b66a14d4bffd6ef [term 3 FOLLOWER]: Leader election vote request: Granting yes vote for candidate 9ca3677767cd4244a5584433736614fe in term 3.
I20260709 13:12:46.089547  6925 raft_consensus.cc:2804] T ba99fa0116da49c4aec770edf26fe261 P 9ca3677767cd4244a5584433736614fe [term 3 FOLLOWER]: Leader election won for term 3
I20260709 13:12:46.089963  6925 raft_consensus.cc:697] T ba99fa0116da49c4aec770edf26fe261 P 9ca3677767cd4244a5584433736614fe [term 3 LEADER]: Becoming Leader. State: Replica: 9ca3677767cd4244a5584433736614fe, State: Running, Role: LEADER
