I20260709 13:12:39.069715 32324 leader_election.cc:290] T 314924e72a7f4efa9cbae136ba7cd259 P 6b3ed521ce8947db80c4b4828b355c06 [CANDIDATE]: Term 1 election: Requested vote from peers fcfc3281929645969ecedbb0c0af759d (127.30.63.1:42339), 113b5461952d47e0944d463ea4e32801 (127.30.63.2:44517)
I20260709 13:12:39.070488 32198 tablet_service.cc:1917] Received RequestConsensusVote() RPC: tablet_id: "314924e72a7f4efa9cbae136ba7cd259" candidate_uuid: "6b3ed521ce8947db80c4b4828b355c06" candidate_term: 1 candidate_status { last_received { term: 0 index: 0 } } ignore_live_leader: false dest_uuid: "113b5461952d47e0944d463ea4e32801"
I20260709 13:12:39.071281 32198 raft_consensus.cc:3060] T 314924e72a7f4efa9cbae136ba7cd259 P 113b5461952d47e0944d463ea4e32801 [term 0 FOLLOWER]: Advancing to term 1
I20260709 13:12:39.074506 32239 leader_election.cc:304] T 314924e72a7f4efa9cbae136ba7cd259 P 6b3ed521ce8947db80c4b4828b355c06 [CANDIDATE]: Term 1 election: Election decided. Result: candidate won. Election summary: received 2 responses out of 3 voters: 2 yes votes; 0 no votes. yes voters: 6b3ed521ce8947db80c4b4828b355c06, fcfc3281929645969ecedbb0c0af759d; no voters: 
I20260709 13:12:39.075956 32324 raft_consensus.cc:2804] T 314924e72a7f4efa9cbae136ba7cd259 P 6b3ed521ce8947db80c4b4828b355c06 [term 1 FOLLOWER]: Leader election won for term 1
I20260709 13:12:39.080329 32324 raft_consensus.cc:697] T 314924e72a7f4efa9cbae136ba7cd259 P 6b3ed521ce8947db80c4b4828b355c06 [term 1 LEADER]: Becoming Leader. State: Replica: 6b3ed521ce8947db80c4b4828b355c06, State: Running, Role: LEADER
I20260709 13:12:39.081658 32324 consensus_queue.cc:237] T 314924e72a7f4efa9cbae136ba7cd259 P 6b3ed521ce8947db80c4b4828b355c06 [LEADER]: Queue going to LEADER mode. State: All replicated index: 0, Majority replicated index: 0, Committed index: 0, Last appended: 0.0, Last appended by leader: 0, Current term: 1, Majority size: 2, State: 0, Mode: LEADER, active raft config: opid_index: -1 OBSOLETE_local: false peers { permanent_uuid: "fcfc3281929645969ecedbb0c0af759d" member_type: VOTER last_known_addr { host: "127.30.63.1" port: 42339 } } peers { permanent_uuid: "113b5461952d47e0944d463ea4e32801" member_type: VOTER last_known_addr { host: "127.30.63.2" port: 44517 } } peers { permanent_uuid: "6b3ed521ce8947db80c4b4828b355c06" member_type: VOTER last_known_addr { host: "127.30.63.3" port: 36651 } }
I20260709 13:12:39.084260 32198 raft_consensus.cc:2468] T 314924e72a7f4efa9cbae136ba7cd259 P 113b5461952d47e0944d463ea4e32801 [term 1 FOLLOWER]: Leader election vote request: Granting yes vote for candidate 6b3ed521ce8947db80c4b4828b355c06 in term 1.
I20260709 13:12:39.092720 32316 tablet_bootstrap.cc:492] T 11511d6fc4864afe9cef218fd4e0c0dc P 6b3ed521ce8947db80c4b4828b355c06: No bootstrap required, opened a new log
I20260709 13:12:39.093686 32316 ts_tablet_manager.cc:1403] T 11511d6fc4864afe9cef218fd4e0c0dc P 6b3ed521ce8947db80c4b4828b355c06: Time spent bootstrapping tablet: real 0.035s	user 0.022s	sys 0.007s
I20260709 13:12:39.093988 32314 tablet_bootstrap.cc:492] T 95f5e8022e3d4b9e9f240b21076de4c3 P fcfc3281929645969ecedbb0c0af759d: No bootstrap required, opened a new log
I20260709 13:12:39.094533 32314 ts_tablet_manager.cc:1403] T 95f5e8022e3d4b9e9f240b21076de4c3 P fcfc3281929645969ecedbb0c0af759d: Time spent bootstrapping tablet: real 0.033s	user 0.008s	sys 0.003s
I20260709 13:12:39.098039 32316 raft_consensus.cc:359] T 11511d6fc4864afe9cef218fd4e0c0dc P 6b3ed521ce8947db80c4b4828b355c06 [term 0 FOLLOWER]: Replica starting. Triggering 0 pending ops. Active config: opid_index: -1 OBSOLETE_local: false peers { permanent_uuid: "fcfc3281929645969ecedbb0c0af759d" member_type: VOTER last_known_addr { host: "127.30.63.1" port: 42339 } } peers { permanent_uuid: "113b5461952d47e0944d463ea4e32801" member_type: VOTER last_known_addr { host: "127.30.63.2" port: 44517 } } peers { permanent_uuid: "6b3ed521ce8947db80c4b4828b355c06" member_type: VOTER last_known_addr { host: "127.30.63.3" port: 36651 } }
I20260709 13:12:39.098451 32314 raft_consensus.cc:359] T 95f5e8022e3d4b9e9f240b21076de4c3 P fcfc3281929645969ecedbb0c0af759d [term 0 FOLLOWER]: Replica starting. Triggering 0 pending ops. Active config: opid_index: -1 OBSOLETE_local: false peers { permanent_uuid: "fcfc3281929645969ecedbb0c0af759d" member_type: VOTER last_known_addr { host: "127.30.63.1" port: 42339 } } peers { permanent_uuid: "113b5461952d47e0944d463ea4e32801" member_type: VOTER last_known_addr { host: "127.30.63.2" port: 44517 } } peers { permanent_uuid: "6b3ed521ce8947db80c4b4828b355c06" member_type: VOTER last_known_addr { host: "127.30.63.3" port: 36651 } }
I20260709 13:12:39.098906 32316 raft_consensus.cc:385] T 11511d6fc4864afe9cef218fd4e0c0dc P 6b3ed521ce8947db80c4b4828b355c06 [term 0 FOLLOWER]: Consensus starting up: Expiring failure detector timer to make a prompt election more likely
I20260709 13:12:39.099098 32314 raft_consensus.cc:385] T 95f5e8022e3d4b9e9f240b21076de4c3 P fcfc3281929645969ecedbb0c0af759d [term 0 FOLLOWER]: Consensus starting up: Expiring failure detector timer to make a prompt election more likely
I20260709 13:12:39.099310 32316 raft_consensus.cc:740] T 11511d6fc4864afe9cef218fd4e0c0dc P 6b3ed521ce8947db80c4b4828b355c06 [term 0 FOLLOWER]: Becoming Follower/Learner. State: Replica: 6b3ed521ce8947db80c4b4828b355c06, State: Initialized, Role: FOLLOWER
I20260709 13:12:39.099385 32314 raft_consensus.cc:740] T 95f5e8022e3d4b9e9f240b21076de4c3 P fcfc3281929645969ecedbb0c0af759d [term 0 FOLLOWER]: Becoming Follower/Learner. State: Replica: fcfc3281929645969ecedbb0c0af759d, State: Initialized, Role: FOLLOWER
I20260709 13:12:39.100802 32313 tablet_bootstrap.cc:492] T 5f28f3141aec48eb9ada8a4f63ca7e32 P 113b5461952d47e0944d463ea4e32801: No bootstrap required, opened a new log
I20260709 13:12:39.100160 32316 consensus_queue.cc:260] T 11511d6fc4864afe9cef218fd4e0c0dc P 6b3ed521ce8947db80c4b4828b355c06 [NON_LEADER]: Queue going to NON_LEADER mode. State: All replicated index: 0, Majority replicated index: 0, Committed index: 0, Last appended: 0.0, Last appended by leader: 0, Current term: 0, Majority size: -1, State: 0, Mode: NON_LEADER, active raft config: opid_index: -1 OBSOLETE_local: false peers { permanent_uuid: "fcfc3281929645969ecedbb0c0af759d" member_type: VOTER last_known_addr { host: "127.30.63.1" port: 42339 } } peers { permanent_uuid: "113b5461952d47e0944d463ea4e32801" member_type: VOTER last_known_addr { host: "127.30.63.2" port: 44517 } } peers { permanent_uuid: "6b3ed521ce8947db80c4b4828b355c06" member_type: VOTER last_known_addr { host: "127.30.63.3" port: 36651 } }
I20260709 13:12:39.101263 32313 ts_tablet_manager.cc:1403] T 5f28f3141aec48eb9ada8a4f63ca7e32 P 113b5461952d47e0944d463ea4e32801: Time spent bootstrapping tablet: real 0.054s	user 0.019s	sys 0.019s
I20260709 13:12:39.101011 32314 consensus_queue.cc:260] T 95f5e8022e3d4b9e9f240b21076de4c3 P fcfc3281929645969ecedbb0c0af759d [NON_LEADER]: Queue going to NON_LEADER mode. State: All replicated index: 0, Majority replicated index: 0, Committed index: 0, Last appended: 0.0, Last appended by leader: 0, Current term: 0, Majority size: -1, State: 0, Mode: NON_LEADER, active raft config: opid_index: -1 OBSOLETE_local: false peers { permanent_uuid: "fcfc3281929645969ecedbb0c0af759d" member_type: VOTER last_known_addr { host: "127.30.63.1" port: 42339 } } peers { permanent_uuid: "113b5461952d47e0944d463ea4e32801" member_type: VOTER last_known_addr { host: "127.30.63.2" port: 44517 } } peers { permanent_uuid: "6b3ed521ce8947db80c4b4828b355c06" member_type: VOTER last_known_addr { host: "127.30.63.3" port: 36651 } }
I20260709 13:12:39.102947 32316 ts_tablet_manager.cc:1434] T 11511d6fc4864afe9cef218fd4e0c0dc P 6b3ed521ce8947db80c4b4828b355c06: Time spent starting tablet: real 0.009s	user 0.006s	sys 0.001s
I20260709 13:12:39.103421 32314 ts_tablet_manager.cc:1434] T 95f5e8022e3d4b9e9f240b21076de4c3 P fcfc3281929645969ecedbb0c0af759d: Time spent starting tablet: real 0.009s	user 0.008s	sys 0.000s
I20260709 13:12:39.101468 32020 catalog_manager.cc:5697] T 314924e72a7f4efa9cbae136ba7cd259 P 6b3ed521ce8947db80c4b4828b355c06 reported cstate change: term changed from 0 to 1, leader changed from <none> to 6b3ed521ce8947db80c4b4828b355c06 (127.30.63.3). New cstate: current_term: 1 leader_uuid: "6b3ed521ce8947db80c4b4828b355c06" committed_config { opid_index: -1 OBSOLETE_local: false peers { permanent_uuid: "fcfc3281929645969ecedbb0c0af759d" member_type: VOTER last_known_addr { host: "127.30.63.1" port: 42339 } health_report { overall_health: UNKNOWN } } peers { permanent_uuid: "113b5461952d47e0944d463ea4e32801" member_type: VOTER last_known_addr { host: "127.30.63.2" port: 44517 } health_report { overall_health: UNKNOWN } } peers { permanent_uuid: "6b3ed521ce8947db80c4b4828b355c06" member_type: VOTER last_known_addr { host: "127.30.63.3" port: 36651 } health_report { overall_health: HEALTHY } } }
I20260709 13:12:39.104053 32316 tablet_bootstrap.cc:492] T f089b75ada024eb9bbf7e4b953063dd4 P 6b3ed521ce8947db80c4b4828b355c06: Bootstrap starting.
I20260709 13:12:39.103993 32313 raft_consensus.cc:359] T 5f28f3141aec48eb9ada8a4f63ca7e32 P 113b5461952d47e0944d463ea4e32801 [term 0 FOLLOWER]: Replica starting. Triggering 0 pending ops. Active config: opid_index: -1 OBSOLETE_local: false peers { permanent_uuid: "fcfc3281929645969ecedbb0c0af759d" member_type: VOTER last_known_addr { host: "127.30.63.1" port: 42339 } } peers { permanent_uuid: "113b5461952d47e0944d463ea4e32801" member_type: VOTER last_known_addr { host: "127.30.63.2" port: 44517 } } peers { permanent_uuid: "6b3ed521ce8947db80c4b4828b355c06" member_type: VOTER last_known_addr { host: "127.30.63.3" port: 36651 } }
I20260709 13:12:39.104785 32313 raft_consensus.cc:385] T 5f28f3141aec48eb9ada8a4f63ca7e32 P 113b5461952d47e0944d463ea4e32801 [term 0 FOLLOWER]: Consensus starting up: Expiring failure detector timer to make a prompt election more likely
I20260709 13:12:39.105074 32313 raft_consensus.cc:740] T 5f28f3141aec48eb9ada8a4f63ca7e32 P 113b5461952d47e0944d463ea4e32801 [term 0 FOLLOWER]: Becoming Follower/Learner. State: Replica: 113b5461952d47e0944d463ea4e32801, State: Initialized, Role: FOLLOWER
I20260709 13:12:39.105806 32313 consensus_queue.cc:260] T 5f28f3141aec48eb9ada8a4f63ca7e32 P 113b5461952d47e0944d463ea4e32801 [NON_LEADER]: Queue going to NON_LEADER mode. State: All replicated index: 0, Majority replicated index: 0, Committed index: 0, Last appended: 0.0, Last appended by leader: 0, Current term: 0, Majority size: -1, State: 0, Mode: NON_LEADER, active raft config: opid_index: -1 OBSOLETE_local: false peers { permanent_uuid: "fcfc3281929645969ecedbb0c0af759d" member_type: VOTER last_known_addr { host: "127.30.63.1" port: 42339 } } peers { permanent_uuid: "113b5461952d47e0944d463ea4e32801" member_type: VOTER last_known_addr { host: "127.30.63.2" port: 44517 } } peers { permanent_uuid: "6b3ed521ce8947db80c4b4828b355c06" member_type: VOTER last_known_addr { host: "127.30.63.3" port: 36651 } }
I20260709 13:12:39.106882 32314 tablet_bootstrap.cc:492] T 11511d6fc4864afe9cef218fd4e0c0dc P fcfc3281929645969ecedbb0c0af759d: Bootstrap starting.
I20260709 13:12:39.107796 32313 ts_tablet_manager.cc:1434] T 5f28f3141aec48eb9ada8a4f63ca7e32 P 113b5461952d47e0944d463ea4e32801: Time spent starting tablet: real 0.006s	user 0.005s	sys 0.000s
I20260709 13:12:39.113642 32314 tablet_bootstrap.cc:654] T 11511d6fc4864afe9cef218fd4e0c0dc P fcfc3281929645969ecedbb0c0af759d: Neither blocks nor log segments found. Creating new log.
I20260709 13:12:39.118494 32316 tablet_bootstrap.cc:654] T f089b75ada024eb9bbf7e4b953063dd4 P 6b3ed521ce8947db80c4b4828b355c06: Neither blocks nor log segments found. Creating new log.
I20260709 13:12:39.125821 32370 raft_consensus.cc:493] T 6021998dccdb415f9b8203cebee0292c P 113b5461952d47e0944d463ea4e32801 [term 0 FOLLOWER]: Starting pre-election (no leader contacted us within the election timeout)
I20260709 13:12:39.126343 32198 raft_consensus.cc:3060] T a933d5409ea04be9bd937643b14efae4 P 113b5461952d47e0944d463ea4e32801 [term 0 FOLLOWER]: Advancing to term 1
I20260709 13:12:39.128177 32313 tablet_bootstrap.cc:492] T 95f5e8022e3d4b9e9f240b21076de4c3 P 113b5461952d47e0944d463ea4e32801: Bootstrap starting.
I20260709 13:12:39.126354 32370 raft_consensus.cc:515] T 6021998dccdb415f9b8203cebee0292c P 113b5461952d47e0944d463ea4e32801 [term 0 FOLLOWER]: Starting pre-election with config: opid_index: -1 OBSOLETE_local: false peers { permanent_uuid: "fcfc3281929645969ecedbb0c0af759d" member_type: VOTER last_known_addr { host: "127.30.63.1" port: 42339 } } peers { permanent_uuid: "113b5461952d47e0944d463ea4e32801" member_type: VOTER last_known_addr { host: "127.30.63.2" port: 44517 } } peers { permanent_uuid: "6b3ed521ce8947db80c4b4828b355c06" member_type: VOTER last_known_addr { host: "127.30.63.3" port: 36651 } }
I20260709 13:12:39.131130 32316 tablet_bootstrap.cc:492] T f089b75ada024eb9bbf7e4b953063dd4 P 6b3ed521ce8947db80c4b4828b355c06: No bootstrap required, opened a new log
I20260709 13:12:39.131753 32316 ts_tablet_manager.cc:1403] T f089b75ada024eb9bbf7e4b953063dd4 P 6b3ed521ce8947db80c4b4828b355c06: Time spent bootstrapping tablet: real 0.028s	user 0.011s	sys 0.007s
I20260709 13:12:39.131599 32370 leader_election.cc:290] T 6021998dccdb415f9b8203cebee0292c P 113b5461952d47e0944d463ea4e32801 [CANDIDATE]: Term 1 pre-election: Requested pre-vote from peers fcfc3281929645969ecedbb0c0af759d (127.30.63.1:42339), 6b3ed521ce8947db80c4b4828b355c06 (127.30.63.3:36651)
I20260709 13:12:39.134738 32270 tablet_service.cc:1917] Received RequestConsensusVote() RPC: tablet_id: "6021998dccdb415f9b8203cebee0292c" candidate_uuid: "113b5461952d47e0944d463ea4e32801" candidate_term: 1 candidate_status { last_received { term: 0 index: 0 } } ignore_live_leader: false dest_uuid: "6b3ed521ce8947db80c4b4828b355c06" is_pre_election: true
I20260709 13:12:39.135308 32316 raft_consensus.cc:359] T f089b75ada024eb9bbf7e4b953063dd4 P 6b3ed521ce8947db80c4b4828b355c06 [term 0 FOLLOWER]: Replica starting. Triggering 0 pending ops. Active config: opid_index: -1 OBSOLETE_local: false peers { permanent_uuid: "fcfc3281929645969ecedbb0c0af759d" member_type: VOTER last_known_addr { host: "127.30.63.1" port: 42339 } } peers { permanent_uuid: "113b5461952d47e0944d463ea4e32801" member_type: VOTER last_known_addr { host: "127.30.63.2" port: 44517 } } peers { permanent_uuid: "6b3ed521ce8947db80c4b4828b355c06" member_type: VOTER last_known_addr { host: "127.30.63.3" port: 36651 } }
I20260709 13:12:39.135998 32316 raft_consensus.cc:385] T f089b75ada024eb9bbf7e4b953063dd4 P 6b3ed521ce8947db80c4b4828b355c06 [term 0 FOLLOWER]: Consensus starting up: Expiring failure detector timer to make a prompt election more likely
I20260709 13:12:39.136380 32316 raft_consensus.cc:740] T f089b75ada024eb9bbf7e4b953063dd4 P 6b3ed521ce8947db80c4b4828b355c06 [term 0 FOLLOWER]: Becoming Follower/Learner. State: Replica: 6b3ed521ce8947db80c4b4828b355c06, State: Initialized, Role: FOLLOWER
I20260709 13:12:39.137055 32316 consensus_queue.cc:260] T f089b75ada024eb9bbf7e4b953063dd4 P 6b3ed521ce8947db80c4b4828b355c06 [NON_LEADER]: Queue going to NON_LEADER mode. State: All replicated index: 0, Majority replicated index: 0, Committed index: 0, Last appended: 0.0, Last appended by leader: 0, Current term: 0, Majority size: -1, State: 0, Mode: NON_LEADER, active raft config: opid_index: -1 OBSOLETE_local: false peers { permanent_uuid: "fcfc3281929645969ecedbb0c0af759d" member_type: VOTER last_known_addr { host: "127.30.63.1" port: 42339 } } peers { permanent_uuid: "113b5461952d47e0944d463ea4e32801" member_type: VOTER last_known_addr { host: "127.30.63.2" port: 44517 } } peers { permanent_uuid: "6b3ed521ce8947db80c4b4828b355c06" member_type: VOTER last_known_addr { host: "127.30.63.3" port: 36651 } }
I20260709 13:12:39.137279 32123 tablet_service.cc:1917] Received RequestConsensusVote() RPC: tablet_id: "6021998dccdb415f9b8203cebee0292c" candidate_uuid: "113b5461952d47e0944d463ea4e32801" candidate_term: 1 candidate_status { last_received { term: 0 index: 0 } } ignore_live_leader: false dest_uuid: "fcfc3281929645969ecedbb0c0af759d" is_pre_election: true
I20260709 13:12:39.138845 32316 ts_tablet_manager.cc:1434] T f089b75ada024eb9bbf7e4b953063dd4 P 6b3ed521ce8947db80c4b4828b355c06: Time spent starting tablet: real 0.006s	user 0.002s	sys 0.002s
I20260709 13:12:39.139698 32316 tablet_bootstrap.cc:492] T 2ec7a9cf151948fdaa078aba5fb1df43 P 6b3ed521ce8947db80c4b4828b355c06: Bootstrap starting.
I20260709 13:12:39.135958 32270 raft_consensus.cc:2393] T 6021998dccdb415f9b8203cebee0292c P 6b3ed521ce8947db80c4b4828b355c06 [term 1 FOLLOWER]: Leader pre-election vote request: Denying vote to candidate 113b5461952d47e0944d463ea4e32801 in current term 1: Already voted for candidate fcfc3281929645969ecedbb0c0af759d in this term.
I20260709 13:12:39.144515 32316 tablet_bootstrap.cc:654] T 2ec7a9cf151948fdaa078aba5fb1df43 P 6b3ed521ce8947db80c4b4828b355c06: Neither blocks nor log segments found. Creating new log.
I20260709 13:12:39.144662 32165 leader_election.cc:304] T 6021998dccdb415f9b8203cebee0292c P 113b5461952d47e0944d463ea4e32801 [CANDIDATE]: Term 1 pre-election: Election decided. Result: candidate lost. Election summary: received 3 responses out of 3 voters: 1 yes votes; 2 no votes. yes voters: 113b5461952d47e0944d463ea4e32801; no voters: 6b3ed521ce8947db80c4b4828b355c06, fcfc3281929645969ecedbb0c0af759d
I20260709 13:12:39.145620 32370 raft_consensus.cc:3060] T 6021998dccdb415f9b8203cebee0292c P 113b5461952d47e0944d463ea4e32801 [term 0 FOLLOWER]: Advancing to term 1
I20260709 13:12:39.146555 32328 consensus_queue.cc:1048] T ddd7dfc158794e3ab7427d0b86b46c8d P fcfc3281929645969ecedbb0c0af759d [LEADER]: Connected to new peer: Peer: permanent_uuid: "113b5461952d47e0944d463ea4e32801" member_type: VOTER last_known_addr { host: "127.30.63.2" port: 44517 }, Status: LMP_MISMATCH, Last received: 0.0, Next index: 1, Last known committed idx: 0, Time since last communication: 0.000s
I20260709 13:12:39.135203 32313 tablet_bootstrap.cc:654] T 95f5e8022e3d4b9e9f240b21076de4c3 P 113b5461952d47e0944d463ea4e32801: Neither blocks nor log segments found. Creating new log.
I20260709 13:12:39.181679 32370 raft_consensus.cc:2749] T 6021998dccdb415f9b8203cebee0292c P 113b5461952d47e0944d463ea4e32801 [term 1 FOLLOWER]: Leader pre-election lost for term 1. Reason: could not achieve majority
I20260709 13:12:39.185981 32324 raft_consensus.cc:493] T acd9953c536c4b5fa2ebab1015a61b53 P 6b3ed521ce8947db80c4b4828b355c06 [term 0 FOLLOWER]: Starting pre-election (no leader contacted us within the election timeout)
I20260709 13:12:39.186830 32324 raft_consensus.cc:515] T acd9953c536c4b5fa2ebab1015a61b53 P 6b3ed521ce8947db80c4b4828b355c06 [term 0 FOLLOWER]: Starting pre-election with config: opid_index: -1 OBSOLETE_local: false peers { permanent_uuid: "fcfc3281929645969ecedbb0c0af759d" member_type: VOTER last_known_addr { host: "127.30.63.1" port: 42339 } } peers { permanent_uuid: "113b5461952d47e0944d463ea4e32801" member_type: VOTER last_known_addr { host: "127.30.63.2" port: 44517 } } peers { permanent_uuid: "6b3ed521ce8947db80c4b4828b355c06" member_type: VOTER last_known_addr { host: "127.30.63.3" port: 36651 } }
I20260709 13:12:39.186159 32362 raft_consensus.cc:493] T acd9953c536c4b5fa2ebab1015a61b53 P fcfc3281929645969ecedbb0c0af759d [term 0 FOLLOWER]: Starting pre-election (no leader contacted us within the election timeout)
I20260709 13:12:39.195070 32197 tablet_service.cc:1917] Received RequestConsensusVote() RPC: tablet_id: "acd9953c536c4b5fa2ebab1015a61b53" candidate_uuid: "6b3ed521ce8947db80c4b4828b355c06" candidate_term: 1 candidate_status { last_received { term: 0 index: 0 } } ignore_live_leader: false dest_uuid: "113b5461952d47e0944d463ea4e32801" is_pre_election: true
I20260709 13:12:39.195947 32197 raft_consensus.cc:2468] T acd9953c536c4b5fa2ebab1015a61b53 P 113b5461952d47e0944d463ea4e32801 [term 0 FOLLOWER]: Leader pre-election vote request: Granting yes vote for candidate 6b3ed521ce8947db80c4b4828b355c06 in term 0.
I20260709 13:12:39.198199 32238 leader_election.cc:304] T acd9953c536c4b5fa2ebab1015a61b53 P 6b3ed521ce8947db80c4b4828b355c06 [CANDIDATE]: Term 1 pre-election: Election decided. Result: candidate won. Election summary: received 2 responses out of 3 voters: 2 yes votes; 0 no votes. yes voters: 113b5461952d47e0944d463ea4e32801, 6b3ed521ce8947db80c4b4828b355c06; no voters: 
I20260709 13:12:39.199148 32123 tablet_service.cc:1917] Received RequestConsensusVote() RPC: tablet_id: "acd9953c536c4b5fa2ebab1015a61b53" candidate_uuid: "6b3ed521ce8947db80c4b4828b355c06" candidate_term: 1 candidate_status { last_received { term: 0 index: 0 } } ignore_live_leader: false dest_uuid: "fcfc3281929645969ecedbb0c0af759d" is_pre_election: true
I20260709 13:12:39.199517 32384 raft_consensus.cc:2804] T acd9953c536c4b5fa2ebab1015a61b53 P 6b3ed521ce8947db80c4b4828b355c06 [term 0 FOLLOWER]: Leader pre-election won for term 1
I20260709 13:12:39.199932 32384 raft_consensus.cc:493] T acd9953c536c4b5fa2ebab1015a61b53 P 6b3ed521ce8947db80c4b4828b355c06 [term 0 FOLLOWER]: Starting leader election (no leader contacted us within the election timeout)
I20260709 13:12:39.200258 32384 raft_consensus.cc:3060] T acd9953c536c4b5fa2ebab1015a61b53 P 6b3ed521ce8947db80c4b4828b355c06 [term 0 FOLLOWER]: Advancing to term 1
I20260709 13:12:39.191780 32324 leader_election.cc:290] T acd9953c536c4b5fa2ebab1015a61b53 P 6b3ed521ce8947db80c4b4828b355c06 [CANDIDATE]: Term 1 pre-election: Requested pre-vote from peers fcfc3281929645969ecedbb0c0af759d (127.30.63.1:42339), 113b5461952d47e0944d463ea4e32801 (127.30.63.2:44517)
I20260709 13:12:39.197010 32362 raft_consensus.cc:515] T acd9953c536c4b5fa2ebab1015a61b53 P fcfc3281929645969ecedbb0c0af759d [term 0 FOLLOWER]: Starting pre-election with config: opid_index: -1 OBSOLETE_local: false peers { permanent_uuid: "fcfc3281929645969ecedbb0c0af759d" member_type: VOTER last_known_addr { host: "127.30.63.1" port: 42339 } } peers { permanent_uuid: "113b5461952d47e0944d463ea4e32801" member_type: VOTER last_known_addr { host: "127.30.63.2" port: 44517 } } peers { permanent_uuid: "6b3ed521ce8947db80c4b4828b355c06" member_type: VOTER last_known_addr { host: "127.30.63.3" port: 36651 } }
I20260709 13:12:39.204731 32362 leader_election.cc:290] T acd9953c536c4b5fa2ebab1015a61b53 P fcfc3281929645969ecedbb0c0af759d [CANDIDATE]: Term 1 pre-election: Requested pre-vote from peers 113b5461952d47e0944d463ea4e32801 (127.30.63.2:44517), 6b3ed521ce8947db80c4b4828b355c06 (127.30.63.3:36651)
I20260709 13:12:39.205675 32123 raft_consensus.cc:2468] T acd9953c536c4b5fa2ebab1015a61b53 P fcfc3281929645969ecedbb0c0af759d [term 0 FOLLOWER]: Leader pre-election vote request: Granting yes vote for candidate 6b3ed521ce8947db80c4b4828b355c06 in term 0.
I20260709 13:12:39.206117 32328 raft_consensus.cc:493] T 6565a440fcf14a499c191f2835d21508 P fcfc3281929645969ecedbb0c0af759d [term 0 FOLLOWER]: Starting pre-election (no leader contacted us within the election timeout)
I20260709 13:12:39.206598 32328 raft_consensus.cc:515] T 6565a440fcf14a499c191f2835d21508 P fcfc3281929645969ecedbb0c0af759d [term 0 FOLLOWER]: Starting pre-election with config: opid_index: -1 OBSOLETE_local: false peers { permanent_uuid: "fcfc3281929645969ecedbb0c0af759d" member_type: VOTER last_known_addr { host: "127.30.63.1" port: 42339 } } peers { permanent_uuid: "113b5461952d47e0944d463ea4e32801" member_type: VOTER last_known_addr { host: "127.30.63.2" port: 44517 } } peers { permanent_uuid: "6b3ed521ce8947db80c4b4828b355c06" member_type: VOTER last_known_addr { host: "127.30.63.3" port: 36651 } }
I20260709 13:12:39.208630 32328 leader_election.cc:290] T 6565a440fcf14a499c191f2835d21508 P fcfc3281929645969ecedbb0c0af759d [CANDIDATE]: Term 1 pre-election: Requested pre-vote from peers 113b5461952d47e0944d463ea4e32801 (127.30.63.2:44517), 6b3ed521ce8947db80c4b4828b355c06 (127.30.63.3:36651)
I20260709 13:12:39.209070 32328 consensus_queue.cc:1048] T 6021998dccdb415f9b8203cebee0292c P fcfc3281929645969ecedbb0c0af759d [LEADER]: Connected to new peer: Peer: permanent_uuid: "6b3ed521ce8947db80c4b4828b355c06" member_type: VOTER last_known_addr { host: "127.30.63.3" port: 36651 }, Status: LMP_MISMATCH, Last received: 0.0, Next index: 1, Last known committed idx: 0, Time since last communication: 0.000s
I20260709 13:12:39.210865 32271 tablet_service.cc:1917] Received RequestConsensusVote() RPC: tablet_id: "6565a440fcf14a499c191f2835d21508" candidate_uuid: "fcfc3281929645969ecedbb0c0af759d" candidate_term: 1 candidate_status { last_received { term: 0 index: 0 } } ignore_live_leader: false dest_uuid: "6b3ed521ce8947db80c4b4828b355c06" is_pre_election: true
I20260709 13:12:39.211663 32271 raft_consensus.cc:2393] T 6565a440fcf14a499c191f2835d21508 P 6b3ed521ce8947db80c4b4828b355c06 [term 1 FOLLOWER]: Leader pre-election vote request: Denying vote to candidate fcfc3281929645969ecedbb0c0af759d in current term 1: Already voted for candidate 113b5461952d47e0944d463ea4e32801 in this term.
I20260709 13:12:39.212725 32270 tablet_service.cc:1917] Received RequestConsensusVote() RPC: tablet_id: "acd9953c536c4b5fa2ebab1015a61b53" candidate_uuid: "fcfc3281929645969ecedbb0c0af759d" candidate_term: 1 candidate_status { last_received { term: 0 index: 0 } } ignore_live_leader: false dest_uuid: "6b3ed521ce8947db80c4b4828b355c06" is_pre_election: true
I20260709 13:12:39.219415 32199 tablet_service.cc:1917] Received RequestConsensusVote() RPC: tablet_id: "acd9953c536c4b5fa2ebab1015a61b53" candidate_uuid: "fcfc3281929645969ecedbb0c0af759d" candidate_term: 1 candidate_status { last_received { term: 0 index: 0 } } ignore_live_leader: false dest_uuid: "113b5461952d47e0944d463ea4e32801" is_pre_election: true
I20260709 13:12:39.220176 32199 raft_consensus.cc:2468] T acd9953c536c4b5fa2ebab1015a61b53 P 113b5461952d47e0944d463ea4e32801 [term 0 FOLLOWER]: Leader pre-election vote request: Granting yes vote for candidate fcfc3281929645969ecedbb0c0af759d in term 0.
I20260709 13:12:39.220227 32328 consensus_queue.cc:1048] T 6021998dccdb415f9b8203cebee0292c P fcfc3281929645969ecedbb0c0af759d [LEADER]: Connected to new peer: Peer: permanent_uuid: "113b5461952d47e0944d463ea4e32801" member_type: VOTER last_known_addr { host: "127.30.63.2" port: 44517 }, Status: LMP_MISMATCH, Last received: 0.0, Next index: 1, Last known committed idx: 0, Time since last communication: 0.001s
I20260709 13:12:39.222549 32324 raft_consensus.cc:493] T f089b75ada024eb9bbf7e4b953063dd4 P 6b3ed521ce8947db80c4b4828b355c06 [term 0 FOLLOWER]: Starting pre-election (no leader contacted us within the election timeout)
I20260709 13:12:39.223254 32324 raft_consensus.cc:515] T f089b75ada024eb9bbf7e4b953063dd4 P 6b3ed521ce8947db80c4b4828b355c06 [term 0 FOLLOWER]: Starting pre-election with config: opid_index: -1 OBSOLETE_local: false peers { permanent_uuid: "fcfc3281929645969ecedbb0c0af759d" member_type: VOTER last_known_addr { host: "127.30.63.1" port: 42339 } } peers { permanent_uuid: "113b5461952d47e0944d463ea4e32801" member_type: VOTER last_known_addr { host: "127.30.63.2" port: 44517 } } peers { permanent_uuid: "6b3ed521ce8947db80c4b4828b355c06" member_type: VOTER last_known_addr { host: "127.30.63.3" port: 36651 } }
I20260709 13:12:39.226743 32314 tablet_bootstrap.cc:492] T 11511d6fc4864afe9cef218fd4e0c0dc P fcfc3281929645969ecedbb0c0af759d: No bootstrap required, opened a new log
I20260709 13:12:39.227313 32314 ts_tablet_manager.cc:1403] T 11511d6fc4864afe9cef218fd4e0c0dc P fcfc3281929645969ecedbb0c0af759d: Time spent bootstrapping tablet: real 0.121s	user 0.027s	sys 0.040s
I20260709 13:12:39.230335 32123 tablet_service.cc:1917] Received RequestConsensusVote() RPC: tablet_id: "f089b75ada024eb9bbf7e4b953063dd4" candidate_uuid: "6b3ed521ce8947db80c4b4828b355c06" candidate_term: 1 candidate_status { last_received { term: 0 index: 0 } } ignore_live_leader: false dest_uuid: "fcfc3281929645969ecedbb0c0af759d" is_pre_election: true
I20260709 13:12:39.231002 32314 raft_consensus.cc:359] T 11511d6fc4864afe9cef218fd4e0c0dc P fcfc3281929645969ecedbb0c0af759d [term 0 FOLLOWER]: Replica starting. Triggering 0 pending ops. Active config: opid_index: -1 OBSOLETE_local: false peers { permanent_uuid: "fcfc3281929645969ecedbb0c0af759d" member_type: VOTER last_known_addr { host: "127.30.63.1" port: 42339 } } peers { permanent_uuid: "113b5461952d47e0944d463ea4e32801" member_type: VOTER last_known_addr { host: "127.30.63.2" port: 44517 } } peers { permanent_uuid: "6b3ed521ce8947db80c4b4828b355c06" member_type: VOTER last_known_addr { host: "127.30.63.3" port: 36651 } }
I20260709 13:12:39.231971 32314 raft_consensus.cc:385] T 11511d6fc4864afe9cef218fd4e0c0dc P fcfc3281929645969ecedbb0c0af759d [term 0 FOLLOWER]: Consensus starting up: Expiring failure detector timer to make a prompt election more likely
W20260709 13:12:39.232038 32239 leader_election.cc:343] T f089b75ada024eb9bbf7e4b953063dd4 P 6b3ed521ce8947db80c4b4828b355c06 [CANDIDATE]: Term 1 pre-election: Tablet error from VoteRequest() call to peer fcfc3281929645969ecedbb0c0af759d (127.30.63.1:42339): Illegal state: must be running to vote when last-logged opid is not known
I20260709 13:12:39.232436 32314 raft_consensus.cc:740] T 11511d6fc4864afe9cef218fd4e0c0dc P fcfc3281929645969ecedbb0c0af759d [term 0 FOLLOWER]: Becoming Follower/Learner. State: Replica: fcfc3281929645969ecedbb0c0af759d, State: Initialized, Role: FOLLOWER
I20260709 13:12:39.226672 32324 leader_election.cc:290] T f089b75ada024eb9bbf7e4b953063dd4 P 6b3ed521ce8947db80c4b4828b355c06 [CANDIDATE]: Term 1 pre-election: Requested pre-vote from peers fcfc3281929645969ecedbb0c0af759d (127.30.63.1:42339), 113b5461952d47e0944d463ea4e32801 (127.30.63.2:44517)
I20260709 13:12:39.234153 32199 tablet_service.cc:1917] Received RequestConsensusVote() RPC: tablet_id: "f089b75ada024eb9bbf7e4b953063dd4" candidate_uuid: "6b3ed521ce8947db80c4b4828b355c06" candidate_term: 1 candidate_status { last_received { term: 0 index: 0 } } ignore_live_leader: false dest_uuid: "113b5461952d47e0944d463ea4e32801" is_pre_election: true
I20260709 13:12:39.234494 32324 raft_consensus.cc:493] T 11511d6fc4864afe9cef218fd4e0c0dc P 6b3ed521ce8947db80c4b4828b355c06 [term 0 FOLLOWER]: Starting pre-election (no leader contacted us within the election timeout)
I20260709 13:12:39.233057 32354 consensus_queue.cc:1048] T ddd7dfc158794e3ab7427d0b86b46c8d P fcfc3281929645969ecedbb0c0af759d [LEADER]: Connected to new peer: Peer: permanent_uuid: "6b3ed521ce8947db80c4b4828b355c06" member_type: VOTER last_known_addr { host: "127.30.63.3" port: 36651 }, Status: LMP_MISMATCH, Last received: 0.0, Next index: 1, Last known committed idx: 0, Time since last communication: 0.000s
I20260709 13:12:39.235262 32324 raft_consensus.cc:515] T 11511d6fc4864afe9cef218fd4e0c0dc P 6b3ed521ce8947db80c4b4828b355c06 [term 0 FOLLOWER]: Starting pre-election with config: opid_index: -1 OBSOLETE_local: false peers { permanent_uuid: "fcfc3281929645969ecedbb0c0af759d" member_type: VOTER last_known_addr { host: "127.30.63.1" port: 42339 } } peers { permanent_uuid: "113b5461952d47e0944d463ea4e32801" member_type: VOTER last_known_addr { host: "127.30.63.2" port: 44517 } } peers { permanent_uuid: "6b3ed521ce8947db80c4b4828b355c06" member_type: VOTER last_known_addr { host: "127.30.63.3" port: 36651 } }
I20260709 13:12:39.237685 32324 leader_election.cc:290] T 11511d6fc4864afe9cef218fd4e0c0dc P 6b3ed521ce8947db80c4b4828b355c06 [CANDIDATE]: Term 1 pre-election: Requested pre-vote from peers fcfc3281929645969ecedbb0c0af759d (127.30.63.1:42339), 113b5461952d47e0944d463ea4e32801 (127.30.63.2:44517)
W20260709 13:12:39.241295 32238 leader_election.cc:343] T f089b75ada024eb9bbf7e4b953063dd4 P 6b3ed521ce8947db80c4b4828b355c06 [CANDIDATE]: Term 1 pre-election: Tablet error from VoteRequest() call to peer 113b5461952d47e0944d463ea4e32801 (127.30.63.2:44517): Illegal state: must be running to vote when last-logged opid is not known
I20260709 13:12:39.241824 32238 leader_election.cc:304] T f089b75ada024eb9bbf7e4b953063dd4 P 6b3ed521ce8947db80c4b4828b355c06 [CANDIDATE]: Term 1 pre-election: Election decided. Result: candidate lost. Election summary: received 3 responses out of 3 voters: 1 yes votes; 2 no votes. yes voters: 6b3ed521ce8947db80c4b4828b355c06; no voters: 113b5461952d47e0944d463ea4e32801, fcfc3281929645969ecedbb0c0af759d
I20260709 13:12:39.242918 32196 tablet_service.cc:1917] Received RequestConsensusVote() RPC: tablet_id: "11511d6fc4864afe9cef218fd4e0c0dc" candidate_uuid: "6b3ed521ce8947db80c4b4828b355c06" candidate_term: 1 candidate_status { last_received { term: 0 index: 0 } } ignore_live_leader: false dest_uuid: "113b5461952d47e0944d463ea4e32801" is_pre_election: true
I20260709 13:12:39.243705 32196 raft_consensus.cc:2468] T 11511d6fc4864afe9cef218fd4e0c0dc P 113b5461952d47e0944d463ea4e32801 [term 0 FOLLOWER]: Leader pre-election vote request: Granting yes vote for candidate 6b3ed521ce8947db80c4b4828b355c06 in term 0.
I20260709 13:12:39.222020 32197 tablet_service.cc:1917] Received RequestConsensusVote() RPC: tablet_id: "6565a440fcf14a499c191f2835d21508" candidate_uuid: "fcfc3281929645969ecedbb0c0af759d" candidate_term: 1 candidate_status { last_received { term: 0 index: 0 } } ignore_live_leader: false dest_uuid: "113b5461952d47e0944d463ea4e32801" is_pre_election: true
I20260709 13:12:39.233376 32316 tablet_bootstrap.cc:492] T 2ec7a9cf151948fdaa078aba5fb1df43 P 6b3ed521ce8947db80c4b4828b355c06: No bootstrap required, opened a new log
I20260709 13:12:39.244817 32316 ts_tablet_manager.cc:1403] T 2ec7a9cf151948fdaa078aba5fb1df43 P 6b3ed521ce8947db80c4b4828b355c06: Time spent bootstrapping tablet: real 0.105s	user 0.050s	sys 0.023s
I20260709 13:12:39.245554 32123 tablet_service.cc:1917] Received RequestConsensusVote() RPC: tablet_id: "11511d6fc4864afe9cef218fd4e0c0dc" candidate_uuid: "6b3ed521ce8947db80c4b4828b355c06" candidate_term: 1 candidate_status { last_received { term: 0 index: 0 } } ignore_live_leader: false dest_uuid: "fcfc3281929645969ecedbb0c0af759d" is_pre_election: true
I20260709 13:12:39.247428 32089 leader_election.cc:304] T acd9953c536c4b5fa2ebab1015a61b53 P fcfc3281929645969ecedbb0c0af759d [CANDIDATE]: Term 1 pre-election: Election decided. Result: candidate won. Election summary: received 2 responses out of 3 voters: 2 yes votes; 0 no votes. yes voters: 113b5461952d47e0944d463ea4e32801, fcfc3281929645969ecedbb0c0af759d; no voters: 
I20260709 13:12:39.253777 32362 raft_consensus.cc:2804] T acd9953c536c4b5fa2ebab1015a61b53 P fcfc3281929645969ecedbb0c0af759d [term 0 FOLLOWER]: Leader pre-election won for term 1
I20260709 13:12:39.233404 32314 consensus_queue.cc:260] T 11511d6fc4864afe9cef218fd4e0c0dc P fcfc3281929645969ecedbb0c0af759d [NON_LEADER]: Queue going to NON_LEADER mode. State: All replicated index: 0, Majority replicated index: 0, Committed index: 0, Last appended: 0.0, Last appended by leader: 0, Current term: 0, Majority size: -1, State: 0, Mode: NON_LEADER, active raft config: opid_index: -1 OBSOLETE_local: false peers { permanent_uuid: "fcfc3281929645969ecedbb0c0af759d" member_type: VOTER last_known_addr { host: "127.30.63.1" port: 42339 } } peers { permanent_uuid: "113b5461952d47e0944d463ea4e32801" member_type: VOTER last_known_addr { host: "127.30.63.2" port: 44517 } } peers { permanent_uuid: "6b3ed521ce8947db80c4b4828b355c06" member_type: VOTER last_known_addr { host: "127.30.63.3" port: 36651 } }
I20260709 13:12:39.254004 32089 leader_election.cc:304] T 6565a440fcf14a499c191f2835d21508 P fcfc3281929645969ecedbb0c0af759d [CANDIDATE]: Term 1 pre-election: Election decided. Result: candidate lost. Election summary: received 3 responses out of 3 voters: 1 yes votes; 2 no votes. yes voters: fcfc3281929645969ecedbb0c0af759d; no voters: 113b5461952d47e0944d463ea4e32801, 6b3ed521ce8947db80c4b4828b355c06
I20260709 13:12:39.248884 32316 raft_consensus.cc:359] T 2ec7a9cf151948fdaa078aba5fb1df43 P 6b3ed521ce8947db80c4b4828b355c06 [term 0 FOLLOWER]: Replica starting. Triggering 0 pending ops. Active config: opid_index: -1 OBSOLETE_local: false peers { permanent_uuid: "fcfc3281929645969ecedbb0c0af759d" member_type: VOTER last_known_addr { host: "127.30.63.1" port: 42339 } } peers { permanent_uuid: "113b5461952d47e0944d463ea4e32801" member_type: VOTER last_known_addr { host: "127.30.63.2" port: 44517 } } peers { permanent_uuid: "6b3ed521ce8947db80c4b4828b355c06" member_type: VOTER last_known_addr { host: "127.30.63.3" port: 36651 } }
I20260709 13:12:39.254623 32316 raft_consensus.cc:385] T 2ec7a9cf151948fdaa078aba5fb1df43 P 6b3ed521ce8947db80c4b4828b355c06 [term 0 FOLLOWER]: Consensus starting up: Expiring failure detector timer to make a prompt election more likely
I20260709 13:12:39.254905 32316 raft_consensus.cc:740] T 2ec7a9cf151948fdaa078aba5fb1df43 P 6b3ed521ce8947db80c4b4828b355c06 [term 0 FOLLOWER]: Becoming Follower/Learner. State: Replica: 6b3ed521ce8947db80c4b4828b355c06, State: Initialized, Role: FOLLOWER
I20260709 13:12:39.255924 32313 tablet_bootstrap.cc:492] T 95f5e8022e3d4b9e9f240b21076de4c3 P 113b5461952d47e0944d463ea4e32801: No bootstrap required, opened a new log
I20260709 13:12:39.255656 32316 consensus_queue.cc:260] T 2ec7a9cf151948fdaa078aba5fb1df43 P 6b3ed521ce8947db80c4b4828b355c06 [NON_LEADER]: Queue going to NON_LEADER mode. State: All replicated index: 0, Majority replicated index: 0, Committed index: 0, Last appended: 0.0, Last appended by leader: 0, Current term: 0, Majority size: -1, State: 0, Mode: NON_LEADER, active raft config: opid_index: -1 OBSOLETE_local: false peers { permanent_uuid: "fcfc3281929645969ecedbb0c0af759d" member_type: VOTER last_known_addr { host: "127.30.63.1" port: 42339 } } peers { permanent_uuid: "113b5461952d47e0944d463ea4e32801" member_type: VOTER last_known_addr { host: "127.30.63.2" port: 44517 } } peers { permanent_uuid: "6b3ed521ce8947db80c4b4828b355c06" member_type: VOTER last_known_addr { host: "127.30.63.3" port: 36651 } }
I20260709 13:12:39.256021 32314 ts_tablet_manager.cc:1434] T 11511d6fc4864afe9cef218fd4e0c0dc P fcfc3281929645969ecedbb0c0af759d: Time spent starting tablet: real 0.028s	user 0.006s	sys 0.000s
I20260709 13:12:39.256369 32313 ts_tablet_manager.cc:1403] T 95f5e8022e3d4b9e9f240b21076de4c3 P 113b5461952d47e0944d463ea4e32801: Time spent bootstrapping tablet: real 0.129s	user 0.025s	sys 0.043s
I20260709 13:12:39.257561 32314 tablet_bootstrap.cc:492] T dea547a3502e4ffeacd79e160d8f60e6 P fcfc3281929645969ecedbb0c0af759d: Bootstrap starting.
I20260709 13:12:39.258097 32316 ts_tablet_manager.cc:1434] T 2ec7a9cf151948fdaa078aba5fb1df43 P 6b3ed521ce8947db80c4b4828b355c06: Time spent starting tablet: real 0.013s	user 0.007s	sys 0.000s
I20260709 13:12:39.258925 32316 tablet_bootstrap.cc:492] T 5f28f3141aec48eb9ada8a4f63ca7e32 P 6b3ed521ce8947db80c4b4828b355c06: Bootstrap starting.
I20260709 13:12:39.259703 32313 raft_consensus.cc:359] T 95f5e8022e3d4b9e9f240b21076de4c3 P 113b5461952d47e0944d463ea4e32801 [term 0 FOLLOWER]: Replica starting. Triggering 0 pending ops. Active config: opid_index: -1 OBSOLETE_local: false peers { permanent_uuid: "fcfc3281929645969ecedbb0c0af759d" member_type: VOTER last_known_addr { host: "127.30.63.1" port: 42339 } } peers { permanent_uuid: "113b5461952d47e0944d463ea4e32801" member_type: VOTER last_known_addr { host: "127.30.63.2" port: 44517 } } peers { permanent_uuid: "6b3ed521ce8947db80c4b4828b355c06" member_type: VOTER last_known_addr { host: "127.30.63.3" port: 36651 } }
I20260709 13:12:39.260346 32313 raft_consensus.cc:385] T 95f5e8022e3d4b9e9f240b21076de4c3 P 113b5461952d47e0944d463ea4e32801 [term 0 FOLLOWER]: Consensus starting up: Expiring failure detector timer to make a prompt election more likely
I20260709 13:12:39.217031 32384 raft_consensus.cc:515] T acd9953c536c4b5fa2ebab1015a61b53 P 6b3ed521ce8947db80c4b4828b355c06 [term 1 FOLLOWER]: Starting leader election with config: opid_index: -1 OBSOLETE_local: false peers { permanent_uuid: "fcfc3281929645969ecedbb0c0af759d" member_type: VOTER last_known_addr { host: "127.30.63.1" port: 42339 } } peers { permanent_uuid: "113b5461952d47e0944d463ea4e32801" member_type: VOTER last_known_addr { host: "127.30.63.2" port: 44517 } } peers { permanent_uuid: "6b3ed521ce8947db80c4b4828b355c06" member_type: VOTER last_known_addr { host: "127.30.63.3" port: 36651 } }
I20260709 13:12:39.260637 32313 raft_consensus.cc:740] T 95f5e8022e3d4b9e9f240b21076de4c3 P 113b5461952d47e0944d463ea4e32801 [term 0 FOLLOWER]: Becoming Follower/Learner. State: Replica: 113b5461952d47e0944d463ea4e32801, State: Initialized, Role: FOLLOWER
I20260709 13:12:39.261278 32270 raft_consensus.cc:2393] T acd9953c536c4b5fa2ebab1015a61b53 P 6b3ed521ce8947db80c4b4828b355c06 [term 1 FOLLOWER]: Leader pre-election vote request: Denying vote to candidate fcfc3281929645969ecedbb0c0af759d in current term 1: Already voted for candidate 6b3ed521ce8947db80c4b4828b355c06 in this term.
I20260709 13:12:39.246946 32238 leader_election.cc:304] T 11511d6fc4864afe9cef218fd4e0c0dc P 6b3ed521ce8947db80c4b4828b355c06 [CANDIDATE]: Term 1 pre-election: Election decided. Result: candidate won. Election summary: received 2 responses out of 3 voters: 2 yes votes; 0 no votes. yes voters: 113b5461952d47e0944d463ea4e32801, 6b3ed521ce8947db80c4b4828b355c06; no voters: 
I20260709 13:12:39.261544 32362 raft_consensus.cc:493] T acd9953c536c4b5fa2ebab1015a61b53 P fcfc3281929645969ecedbb0c0af759d [term 0 FOLLOWER]: Starting leader election (no leader contacted us within the election timeout)
I20260709 13:12:39.262246 32324 raft_consensus.cc:2804] T 11511d6fc4864afe9cef218fd4e0c0dc P 6b3ed521ce8947db80c4b4828b355c06 [term 0 FOLLOWER]: Leader pre-election won for term 1
I20260709 13:12:39.261189 32123 raft_consensus.cc:2468] T 11511d6fc4864afe9cef218fd4e0c0dc P fcfc3281929645969ecedbb0c0af759d [term 0 FOLLOWER]: Leader pre-election vote request: Granting yes vote for candidate 6b3ed521ce8947db80c4b4828b355c06 in term 0.
I20260709 13:12:39.262689 32324 raft_consensus.cc:493] T 11511d6fc4864afe9cef218fd4e0c0dc P 6b3ed521ce8947db80c4b4828b355c06 [term 0 FOLLOWER]: Starting leader election (no leader contacted us within the election timeout)
I20260709 13:12:39.262334 32362 raft_consensus.cc:3060] T acd9953c536c4b5fa2ebab1015a61b53 P fcfc3281929645969ecedbb0c0af759d [term 0 FOLLOWER]: Advancing to term 1
I20260709 13:12:39.263959 32324 raft_consensus.cc:3060] T 11511d6fc4864afe9cef218fd4e0c0dc P 6b3ed521ce8947db80c4b4828b355c06 [term 0 FOLLOWER]: Advancing to term 1
I20260709 13:12:39.261314 32313 consensus_queue.cc:260] T 95f5e8022e3d4b9e9f240b21076de4c3 P 113b5461952d47e0944d463ea4e32801 [NON_LEADER]: Queue going to NON_LEADER mode. State: All replicated index: 0, Majority replicated index: 0, Committed index: 0, Last appended: 0.0, Last appended by leader: 0, Current term: 0, Majority size: -1, State: 0, Mode: NON_LEADER, active raft config: opid_index: -1 OBSOLETE_local: false peers { permanent_uuid: "fcfc3281929645969ecedbb0c0af759d" member_type: VOTER last_known_addr { host: "127.30.63.1" port: 42339 } } peers { permanent_uuid: "113b5461952d47e0944d463ea4e32801" member_type: VOTER last_known_addr { host: "127.30.63.2" port: 44517 } } peers { permanent_uuid: "6b3ed521ce8947db80c4b4828b355c06" member_type: VOTER last_known_addr { host: "127.30.63.3" port: 36651 } }
I20260709 13:12:39.265739 32316 tablet_bootstrap.cc:654] T 5f28f3141aec48eb9ada8a4f63ca7e32 P 6b3ed521ce8947db80c4b4828b355c06: Neither blocks nor log segments found. Creating new log.
I20260709 13:12:39.268018 32123 tablet_service.cc:1917] Received RequestConsensusVote() RPC: tablet_id: "acd9953c536c4b5fa2ebab1015a61b53" candidate_uuid: "6b3ed521ce8947db80c4b4828b355c06" candidate_term: 1 candidate_status { last_received { term: 0 index: 0 } } ignore_live_leader: false dest_uuid: "fcfc3281929645969ecedbb0c0af759d"
I20260709 13:12:39.269380 32354 raft_consensus.cc:3060] T 6565a440fcf14a499c191f2835d21508 P fcfc3281929645969ecedbb0c0af759d [term 0 FOLLOWER]: Advancing to term 1
I20260709 13:12:39.270603 32384 leader_election.cc:290] T acd9953c536c4b5fa2ebab1015a61b53 P 6b3ed521ce8947db80c4b4828b355c06 [CANDIDATE]: Term 1 election: Requested vote from peers fcfc3281929645969ecedbb0c0af759d (127.30.63.1:42339), 113b5461952d47e0944d463ea4e32801 (127.30.63.2:44517)
I20260709 13:12:39.271481 32313 ts_tablet_manager.cc:1434] T 95f5e8022e3d4b9e9f240b21076de4c3 P 113b5461952d47e0944d463ea4e32801: Time spent starting tablet: real 0.014s	user 0.006s	sys 0.000s
I20260709 13:12:39.272627 32313 tablet_bootstrap.cc:492] T 0fee96a531e44b88bbae1d896f392bdd P 113b5461952d47e0944d463ea4e32801: Bootstrap starting.
I20260709 13:12:39.273823 32197 tablet_service.cc:1917] Received RequestConsensusVote() RPC: tablet_id: "acd9953c536c4b5fa2ebab1015a61b53" candidate_uuid: "6b3ed521ce8947db80c4b4828b355c06" candidate_term: 1 candidate_status { last_received { term: 0 index: 0 } } ignore_live_leader: false dest_uuid: "113b5461952d47e0944d463ea4e32801"
I20260709 13:12:39.274485 32197 raft_consensus.cc:3060] T acd9953c536c4b5fa2ebab1015a61b53 P 113b5461952d47e0944d463ea4e32801 [term 0 FOLLOWER]: Advancing to term 1
I20260709 13:12:39.280287 32313 tablet_bootstrap.cc:654] T 0fee96a531e44b88bbae1d896f392bdd P 113b5461952d47e0944d463ea4e32801: Neither blocks nor log segments found. Creating new log.
W20260709 13:12:39.281881 32070 auto_rebalancer.cc:288] Could not retrieve cluster info: Service unavailable: Tablet not running
I20260709 13:12:39.283727 32314 tablet_bootstrap.cc:654] T dea547a3502e4ffeacd79e160d8f60e6 P fcfc3281929645969ecedbb0c0af759d: Neither blocks nor log segments found. Creating new log.
I20260709 13:12:39.291442 32354 raft_consensus.cc:2749] T 6565a440fcf14a499c191f2835d21508 P fcfc3281929645969ecedbb0c0af759d [term 1 FOLLOWER]: Leader pre-election lost for term 1. Reason: could not achieve majority
I20260709 13:12:39.284657 32370 raft_consensus.cc:493] T 95f5e8022e3d4b9e9f240b21076de4c3 P 113b5461952d47e0944d463ea4e32801 [term 0 FOLLOWER]: Starting pre-election (no leader contacted us within the election timeout)
I20260709 13:12:39.310698 32370 raft_consensus.cc:515] T 95f5e8022e3d4b9e9f240b21076de4c3 P 113b5461952d47e0944d463ea4e32801 [term 0 FOLLOWER]: Starting pre-election with config: opid_index: -1 OBSOLETE_local: false peers { permanent_uuid: "fcfc3281929645969ecedbb0c0af759d" member_type: VOTER last_known_addr { host: "127.30.63.1" port: 42339 } } peers { permanent_uuid: "113b5461952d47e0944d463ea4e32801" member_type: VOTER last_known_addr { host: "127.30.63.2" port: 44517 } } peers { permanent_uuid: "6b3ed521ce8947db80c4b4828b355c06" member_type: VOTER last_known_addr { host: "127.30.63.3" port: 36651 } }
I20260709 13:12:39.313087 32370 leader_election.cc:290] T 95f5e8022e3d4b9e9f240b21076de4c3 P 113b5461952d47e0944d463ea4e32801 [CANDIDATE]: Term 1 pre-election: Requested pre-vote from peers fcfc3281929645969ecedbb0c0af759d (127.30.63.1:42339), 6b3ed521ce8947db80c4b4828b355c06 (127.30.63.3:36651)
I20260709 13:12:39.322255 32124 tablet_service.cc:1917] Received RequestConsensusVote() RPC: tablet_id: "95f5e8022e3d4b9e9f240b21076de4c3" candidate_uuid: "113b5461952d47e0944d463ea4e32801" candidate_term: 1 candidate_status { last_received { term: 0 index: 0 } } ignore_live_leader: false dest_uuid: "fcfc3281929645969ecedbb0c0af759d" is_pre_election: true
I20260709 13:12:39.323226 32124 raft_consensus.cc:2468] T 95f5e8022e3d4b9e9f240b21076de4c3 P fcfc3281929645969ecedbb0c0af759d [term 0 FOLLOWER]: Leader pre-election vote request: Granting yes vote for candidate 113b5461952d47e0944d463ea4e32801 in term 0.
I20260709 13:12:39.251535 32395 raft_consensus.cc:2749] T f089b75ada024eb9bbf7e4b953063dd4 P 6b3ed521ce8947db80c4b4828b355c06 [term 0 FOLLOWER]: Leader pre-election lost for term 1. Reason: could not achieve majority
I20260709 13:12:39.293895 32197 raft_consensus.cc:2468] T acd9953c536c4b5fa2ebab1015a61b53 P 113b5461952d47e0944d463ea4e32801 [term 1 FOLLOWER]: Leader election vote request: Granting yes vote for candidate 6b3ed521ce8947db80c4b4828b355c06 in term 1.
I20260709 13:12:39.288422 32362 raft_consensus.cc:515] T acd9953c536c4b5fa2ebab1015a61b53 P fcfc3281929645969ecedbb0c0af759d [term 1 FOLLOWER]: Starting leader election with config: opid_index: -1 OBSOLETE_local: false peers { permanent_uuid: "fcfc3281929645969ecedbb0c0af759d" member_type: VOTER last_known_addr { host: "127.30.63.1" port: 42339 } } peers { permanent_uuid: "113b5461952d47e0944d463ea4e32801" member_type: VOTER last_known_addr { host: "127.30.63.2" port: 44517 } } peers { permanent_uuid: "6b3ed521ce8947db80c4b4828b355c06" member_type: VOTER last_known_addr { host: "127.30.63.3" port: 36651 } }
I20260709 13:12:39.301488 32314 tablet_bootstrap.cc:492] T dea547a3502e4ffeacd79e160d8f60e6 P fcfc3281929645969ecedbb0c0af759d: No bootstrap required, opened a new log
I20260709 13:12:39.303531 32372 raft_consensus.cc:493] T 5f28f3141aec48eb9ada8a4f63ca7e32 P 113b5461952d47e0944d463ea4e32801 [term 0 FOLLOWER]: Starting pre-election (no leader contacted us within the election timeout)
I20260709 13:12:39.325062 32270 tablet_service.cc:1917] Received RequestConsensusVote() RPC: tablet_id: "95f5e8022e3d4b9e9f240b21076de4c3" candidate_uuid: "113b5461952d47e0944d463ea4e32801" candidate_term: 1 candidate_status { last_received { term: 0 index: 0 } } ignore_live_leader: false dest_uuid: "6b3ed521ce8947db80c4b4828b355c06" is_pre_election: true
I20260709 13:12:39.345152 32123 raft_consensus.cc:2393] T acd9953c536c4b5fa2ebab1015a61b53 P fcfc3281929645969ecedbb0c0af759d [term 1 FOLLOWER]: Leader election vote request: Denying vote to candidate 6b3ed521ce8947db80c4b4828b355c06 in current term 1: Already voted for candidate fcfc3281929645969ecedbb0c0af759d in this term.
