I20260709 13:12:30.202088  2876 raft_consensus.cc:493] T 41e6289edfd4414a9a67692943516d0c P 8a4e41e8d0ab48348d01e7ad98abc1de [term 0 FOLLOWER]: Starting pre-election (no leader contacted us within the election timeout)
I20260709 13:12:30.202617  2876 raft_consensus.cc:515] T 41e6289edfd4414a9a67692943516d0c P 8a4e41e8d0ab48348d01e7ad98abc1de [term 0 FOLLOWER]: Starting pre-election with config: opid_index: -1 OBSOLETE_local: false peers { permanent_uuid: "8a4e41e8d0ab48348d01e7ad98abc1de" member_type: VOTER last_known_addr { host: "127.1.130.129" port: 44933 } } peers { permanent_uuid: "d72a4ef15d2441eda665a2fd3457b0a0" member_type: VOTER last_known_addr { host: "127.1.130.130" port: 41249 } } peers { permanent_uuid: "fb861d53c15c40cc9ef02327498a63bb" member_type: VOTER last_known_addr { host: "127.1.130.131" port: 34529 } }
I20260709 13:12:30.205194  2876 leader_election.cc:290] T 41e6289edfd4414a9a67692943516d0c P 8a4e41e8d0ab48348d01e7ad98abc1de [CANDIDATE]: Term 1 pre-election: Requested pre-vote from peers d72a4ef15d2441eda665a2fd3457b0a0 (127.1.130.130:41249), fb861d53c15c40cc9ef02327498a63bb (127.1.130.131:34529)
I20260709 13:12:30.205690  2876 raft_consensus.cc:493] T acacc33a59b64713bc9c199c1e619746 P 8a4e41e8d0ab48348d01e7ad98abc1de [term 0 FOLLOWER]: Starting pre-election (no leader contacted us within the election timeout)
I20260709 13:12:30.206081  2876 raft_consensus.cc:515] T acacc33a59b64713bc9c199c1e619746 P 8a4e41e8d0ab48348d01e7ad98abc1de [term 0 FOLLOWER]: Starting pre-election with config: opid_index: -1 OBSOLETE_local: false peers { permanent_uuid: "8a4e41e8d0ab48348d01e7ad98abc1de" member_type: VOTER last_known_addr { host: "127.1.130.129" port: 44933 } } peers { permanent_uuid: "d72a4ef15d2441eda665a2fd3457b0a0" member_type: VOTER last_known_addr { host: "127.1.130.130" port: 41249 } } peers { permanent_uuid: "fb861d53c15c40cc9ef02327498a63bb" member_type: VOTER last_known_addr { host: "127.1.130.131" port: 34529 } }
I20260709 13:12:30.207614  2809 tablet_service.cc:1917] Received RequestConsensusVote() RPC: tablet_id: "41e6289edfd4414a9a67692943516d0c" candidate_uuid: "8a4e41e8d0ab48348d01e7ad98abc1de" candidate_term: 1 candidate_status { last_received { term: 0 index: 0 } } ignore_live_leader: false dest_uuid: "fb861d53c15c40cc9ef02327498a63bb" is_pre_election: true
W20260709 13:12:30.209050  2623 leader_election.cc:343] T 41e6289edfd4414a9a67692943516d0c P 8a4e41e8d0ab48348d01e7ad98abc1de [CANDIDATE]: Term 1 pre-election: Tablet error from VoteRequest() call to peer fb861d53c15c40cc9ef02327498a63bb (127.1.130.131:34529): Illegal state: must be running to vote when last-logged opid is not known
I20260709 13:12:30.209491  2809 tablet_service.cc:1917] Received RequestConsensusVote() RPC: tablet_id: "acacc33a59b64713bc9c199c1e619746" candidate_uuid: "8a4e41e8d0ab48348d01e7ad98abc1de" candidate_term: 1 candidate_status { last_received { term: 0 index: 0 } } ignore_live_leader: false dest_uuid: "fb861d53c15c40cc9ef02327498a63bb" is_pre_election: true
I20260709 13:12:30.207821  2907 raft_consensus.cc:493] T e596317b0aec4af6b29870ad348dfc02 P fb861d53c15c40cc9ef02327498a63bb [term 0 FOLLOWER]: Starting pre-election (no leader contacted us within the election timeout)
I20260709 13:12:30.210600  2861 raft_consensus.cc:697] T ad66ec8a15714363973472316ba94a88 P fb861d53c15c40cc9ef02327498a63bb [term 1 LEADER]: Becoming Leader. State: Replica: fb861d53c15c40cc9ef02327498a63bb, State: Running, Role: LEADER
W20260709 13:12:30.210819  2623 leader_election.cc:343] T acacc33a59b64713bc9c199c1e619746 P 8a4e41e8d0ab48348d01e7ad98abc1de [CANDIDATE]: Term 1 pre-election: Tablet error from VoteRequest() call to peer fb861d53c15c40cc9ef02327498a63bb (127.1.130.131:34529): Illegal state: must be running to vote when last-logged opid is not known
I20260709 13:12:30.210983  2907 raft_consensus.cc:515] T e596317b0aec4af6b29870ad348dfc02 P fb861d53c15c40cc9ef02327498a63bb [term 0 FOLLOWER]: Starting pre-election with config: opid_index: -1 OBSOLETE_local: false peers { permanent_uuid: "8a4e41e8d0ab48348d01e7ad98abc1de" member_type: VOTER last_known_addr { host: "127.1.130.129" port: 44933 } } peers { permanent_uuid: "d72a4ef15d2441eda665a2fd3457b0a0" member_type: VOTER last_known_addr { host: "127.1.130.130" port: 41249 } } peers { permanent_uuid: "fb861d53c15c40cc9ef02327498a63bb" member_type: VOTER last_known_addr { host: "127.1.130.131" port: 34529 } }
I20260709 13:12:30.211479  2861 consensus_queue.cc:237] T ad66ec8a15714363973472316ba94a88 P fb861d53c15c40cc9ef02327498a63bb [LEADER]: Queue going to LEADER mode. State: All replicated index: 0, Majority replicated index: 0, Committed index: 0, Last appended: 0.0, Last appended by leader: 0, Current term: 1, Majority size: 2, State: 0, Mode: LEADER, active raft config: opid_index: -1 OBSOLETE_local: false peers { permanent_uuid: "d72a4ef15d2441eda665a2fd3457b0a0" member_type: VOTER last_known_addr { host: "127.1.130.130" port: 41249 } } peers { permanent_uuid: "8a4e41e8d0ab48348d01e7ad98abc1de" member_type: VOTER last_known_addr { host: "127.1.130.129" port: 44933 } } peers { permanent_uuid: "fb861d53c15c40cc9ef02327498a63bb" member_type: VOTER last_known_addr { host: "127.1.130.131" port: 34529 } }
I20260709 13:12:30.209594  2876 leader_election.cc:290] T acacc33a59b64713bc9c199c1e619746 P 8a4e41e8d0ab48348d01e7ad98abc1de [CANDIDATE]: Term 1 pre-election: Requested pre-vote from peers d72a4ef15d2441eda665a2fd3457b0a0 (127.1.130.130:41249), fb861d53c15c40cc9ef02327498a63bb (127.1.130.131:34529)
I20260709 13:12:30.214730  2734 tablet_service.cc:1917] Received RequestConsensusVote() RPC: tablet_id: "e596317b0aec4af6b29870ad348dfc02" candidate_uuid: "fb861d53c15c40cc9ef02327498a63bb" candidate_term: 1 candidate_status { last_received { term: 0 index: 0 } } ignore_live_leader: false dest_uuid: "d72a4ef15d2441eda665a2fd3457b0a0" is_pre_election: true
I20260709 13:12:30.215612  2734 raft_consensus.cc:2468] T e596317b0aec4af6b29870ad348dfc02 P d72a4ef15d2441eda665a2fd3457b0a0 [term 0 FOLLOWER]: Leader pre-election vote request: Granting yes vote for candidate fb861d53c15c40cc9ef02327498a63bb in term 0.
I20260709 13:12:30.217077  2850 tablet_bootstrap.cc:492] T ae4ac4ed4ad8436c9566df8896cc95ca P 8a4e41e8d0ab48348d01e7ad98abc1de: Bootstrap starting.
I20260709 13:12:30.216959  2775 leader_election.cc:304] T e596317b0aec4af6b29870ad348dfc02 P fb861d53c15c40cc9ef02327498a63bb [CANDIDATE]: Term 1 pre-election: Election decided. Result: candidate won. Election summary: received 2 responses out of 3 voters: 2 yes votes; 0 no votes. yes voters: d72a4ef15d2441eda665a2fd3457b0a0, fb861d53c15c40cc9ef02327498a63bb; no voters: 
I20260709 13:12:30.221541  2908 raft_consensus.cc:2804] T e596317b0aec4af6b29870ad348dfc02 P fb861d53c15c40cc9ef02327498a63bb [term 0 FOLLOWER]: Leader pre-election won for term 1
I20260709 13:12:30.222056  2908 raft_consensus.cc:493] T e596317b0aec4af6b29870ad348dfc02 P fb861d53c15c40cc9ef02327498a63bb [term 0 FOLLOWER]: Starting leader election (no leader contacted us within the election timeout)
I20260709 13:12:30.222471  2908 raft_consensus.cc:3060] T e596317b0aec4af6b29870ad348dfc02 P fb861d53c15c40cc9ef02327498a63bb [term 0 FOLLOWER]: Advancing to term 1
I20260709 13:12:30.224320  2734 tablet_service.cc:1917] Received RequestConsensusVote() RPC: tablet_id: "41e6289edfd4414a9a67692943516d0c" candidate_uuid: "8a4e41e8d0ab48348d01e7ad98abc1de" candidate_term: 1 candidate_status { last_received { term: 0 index: 0 } } ignore_live_leader: false dest_uuid: "d72a4ef15d2441eda665a2fd3457b0a0" is_pre_election: true
I20260709 13:12:30.225193  2849 tablet_bootstrap.cc:654] T 799def88ff61468c882820f74ac54b1e P d72a4ef15d2441eda665a2fd3457b0a0: Neither blocks nor log segments found. Creating new log.
I20260709 13:12:30.225476  2735 tablet_service.cc:1917] Received RequestConsensusVote() RPC: tablet_id: "acacc33a59b64713bc9c199c1e619746" candidate_uuid: "8a4e41e8d0ab48348d01e7ad98abc1de" candidate_term: 1 candidate_status { last_received { term: 0 index: 0 } } ignore_live_leader: false dest_uuid: "d72a4ef15d2441eda665a2fd3457b0a0" is_pre_election: true
I20260709 13:12:30.226092  2735 raft_consensus.cc:2468] T acacc33a59b64713bc9c199c1e619746 P d72a4ef15d2441eda665a2fd3457b0a0 [term 0 FOLLOWER]: Leader pre-election vote request: Granting yes vote for candidate 8a4e41e8d0ab48348d01e7ad98abc1de in term 0.
I20260709 13:12:30.225554  2907 leader_election.cc:290] T e596317b0aec4af6b29870ad348dfc02 P fb861d53c15c40cc9ef02327498a63bb [CANDIDATE]: Term 1 pre-election: Requested pre-vote from peers 8a4e41e8d0ab48348d01e7ad98abc1de (127.1.130.129:44933), d72a4ef15d2441eda665a2fd3457b0a0 (127.1.130.130:41249)
I20260709 13:12:30.227200  2626 leader_election.cc:304] T acacc33a59b64713bc9c199c1e619746 P 8a4e41e8d0ab48348d01e7ad98abc1de [CANDIDATE]: Term 1 pre-election: Election decided. Result: candidate won. Election summary: received 3 responses out of 3 voters: 2 yes votes; 1 no votes. yes voters: 8a4e41e8d0ab48348d01e7ad98abc1de, d72a4ef15d2441eda665a2fd3457b0a0; no voters: fb861d53c15c40cc9ef02327498a63bb
I20260709 13:12:30.228288  2874 leader_election.cc:290] T 6e754e10c3554223b3b7833fa44ddd50 P 8a4e41e8d0ab48348d01e7ad98abc1de [CANDIDATE]: Term 1 election: Requested vote from peers d72a4ef15d2441eda665a2fd3457b0a0 (127.1.130.130:41249), fb861d53c15c40cc9ef02327498a63bb (127.1.130.131:34529)
I20260709 13:12:30.229130  2874 raft_consensus.cc:2804] T acacc33a59b64713bc9c199c1e619746 P 8a4e41e8d0ab48348d01e7ad98abc1de [term 0 FOLLOWER]: Leader pre-election won for term 1
I20260709 13:12:30.229502  2874 raft_consensus.cc:493] T acacc33a59b64713bc9c199c1e619746 P 8a4e41e8d0ab48348d01e7ad98abc1de [term 0 FOLLOWER]: Starting leader election (no leader contacted us within the election timeout)
I20260709 13:12:30.229823  2874 raft_consensus.cc:3060] T acacc33a59b64713bc9c199c1e619746 P 8a4e41e8d0ab48348d01e7ad98abc1de [term 0 FOLLOWER]: Advancing to term 1
I20260709 13:12:30.234999  2849 tablet_bootstrap.cc:492] T 799def88ff61468c882820f74ac54b1e P d72a4ef15d2441eda665a2fd3457b0a0: No bootstrap required, opened a new log
I20260709 13:12:30.234277  2555 catalog_manager.cc:5697] T ad66ec8a15714363973472316ba94a88 P fb861d53c15c40cc9ef02327498a63bb reported cstate change: term changed from 0 to 1, leader changed from <none> to fb861d53c15c40cc9ef02327498a63bb (127.1.130.131). New cstate: current_term: 1 leader_uuid: "fb861d53c15c40cc9ef02327498a63bb" committed_config { opid_index: -1 OBSOLETE_local: false peers { permanent_uuid: "d72a4ef15d2441eda665a2fd3457b0a0" member_type: VOTER last_known_addr { host: "127.1.130.130" port: 41249 } health_report { overall_health: UNKNOWN } } peers { permanent_uuid: "8a4e41e8d0ab48348d01e7ad98abc1de" member_type: VOTER last_known_addr { host: "127.1.130.129" port: 44933 } health_report { overall_health: UNKNOWN } } peers { permanent_uuid: "fb861d53c15c40cc9ef02327498a63bb" member_type: VOTER last_known_addr { host: "127.1.130.131" port: 34529 } health_report { overall_health: HEALTHY } } }
I20260709 13:12:30.235427  2849 ts_tablet_manager.cc:1403] T 799def88ff61468c882820f74ac54b1e P d72a4ef15d2441eda665a2fd3457b0a0: Time spent bootstrapping tablet: real 0.048s	user 0.011s	sys 0.003s
I20260709 13:12:30.238518  2660 tablet_service.cc:1917] Received RequestConsensusVote() RPC: tablet_id: "e596317b0aec4af6b29870ad348dfc02" candidate_uuid: "fb861d53c15c40cc9ef02327498a63bb" candidate_term: 1 candidate_status { last_received { term: 0 index: 0 } } ignore_live_leader: false dest_uuid: "8a4e41e8d0ab48348d01e7ad98abc1de" is_pre_election: true
I20260709 13:12:30.238190  2849 raft_consensus.cc:359] T 799def88ff61468c882820f74ac54b1e P d72a4ef15d2441eda665a2fd3457b0a0 [term 0 FOLLOWER]: Replica starting. Triggering 0 pending ops. Active config: opid_index: -1 OBSOLETE_local: false peers { permanent_uuid: "8a4e41e8d0ab48348d01e7ad98abc1de" member_type: VOTER last_known_addr { host: "127.1.130.129" port: 44933 } } peers { permanent_uuid: "d72a4ef15d2441eda665a2fd3457b0a0" member_type: VOTER last_known_addr { host: "127.1.130.130" port: 41249 } } peers { permanent_uuid: "fb861d53c15c40cc9ef02327498a63bb" member_type: VOTER last_known_addr { host: "127.1.130.131" port: 34529 } }
I20260709 13:12:30.240387  2849 raft_consensus.cc:385] T 799def88ff61468c882820f74ac54b1e P d72a4ef15d2441eda665a2fd3457b0a0 [term 0 FOLLOWER]: Consensus starting up: Expiring failure detector timer to make a prompt election more likely
I20260709 13:12:30.240674  2849 raft_consensus.cc:740] T 799def88ff61468c882820f74ac54b1e P d72a4ef15d2441eda665a2fd3457b0a0 [term 0 FOLLOWER]: Becoming Follower/Learner. State: Replica: d72a4ef15d2441eda665a2fd3457b0a0, State: Initialized, Role: FOLLOWER
I20260709 13:12:30.241364  2874 raft_consensus.cc:515] T acacc33a59b64713bc9c199c1e619746 P 8a4e41e8d0ab48348d01e7ad98abc1de [term 1 FOLLOWER]: Starting leader election with config: opid_index: -1 OBSOLETE_local: false peers { permanent_uuid: "8a4e41e8d0ab48348d01e7ad98abc1de" member_type: VOTER last_known_addr { host: "127.1.130.129" port: 44933 } } peers { permanent_uuid: "d72a4ef15d2441eda665a2fd3457b0a0" member_type: VOTER last_known_addr { host: "127.1.130.130" port: 41249 } } peers { permanent_uuid: "fb861d53c15c40cc9ef02327498a63bb" member_type: VOTER last_known_addr { host: "127.1.130.131" port: 34529 } }
I20260709 13:12:30.241389  2849 consensus_queue.cc:260] T 799def88ff61468c882820f74ac54b1e P d72a4ef15d2441eda665a2fd3457b0a0 [NON_LEADER]: Queue going to NON_LEADER mode. State: All replicated index: 0, Majority replicated index: 0, Committed index: 0, Last appended: 0.0, Last appended by leader: 0, Current term: 0, Majority size: -1, State: 0, Mode: NON_LEADER, active raft config: opid_index: -1 OBSOLETE_local: false peers { permanent_uuid: "8a4e41e8d0ab48348d01e7ad98abc1de" member_type: VOTER last_known_addr { host: "127.1.130.129" port: 44933 } } peers { permanent_uuid: "d72a4ef15d2441eda665a2fd3457b0a0" member_type: VOTER last_known_addr { host: "127.1.130.130" port: 41249 } } peers { permanent_uuid: "fb861d53c15c40cc9ef02327498a63bb" member_type: VOTER last_known_addr { host: "127.1.130.131" port: 34529 } }
I20260709 13:12:30.242547  2557 catalog_manager.cc:5697] T 6e754e10c3554223b3b7833fa44ddd50 P 8a4e41e8d0ab48348d01e7ad98abc1de reported cstate change: term changed from 0 to 1, leader changed from <none> to 8a4e41e8d0ab48348d01e7ad98abc1de (127.1.130.129). New cstate: current_term: 1 leader_uuid: "8a4e41e8d0ab48348d01e7ad98abc1de" committed_config { opid_index: -1 OBSOLETE_local: false peers { permanent_uuid: "8a4e41e8d0ab48348d01e7ad98abc1de" member_type: VOTER last_known_addr { host: "127.1.130.129" port: 44933 } health_report { overall_health: HEALTHY } } peers { permanent_uuid: "d72a4ef15d2441eda665a2fd3457b0a0" member_type: VOTER last_known_addr { host: "127.1.130.130" port: 41249 } health_report { overall_health: UNKNOWN } } peers { permanent_uuid: "fb861d53c15c40cc9ef02327498a63bb" member_type: VOTER last_known_addr { host: "127.1.130.131" port: 34529 } health_report { overall_health: UNKNOWN } } }
I20260709 13:12:30.225095  2734 raft_consensus.cc:2468] T 41e6289edfd4414a9a67692943516d0c P d72a4ef15d2441eda665a2fd3457b0a0 [term 0 FOLLOWER]: Leader pre-election vote request: Granting yes vote for candidate 8a4e41e8d0ab48348d01e7ad98abc1de in term 0.
I20260709 13:12:30.244161  2735 tablet_service.cc:1917] Received RequestConsensusVote() RPC: tablet_id: "acacc33a59b64713bc9c199c1e619746" candidate_uuid: "8a4e41e8d0ab48348d01e7ad98abc1de" candidate_term: 1 candidate_status { last_received { term: 0 index: 0 } } ignore_live_leader: false dest_uuid: "d72a4ef15d2441eda665a2fd3457b0a0"
I20260709 13:12:30.248199  2735 raft_consensus.cc:3060] T acacc33a59b64713bc9c199c1e619746 P d72a4ef15d2441eda665a2fd3457b0a0 [term 0 FOLLOWER]: Advancing to term 1
I20260709 13:12:30.235378  2850 tablet_bootstrap.cc:654] T ae4ac4ed4ad8436c9566df8896cc95ca P 8a4e41e8d0ab48348d01e7ad98abc1de: Neither blocks nor log segments found. Creating new log.
I20260709 13:12:30.252612  2626 leader_election.cc:304] T 41e6289edfd4414a9a67692943516d0c P 8a4e41e8d0ab48348d01e7ad98abc1de [CANDIDATE]: Term 1 pre-election: Election decided. Result: candidate won. Election summary: received 3 responses out of 3 voters: 2 yes votes; 1 no votes. yes voters: 8a4e41e8d0ab48348d01e7ad98abc1de, d72a4ef15d2441eda665a2fd3457b0a0; no voters: fb861d53c15c40cc9ef02327498a63bb
I20260709 13:12:30.253895  2906 raft_consensus.cc:2804] T 41e6289edfd4414a9a67692943516d0c P 8a4e41e8d0ab48348d01e7ad98abc1de [term 0 FOLLOWER]: Leader pre-election won for term 1
I20260709 13:12:30.254294  2906 raft_consensus.cc:493] T 41e6289edfd4414a9a67692943516d0c P 8a4e41e8d0ab48348d01e7ad98abc1de [term 0 FOLLOWER]: Starting leader election (no leader contacted us within the election timeout)
I20260709 13:12:30.254609  2906 raft_consensus.cc:3060] T 41e6289edfd4414a9a67692943516d0c P 8a4e41e8d0ab48348d01e7ad98abc1de [term 0 FOLLOWER]: Advancing to term 1
I20260709 13:12:30.257100  2735 raft_consensus.cc:2468] T acacc33a59b64713bc9c199c1e619746 P d72a4ef15d2441eda665a2fd3457b0a0 [term 1 FOLLOWER]: Leader election vote request: Granting yes vote for candidate 8a4e41e8d0ab48348d01e7ad98abc1de in term 1.
I20260709 13:12:30.258220  2626 leader_election.cc:304] T acacc33a59b64713bc9c199c1e619746 P 8a4e41e8d0ab48348d01e7ad98abc1de [CANDIDATE]: Term 1 election: Election decided. Result: candidate won. Election summary: received 2 responses out of 3 voters: 2 yes votes; 0 no votes. yes voters: 8a4e41e8d0ab48348d01e7ad98abc1de, d72a4ef15d2441eda665a2fd3457b0a0; no voters: 
I20260709 13:12:30.259075  2853 raft_consensus.cc:2804] T acacc33a59b64713bc9c199c1e619746 P 8a4e41e8d0ab48348d01e7ad98abc1de [term 1 FOLLOWER]: Leader election won for term 1
I20260709 13:12:30.259508  2853 raft_consensus.cc:697] T acacc33a59b64713bc9c199c1e619746 P 8a4e41e8d0ab48348d01e7ad98abc1de [term 1 LEADER]: Becoming Leader. State: Replica: 8a4e41e8d0ab48348d01e7ad98abc1de, State: Running, Role: LEADER
I20260709 13:12:30.260294  2853 consensus_queue.cc:237] T acacc33a59b64713bc9c199c1e619746 P 8a4e41e8d0ab48348d01e7ad98abc1de [LEADER]: Queue going to LEADER mode. State: All replicated index: 0, Majority replicated index: 0, Committed index: 0, Last appended: 0.0, Last appended by leader: 0, Current term: 1, Majority size: 2, State: 0, Mode: LEADER, active raft config: opid_index: -1 OBSOLETE_local: false peers { permanent_uuid: "8a4e41e8d0ab48348d01e7ad98abc1de" member_type: VOTER last_known_addr { host: "127.1.130.129" port: 44933 } } peers { permanent_uuid: "d72a4ef15d2441eda665a2fd3457b0a0" member_type: VOTER last_known_addr { host: "127.1.130.130" port: 41249 } } peers { permanent_uuid: "fb861d53c15c40cc9ef02327498a63bb" member_type: VOTER last_known_addr { host: "127.1.130.131" port: 34529 } }
I20260709 13:12:30.261852  2906 raft_consensus.cc:515] T 41e6289edfd4414a9a67692943516d0c P 8a4e41e8d0ab48348d01e7ad98abc1de [term 1 FOLLOWER]: Starting leader election with config: opid_index: -1 OBSOLETE_local: false peers { permanent_uuid: "8a4e41e8d0ab48348d01e7ad98abc1de" member_type: VOTER last_known_addr { host: "127.1.130.129" port: 44933 } } peers { permanent_uuid: "d72a4ef15d2441eda665a2fd3457b0a0" member_type: VOTER last_known_addr { host: "127.1.130.130" port: 41249 } } peers { permanent_uuid: "fb861d53c15c40cc9ef02327498a63bb" member_type: VOTER last_known_addr { host: "127.1.130.131" port: 34529 } }
I20260709 13:12:30.245083  2874 leader_election.cc:290] T acacc33a59b64713bc9c199c1e619746 P 8a4e41e8d0ab48348d01e7ad98abc1de [CANDIDATE]: Term 1 election: Requested vote from peers d72a4ef15d2441eda665a2fd3457b0a0 (127.1.130.130:41249), fb861d53c15c40cc9ef02327498a63bb (127.1.130.131:34529)
I20260709 13:12:30.247259  2849 ts_tablet_manager.cc:1434] T 799def88ff61468c882820f74ac54b1e P d72a4ef15d2441eda665a2fd3457b0a0: Time spent starting tablet: real 0.011s	user 0.004s	sys 0.001s
I20260709 13:12:30.264564  2849 tablet_bootstrap.cc:492] T 65b1e605262441d0ac747d875c6627b1 P d72a4ef15d2441eda665a2fd3457b0a0: Bootstrap starting.
I20260709 13:12:30.266031  2861 raft_consensus.cc:493] T 2c26414561ed4b3f990632ad24c5ae38 P fb861d53c15c40cc9ef02327498a63bb [term 0 FOLLOWER]: Starting pre-election (no leader contacted us within the election timeout)
I20260709 13:12:30.266471  2861 raft_consensus.cc:515] T 2c26414561ed4b3f990632ad24c5ae38 P fb861d53c15c40cc9ef02327498a63bb [term 0 FOLLOWER]: Starting pre-election with config: opid_index: -1 OBSOLETE_local: false peers { permanent_uuid: "8a4e41e8d0ab48348d01e7ad98abc1de" member_type: VOTER last_known_addr { host: "127.1.130.129" port: 44933 } } peers { permanent_uuid: "d72a4ef15d2441eda665a2fd3457b0a0" member_type: VOTER last_known_addr { host: "127.1.130.130" port: 41249 } } peers { permanent_uuid: "fb861d53c15c40cc9ef02327498a63bb" member_type: VOTER last_known_addr { host: "127.1.130.131" port: 34529 } }
I20260709 13:12:30.269153  2809 tablet_service.cc:1917] Received RequestConsensusVote() RPC: tablet_id: "acacc33a59b64713bc9c199c1e619746" candidate_uuid: "8a4e41e8d0ab48348d01e7ad98abc1de" candidate_term: 1 candidate_status { last_received { term: 0 index: 0 } } ignore_live_leader: false dest_uuid: "fb861d53c15c40cc9ef02327498a63bb"
I20260709 13:12:30.268251  2906 leader_election.cc:290] T 41e6289edfd4414a9a67692943516d0c P 8a4e41e8d0ab48348d01e7ad98abc1de [CANDIDATE]: Term 1 election: Requested vote from peers d72a4ef15d2441eda665a2fd3457b0a0 (127.1.130.130:41249), fb861d53c15c40cc9ef02327498a63bb (127.1.130.131:34529)
I20260709 13:12:30.271977  2849 tablet_bootstrap.cc:654] T 65b1e605262441d0ac747d875c6627b1 P d72a4ef15d2441eda665a2fd3457b0a0: Neither blocks nor log segments found. Creating new log.
I20260709 13:12:30.270975  2808 tablet_service.cc:1917] Received RequestConsensusVote() RPC: tablet_id: "41e6289edfd4414a9a67692943516d0c" candidate_uuid: "8a4e41e8d0ab48348d01e7ad98abc1de" candidate_term: 1 candidate_status { last_received { term: 0 index: 0 } } ignore_live_leader: false dest_uuid: "fb861d53c15c40cc9ef02327498a63bb"
I20260709 13:12:30.272269  2861 leader_election.cc:290] T 2c26414561ed4b3f990632ad24c5ae38 P fb861d53c15c40cc9ef02327498a63bb [CANDIDATE]: Term 1 pre-election: Requested pre-vote from peers 8a4e41e8d0ab48348d01e7ad98abc1de (127.1.130.129:44933), d72a4ef15d2441eda665a2fd3457b0a0 (127.1.130.130:41249)
W20260709 13:12:30.272763  2774 leader_election.cc:343] T e596317b0aec4af6b29870ad348dfc02 P fb861d53c15c40cc9ef02327498a63bb [CANDIDATE]: Term 1 pre-election: Tablet error from VoteRequest() call to peer 8a4e41e8d0ab48348d01e7ad98abc1de (127.1.130.129:44933): Illegal state: must be running to vote when last-logged opid is not known
I20260709 13:12:30.272532  2734 tablet_service.cc:1917] Received RequestConsensusVote() RPC: tablet_id: "41e6289edfd4414a9a67692943516d0c" candidate_uuid: "8a4e41e8d0ab48348d01e7ad98abc1de" candidate_term: 1 candidate_status { last_received { term: 0 index: 0 } } ignore_live_leader: false dest_uuid: "d72a4ef15d2441eda665a2fd3457b0a0"
I20260709 13:12:30.275092  2734 raft_consensus.cc:3060] T 41e6289edfd4414a9a67692943516d0c P d72a4ef15d2441eda665a2fd3457b0a0 [term 0 FOLLOWER]: Advancing to term 1
I20260709 13:12:30.275323  2735 tablet_service.cc:1917] Received RequestConsensusVote() RPC: tablet_id: "2c26414561ed4b3f990632ad24c5ae38" candidate_uuid: "fb861d53c15c40cc9ef02327498a63bb" candidate_term: 1 candidate_status { last_received { term: 0 index: 0 } } ignore_live_leader: false dest_uuid: "d72a4ef15d2441eda665a2fd3457b0a0" is_pre_election: true
I20260709 13:12:30.276183  2660 tablet_service.cc:1917] Received RequestConsensusVote() RPC: tablet_id: "2c26414561ed4b3f990632ad24c5ae38" candidate_uuid: "fb861d53c15c40cc9ef02327498a63bb" candidate_term: 1 candidate_status { last_received { term: 0 index: 0 } } ignore_live_leader: false dest_uuid: "8a4e41e8d0ab48348d01e7ad98abc1de" is_pre_election: true
I20260709 13:12:30.276696  2851 tablet_bootstrap.cc:492] T b0be0fc99cc64cd38323a2d3d93fd148 P fb861d53c15c40cc9ef02327498a63bb: No bootstrap required, opened a new log
I20260709 13:12:30.276809  2660 raft_consensus.cc:2468] T 2c26414561ed4b3f990632ad24c5ae38 P 8a4e41e8d0ab48348d01e7ad98abc1de [term 0 FOLLOWER]: Leader pre-election vote request: Granting yes vote for candidate fb861d53c15c40cc9ef02327498a63bb in term 0.
I20260709 13:12:30.277283  2851 ts_tablet_manager.cc:1403] T b0be0fc99cc64cd38323a2d3d93fd148 P fb861d53c15c40cc9ef02327498a63bb: Time spent bootstrapping tablet: real 0.106s	user 0.049s	sys 0.039s
W20260709 13:12:30.276660  2775 leader_election.cc:343] T 2c26414561ed4b3f990632ad24c5ae38 P fb861d53c15c40cc9ef02327498a63bb [CANDIDATE]: Term 1 pre-election: Tablet error from VoteRequest() call to peer d72a4ef15d2441eda665a2fd3457b0a0 (127.1.130.130:41249): Illegal state: must be running to vote when last-logged opid is not known
W20260709 13:12:30.278447  2623 leader_election.cc:343] T acacc33a59b64713bc9c199c1e619746 P 8a4e41e8d0ab48348d01e7ad98abc1de [CANDIDATE]: Term 1 election: Tablet error from VoteRequest() call to peer fb861d53c15c40cc9ef02327498a63bb (127.1.130.131:34529): Illegal state: must be running to vote when last-logged opid is not known
I20260709 13:12:30.278864  2774 leader_election.cc:304] T 2c26414561ed4b3f990632ad24c5ae38 P fb861d53c15c40cc9ef02327498a63bb [CANDIDATE]: Term 1 pre-election: Election decided. Result: candidate won. Election summary: received 3 responses out of 3 voters: 2 yes votes; 1 no votes. yes voters: 8a4e41e8d0ab48348d01e7ad98abc1de, fb861d53c15c40cc9ef02327498a63bb; no voters: d72a4ef15d2441eda665a2fd3457b0a0
W20260709 13:12:30.279400  2623 leader_election.cc:343] T 41e6289edfd4414a9a67692943516d0c P 8a4e41e8d0ab48348d01e7ad98abc1de [CANDIDATE]: Term 1 election: Tablet error from VoteRequest() call to peer fb861d53c15c40cc9ef02327498a63bb (127.1.130.131:34529): Illegal state: must be running to vote when last-logged opid is not known
I20260709 13:12:30.280062  2861 raft_consensus.cc:2804] T 2c26414561ed4b3f990632ad24c5ae38 P fb861d53c15c40cc9ef02327498a63bb [term 0 FOLLOWER]: Leader pre-election won for term 1
I20260709 13:12:30.280416  2861 raft_consensus.cc:493] T 2c26414561ed4b3f990632ad24c5ae38 P fb861d53c15c40cc9ef02327498a63bb [term 0 FOLLOWER]: Starting leader election (no leader contacted us within the election timeout)
I20260709 13:12:30.280752  2861 raft_consensus.cc:3060] T 2c26414561ed4b3f990632ad24c5ae38 P fb861d53c15c40cc9ef02327498a63bb [term 0 FOLLOWER]: Advancing to term 1
I20260709 13:12:30.281232  2850 tablet_bootstrap.cc:492] T ae4ac4ed4ad8436c9566df8896cc95ca P 8a4e41e8d0ab48348d01e7ad98abc1de: No bootstrap required, opened a new log
I20260709 13:12:30.284705  2850 ts_tablet_manager.cc:1403] T ae4ac4ed4ad8436c9566df8896cc95ca P 8a4e41e8d0ab48348d01e7ad98abc1de: Time spent bootstrapping tablet: real 0.068s	user 0.015s	sys 0.002s
I20260709 13:12:30.286233  2851 raft_consensus.cc:359] T b0be0fc99cc64cd38323a2d3d93fd148 P fb861d53c15c40cc9ef02327498a63bb [term 0 FOLLOWER]: Replica starting. Triggering 0 pending ops. Active config: opid_index: -1 OBSOLETE_local: false peers { permanent_uuid: "8a4e41e8d0ab48348d01e7ad98abc1de" member_type: VOTER last_known_addr { host: "127.1.130.129" port: 44933 } } peers { permanent_uuid: "d72a4ef15d2441eda665a2fd3457b0a0" member_type: VOTER last_known_addr { host: "127.1.130.130" port: 41249 } } peers { permanent_uuid: "fb861d53c15c40cc9ef02327498a63bb" member_type: VOTER last_known_addr { host: "127.1.130.131" port: 34529 } }
I20260709 13:12:30.286886  2851 raft_consensus.cc:385] T b0be0fc99cc64cd38323a2d3d93fd148 P fb861d53c15c40cc9ef02327498a63bb [term 0 FOLLOWER]: Consensus starting up: Expiring failure detector timer to make a prompt election more likely
I20260709 13:12:30.287137  2851 raft_consensus.cc:740] T b0be0fc99cc64cd38323a2d3d93fd148 P fb861d53c15c40cc9ef02327498a63bb [term 0 FOLLOWER]: Becoming Follower/Learner. State: Replica: fb861d53c15c40cc9ef02327498a63bb, State: Initialized, Role: FOLLOWER
I20260709 13:12:30.287730  2861 raft_consensus.cc:515] T 2c26414561ed4b3f990632ad24c5ae38 P fb861d53c15c40cc9ef02327498a63bb [term 1 FOLLOWER]: Starting leader election with config: opid_index: -1 OBSOLETE_local: false peers { permanent_uuid: "8a4e41e8d0ab48348d01e7ad98abc1de" member_type: VOTER last_known_addr { host: "127.1.130.129" port: 44933 } } peers { permanent_uuid: "d72a4ef15d2441eda665a2fd3457b0a0" member_type: VOTER last_known_addr { host: "127.1.130.130" port: 41249 } } peers { permanent_uuid: "fb861d53c15c40cc9ef02327498a63bb" member_type: VOTER last_known_addr { host: "127.1.130.131" port: 34529 } }
I20260709 13:12:30.287992  2851 consensus_queue.cc:260] T b0be0fc99cc64cd38323a2d3d93fd148 P fb861d53c15c40cc9ef02327498a63bb [NON_LEADER]: Queue going to NON_LEADER mode. State: All replicated index: 0, Majority replicated index: 0, Committed index: 0, Last appended: 0.0, Last appended by leader: 0, Current term: 0, Majority size: -1, State: 0, Mode: NON_LEADER, active raft config: opid_index: -1 OBSOLETE_local: false peers { permanent_uuid: "8a4e41e8d0ab48348d01e7ad98abc1de" member_type: VOTER last_known_addr { host: "127.1.130.129" port: 44933 } } peers { permanent_uuid: "d72a4ef15d2441eda665a2fd3457b0a0" member_type: VOTER last_known_addr { host: "127.1.130.130" port: 41249 } } peers { permanent_uuid: "fb861d53c15c40cc9ef02327498a63bb" member_type: VOTER last_known_addr { host: "127.1.130.131" port: 34529 } }
I20260709 13:12:30.281965  2734 raft_consensus.cc:2468] T 41e6289edfd4414a9a67692943516d0c P d72a4ef15d2441eda665a2fd3457b0a0 [term 1 FOLLOWER]: Leader election vote request: Granting yes vote for candidate 8a4e41e8d0ab48348d01e7ad98abc1de in term 1.
I20260709 13:12:30.288448  2850 raft_consensus.cc:359] T ae4ac4ed4ad8436c9566df8896cc95ca P 8a4e41e8d0ab48348d01e7ad98abc1de [term 0 FOLLOWER]: Replica starting. Triggering 0 pending ops. Active config: opid_index: -1 OBSOLETE_local: false peers { permanent_uuid: "8a4e41e8d0ab48348d01e7ad98abc1de" member_type: VOTER last_known_addr { host: "127.1.130.129" port: 44933 } } peers { permanent_uuid: "d72a4ef15d2441eda665a2fd3457b0a0" member_type: VOTER last_known_addr { host: "127.1.130.130" port: 41249 } } peers { permanent_uuid: "fb861d53c15c40cc9ef02327498a63bb" member_type: VOTER last_known_addr { host: "127.1.130.131" port: 34529 } }
I20260709 13:12:30.289438  2850 raft_consensus.cc:385] T ae4ac4ed4ad8436c9566df8896cc95ca P 8a4e41e8d0ab48348d01e7ad98abc1de [term 0 FOLLOWER]: Consensus starting up: Expiring failure detector timer to make a prompt election more likely
I20260709 13:12:30.289731  2850 raft_consensus.cc:740] T ae4ac4ed4ad8436c9566df8896cc95ca P 8a4e41e8d0ab48348d01e7ad98abc1de [term 0 FOLLOWER]: Becoming Follower/Learner. State: Replica: 8a4e41e8d0ab48348d01e7ad98abc1de, State: Initialized, Role: FOLLOWER
I20260709 13:12:30.290036  2851 ts_tablet_manager.cc:1434] T b0be0fc99cc64cd38323a2d3d93fd148 P fb861d53c15c40cc9ef02327498a63bb: Time spent starting tablet: real 0.012s	user 0.004s	sys 0.000s
I20260709 13:12:30.290597  2850 consensus_queue.cc:260] T ae4ac4ed4ad8436c9566df8896cc95ca P 8a4e41e8d0ab48348d01e7ad98abc1de [NON_LEADER]: Queue going to NON_LEADER mode. State: All replicated index: 0, Majority replicated index: 0, Committed index: 0, Last appended: 0.0, Last appended by leader: 0, Current term: 0, Majority size: -1, State: 0, Mode: NON_LEADER, active raft config: opid_index: -1 OBSOLETE_local: false peers { permanent_uuid: "8a4e41e8d0ab48348d01e7ad98abc1de" member_type: VOTER last_known_addr { host: "127.1.130.129" port: 44933 } } peers { permanent_uuid: "d72a4ef15d2441eda665a2fd3457b0a0" member_type: VOTER last_known_addr { host: "127.1.130.130" port: 41249 } } peers { permanent_uuid: "fb861d53c15c40cc9ef02327498a63bb" member_type: VOTER last_known_addr { host: "127.1.130.131" port: 34529 } }
I20260709 13:12:30.291028  2735 tablet_service.cc:1917] Received RequestConsensusVote() RPC: tablet_id: "2c26414561ed4b3f990632ad24c5ae38" candidate_uuid: "fb861d53c15c40cc9ef02327498a63bb" candidate_term: 1 candidate_status { last_received { term: 0 index: 0 } } ignore_live_leader: false dest_uuid: "d72a4ef15d2441eda665a2fd3457b0a0"
W20260709 13:12:30.292462  2775 leader_election.cc:343] T 2c26414561ed4b3f990632ad24c5ae38 P fb861d53c15c40cc9ef02327498a63bb [CANDIDATE]: Term 1 election: Tablet error from VoteRequest() call to peer d72a4ef15d2441eda665a2fd3457b0a0 (127.1.130.130:41249): Illegal state: must be running to vote when last-logged opid is not known
I20260709 13:12:30.293062  2850 ts_tablet_manager.cc:1434] T ae4ac4ed4ad8436c9566df8896cc95ca P 8a4e41e8d0ab48348d01e7ad98abc1de: Time spent starting tablet: real 0.008s	user 0.005s	sys 0.001s
I20260709 13:12:30.293953  2850 tablet_bootstrap.cc:492] T e596317b0aec4af6b29870ad348dfc02 P 8a4e41e8d0ab48348d01e7ad98abc1de: Bootstrap starting.
I20260709 13:12:30.292057  2908 raft_consensus.cc:515] T e596317b0aec4af6b29870ad348dfc02 P fb861d53c15c40cc9ef02327498a63bb [term 1 FOLLOWER]: Starting leader election with config: opid_index: -1 OBSOLETE_local: false peers { permanent_uuid: "8a4e41e8d0ab48348d01e7ad98abc1de" member_type: VOTER last_known_addr { host: "127.1.130.129" port: 44933 } } peers { permanent_uuid: "d72a4ef15d2441eda665a2fd3457b0a0" member_type: VOTER last_known_addr { host: "127.1.130.130" port: 41249 } } peers { permanent_uuid: "fb861d53c15c40cc9ef02327498a63bb" member_type: VOTER last_known_addr { host: "127.1.130.131" port: 34529 } }
I20260709 13:12:30.294090  2660 tablet_service.cc:1917] Received RequestConsensusVote() RPC: tablet_id: "2c26414561ed4b3f990632ad24c5ae38" candidate_uuid: "fb861d53c15c40cc9ef02327498a63bb" candidate_term: 1 candidate_status { last_received { term: 0 index: 0 } } ignore_live_leader: false dest_uuid: "8a4e41e8d0ab48348d01e7ad98abc1de"
I20260709 13:12:30.294617  2660 raft_consensus.cc:3060] T 2c26414561ed4b3f990632ad24c5ae38 P 8a4e41e8d0ab48348d01e7ad98abc1de [term 0 FOLLOWER]: Advancing to term 1
I20260709 13:12:30.295842  2907 raft_consensus.cc:493] T 65b1e605262441d0ac747d875c6627b1 P fb861d53c15c40cc9ef02327498a63bb [term 0 FOLLOWER]: Starting pre-election (no leader contacted us within the election timeout)
I20260709 13:12:30.296339  2907 raft_consensus.cc:515] T 65b1e605262441d0ac747d875c6627b1 P fb861d53c15c40cc9ef02327498a63bb [term 0 FOLLOWER]: Starting pre-election with config: opid_index: -1 OBSOLETE_local: false peers { permanent_uuid: "8a4e41e8d0ab48348d01e7ad98abc1de" member_type: VOTER last_known_addr { host: "127.1.130.129" port: 44933 } } peers { permanent_uuid: "d72a4ef15d2441eda665a2fd3457b0a0" member_type: VOTER last_known_addr { host: "127.1.130.130" port: 41249 } } peers { permanent_uuid: "fb861d53c15c40cc9ef02327498a63bb" member_type: VOTER last_known_addr { host: "127.1.130.131" port: 34529 } }
I20260709 13:12:30.295784  2557 catalog_manager.cc:5697] T acacc33a59b64713bc9c199c1e619746 P 8a4e41e8d0ab48348d01e7ad98abc1de reported cstate change: term changed from 0 to 1, leader changed from <none> to 8a4e41e8d0ab48348d01e7ad98abc1de (127.1.130.129). New cstate: current_term: 1 leader_uuid: "8a4e41e8d0ab48348d01e7ad98abc1de" committed_config { opid_index: -1 OBSOLETE_local: false peers { permanent_uuid: "8a4e41e8d0ab48348d01e7ad98abc1de" member_type: VOTER last_known_addr { host: "127.1.130.129" port: 44933 } health_report { overall_health: HEALTHY } } peers { permanent_uuid: "d72a4ef15d2441eda665a2fd3457b0a0" member_type: VOTER last_known_addr { host: "127.1.130.130" port: 41249 } health_report { overall_health: UNKNOWN } } peers { permanent_uuid: "fb861d53c15c40cc9ef02327498a63bb" member_type: VOTER last_known_addr { host: "127.1.130.131" port: 34529 } health_report { overall_health: UNKNOWN } } }
I20260709 13:12:30.296787  2735 tablet_service.cc:1917] Received RequestConsensusVote() RPC: tablet_id: "e596317b0aec4af6b29870ad348dfc02" candidate_uuid: "fb861d53c15c40cc9ef02327498a63bb" candidate_term: 1 candidate_status { last_received { term: 0 index: 0 } } ignore_live_leader: false dest_uuid: "d72a4ef15d2441eda665a2fd3457b0a0"
I20260709 13:12:30.297369  2735 raft_consensus.cc:3060] T e596317b0aec4af6b29870ad348dfc02 P d72a4ef15d2441eda665a2fd3457b0a0 [term 0 FOLLOWER]: Advancing to term 1
I20260709 13:12:30.298149  2851 tablet_bootstrap.cc:492] T ae4ac4ed4ad8436c9566df8896cc95ca P fb861d53c15c40cc9ef02327498a63bb: Bootstrap starting.
I20260709 13:12:30.298331  2907 leader_election.cc:290] T 65b1e605262441d0ac747d875c6627b1 P fb861d53c15c40cc9ef02327498a63bb [CANDIDATE]: Term 1 pre-election: Requested pre-vote from peers 8a4e41e8d0ab48348d01e7ad98abc1de (127.1.130.129:44933), d72a4ef15d2441eda665a2fd3457b0a0 (127.1.130.130:41249)
I20260709 13:12:30.300493  2733 tablet_service.cc:1917] Received RequestConsensusVote() RPC: tablet_id: "65b1e605262441d0ac747d875c6627b1" candidate_uuid: "fb861d53c15c40cc9ef02327498a63bb" candidate_term: 1 candidate_status { last_received { term: 0 index: 0 } } ignore_live_leader: false dest_uuid: "d72a4ef15d2441eda665a2fd3457b0a0" is_pre_election: true
W20260709 13:12:30.301993  2775 leader_election.cc:343] T 65b1e605262441d0ac747d875c6627b1 P fb861d53c15c40cc9ef02327498a63bb [CANDIDATE]: Term 1 pre-election: Tablet error from VoteRequest() call to peer d72a4ef15d2441eda665a2fd3457b0a0 (127.1.130.130:41249): Illegal state: must be running to vote when last-logged opid is not known
I20260709 13:12:30.302728  2659 tablet_service.cc:1917] Received RequestConsensusVote() RPC: tablet_id: "e596317b0aec4af6b29870ad348dfc02" candidate_uuid: "fb861d53c15c40cc9ef02327498a63bb" candidate_term: 1 candidate_status { last_received { term: 0 index: 0 } } ignore_live_leader: false dest_uuid: "8a4e41e8d0ab48348d01e7ad98abc1de"
I20260709 13:12:30.304273  2851 tablet_bootstrap.cc:654] T ae4ac4ed4ad8436c9566df8896cc95ca P fb861d53c15c40cc9ef02327498a63bb: Neither blocks nor log segments found. Creating new log.
I20260709 13:12:30.304602  2658 tablet_service.cc:1917] Received RequestConsensusVote() RPC: tablet_id: "65b1e605262441d0ac747d875c6627b1" candidate_uuid: "fb861d53c15c40cc9ef02327498a63bb" candidate_term: 1 candidate_status { last_received { term: 0 index: 0 } } ignore_live_leader: false dest_uuid: "8a4e41e8d0ab48348d01e7ad98abc1de" is_pre_election: true
I20260709 13:12:30.305300  2658 raft_consensus.cc:2468] T 65b1e605262441d0ac747d875c6627b1 P 8a4e41e8d0ab48348d01e7ad98abc1de [term 0 FOLLOWER]: Leader pre-election vote request: Granting yes vote for candidate fb861d53c15c40cc9ef02327498a63bb in term 0.
W20260709 13:12:30.307354  2774 leader_election.cc:343] T e596317b0aec4af6b29870ad348dfc02 P fb861d53c15c40cc9ef02327498a63bb [CANDIDATE]: Term 1 election: Tablet error from VoteRequest() call to peer 8a4e41e8d0ab48348d01e7ad98abc1de (127.1.130.129:44933): Illegal state: must be running to vote when last-logged opid is not known
I20260709 13:12:30.314883  2774 leader_election.cc:304] T 65b1e605262441d0ac747d875c6627b1 P fb861d53c15c40cc9ef02327498a63bb [CANDIDATE]: Term 1 pre-election: Election decided. Result: candidate won. Election summary: received 3 responses out of 3 voters: 2 yes votes; 1 no votes. yes voters: 8a4e41e8d0ab48348d01e7ad98abc1de, fb861d53c15c40cc9ef02327498a63bb; no voters: d72a4ef15d2441eda665a2fd3457b0a0
I20260709 13:12:30.315534  2907 raft_consensus.cc:2804] T 65b1e605262441d0ac747d875c6627b1 P fb861d53c15c40cc9ef02327498a63bb [term 0 FOLLOWER]: Leader pre-election won for term 1
I20260709 13:12:30.306993  2861 leader_election.cc:290] T 2c26414561ed4b3f990632ad24c5ae38 P fb861d53c15c40cc9ef02327498a63bb [CANDIDATE]: Term 1 election: Requested vote from peers 8a4e41e8d0ab48348d01e7ad98abc1de (127.1.130.129:44933), d72a4ef15d2441eda665a2fd3457b0a0 (127.1.130.130:41249)
I20260709 13:12:30.315924  2907 raft_consensus.cc:493] T 65b1e605262441d0ac747d875c6627b1 P fb861d53c15c40cc9ef02327498a63bb [term 0 FOLLOWER]: Starting leader election (no leader contacted us within the election timeout)
I20260709 13:12:30.295809  2908 leader_election.cc:290] T e596317b0aec4af6b29870ad348dfc02 P fb861d53c15c40cc9ef02327498a63bb [CANDIDATE]: Term 1 election: Requested vote from peers 8a4e41e8d0ab48348d01e7ad98abc1de (127.1.130.129:44933), d72a4ef15d2441eda665a2fd3457b0a0 (127.1.130.130:41249)
I20260709 13:12:30.316272  2907 raft_consensus.cc:3060] T 65b1e605262441d0ac747d875c6627b1 P fb861d53c15c40cc9ef02327498a63bb [term 0 FOLLOWER]: Advancing to term 1
I20260709 13:12:30.319283  2851 tablet_bootstrap.cc:492] T ae4ac4ed4ad8436c9566df8896cc95ca P fb861d53c15c40cc9ef02327498a63bb: No bootstrap required, opened a new log
I20260709 13:12:30.319731  2851 ts_tablet_manager.cc:1403] T ae4ac4ed4ad8436c9566df8896cc95ca P fb861d53c15c40cc9ef02327498a63bb: Time spent bootstrapping tablet: real 0.022s	user 0.010s	sys 0.007s
I20260709 13:12:30.309837  2735 raft_consensus.cc:2468] T e596317b0aec4af6b29870ad348dfc02 P d72a4ef15d2441eda665a2fd3457b0a0 [term 1 FOLLOWER]: Leader election vote request: Granting yes vote for candidate fb861d53c15c40cc9ef02327498a63bb in term 1.
I20260709 13:12:30.321354  2849 tablet_bootstrap.cc:492] T 65b1e605262441d0ac747d875c6627b1 P d72a4ef15d2441eda665a2fd3457b0a0: No bootstrap required, opened a new log
I20260709 13:12:30.321323  2775 leader_election.cc:304] T e596317b0aec4af6b29870ad348dfc02 P fb861d53c15c40cc9ef02327498a63bb [CANDIDATE]: Term 1 election: Election decided. Result: candidate won. Election summary: received 3 responses out of 3 voters: 2 yes votes; 1 no votes. yes voters: d72a4ef15d2441eda665a2fd3457b0a0, fb861d53c15c40cc9ef02327498a63bb; no voters: 8a4e41e8d0ab48348d01e7ad98abc1de
I20260709 13:12:30.321875  2849 ts_tablet_manager.cc:1403] T 65b1e605262441d0ac747d875c6627b1 P d72a4ef15d2441eda665a2fd3457b0a0: Time spent bootstrapping tablet: real 0.058s	user 0.010s	sys 0.003s
I20260709 13:12:30.322475  2908 raft_consensus.cc:2804] T e596317b0aec4af6b29870ad348dfc02 P fb861d53c15c40cc9ef02327498a63bb [term 1 FOLLOWER]: Leader election won for term 1
I20260709 13:12:30.322274  2851 raft_consensus.cc:359] T ae4ac4ed4ad8436c9566df8896cc95ca P fb861d53c15c40cc9ef02327498a63bb [term 0 FOLLOWER]: Replica starting. Triggering 0 pending ops. Active config: opid_index: -1 OBSOLETE_local: false peers { permanent_uuid: "8a4e41e8d0ab48348d01e7ad98abc1de" member_type: VOTER last_known_addr { host: "127.1.130.129" port: 44933 } } peers { permanent_uuid: "d72a4ef15d2441eda665a2fd3457b0a0" member_type: VOTER last_known_addr { host: "127.1.130.130" port: 41249 } } peers { permanent_uuid: "fb861d53c15c40cc9ef02327498a63bb" member_type: VOTER last_known_addr { host: "127.1.130.131" port: 34529 } }
I20260709 13:12:30.322932  2908 raft_consensus.cc:697] T e596317b0aec4af6b29870ad348dfc02 P fb861d53c15c40cc9ef02327498a63bb [term 1 LEADER]: Becoming Leader. State: Replica: fb861d53c15c40cc9ef02327498a63bb, State: Running, Role: LEADER
I20260709 13:12:30.309784  2660 raft_consensus.cc:2468] T 2c26414561ed4b3f990632ad24c5ae38 P 8a4e41e8d0ab48348d01e7ad98abc1de [term 1 FOLLOWER]: Leader election vote request: Granting yes vote for candidate fb861d53c15c40cc9ef02327498a63bb in term 1.
I20260709 13:12:30.322938  2851 raft_consensus.cc:385] T ae4ac4ed4ad8436c9566df8896cc95ca P fb861d53c15c40cc9ef02327498a63bb [term 0 FOLLOWER]: Consensus starting up: Expiring failure detector timer to make a prompt election more likely
I20260709 13:12:30.311800  2850 tablet_bootstrap.cc:654] T e596317b0aec4af6b29870ad348dfc02 P 8a4e41e8d0ab48348d01e7ad98abc1de: Neither blocks nor log segments found. Creating new log.
I20260709 13:12:30.323884  2908 consensus_queue.cc:237] T e596317b0aec4af6b29870ad348dfc02 P fb861d53c15c40cc9ef02327498a63bb [LEADER]: Queue going to LEADER mode. State: All replicated index: 0, Majority replicated index: 0, Committed index: 0, Last appended: 0.0, Last appended by leader: 0, Current term: 1, Majority size: 2, State: 0, Mode: LEADER, active raft config: opid_index: -1 OBSOLETE_local: false peers { permanent_uuid: "8a4e41e8d0ab48348d01e7ad98abc1de" member_type: VOTER last_known_addr { host: "127.1.130.129" port: 44933 } } peers { permanent_uuid: "d72a4ef15d2441eda665a2fd3457b0a0" member_type: VOTER last_known_addr { host: "127.1.130.130" port: 41249 } } peers { permanent_uuid: "fb861d53c15c40cc9ef02327498a63bb" member_type: VOTER last_known_addr { host: "127.1.130.131" port: 34529 } }
I20260709 13:12:30.324371  2849 raft_consensus.cc:359] T 65b1e605262441d0ac747d875c6627b1 P d72a4ef15d2441eda665a2fd3457b0a0 [term 0 FOLLOWER]: Replica starting. Triggering 0 pending ops. Active config: opid_index: -1 OBSOLETE_local: false peers { permanent_uuid: "8a4e41e8d0ab48348d01e7ad98abc1de" member_type: VOTER last_known_addr { host: "127.1.130.129" port: 44933 } } peers { permanent_uuid: "d72a4ef15d2441eda665a2fd3457b0a0" member_type: VOTER last_known_addr { host: "127.1.130.130" port: 41249 } } peers { permanent_uuid: "fb861d53c15c40cc9ef02327498a63bb" member_type: VOTER last_known_addr { host: "127.1.130.131" port: 34529 } }
I20260709 13:12:30.325433  2849 raft_consensus.cc:385] T 65b1e605262441d0ac747d875c6627b1 P d72a4ef15d2441eda665a2fd3457b0a0 [term 0 FOLLOWER]: Consensus starting up: Expiring failure detector timer to make a prompt election more likely
I20260709 13:12:30.325680  2849 raft_consensus.cc:740] T 65b1e605262441d0ac747d875c6627b1 P d72a4ef15d2441eda665a2fd3457b0a0 [term 0 FOLLOWER]: Becoming Follower/Learner. State: Replica: d72a4ef15d2441eda665a2fd3457b0a0, State: Initialized, Role: FOLLOWER
I20260709 13:12:30.311443  2626 leader_election.cc:304] T 41e6289edfd4414a9a67692943516d0c P 8a4e41e8d0ab48348d01e7ad98abc1de [CANDIDATE]: Term 1 election: Election decided. Result: candidate won. Election summary: received 3 responses out of 3 voters: 2 yes votes; 1 no votes. yes voters: 8a4e41e8d0ab48348d01e7ad98abc1de, d72a4ef15d2441eda665a2fd3457b0a0; no voters: fb861d53c15c40cc9ef02327498a63bb
I20260709 13:12:30.326782  2851 raft_consensus.cc:740] T ae4ac4ed4ad8436c9566df8896cc95ca P fb861d53c15c40cc9ef02327498a63bb [term 0 FOLLOWER]: Becoming Follower/Learner. State: Replica: fb861d53c15c40cc9ef02327498a63bb, State: Initialized, Role: FOLLOWER
I20260709 13:12:30.326939  2853 raft_consensus.cc:2804] T 41e6289edfd4414a9a67692943516d0c P 8a4e41e8d0ab48348d01e7ad98abc1de [term 1 FOLLOWER]: Leader election won for term 1
I20260709 13:12:30.327422  2853 raft_consensus.cc:697] T 41e6289edfd4414a9a67692943516d0c P 8a4e41e8d0ab48348d01e7ad98abc1de [term 1 LEADER]: Becoming Leader. State: Replica: 8a4e41e8d0ab48348d01e7ad98abc1de, State: Running, Role: LEADER
I20260709 13:12:30.327430  2851 consensus_queue.cc:260] T ae4ac4ed4ad8436c9566df8896cc95ca P fb861d53c15c40cc9ef02327498a63bb [NON_LEADER]: Queue going to NON_LEADER mode. State: All replicated index: 0, Majority replicated index: 0, Committed index: 0, Last appended: 0.0, Last appended by leader: 0, Current term: 0, Majority size: -1, State: 0, Mode: NON_LEADER, active raft config: opid_index: -1 OBSOLETE_local: false peers { permanent_uuid: "8a4e41e8d0ab48348d01e7ad98abc1de" member_type: VOTER last_known_addr { host: "127.1.130.129" port: 44933 } } peers { permanent_uuid: "d72a4ef15d2441eda665a2fd3457b0a0" member_type: VOTER last_known_addr { host: "127.1.130.130" port: 41249 } } peers { permanent_uuid: "fb861d53c15c40cc9ef02327498a63bb" member_type: VOTER last_known_addr { host: "127.1.130.131" port: 34529 } }
I20260709 13:12:30.327894  2774 leader_election.cc:304] T 2c26414561ed4b3f990632ad24c5ae38 P fb861d53c15c40cc9ef02327498a63bb [CANDIDATE]: Term 1 election: Election decided. Result: candidate won. Election summary: received 3 responses out of 3 voters: 2 yes votes; 1 no votes. yes voters: 8a4e41e8d0ab48348d01e7ad98abc1de, fb861d53c15c40cc9ef02327498a63bb; no voters: d72a4ef15d2441eda665a2fd3457b0a0
I20260709 13:12:30.328431  2853 consensus_queue.cc:237] T 41e6289edfd4414a9a67692943516d0c P 8a4e41e8d0ab48348d01e7ad98abc1de [LEADER]: Queue going to LEADER mode. State: All replicated index: 0, Majority replicated index: 0, Committed index: 0, Last appended: 0.0, Last appended by leader: 0, Current term: 1, Majority size: 2, State: 0, Mode: LEADER, active raft config: opid_index: -1 OBSOLETE_local: false peers { permanent_uuid: "8a4e41e8d0ab48348d01e7ad98abc1de" member_type: VOTER last_known_addr { host: "127.1.130.129" port: 44933 } } peers { permanent_uuid: "d72a4ef15d2441eda665a2fd3457b0a0" member_type: VOTER last_known_addr { host: "127.1.130.130" port: 41249 } } peers { permanent_uuid: "fb861d53c15c40cc9ef02327498a63bb" member_type: VOTER last_known_addr { host: "127.1.130.131" port: 34529 } }
I20260709 13:12:30.329233  2851 ts_tablet_manager.cc:1434] T ae4ac4ed4ad8436c9566df8896cc95ca P fb861d53c15c40cc9ef02327498a63bb: Time spent starting tablet: real 0.009s	user 0.004s	sys 0.000s
I20260709 13:12:30.329274  2902 raft_consensus.cc:2804] T 2c26414561ed4b3f990632ad24c5ae38 P fb861d53c15c40cc9ef02327498a63bb [term 1 FOLLOWER]: Leader election won for term 1
I20260709 13:12:30.329838  2902 raft_consensus.cc:697] T 2c26414561ed4b3f990632ad24c5ae38 P fb861d53c15c40cc9ef02327498a63bb [term 1 LEADER]: Becoming Leader. State: Replica: fb861d53c15c40cc9ef02327498a63bb, State: Running, Role: LEADER
I20260709 13:12:30.330165  2851 tablet_bootstrap.cc:492] T acacc33a59b64713bc9c199c1e619746 P fb861d53c15c40cc9ef02327498a63bb: Bootstrap starting.
