I20260709 13:12:37.266805  4062 raft_consensus.cc:493] T f5fcb3dba7aa4f249eef34554c5701a4 P 94a3130bdef64fc384753fa9ca41857d [term 0 FOLLOWER]: Starting pre-election (no leader contacted us within the election timeout)
I20260709 13:12:37.267405  4062 raft_consensus.cc:515] T f5fcb3dba7aa4f249eef34554c5701a4 P 94a3130bdef64fc384753fa9ca41857d [term 0 FOLLOWER]: Starting pre-election with config: opid_index: -1 OBSOLETE_local: false peers { permanent_uuid: "94a3130bdef64fc384753fa9ca41857d" member_type: VOTER last_known_addr { host: "127.2.114.65" port: 37849 } } peers { permanent_uuid: "0d71b155b89748fdbc379de2b936a190" member_type: VOTER last_known_addr { host: "127.2.114.66" port: 43841 } } peers { permanent_uuid: "94cb8e69905d4f04a4fbff81790281f4" member_type: VOTER last_known_addr { host: "127.2.114.67" port: 42457 } }
I20260709 13:12:37.269992  4062 leader_election.cc:290] T f5fcb3dba7aa4f249eef34554c5701a4 P 94a3130bdef64fc384753fa9ca41857d [CANDIDATE]: Term 1 pre-election: Requested pre-vote from peers 0d71b155b89748fdbc379de2b936a190 (127.2.114.66:43841), 94cb8e69905d4f04a4fbff81790281f4 (127.2.114.67:42457)
I20260709 13:12:37.271226  3778 tablet_service.cc:1917] Received RequestConsensusVote() RPC: tablet_id: "f5fcb3dba7aa4f249eef34554c5701a4" candidate_uuid: "94a3130bdef64fc384753fa9ca41857d" candidate_term: 1 candidate_status { last_received { term: 0 index: 0 } } ignore_live_leader: false dest_uuid: "94cb8e69905d4f04a4fbff81790281f4" is_pre_election: true
W20260709 13:12:37.274684  3599 leader_election.cc:343] T f5fcb3dba7aa4f249eef34554c5701a4 P 94a3130bdef64fc384753fa9ca41857d [CANDIDATE]: Term 1 pre-election: Tablet error from VoteRequest() call to peer 94cb8e69905d4f04a4fbff81790281f4 (127.2.114.67:42457): Illegal state: must be running to vote when last-logged opid is not known
I20260709 13:12:37.294124  3823 tablet_bootstrap.cc:492] T 95ac88efe8f14db891bc03a2d6f647a3 P 0d71b155b89748fdbc379de2b936a190: No bootstrap required, opened a new log
I20260709 13:12:37.294683  3823 ts_tablet_manager.cc:1403] T 95ac88efe8f14db891bc03a2d6f647a3 P 0d71b155b89748fdbc379de2b936a190: Time spent bootstrapping tablet: real 0.047s	user 0.013s	sys 0.009s
I20260709 13:12:37.301746  3823 raft_consensus.cc:359] T 95ac88efe8f14db891bc03a2d6f647a3 P 0d71b155b89748fdbc379de2b936a190 [term 0 FOLLOWER]: Replica starting. Triggering 0 pending ops. Active config: opid_index: -1 OBSOLETE_local: false peers { permanent_uuid: "94a3130bdef64fc384753fa9ca41857d" member_type: VOTER last_known_addr { host: "127.2.114.65" port: 37849 } } peers { permanent_uuid: "0d71b155b89748fdbc379de2b936a190" member_type: VOTER last_known_addr { host: "127.2.114.66" port: 43841 } } peers { permanent_uuid: "94cb8e69905d4f04a4fbff81790281f4" member_type: VOTER last_known_addr { host: "127.2.114.67" port: 42457 } }
I20260709 13:12:37.302475  3823 raft_consensus.cc:385] T 95ac88efe8f14db891bc03a2d6f647a3 P 0d71b155b89748fdbc379de2b936a190 [term 0 FOLLOWER]: Consensus starting up: Expiring failure detector timer to make a prompt election more likely
I20260709 13:12:37.302786  3823 raft_consensus.cc:740] T 95ac88efe8f14db891bc03a2d6f647a3 P 0d71b155b89748fdbc379de2b936a190 [term 0 FOLLOWER]: Becoming Follower/Learner. State: Replica: 0d71b155b89748fdbc379de2b936a190, State: Initialized, Role: FOLLOWER
I20260709 13:12:37.303809  3825 tablet_bootstrap.cc:492] T f5fcb3dba7aa4f249eef34554c5701a4 P 94cb8e69905d4f04a4fbff81790281f4: No bootstrap required, opened a new log
I20260709 13:12:37.304211  3825 ts_tablet_manager.cc:1403] T f5fcb3dba7aa4f249eef34554c5701a4 P 94cb8e69905d4f04a4fbff81790281f4: Time spent bootstrapping tablet: real 0.087s	user 0.022s	sys 0.012s
I20260709 13:12:37.306630  3825 raft_consensus.cc:359] T f5fcb3dba7aa4f249eef34554c5701a4 P 94cb8e69905d4f04a4fbff81790281f4 [term 0 FOLLOWER]: Replica starting. Triggering 0 pending ops. Active config: opid_index: -1 OBSOLETE_local: false peers { permanent_uuid: "94a3130bdef64fc384753fa9ca41857d" member_type: VOTER last_known_addr { host: "127.2.114.65" port: 37849 } } peers { permanent_uuid: "0d71b155b89748fdbc379de2b936a190" member_type: VOTER last_known_addr { host: "127.2.114.66" port: 43841 } } peers { permanent_uuid: "94cb8e69905d4f04a4fbff81790281f4" member_type: VOTER last_known_addr { host: "127.2.114.67" port: 42457 } }
I20260709 13:12:37.307260  3825 raft_consensus.cc:385] T f5fcb3dba7aa4f249eef34554c5701a4 P 94cb8e69905d4f04a4fbff81790281f4 [term 0 FOLLOWER]: Consensus starting up: Expiring failure detector timer to make a prompt election more likely
I20260709 13:12:37.307530  3825 raft_consensus.cc:740] T f5fcb3dba7aa4f249eef34554c5701a4 P 94cb8e69905d4f04a4fbff81790281f4 [term 0 FOLLOWER]: Becoming Follower/Learner. State: Replica: 94cb8e69905d4f04a4fbff81790281f4, State: Initialized, Role: FOLLOWER
I20260709 13:12:37.303547  3823 consensus_queue.cc:260] T 95ac88efe8f14db891bc03a2d6f647a3 P 0d71b155b89748fdbc379de2b936a190 [NON_LEADER]: Queue going to NON_LEADER mode. State: All replicated index: 0, Majority replicated index: 0, Committed index: 0, Last appended: 0.0, Last appended by leader: 0, Current term: 0, Majority size: -1, State: 0, Mode: NON_LEADER, active raft config: opid_index: -1 OBSOLETE_local: false peers { permanent_uuid: "94a3130bdef64fc384753fa9ca41857d" member_type: VOTER last_known_addr { host: "127.2.114.65" port: 37849 } } peers { permanent_uuid: "0d71b155b89748fdbc379de2b936a190" member_type: VOTER last_known_addr { host: "127.2.114.66" port: 43841 } } peers { permanent_uuid: "94cb8e69905d4f04a4fbff81790281f4" member_type: VOTER last_known_addr { host: "127.2.114.67" port: 42457 } }
I20260709 13:12:37.308153  3825 consensus_queue.cc:260] T f5fcb3dba7aa4f249eef34554c5701a4 P 94cb8e69905d4f04a4fbff81790281f4 [NON_LEADER]: Queue going to NON_LEADER mode. State: All replicated index: 0, Majority replicated index: 0, Committed index: 0, Last appended: 0.0, Last appended by leader: 0, Current term: 0, Majority size: -1, State: 0, Mode: NON_LEADER, active raft config: opid_index: -1 OBSOLETE_local: false peers { permanent_uuid: "94a3130bdef64fc384753fa9ca41857d" member_type: VOTER last_known_addr { host: "127.2.114.65" port: 37849 } } peers { permanent_uuid: "0d71b155b89748fdbc379de2b936a190" member_type: VOTER last_known_addr { host: "127.2.114.66" port: 43841 } } peers { permanent_uuid: "94cb8e69905d4f04a4fbff81790281f4" member_type: VOTER last_known_addr { host: "127.2.114.67" port: 42457 } }
I20260709 13:12:37.310000  3825 ts_tablet_manager.cc:1434] T f5fcb3dba7aa4f249eef34554c5701a4 P 94cb8e69905d4f04a4fbff81790281f4: Time spent starting tablet: real 0.006s	user 0.004s	sys 0.000s
I20260709 13:12:37.311497  3674 leader_election.cc:304] T e1c2a3e4ba6b44bcaf11b52f8d7191a7 P 0d71b155b89748fdbc379de2b936a190 [CANDIDATE]: Term 1 pre-election: Election decided. Result: candidate won. Election summary: received 3 responses out of 3 voters: 2 yes votes; 1 no votes. yes voters: 0d71b155b89748fdbc379de2b936a190, 94cb8e69905d4f04a4fbff81790281f4; no voters: 94a3130bdef64fc384753fa9ca41857d
I20260709 13:12:37.312798  4033 raft_consensus.cc:2804] T e1c2a3e4ba6b44bcaf11b52f8d7191a7 P 0d71b155b89748fdbc379de2b936a190 [term 0 FOLLOWER]: Leader pre-election won for term 1
I20260709 13:12:37.313141  4033 raft_consensus.cc:493] T e1c2a3e4ba6b44bcaf11b52f8d7191a7 P 0d71b155b89748fdbc379de2b936a190 [term 0 FOLLOWER]: Starting leader election (no leader contacted us within the election timeout)
I20260709 13:12:37.313452  4033 raft_consensus.cc:3060] T e1c2a3e4ba6b44bcaf11b52f8d7191a7 P 0d71b155b89748fdbc379de2b936a190 [term 0 FOLLOWER]: Advancing to term 1
I20260709 13:12:37.310777  3825 tablet_bootstrap.cc:492] T 95ac88efe8f14db891bc03a2d6f647a3 P 94cb8e69905d4f04a4fbff81790281f4: Bootstrap starting.
I20260709 13:12:37.315177  3708 tablet_service.cc:1917] Received RequestConsensusVote() RPC: tablet_id: "f5fcb3dba7aa4f249eef34554c5701a4" candidate_uuid: "94a3130bdef64fc384753fa9ca41857d" candidate_term: 1 candidate_status { last_received { term: 0 index: 0 } } ignore_live_leader: false dest_uuid: "0d71b155b89748fdbc379de2b936a190" is_pre_election: true
I20260709 13:12:37.315757  3708 raft_consensus.cc:2468] T f5fcb3dba7aa4f249eef34554c5701a4 P 0d71b155b89748fdbc379de2b936a190 [term 0 FOLLOWER]: Leader pre-election vote request: Granting yes vote for candidate 94a3130bdef64fc384753fa9ca41857d in term 0.
I20260709 13:12:37.317734  3822 tablet_bootstrap.cc:492] T d25dd6e5034347348141ee887a6ddd3d P 94a3130bdef64fc384753fa9ca41857d: No bootstrap required, opened a new log
I20260709 13:12:37.318153  3822 ts_tablet_manager.cc:1403] T d25dd6e5034347348141ee887a6ddd3d P 94a3130bdef64fc384753fa9ca41857d: Time spent bootstrapping tablet: real 0.226s	user 0.014s	sys 0.000s
I20260709 13:12:37.320773  3599 leader_election.cc:304] T f5fcb3dba7aa4f249eef34554c5701a4 P 94a3130bdef64fc384753fa9ca41857d [CANDIDATE]: Term 1 pre-election: Election decided. Result: candidate won. Election summary: received 3 responses out of 3 voters: 2 yes votes; 1 no votes. yes voters: 0d71b155b89748fdbc379de2b936a190, 94a3130bdef64fc384753fa9ca41857d; no voters: 94cb8e69905d4f04a4fbff81790281f4
I20260709 13:12:37.321084  3825 tablet_bootstrap.cc:654] T 95ac88efe8f14db891bc03a2d6f647a3 P 94cb8e69905d4f04a4fbff81790281f4: Neither blocks nor log segments found. Creating new log.
I20260709 13:12:37.320787  3822 raft_consensus.cc:359] T d25dd6e5034347348141ee887a6ddd3d P 94a3130bdef64fc384753fa9ca41857d [term 0 FOLLOWER]: Replica starting. Triggering 0 pending ops. Active config: opid_index: -1 OBSOLETE_local: false peers { permanent_uuid: "94a3130bdef64fc384753fa9ca41857d" member_type: VOTER last_known_addr { host: "127.2.114.65" port: 37849 } } peers { permanent_uuid: "0d71b155b89748fdbc379de2b936a190" member_type: VOTER last_known_addr { host: "127.2.114.66" port: 43841 } } peers { permanent_uuid: "94cb8e69905d4f04a4fbff81790281f4" member_type: VOTER last_known_addr { host: "127.2.114.67" port: 42457 } }
I20260709 13:12:37.321722  3822 raft_consensus.cc:385] T d25dd6e5034347348141ee887a6ddd3d P 94a3130bdef64fc384753fa9ca41857d [term 0 FOLLOWER]: Consensus starting up: Expiring failure detector timer to make a prompt election more likely
I20260709 13:12:37.321991  3822 raft_consensus.cc:740] T d25dd6e5034347348141ee887a6ddd3d P 94a3130bdef64fc384753fa9ca41857d [term 0 FOLLOWER]: Becoming Follower/Learner. State: Replica: 94a3130bdef64fc384753fa9ca41857d, State: Initialized, Role: FOLLOWER
I20260709 13:12:37.322773  3947 raft_consensus.cc:2804] T f5fcb3dba7aa4f249eef34554c5701a4 P 94a3130bdef64fc384753fa9ca41857d [term 0 FOLLOWER]: Leader pre-election won for term 1
I20260709 13:12:37.322595  3822 consensus_queue.cc:260] T d25dd6e5034347348141ee887a6ddd3d P 94a3130bdef64fc384753fa9ca41857d [NON_LEADER]: Queue going to NON_LEADER mode. State: All replicated index: 0, Majority replicated index: 0, Committed index: 0, Last appended: 0.0, Last appended by leader: 0, Current term: 0, Majority size: -1, State: 0, Mode: NON_LEADER, active raft config: opid_index: -1 OBSOLETE_local: false peers { permanent_uuid: "94a3130bdef64fc384753fa9ca41857d" member_type: VOTER last_known_addr { host: "127.2.114.65" port: 37849 } } peers { permanent_uuid: "0d71b155b89748fdbc379de2b936a190" member_type: VOTER last_known_addr { host: "127.2.114.66" port: 43841 } } peers { permanent_uuid: "94cb8e69905d4f04a4fbff81790281f4" member_type: VOTER last_known_addr { host: "127.2.114.67" port: 42457 } }
I20260709 13:12:37.323137  3947 raft_consensus.cc:493] T f5fcb3dba7aa4f249eef34554c5701a4 P 94a3130bdef64fc384753fa9ca41857d [term 0 FOLLOWER]: Starting leader election (no leader contacted us within the election timeout)
I20260709 13:12:37.324592  3947 raft_consensus.cc:3060] T f5fcb3dba7aa4f249eef34554c5701a4 P 94a3130bdef64fc384753fa9ca41857d [term 0 FOLLOWER]: Advancing to term 1
I20260709 13:12:37.328084  3822 ts_tablet_manager.cc:1434] T d25dd6e5034347348141ee887a6ddd3d P 94a3130bdef64fc384753fa9ca41857d: Time spent starting tablet: real 0.010s	user 0.008s	sys 0.000s
I20260709 13:12:37.331549  3822 tablet_bootstrap.cc:492] T e1c2a3e4ba6b44bcaf11b52f8d7191a7 P 94a3130bdef64fc384753fa9ca41857d: Bootstrap starting.
I20260709 13:12:37.332824  4062 raft_consensus.cc:493] T d25dd6e5034347348141ee887a6ddd3d P 94a3130bdef64fc384753fa9ca41857d [term 0 FOLLOWER]: Starting pre-election (no leader contacted us within the election timeout)
I20260709 13:12:37.333261  4062 raft_consensus.cc:515] T d25dd6e5034347348141ee887a6ddd3d P 94a3130bdef64fc384753fa9ca41857d [term 0 FOLLOWER]: Starting pre-election with config: opid_index: -1 OBSOLETE_local: false peers { permanent_uuid: "94a3130bdef64fc384753fa9ca41857d" member_type: VOTER last_known_addr { host: "127.2.114.65" port: 37849 } } peers { permanent_uuid: "0d71b155b89748fdbc379de2b936a190" member_type: VOTER last_known_addr { host: "127.2.114.66" port: 43841 } } peers { permanent_uuid: "94cb8e69905d4f04a4fbff81790281f4" member_type: VOTER last_known_addr { host: "127.2.114.67" port: 42457 } }
I20260709 13:12:37.335016  4062 leader_election.cc:290] T d25dd6e5034347348141ee887a6ddd3d P 94a3130bdef64fc384753fa9ca41857d [CANDIDATE]: Term 1 pre-election: Requested pre-vote from peers 0d71b155b89748fdbc379de2b936a190 (127.2.114.66:43841), 94cb8e69905d4f04a4fbff81790281f4 (127.2.114.67:42457)
I20260709 13:12:37.336905  3960 raft_consensus.cc:493] T f9b17c52088a49609eaa73c6bac6e81d P 94cb8e69905d4f04a4fbff81790281f4 [term 0 FOLLOWER]: Starting pre-election (no leader contacted us within the election timeout)
I20260709 13:12:37.337338  3960 raft_consensus.cc:515] T f9b17c52088a49609eaa73c6bac6e81d P 94cb8e69905d4f04a4fbff81790281f4 [term 0 FOLLOWER]: Starting pre-election with config: opid_index: -1 OBSOLETE_local: false peers { permanent_uuid: "94a3130bdef64fc384753fa9ca41857d" member_type: VOTER last_known_addr { host: "127.2.114.65" port: 37849 } } peers { permanent_uuid: "0d71b155b89748fdbc379de2b936a190" member_type: VOTER last_known_addr { host: "127.2.114.66" port: 43841 } } peers { permanent_uuid: "94cb8e69905d4f04a4fbff81790281f4" member_type: VOTER last_known_addr { host: "127.2.114.67" port: 42457 } }
I20260709 13:12:37.339270  3777 tablet_service.cc:1917] Received RequestConsensusVote() RPC: tablet_id: "d25dd6e5034347348141ee887a6ddd3d" candidate_uuid: "94a3130bdef64fc384753fa9ca41857d" candidate_term: 1 candidate_status { last_received { term: 0 index: 0 } } ignore_live_leader: false dest_uuid: "94cb8e69905d4f04a4fbff81790281f4" is_pre_election: true
I20260709 13:12:37.339939  3630 tablet_service.cc:1917] Received RequestConsensusVote() RPC: tablet_id: "f9b17c52088a49609eaa73c6bac6e81d" candidate_uuid: "94cb8e69905d4f04a4fbff81790281f4" candidate_term: 1 candidate_status { last_received { term: 0 index: 0 } } ignore_live_leader: false dest_uuid: "94a3130bdef64fc384753fa9ca41857d" is_pre_election: true
W20260709 13:12:37.340447  3599 leader_election.cc:343] T d25dd6e5034347348141ee887a6ddd3d P 94a3130bdef64fc384753fa9ca41857d [CANDIDATE]: Term 1 pre-election: Tablet error from VoteRequest() call to peer 94cb8e69905d4f04a4fbff81790281f4 (127.2.114.67:42457): Illegal state: must be running to vote when last-logged opid is not known
I20260709 13:12:37.340890  3960 leader_election.cc:290] T f9b17c52088a49609eaa73c6bac6e81d P 94cb8e69905d4f04a4fbff81790281f4 [CANDIDATE]: Term 1 pre-election: Requested pre-vote from peers 94a3130bdef64fc384753fa9ca41857d (127.2.114.65:37849), 0d71b155b89748fdbc379de2b936a190 (127.2.114.66:43841)
W20260709 13:12:37.341262  3747 leader_election.cc:343] T f9b17c52088a49609eaa73c6bac6e81d P 94cb8e69905d4f04a4fbff81790281f4 [CANDIDATE]: Term 1 pre-election: Tablet error from VoteRequest() call to peer 94a3130bdef64fc384753fa9ca41857d (127.2.114.65:37849): Illegal state: must be running to vote when last-logged opid is not known
I20260709 13:12:37.339274  3947 raft_consensus.cc:515] T f5fcb3dba7aa4f249eef34554c5701a4 P 94a3130bdef64fc384753fa9ca41857d [term 1 FOLLOWER]: Starting leader election with config: opid_index: -1 OBSOLETE_local: false peers { permanent_uuid: "94a3130bdef64fc384753fa9ca41857d" member_type: VOTER last_known_addr { host: "127.2.114.65" port: 37849 } } peers { permanent_uuid: "0d71b155b89748fdbc379de2b936a190" member_type: VOTER last_known_addr { host: "127.2.114.66" port: 43841 } } peers { permanent_uuid: "94cb8e69905d4f04a4fbff81790281f4" member_type: VOTER last_known_addr { host: "127.2.114.67" port: 42457 } }
I20260709 13:12:37.342713  3704 tablet_service.cc:1917] Received RequestConsensusVote() RPC: tablet_id: "f9b17c52088a49609eaa73c6bac6e81d" candidate_uuid: "94cb8e69905d4f04a4fbff81790281f4" candidate_term: 1 candidate_status { last_received { term: 0 index: 0 } } ignore_live_leader: false dest_uuid: "0d71b155b89748fdbc379de2b936a190" is_pre_election: true
I20260709 13:12:37.343451  3704 raft_consensus.cc:2468] T f9b17c52088a49609eaa73c6bac6e81d P 0d71b155b89748fdbc379de2b936a190 [term 0 FOLLOWER]: Leader pre-election vote request: Granting yes vote for candidate 94cb8e69905d4f04a4fbff81790281f4 in term 0.
I20260709 13:12:37.344301  3708 tablet_service.cc:1917] Received RequestConsensusVote() RPC: tablet_id: "d25dd6e5034347348141ee887a6ddd3d" candidate_uuid: "94a3130bdef64fc384753fa9ca41857d" candidate_term: 1 candidate_status { last_received { term: 0 index: 0 } } ignore_live_leader: false dest_uuid: "0d71b155b89748fdbc379de2b936a190" is_pre_election: true
I20260709 13:12:37.344630  3748 leader_election.cc:304] T f9b17c52088a49609eaa73c6bac6e81d P 94cb8e69905d4f04a4fbff81790281f4 [CANDIDATE]: Term 1 pre-election: Election decided. Result: candidate won. Election summary: received 3 responses out of 3 voters: 2 yes votes; 1 no votes. yes voters: 0d71b155b89748fdbc379de2b936a190, 94cb8e69905d4f04a4fbff81790281f4; no voters: 94a3130bdef64fc384753fa9ca41857d
W20260709 13:12:37.347908  3599 leader_election.cc:343] T d25dd6e5034347348141ee887a6ddd3d P 94a3130bdef64fc384753fa9ca41857d [CANDIDATE]: Term 1 pre-election: Tablet error from VoteRequest() call to peer 0d71b155b89748fdbc379de2b936a190 (127.2.114.66:43841): Illegal state: must be running to vote when last-logged opid is not known
I20260709 13:12:37.348130  3960 raft_consensus.cc:2804] T f9b17c52088a49609eaa73c6bac6e81d P 94cb8e69905d4f04a4fbff81790281f4 [term 0 FOLLOWER]: Leader pre-election won for term 1
I20260709 13:12:37.348871  3777 tablet_service.cc:1917] Received RequestConsensusVote() RPC: tablet_id: "f5fcb3dba7aa4f249eef34554c5701a4" candidate_uuid: "94a3130bdef64fc384753fa9ca41857d" candidate_term: 1 candidate_status { last_received { term: 0 index: 0 } } ignore_live_leader: false dest_uuid: "94cb8e69905d4f04a4fbff81790281f4"
I20260709 13:12:37.350950  3947 leader_election.cc:290] T f5fcb3dba7aa4f249eef34554c5701a4 P 94a3130bdef64fc384753fa9ca41857d [CANDIDATE]: Term 1 election: Requested vote from peers 0d71b155b89748fdbc379de2b936a190 (127.2.114.66:43841), 94cb8e69905d4f04a4fbff81790281f4 (127.2.114.67:42457)
I20260709 13:12:37.351142  3777 raft_consensus.cc:3060] T f5fcb3dba7aa4f249eef34554c5701a4 P 94cb8e69905d4f04a4fbff81790281f4 [term 0 FOLLOWER]: Advancing to term 1
I20260709 13:12:37.348026  3704 tablet_service.cc:1917] Received RequestConsensusVote() RPC: tablet_id: "f5fcb3dba7aa4f249eef34554c5701a4" candidate_uuid: "94a3130bdef64fc384753fa9ca41857d" candidate_term: 1 candidate_status { last_received { term: 0 index: 0 } } ignore_live_leader: false dest_uuid: "0d71b155b89748fdbc379de2b936a190"
I20260709 13:12:37.351751  3704 raft_consensus.cc:3060] T f5fcb3dba7aa4f249eef34554c5701a4 P 0d71b155b89748fdbc379de2b936a190 [term 0 FOLLOWER]: Advancing to term 1
I20260709 13:12:37.350857  3599 leader_election.cc:304] T d25dd6e5034347348141ee887a6ddd3d P 94a3130bdef64fc384753fa9ca41857d [CANDIDATE]: Term 1 pre-election: Election decided. Result: candidate lost. Election summary: received 3 responses out of 3 voters: 1 yes votes; 2 no votes. yes voters: 94a3130bdef64fc384753fa9ca41857d; no voters: 0d71b155b89748fdbc379de2b936a190, 94cb8e69905d4f04a4fbff81790281f4
I20260709 13:12:37.355998  3947 raft_consensus.cc:2749] T d25dd6e5034347348141ee887a6ddd3d P 94a3130bdef64fc384753fa9ca41857d [term 0 FOLLOWER]: Leader pre-election lost for term 1. Reason: could not achieve majority
I20260709 13:12:37.350842  3960 raft_consensus.cc:493] T f9b17c52088a49609eaa73c6bac6e81d P 94cb8e69905d4f04a4fbff81790281f4 [term 0 FOLLOWER]: Starting leader election (no leader contacted us within the election timeout)
I20260709 13:12:37.356498  3960 raft_consensus.cc:3060] T f9b17c52088a49609eaa73c6bac6e81d P 94cb8e69905d4f04a4fbff81790281f4 [term 0 FOLLOWER]: Advancing to term 1
I20260709 13:12:37.360713  3822 tablet_bootstrap.cc:654] T e1c2a3e4ba6b44bcaf11b52f8d7191a7 P 94a3130bdef64fc384753fa9ca41857d: Neither blocks nor log segments found. Creating new log.
I20260709 13:12:37.361344  3704 raft_consensus.cc:2468] T f5fcb3dba7aa4f249eef34554c5701a4 P 0d71b155b89748fdbc379de2b936a190 [term 1 FOLLOWER]: Leader election vote request: Granting yes vote for candidate 94a3130bdef64fc384753fa9ca41857d in term 1.
I20260709 13:12:37.362599  3599 leader_election.cc:304] T f5fcb3dba7aa4f249eef34554c5701a4 P 94a3130bdef64fc384753fa9ca41857d [CANDIDATE]: Term 1 election: Election decided. Result: candidate won. Election summary: received 2 responses out of 3 voters: 2 yes votes; 0 no votes. yes voters: 0d71b155b89748fdbc379de2b936a190, 94a3130bdef64fc384753fa9ca41857d; no voters: 
I20260709 13:12:37.367129  4033 raft_consensus.cc:515] T e1c2a3e4ba6b44bcaf11b52f8d7191a7 P 0d71b155b89748fdbc379de2b936a190 [term 1 FOLLOWER]: Starting leader election with config: opid_index: -1 OBSOLETE_local: false peers { permanent_uuid: "94a3130bdef64fc384753fa9ca41857d" member_type: VOTER last_known_addr { host: "127.2.114.65" port: 37849 } } peers { permanent_uuid: "0d71b155b89748fdbc379de2b936a190" member_type: VOTER last_known_addr { host: "127.2.114.66" port: 43841 } } peers { permanent_uuid: "94cb8e69905d4f04a4fbff81790281f4" member_type: VOTER last_known_addr { host: "127.2.114.67" port: 42457 } }
I20260709 13:12:37.369539  3777 raft_consensus.cc:2468] T f5fcb3dba7aa4f249eef34554c5701a4 P 94cb8e69905d4f04a4fbff81790281f4 [term 1 FOLLOWER]: Leader election vote request: Granting yes vote for candidate 94a3130bdef64fc384753fa9ca41857d in term 1.
I20260709 13:12:37.369817  4033 leader_election.cc:290] T e1c2a3e4ba6b44bcaf11b52f8d7191a7 P 0d71b155b89748fdbc379de2b936a190 [CANDIDATE]: Term 1 election: Requested vote from peers 94a3130bdef64fc384753fa9ca41857d (127.2.114.65:37849), 94cb8e69905d4f04a4fbff81790281f4 (127.2.114.67:42457)
I20260709 13:12:37.369964  3630 tablet_service.cc:1917] Received RequestConsensusVote() RPC: tablet_id: "e1c2a3e4ba6b44bcaf11b52f8d7191a7" candidate_uuid: "0d71b155b89748fdbc379de2b936a190" candidate_term: 1 candidate_status { last_received { term: 0 index: 0 } } ignore_live_leader: false dest_uuid: "94a3130bdef64fc384753fa9ca41857d"
I20260709 13:12:37.371096  3779 tablet_service.cc:1917] Received RequestConsensusVote() RPC: tablet_id: "e1c2a3e4ba6b44bcaf11b52f8d7191a7" candidate_uuid: "0d71b155b89748fdbc379de2b936a190" candidate_term: 1 candidate_status { last_received { term: 0 index: 0 } } ignore_live_leader: false dest_uuid: "94cb8e69905d4f04a4fbff81790281f4"
I20260709 13:12:37.377707  3779 raft_consensus.cc:3060] T e1c2a3e4ba6b44bcaf11b52f8d7191a7 P 94cb8e69905d4f04a4fbff81790281f4 [term 0 FOLLOWER]: Advancing to term 1
W20260709 13:12:37.379696  3673 leader_election.cc:343] T e1c2a3e4ba6b44bcaf11b52f8d7191a7 P 0d71b155b89748fdbc379de2b936a190 [CANDIDATE]: Term 1 election: Tablet error from VoteRequest() call to peer 94a3130bdef64fc384753fa9ca41857d (127.2.114.65:37849): Illegal state: must be running to vote when last-logged opid is not known
I20260709 13:12:37.376259  3823 ts_tablet_manager.cc:1434] T 95ac88efe8f14db891bc03a2d6f647a3 P 0d71b155b89748fdbc379de2b936a190: Time spent starting tablet: real 0.077s	user 0.005s	sys 0.001s
I20260709 13:12:37.364773  3947 raft_consensus.cc:2804] T f5fcb3dba7aa4f249eef34554c5701a4 P 94a3130bdef64fc384753fa9ca41857d [term 1 FOLLOWER]: Leader election won for term 1
I20260709 13:12:37.387562  3947 raft_consensus.cc:697] T f5fcb3dba7aa4f249eef34554c5701a4 P 94a3130bdef64fc384753fa9ca41857d [term 1 LEADER]: Becoming Leader. State: Replica: 94a3130bdef64fc384753fa9ca41857d, State: Running, Role: LEADER
I20260709 13:12:37.388619  3947 consensus_queue.cc:237] T f5fcb3dba7aa4f249eef34554c5701a4 P 94a3130bdef64fc384753fa9ca41857d [LEADER]: Queue going to LEADER mode. State: All replicated index: 0, Majority replicated index: 0, Committed index: 0, Last appended: 0.0, Last appended by leader: 0, Current term: 1, Majority size: 2, State: 0, Mode: LEADER, active raft config: opid_index: -1 OBSOLETE_local: false peers { permanent_uuid: "94a3130bdef64fc384753fa9ca41857d" member_type: VOTER last_known_addr { host: "127.2.114.65" port: 37849 } } peers { permanent_uuid: "0d71b155b89748fdbc379de2b936a190" member_type: VOTER last_known_addr { host: "127.2.114.66" port: 43841 } } peers { permanent_uuid: "94cb8e69905d4f04a4fbff81790281f4" member_type: VOTER last_known_addr { host: "127.2.114.67" port: 42457 } }
I20260709 13:12:37.400398  3823 tablet_bootstrap.cc:492] T fae1f438dbed415fab0cd8683d930872 P 0d71b155b89748fdbc379de2b936a190: Bootstrap starting.
I20260709 13:12:37.404727  3960 raft_consensus.cc:515] T f9b17c52088a49609eaa73c6bac6e81d P 94cb8e69905d4f04a4fbff81790281f4 [term 1 FOLLOWER]: Starting leader election with config: opid_index: -1 OBSOLETE_local: false peers { permanent_uuid: "94a3130bdef64fc384753fa9ca41857d" member_type: VOTER last_known_addr { host: "127.2.114.65" port: 37849 } } peers { permanent_uuid: "0d71b155b89748fdbc379de2b936a190" member_type: VOTER last_known_addr { host: "127.2.114.66" port: 43841 } } peers { permanent_uuid: "94cb8e69905d4f04a4fbff81790281f4" member_type: VOTER last_known_addr { host: "127.2.114.67" port: 42457 } }
I20260709 13:12:37.407938  3960 leader_election.cc:290] T f9b17c52088a49609eaa73c6bac6e81d P 94cb8e69905d4f04a4fbff81790281f4 [CANDIDATE]: Term 1 election: Requested vote from peers 94a3130bdef64fc384753fa9ca41857d (127.2.114.65:37849), 0d71b155b89748fdbc379de2b936a190 (127.2.114.66:43841)
I20260709 13:12:37.408131  3630 tablet_service.cc:1917] Received RequestConsensusVote() RPC: tablet_id: "f9b17c52088a49609eaa73c6bac6e81d" candidate_uuid: "94cb8e69905d4f04a4fbff81790281f4" candidate_term: 1 candidate_status { last_received { term: 0 index: 0 } } ignore_live_leader: false dest_uuid: "94a3130bdef64fc384753fa9ca41857d"
W20260709 13:12:37.413247  3747 leader_election.cc:343] T f9b17c52088a49609eaa73c6bac6e81d P 94cb8e69905d4f04a4fbff81790281f4 [CANDIDATE]: Term 1 election: Tablet error from VoteRequest() call to peer 94a3130bdef64fc384753fa9ca41857d (127.2.114.65:37849): Illegal state: must be running to vote when last-logged opid is not known
I20260709 13:12:37.414721  3708 tablet_service.cc:1917] Received RequestConsensusVote() RPC: tablet_id: "f9b17c52088a49609eaa73c6bac6e81d" candidate_uuid: "94cb8e69905d4f04a4fbff81790281f4" candidate_term: 1 candidate_status { last_received { term: 0 index: 0 } } ignore_live_leader: false dest_uuid: "0d71b155b89748fdbc379de2b936a190"
I20260709 13:12:37.415526  3708 raft_consensus.cc:3060] T f9b17c52088a49609eaa73c6bac6e81d P 0d71b155b89748fdbc379de2b936a190 [term 0 FOLLOWER]: Advancing to term 1
I20260709 13:12:37.427716  3708 raft_consensus.cc:2468] T f9b17c52088a49609eaa73c6bac6e81d P 0d71b155b89748fdbc379de2b936a190 [term 1 FOLLOWER]: Leader election vote request: Granting yes vote for candidate 94cb8e69905d4f04a4fbff81790281f4 in term 1.
I20260709 13:12:37.429119  3748 leader_election.cc:304] T f9b17c52088a49609eaa73c6bac6e81d P 94cb8e69905d4f04a4fbff81790281f4 [CANDIDATE]: Term 1 election: Election decided. Result: candidate won. Election summary: received 3 responses out of 3 voters: 2 yes votes; 1 no votes. yes voters: 0d71b155b89748fdbc379de2b936a190, 94cb8e69905d4f04a4fbff81790281f4; no voters: 94a3130bdef64fc384753fa9ca41857d
I20260709 13:12:37.430488  4055 raft_consensus.cc:2804] T f9b17c52088a49609eaa73c6bac6e81d P 94cb8e69905d4f04a4fbff81790281f4 [term 1 FOLLOWER]: Leader election won for term 1
I20260709 13:12:37.431083  4055 raft_consensus.cc:697] T f9b17c52088a49609eaa73c6bac6e81d P 94cb8e69905d4f04a4fbff81790281f4 [term 1 LEADER]: Becoming Leader. State: Replica: 94cb8e69905d4f04a4fbff81790281f4, State: Running, Role: LEADER
I20260709 13:12:37.431903  4055 consensus_queue.cc:237] T f9b17c52088a49609eaa73c6bac6e81d P 94cb8e69905d4f04a4fbff81790281f4 [LEADER]: Queue going to LEADER mode. State: All replicated index: 0, Majority replicated index: 0, Committed index: 0, Last appended: 0.0, Last appended by leader: 0, Current term: 1, Majority size: 2, State: 0, Mode: LEADER, active raft config: opid_index: -1 OBSOLETE_local: false peers { permanent_uuid: "94a3130bdef64fc384753fa9ca41857d" member_type: VOTER last_known_addr { host: "127.2.114.65" port: 37849 } } peers { permanent_uuid: "0d71b155b89748fdbc379de2b936a190" member_type: VOTER last_known_addr { host: "127.2.114.66" port: 43841 } } peers { permanent_uuid: "94cb8e69905d4f04a4fbff81790281f4" member_type: VOTER last_known_addr { host: "127.2.114.67" port: 42457 } }
I20260709 13:12:37.409629  3779 raft_consensus.cc:2468] T e1c2a3e4ba6b44bcaf11b52f8d7191a7 P 94cb8e69905d4f04a4fbff81790281f4 [term 1 FOLLOWER]: Leader election vote request: Granting yes vote for candidate 0d71b155b89748fdbc379de2b936a190 in term 1.
W20260709 13:12:37.447283  3808 tablet.cc:2406] T f5fcb3dba7aa4f249eef34554c5701a4 P 94cb8e69905d4f04a4fbff81790281f4: Can't schedule compaction. Clean time has not been advanced past its initial value.
I20260709 13:12:37.447525  3823 tablet_bootstrap.cc:654] T fae1f438dbed415fab0cd8683d930872 P 0d71b155b89748fdbc379de2b936a190: Neither blocks nor log segments found. Creating new log.
I20260709 13:12:37.453059  3674 leader_election.cc:304] T e1c2a3e4ba6b44bcaf11b52f8d7191a7 P 0d71b155b89748fdbc379de2b936a190 [CANDIDATE]: Term 1 election: Election decided. Result: candidate won. Election summary: received 3 responses out of 3 voters: 2 yes votes; 1 no votes. yes voters: 0d71b155b89748fdbc379de2b936a190, 94cb8e69905d4f04a4fbff81790281f4; no voters: 94a3130bdef64fc384753fa9ca41857d
I20260709 13:12:37.454931  3950 raft_consensus.cc:2804] T e1c2a3e4ba6b44bcaf11b52f8d7191a7 P 0d71b155b89748fdbc379de2b936a190 [term 1 FOLLOWER]: Leader election won for term 1
I20260709 13:12:37.455417  3950 raft_consensus.cc:697] T e1c2a3e4ba6b44bcaf11b52f8d7191a7 P 0d71b155b89748fdbc379de2b936a190 [term 1 LEADER]: Becoming Leader. State: Replica: 0d71b155b89748fdbc379de2b936a190, State: Running, Role: LEADER
I20260709 13:12:37.456218  3950 consensus_queue.cc:237] T e1c2a3e4ba6b44bcaf11b52f8d7191a7 P 0d71b155b89748fdbc379de2b936a190 [LEADER]: Queue going to LEADER mode. State: All replicated index: 0, Majority replicated index: 0, Committed index: 0, Last appended: 0.0, Last appended by leader: 0, Current term: 1, Majority size: 2, State: 0, Mode: LEADER, active raft config: opid_index: -1 OBSOLETE_local: false peers { permanent_uuid: "94a3130bdef64fc384753fa9ca41857d" member_type: VOTER last_known_addr { host: "127.2.114.65" port: 37849 } } peers { permanent_uuid: "0d71b155b89748fdbc379de2b936a190" member_type: VOTER last_known_addr { host: "127.2.114.66" port: 43841 } } peers { permanent_uuid: "94cb8e69905d4f04a4fbff81790281f4" member_type: VOTER last_known_addr { host: "127.2.114.67" port: 42457 } }
I20260709 13:12:37.457165  3825 tablet_bootstrap.cc:492] T 95ac88efe8f14db891bc03a2d6f647a3 P 94cb8e69905d4f04a4fbff81790281f4: No bootstrap required, opened a new log
I20260709 13:12:37.457613  3825 ts_tablet_manager.cc:1403] T 95ac88efe8f14db891bc03a2d6f647a3 P 94cb8e69905d4f04a4fbff81790281f4: Time spent bootstrapping tablet: real 0.147s	user 0.038s	sys 0.052s
I20260709 13:12:37.451206  3529 catalog_manager.cc:5697] T f9b17c52088a49609eaa73c6bac6e81d P 94cb8e69905d4f04a4fbff81790281f4 reported cstate change: term changed from 0 to 1, leader changed from <none> to 94cb8e69905d4f04a4fbff81790281f4 (127.2.114.67). New cstate: current_term: 1 leader_uuid: "94cb8e69905d4f04a4fbff81790281f4" committed_config { opid_index: -1 OBSOLETE_local: false peers { permanent_uuid: "94a3130bdef64fc384753fa9ca41857d" member_type: VOTER last_known_addr { host: "127.2.114.65" port: 37849 } health_report { overall_health: UNKNOWN } } peers { permanent_uuid: "0d71b155b89748fdbc379de2b936a190" member_type: VOTER last_known_addr { host: "127.2.114.66" port: 43841 } health_report { overall_health: UNKNOWN } } peers { permanent_uuid: "94cb8e69905d4f04a4fbff81790281f4" member_type: VOTER last_known_addr { host: "127.2.114.67" port: 42457 } health_report { overall_health: HEALTHY } } }
I20260709 13:12:37.460024  3527 catalog_manager.cc:5697] T f5fcb3dba7aa4f249eef34554c5701a4 P 94a3130bdef64fc384753fa9ca41857d reported cstate change: term changed from 0 to 1, leader changed from <none> to 94a3130bdef64fc384753fa9ca41857d (127.2.114.65). New cstate: current_term: 1 leader_uuid: "94a3130bdef64fc384753fa9ca41857d" committed_config { opid_index: -1 OBSOLETE_local: false peers { permanent_uuid: "94a3130bdef64fc384753fa9ca41857d" member_type: VOTER last_known_addr { host: "127.2.114.65" port: 37849 } health_report { overall_health: HEALTHY } } peers { permanent_uuid: "0d71b155b89748fdbc379de2b936a190" member_type: VOTER last_known_addr { host: "127.2.114.66" port: 43841 } health_report { overall_health: UNKNOWN } } peers { permanent_uuid: "94cb8e69905d4f04a4fbff81790281f4" member_type: VOTER last_known_addr { host: "127.2.114.67" port: 42457 } health_report { overall_health: UNKNOWN } } }
I20260709 13:12:37.461393  3822 tablet_bootstrap.cc:492] T e1c2a3e4ba6b44bcaf11b52f8d7191a7 P 94a3130bdef64fc384753fa9ca41857d: No bootstrap required, opened a new log
I20260709 13:12:37.461824  3822 ts_tablet_manager.cc:1403] T e1c2a3e4ba6b44bcaf11b52f8d7191a7 P 94a3130bdef64fc384753fa9ca41857d: Time spent bootstrapping tablet: real 0.132s	user 0.022s	sys 0.058s
I20260709 13:12:37.467818  3822 raft_consensus.cc:359] T e1c2a3e4ba6b44bcaf11b52f8d7191a7 P 94a3130bdef64fc384753fa9ca41857d [term 0 FOLLOWER]: Replica starting. Triggering 0 pending ops. Active config: opid_index: -1 OBSOLETE_local: false peers { permanent_uuid: "94a3130bdef64fc384753fa9ca41857d" member_type: VOTER last_known_addr { host: "127.2.114.65" port: 37849 } } peers { permanent_uuid: "0d71b155b89748fdbc379de2b936a190" member_type: VOTER last_known_addr { host: "127.2.114.66" port: 43841 } } peers { permanent_uuid: "94cb8e69905d4f04a4fbff81790281f4" member_type: VOTER last_known_addr { host: "127.2.114.67" port: 42457 } }
I20260709 13:12:37.468425  3822 raft_consensus.cc:385] T e1c2a3e4ba6b44bcaf11b52f8d7191a7 P 94a3130bdef64fc384753fa9ca41857d [term 0 FOLLOWER]: Consensus starting up: Expiring failure detector timer to make a prompt election more likely
I20260709 13:12:37.468683  3822 raft_consensus.cc:740] T e1c2a3e4ba6b44bcaf11b52f8d7191a7 P 94a3130bdef64fc384753fa9ca41857d [term 0 FOLLOWER]: Becoming Follower/Learner. State: Replica: 94a3130bdef64fc384753fa9ca41857d, State: Initialized, Role: FOLLOWER
I20260709 13:12:37.469343  3822 consensus_queue.cc:260] T e1c2a3e4ba6b44bcaf11b52f8d7191a7 P 94a3130bdef64fc384753fa9ca41857d [NON_LEADER]: Queue going to NON_LEADER mode. State: All replicated index: 0, Majority replicated index: 0, Committed index: 0, Last appended: 0.0, Last appended by leader: 0, Current term: 0, Majority size: -1, State: 0, Mode: NON_LEADER, active raft config: opid_index: -1 OBSOLETE_local: false peers { permanent_uuid: "94a3130bdef64fc384753fa9ca41857d" member_type: VOTER last_known_addr { host: "127.2.114.65" port: 37849 } } peers { permanent_uuid: "0d71b155b89748fdbc379de2b936a190" member_type: VOTER last_known_addr { host: "127.2.114.66" port: 43841 } } peers { permanent_uuid: "94cb8e69905d4f04a4fbff81790281f4" member_type: VOTER last_known_addr { host: "127.2.114.67" port: 42457 } }
I20260709 13:12:37.477245  3823 tablet_bootstrap.cc:492] T fae1f438dbed415fab0cd8683d930872 P 0d71b155b89748fdbc379de2b936a190: No bootstrap required, opened a new log
I20260709 13:12:37.477715  3823 ts_tablet_manager.cc:1403] T fae1f438dbed415fab0cd8683d930872 P 0d71b155b89748fdbc379de2b936a190: Time spent bootstrapping tablet: real 0.078s	user 0.013s	sys 0.000s
I20260709 13:12:37.478519  3825 raft_consensus.cc:359] T 95ac88efe8f14db891bc03a2d6f647a3 P 94cb8e69905d4f04a4fbff81790281f4 [term 0 FOLLOWER]: Replica starting. Triggering 0 pending ops. Active config: opid_index: -1 OBSOLETE_local: false peers { permanent_uuid: "94a3130bdef64fc384753fa9ca41857d" member_type: VOTER last_known_addr { host: "127.2.114.65" port: 37849 } } peers { permanent_uuid: "0d71b155b89748fdbc379de2b936a190" member_type: VOTER last_known_addr { host: "127.2.114.66" port: 43841 } } peers { permanent_uuid: "94cb8e69905d4f04a4fbff81790281f4" member_type: VOTER last_known_addr { host: "127.2.114.67" port: 42457 } }
I20260709 13:12:37.480523  3825 raft_consensus.cc:385] T 95ac88efe8f14db891bc03a2d6f647a3 P 94cb8e69905d4f04a4fbff81790281f4 [term 0 FOLLOWER]: Consensus starting up: Expiring failure detector timer to make a prompt election more likely
I20260709 13:12:37.480923  3825 raft_consensus.cc:740] T 95ac88efe8f14db891bc03a2d6f647a3 P 94cb8e69905d4f04a4fbff81790281f4 [term 0 FOLLOWER]: Becoming Follower/Learner. State: Replica: 94cb8e69905d4f04a4fbff81790281f4, State: Initialized, Role: FOLLOWER
I20260709 13:12:37.480122  3822 ts_tablet_manager.cc:1434] T e1c2a3e4ba6b44bcaf11b52f8d7191a7 P 94a3130bdef64fc384753fa9ca41857d: Time spent starting tablet: real 0.018s	user 0.006s	sys 0.002s
I20260709 13:12:37.482503  3822 tablet_bootstrap.cc:492] T f9b17c52088a49609eaa73c6bac6e81d P 94a3130bdef64fc384753fa9ca41857d: Bootstrap starting.
I20260709 13:12:37.485013  3825 consensus_queue.cc:260] T 95ac88efe8f14db891bc03a2d6f647a3 P 94cb8e69905d4f04a4fbff81790281f4 [NON_LEADER]: Queue going to NON_LEADER mode. State: All replicated index: 0, Majority replicated index: 0, Committed index: 0, Last appended: 0.0, Last appended by leader: 0, Current term: 0, Majority size: -1, State: 0, Mode: NON_LEADER, active raft config: opid_index: -1 OBSOLETE_local: false peers { permanent_uuid: "94a3130bdef64fc384753fa9ca41857d" member_type: VOTER last_known_addr { host: "127.2.114.65" port: 37849 } } peers { permanent_uuid: "0d71b155b89748fdbc379de2b936a190" member_type: VOTER last_known_addr { host: "127.2.114.66" port: 43841 } } peers { permanent_uuid: "94cb8e69905d4f04a4fbff81790281f4" member_type: VOTER last_known_addr { host: "127.2.114.67" port: 42457 } }
I20260709 13:12:37.486979  3825 ts_tablet_manager.cc:1434] T 95ac88efe8f14db891bc03a2d6f647a3 P 94cb8e69905d4f04a4fbff81790281f4: Time spent starting tablet: real 0.029s	user 0.009s	sys 0.001s
I20260709 13:12:37.486655  3823 raft_consensus.cc:359] T fae1f438dbed415fab0cd8683d930872 P 0d71b155b89748fdbc379de2b936a190 [term 0 FOLLOWER]: Replica starting. Triggering 0 pending ops. Active config: opid_index: -1 OBSOLETE_local: false peers { permanent_uuid: "94a3130bdef64fc384753fa9ca41857d" member_type: VOTER last_known_addr { host: "127.2.114.65" port: 37849 } } peers { permanent_uuid: "0d71b155b89748fdbc379de2b936a190" member_type: VOTER last_known_addr { host: "127.2.114.66" port: 43841 } } peers { permanent_uuid: "94cb8e69905d4f04a4fbff81790281f4" member_type: VOTER last_known_addr { host: "127.2.114.67" port: 42457 } }
I20260709 13:12:37.487325  3823 raft_consensus.cc:385] T fae1f438dbed415fab0cd8683d930872 P 0d71b155b89748fdbc379de2b936a190 [term 0 FOLLOWER]: Consensus starting up: Expiring failure detector timer to make a prompt election more likely
I20260709 13:12:37.487573  3823 raft_consensus.cc:740] T fae1f438dbed415fab0cd8683d930872 P 0d71b155b89748fdbc379de2b936a190 [term 0 FOLLOWER]: Becoming Follower/Learner. State: Replica: 0d71b155b89748fdbc379de2b936a190, State: Initialized, Role: FOLLOWER
I20260709 13:12:37.488358  3825 tablet_bootstrap.cc:492] T 64191093f04a41acaaf0f25056f113c7 P 94cb8e69905d4f04a4fbff81790281f4: Bootstrap starting.
I20260709 13:12:37.490003  3822 tablet_bootstrap.cc:654] T f9b17c52088a49609eaa73c6bac6e81d P 94a3130bdef64fc384753fa9ca41857d: Neither blocks nor log segments found. Creating new log.
I20260709 13:12:37.494827  3825 tablet_bootstrap.cc:654] T 64191093f04a41acaaf0f25056f113c7 P 94cb8e69905d4f04a4fbff81790281f4: Neither blocks nor log segments found. Creating new log.
I20260709 13:12:37.494405  3527 catalog_manager.cc:5697] T e1c2a3e4ba6b44bcaf11b52f8d7191a7 P 0d71b155b89748fdbc379de2b936a190 reported cstate change: term changed from 0 to 1, leader changed from <none> to 0d71b155b89748fdbc379de2b936a190 (127.2.114.66). New cstate: current_term: 1 leader_uuid: "0d71b155b89748fdbc379de2b936a190" committed_config { opid_index: -1 OBSOLETE_local: false peers { permanent_uuid: "94a3130bdef64fc384753fa9ca41857d" member_type: VOTER last_known_addr { host: "127.2.114.65" port: 37849 } health_report { overall_health: UNKNOWN } } peers { permanent_uuid: "0d71b155b89748fdbc379de2b936a190" member_type: VOTER last_known_addr { host: "127.2.114.66" port: 43841 } health_report { overall_health: HEALTHY } } peers { permanent_uuid: "94cb8e69905d4f04a4fbff81790281f4" member_type: VOTER last_known_addr { host: "127.2.114.67" port: 42457 } health_report { overall_health: UNKNOWN } } }
I20260709 13:12:37.488401  3823 consensus_queue.cc:260] T fae1f438dbed415fab0cd8683d930872 P 0d71b155b89748fdbc379de2b936a190 [NON_LEADER]: Queue going to NON_LEADER mode. State: All replicated index: 0, Majority replicated index: 0, Committed index: 0, Last appended: 0.0, Last appended by leader: 0, Current term: 0, Majority size: -1, State: 0, Mode: NON_LEADER, active raft config: opid_index: -1 OBSOLETE_local: false peers { permanent_uuid: "94a3130bdef64fc384753fa9ca41857d" member_type: VOTER last_known_addr { host: "127.2.114.65" port: 37849 } } peers { permanent_uuid: "0d71b155b89748fdbc379de2b936a190" member_type: VOTER last_known_addr { host: "127.2.114.66" port: 43841 } } peers { permanent_uuid: "94cb8e69905d4f04a4fbff81790281f4" member_type: VOTER last_known_addr { host: "127.2.114.67" port: 42457 } }
I20260709 13:12:37.499064  3823 ts_tablet_manager.cc:1434] T fae1f438dbed415fab0cd8683d930872 P 0d71b155b89748fdbc379de2b936a190: Time spent starting tablet: real 0.021s	user 0.007s	sys 0.000s
I20260709 13:12:37.500212  3823 tablet_bootstrap.cc:492] T d25dd6e5034347348141ee887a6ddd3d P 0d71b155b89748fdbc379de2b936a190: Bootstrap starting.
I20260709 13:12:37.505854  3823 tablet_bootstrap.cc:654] T d25dd6e5034347348141ee887a6ddd3d P 0d71b155b89748fdbc379de2b936a190: Neither blocks nor log segments found. Creating new log.
I20260709 13:12:37.519838  3822 tablet_bootstrap.cc:492] T f9b17c52088a49609eaa73c6bac6e81d P 94a3130bdef64fc384753fa9ca41857d: No bootstrap required, opened a new log
I20260709 13:12:37.520344  3822 ts_tablet_manager.cc:1403] T f9b17c52088a49609eaa73c6bac6e81d P 94a3130bdef64fc384753fa9ca41857d: Time spent bootstrapping tablet: real 0.038s	user 0.010s	sys 0.000s
I20260709 13:12:37.523165  3959 raft_consensus.cc:493] T 95ac88efe8f14db891bc03a2d6f647a3 P 0d71b155b89748fdbc379de2b936a190 [term 0 FOLLOWER]: Starting pre-election (no leader contacted us within the election timeout)
I20260709 13:12:37.523626  3959 raft_consensus.cc:515] T 95ac88efe8f14db891bc03a2d6f647a3 P 0d71b155b89748fdbc379de2b936a190 [term 0 FOLLOWER]: Starting pre-election with config: opid_index: -1 OBSOLETE_local: false peers { permanent_uuid: "94a3130bdef64fc384753fa9ca41857d" member_type: VOTER last_known_addr { host: "127.2.114.65" port: 37849 } } peers { permanent_uuid: "0d71b155b89748fdbc379de2b936a190" member_type: VOTER last_known_addr { host: "127.2.114.66" port: 43841 } } peers { permanent_uuid: "94cb8e69905d4f04a4fbff81790281f4" member_type: VOTER last_known_addr { host: "127.2.114.67" port: 42457 } }
I20260709 13:12:37.525547  3959 leader_election.cc:290] T 95ac88efe8f14db891bc03a2d6f647a3 P 0d71b155b89748fdbc379de2b936a190 [CANDIDATE]: Term 1 pre-election: Requested pre-vote from peers 94a3130bdef64fc384753fa9ca41857d (127.2.114.65:37849), 94cb8e69905d4f04a4fbff81790281f4 (127.2.114.67:42457)
I20260709 13:12:37.522853  3822 raft_consensus.cc:359] T f9b17c52088a49609eaa73c6bac6e81d P 94a3130bdef64fc384753fa9ca41857d [term 0 FOLLOWER]: Replica starting. Triggering 0 pending ops. Active config: opid_index: -1 OBSOLETE_local: false peers { permanent_uuid: "94a3130bdef64fc384753fa9ca41857d" member_type: VOTER last_known_addr { host: "127.2.114.65" port: 37849 } } peers { permanent_uuid: "0d71b155b89748fdbc379de2b936a190" member_type: VOTER last_known_addr { host: "127.2.114.66" port: 43841 } } peers { permanent_uuid: "94cb8e69905d4f04a4fbff81790281f4" member_type: VOTER last_known_addr { host: "127.2.114.67" port: 42457 } }
I20260709 13:12:37.526618  3822 raft_consensus.cc:385] T f9b17c52088a49609eaa73c6bac6e81d P 94a3130bdef64fc384753fa9ca41857d [term 0 FOLLOWER]: Consensus starting up: Expiring failure detector timer to make a prompt election more likely
I20260709 13:12:37.526976  3822 raft_consensus.cc:740] T f9b17c52088a49609eaa73c6bac6e81d P 94a3130bdef64fc384753fa9ca41857d [term 0 FOLLOWER]: Becoming Follower/Learner. State: Replica: 94a3130bdef64fc384753fa9ca41857d, State: Initialized, Role: FOLLOWER
I20260709 13:12:37.526827  3779 tablet_service.cc:1917] Received RequestConsensusVote() RPC: tablet_id: "95ac88efe8f14db891bc03a2d6f647a3" candidate_uuid: "0d71b155b89748fdbc379de2b936a190" candidate_term: 1 candidate_status { last_received { term: 0 index: 0 } } ignore_live_leader: false dest_uuid: "94cb8e69905d4f04a4fbff81790281f4" is_pre_election: true
I20260709 13:12:37.527704  3779 raft_consensus.cc:2468] T 95ac88efe8f14db891bc03a2d6f647a3 P 94cb8e69905d4f04a4fbff81790281f4 [term 0 FOLLOWER]: Leader pre-election vote request: Granting yes vote for candidate 0d71b155b89748fdbc379de2b936a190 in term 0.
I20260709 13:12:37.527878  3632 tablet_service.cc:1917] Received RequestConsensusVote() RPC: tablet_id: "95ac88efe8f14db891bc03a2d6f647a3" candidate_uuid: "0d71b155b89748fdbc379de2b936a190" candidate_term: 1 candidate_status { last_received { term: 0 index: 0 } } ignore_live_leader: false dest_uuid: "94a3130bdef64fc384753fa9ca41857d" is_pre_election: true
I20260709 13:12:37.527822  3822 consensus_queue.cc:260] T f9b17c52088a49609eaa73c6bac6e81d P 94a3130bdef64fc384753fa9ca41857d [NON_LEADER]: Queue going to NON_LEADER mode. State: All replicated index: 0, Majority replicated index: 0, Committed index: 0, Last appended: 0.0, Last appended by leader: 0, Current term: 0, Majority size: -1, State: 0, Mode: NON_LEADER, active raft config: opid_index: -1 OBSOLETE_local: false peers { permanent_uuid: "94a3130bdef64fc384753fa9ca41857d" member_type: VOTER last_known_addr { host: "127.2.114.65" port: 37849 } } peers { permanent_uuid: "0d71b155b89748fdbc379de2b936a190" member_type: VOTER last_known_addr { host: "127.2.114.66" port: 43841 } } peers { permanent_uuid: "94cb8e69905d4f04a4fbff81790281f4" member_type: VOTER last_known_addr { host: "127.2.114.67" port: 42457 } }
I20260709 13:12:37.528929  3674 leader_election.cc:304] T 95ac88efe8f14db891bc03a2d6f647a3 P 0d71b155b89748fdbc379de2b936a190 [CANDIDATE]: Term 1 pre-election: Election decided. Result: candidate won. Election summary: received 2 responses out of 3 voters: 2 yes votes; 0 no votes. yes voters: 0d71b155b89748fdbc379de2b936a190, 94cb8e69905d4f04a4fbff81790281f4; no voters: 
I20260709 13:12:37.529778  4033 raft_consensus.cc:2804] T 95ac88efe8f14db891bc03a2d6f647a3 P 0d71b155b89748fdbc379de2b936a190 [term 0 FOLLOWER]: Leader pre-election won for term 1
I20260709 13:12:37.530128  3822 ts_tablet_manager.cc:1434] T f9b17c52088a49609eaa73c6bac6e81d P 94a3130bdef64fc384753fa9ca41857d: Time spent starting tablet: real 0.009s	user 0.005s	sys 0.000s
I20260709 13:12:37.530146  4033 raft_consensus.cc:493] T 95ac88efe8f14db891bc03a2d6f647a3 P 0d71b155b89748fdbc379de2b936a190 [term 0 FOLLOWER]: Starting leader election (no leader contacted us within the election timeout)
I20260709 13:12:37.530726  4033 raft_consensus.cc:3060] T 95ac88efe8f14db891bc03a2d6f647a3 P 0d71b155b89748fdbc379de2b936a190 [term 0 FOLLOWER]: Advancing to term 1
I20260709 13:12:37.532513  3822 tablet_bootstrap.cc:492] T fae1f438dbed415fab0cd8683d930872 P 94a3130bdef64fc384753fa9ca41857d: Bootstrap starting.
W20260709 13:12:37.533679  3673 leader_election.cc:343] T 95ac88efe8f14db891bc03a2d6f647a3 P 0d71b155b89748fdbc379de2b936a190 [CANDIDATE]: Term 1 pre-election: Tablet error from VoteRequest() call to peer 94a3130bdef64fc384753fa9ca41857d (127.2.114.65:37849): Illegal state: must be running to vote when last-logged opid is not known
I20260709 13:12:37.539491  4033 raft_consensus.cc:515] T 95ac88efe8f14db891bc03a2d6f647a3 P 0d71b155b89748fdbc379de2b936a190 [term 1 FOLLOWER]: Starting leader election with config: opid_index: -1 OBSOLETE_local: false peers { permanent_uuid: "94a3130bdef64fc384753fa9ca41857d" member_type: VOTER last_known_addr { host: "127.2.114.65" port: 37849 } } peers { permanent_uuid: "0d71b155b89748fdbc379de2b936a190" member_type: VOTER last_known_addr { host: "127.2.114.66" port: 43841 } } peers { permanent_uuid: "94cb8e69905d4f04a4fbff81790281f4" member_type: VOTER last_known_addr { host: "127.2.114.67" port: 42457 } }
I20260709 13:12:37.541332  3822 tablet_bootstrap.cc:654] T fae1f438dbed415fab0cd8683d930872 P 94a3130bdef64fc384753fa9ca41857d: Neither blocks nor log segments found. Creating new log.
