I20260709 13:12:27.252233  2525 hybrid_clock.cc:584] initializing the hybrid clock with 'system_unsync' time source
W20260709 13:12:27.252404  2525 system_unsync_time.cc:38] NTP support is disabled. Clock error bounds will not be accurate. This configuration is not suitable for distributed clusters.
I20260709 13:12:27.252588  2525 hybrid_clock.cc:648] HybridClock initialized: now 1783602747252572 us; error 0 us; skew 500 ppm
I20260709 13:12:27.253098  2525 server_base.cc:861] Flag tcmalloc_max_total_thread_cache_bytes is not working since tcmalloc is not enabled.
I20260709 13:12:27.255391  2525 webserver.cc:533] Webserver started at http://127.2.119.65:35537/ using document root <none> and password file <none>
I20260709 13:12:27.255880  2525 fs_manager.cc:362] Metadata directory not provided
I20260709 13:12:27.256075  2525 fs_manager.cc:368] Using write-ahead log directory (fs_wal_dir) as metadata directory
I20260709 13:12:27.256351  2525 server_base.cc:909] This appears to be a new deployment of Kudu; creating new FS layout
I20260709 13:12:27.257445  2525 fs_manager.cc:1068] Generated new instance metadata in path /tmp/dist-test-taskvfd712/test-tmp/auto_leader_rebalancer-test.0.LeaderRebalancerTest.AddTserver.1783602723681423-2525-0/minicluster-data/ts-0-root/instance:
uuid: "edce2dbc0ca844d8bca1e989eb79541a"
format_stamp: "Formatted at 2026-07-09 13:12:27 on dist-test-slave-9s6w"
I20260709 13:12:27.261631  2525 fs_manager.cc:696] Time spent creating directory manager: real 0.004s	user 0.001s	sys 0.003s
I20260709 13:12:27.265003  3607 log_block_manager.cc:4127] Time spent loading block containers with low live blocks: real 0.000s	user 0.000s	sys 0.000s
I20260709 13:12:27.265770  2525 fs_manager.cc:730] Time spent opening block manager: real 0.002s	user 0.002s	sys 0.001s
I20260709 13:12:27.266068  2525 fs_manager.cc:647] Opened local filesystem: /tmp/dist-test-taskvfd712/test-tmp/auto_leader_rebalancer-test.0.LeaderRebalancerTest.AddTserver.1783602723681423-2525-0/minicluster-data/ts-0-root
uuid: "edce2dbc0ca844d8bca1e989eb79541a"
format_stamp: "Formatted at 2026-07-09 13:12:27 on dist-test-slave-9s6w"
I20260709 13:12:27.266353  2525 fs_report.cc:389] FS layout report
--------------------
wal directory: /tmp/dist-test-taskvfd712/test-tmp/auto_leader_rebalancer-test.0.LeaderRebalancerTest.AddTserver.1783602723681423-2525-0/minicluster-data/ts-0-root
metadata directory: /tmp/dist-test-taskvfd712/test-tmp/auto_leader_rebalancer-test.0.LeaderRebalancerTest.AddTserver.1783602723681423-2525-0/minicluster-data/ts-0-root
1 data directories: /tmp/dist-test-taskvfd712/test-tmp/auto_leader_rebalancer-test.0.LeaderRebalancerTest.AddTserver.1783602723681423-2525-0/minicluster-data/ts-0-root/data
Total live blocks: 0
Total live bytes: 0
Total live bytes (after alignment): 0
Total number of LBM containers: 0 (0 full)
Did not check for missing blocks
Did not check for orphaned blocks
Total full LBM containers with extra space: 0 (0 repaired)
Total full LBM container extra space in bytes: 0 (0 repaired)
Total incomplete LBM containers: 0 (0 repaired)
Total LBM partial records: 0 (0 repaired)
Total corrupted LBM metadata records in RocksDB: 0 (0 repaired)
I20260709 13:12:27.288749  2525 rpc_server.cc:225] running with OpenSSL 1.1.1  11 Sep 2018
I20260709 13:12:27.290012  2525 kserver.cc:163] Server-wide thread pool size limit: 3276
I20260709 13:12:27.291498  2525 txn_system_client.cc:432] TxnSystemClient initialization is disabled...
I20260709 13:12:27.293788  2525 ts_tablet_manager.cc:585] Loaded tablet metadata (0 total tablets, 0 live tablets)
I20260709 13:12:27.293995  2525 ts_tablet_manager.cc:531] Time spent load tablet metadata: real 0.000s	user 0.000s	sys 0.000s
I20260709 13:12:27.294245  2525 ts_tablet_manager.cc:616] Registered 0 tablets
I20260709 13:12:27.294471  2525 ts_tablet_manager.cc:595] Time spent register tablets: real 0.000s	user 0.000s	sys 0.000s
I20260709 13:12:27.334190  2525 rpc_server.cc:307] RPC server started. Bound to: 127.2.119.65:35069
I20260709 13:12:27.334298  3669 acceptor_pool.cc:272] collecting diagnostics on the listening RPC socket 127.2.119.65:35069 every 8 connection(s)
I20260709 13:12:27.338886  2525 file_cache.cc:504] Constructed file cache file cache with capacity 419430
W20260709 13:12:27.345439  3674 instance_detector.cc:116] could not retrieve AWS instance metadata: Network error: curl error: HTTP response code said error: The requested URL returned error: 404
W20260709 13:12:27.347329  3675 instance_detector.cc:116] could not retrieve Azure instance metadata: Network error: curl error: HTTP response code said error: The requested URL returned error: 404
W20260709 13:12:27.348116  3677 instance_detector.cc:116] could not retrieve OpenStack instance metadata: Network error: curl error: HTTP response code said error: The requested URL returned error: 404
I20260709 13:12:27.349774  2525 server_base.cc:1061] running on GCE node
I20260709 13:12:27.350737  2525 hybrid_clock.cc:584] initializing the hybrid clock with 'system_unsync' time source
W20260709 13:12:27.350941  2525 system_unsync_time.cc:38] NTP support is disabled. Clock error bounds will not be accurate. This configuration is not suitable for distributed clusters.
I20260709 13:12:27.351130  2525 hybrid_clock.cc:648] HybridClock initialized: now 1783602747351108 us; error 0 us; skew 500 ppm
I20260709 13:12:27.351678  2525 server_base.cc:861] Flag tcmalloc_max_total_thread_cache_bytes is not working since tcmalloc is not enabled.
I20260709 13:12:27.351717  3670 heartbeater.cc:344] Connected to a master server at 127.2.119.126:35485
I20260709 13:12:27.352139  3670 heartbeater.cc:461] Registering TS with master...
I20260709 13:12:27.352803  3670 heartbeater.cc:507] Master 127.2.119.126:35485 requested a full tablet report, sending...
I20260709 13:12:27.354417  2525 webserver.cc:533] Webserver started at http://127.2.119.66:40181/ using document root <none> and password file <none>
I20260709 13:12:27.354857  3543 ts_manager.cc:194] Registered new tserver with Master: edce2dbc0ca844d8bca1e989eb79541a (127.2.119.65:35069)
I20260709 13:12:27.354943  2525 fs_manager.cc:362] Metadata directory not provided
I20260709 13:12:27.355306  2525 fs_manager.cc:368] Using write-ahead log directory (fs_wal_dir) as metadata directory
I20260709 13:12:27.355577  2525 server_base.cc:909] This appears to be a new deployment of Kudu; creating new FS layout
I20260709 13:12:27.356608  3543 master_service.cc:502] Signed X509 certificate for tserver {username='slave'} at 127.0.0.1:39004
I20260709 13:12:27.356616  2525 fs_manager.cc:1068] Generated new instance metadata in path /tmp/dist-test-taskvfd712/test-tmp/auto_leader_rebalancer-test.0.LeaderRebalancerTest.AddTserver.1783602723681423-2525-0/minicluster-data/ts-1-root/instance:
uuid: "a8093acd2aba4022bda69e6aff0aeecc"
format_stamp: "Formatted at 2026-07-09 13:12:27 on dist-test-slave-9s6w"
I20260709 13:12:27.361379  2525 fs_manager.cc:696] Time spent creating directory manager: real 0.004s	user 0.003s	sys 0.000s
I20260709 13:12:27.364533  3682 log_block_manager.cc:4127] Time spent loading block containers with low live blocks: real 0.000s	user 0.000s	sys 0.000s
I20260709 13:12:27.365273  2525 fs_manager.cc:730] Time spent opening block manager: real 0.002s	user 0.003s	sys 0.000s
I20260709 13:12:27.365607  2525 fs_manager.cc:647] Opened local filesystem: /tmp/dist-test-taskvfd712/test-tmp/auto_leader_rebalancer-test.0.LeaderRebalancerTest.AddTserver.1783602723681423-2525-0/minicluster-data/ts-1-root
uuid: "a8093acd2aba4022bda69e6aff0aeecc"
format_stamp: "Formatted at 2026-07-09 13:12:27 on dist-test-slave-9s6w"
I20260709 13:12:27.365883  2525 fs_report.cc:389] FS layout report
--------------------
wal directory: /tmp/dist-test-taskvfd712/test-tmp/auto_leader_rebalancer-test.0.LeaderRebalancerTest.AddTserver.1783602723681423-2525-0/minicluster-data/ts-1-root
metadata directory: /tmp/dist-test-taskvfd712/test-tmp/auto_leader_rebalancer-test.0.LeaderRebalancerTest.AddTserver.1783602723681423-2525-0/minicluster-data/ts-1-root
1 data directories: /tmp/dist-test-taskvfd712/test-tmp/auto_leader_rebalancer-test.0.LeaderRebalancerTest.AddTserver.1783602723681423-2525-0/minicluster-data/ts-1-root/data
Total live blocks: 0
Total live bytes: 0
Total live bytes (after alignment): 0
Total number of LBM containers: 0 (0 full)
Did not check for missing blocks
Did not check for orphaned blocks
Total full LBM containers with extra space: 0 (0 repaired)
Total full LBM container extra space in bytes: 0 (0 repaired)
Total incomplete LBM containers: 0 (0 repaired)
Total LBM partial records: 0 (0 repaired)
Total corrupted LBM metadata records in RocksDB: 0 (0 repaired)
I20260709 13:12:27.376528  2525 rpc_server.cc:225] running with OpenSSL 1.1.1  11 Sep 2018
I20260709 13:12:27.378078  2525 kserver.cc:163] Server-wide thread pool size limit: 3276
I20260709 13:12:27.379742  2525 txn_system_client.cc:432] TxnSystemClient initialization is disabled...
I20260709 13:12:27.382302  2525 ts_tablet_manager.cc:585] Loaded tablet metadata (0 total tablets, 0 live tablets)
I20260709 13:12:27.382551  2525 ts_tablet_manager.cc:531] Time spent load tablet metadata: real 0.000s	user 0.000s	sys 0.000s
I20260709 13:12:27.382807  2525 ts_tablet_manager.cc:616] Registered 0 tablets
I20260709 13:12:27.382982  2525 ts_tablet_manager.cc:595] Time spent register tablets: real 0.000s	user 0.000s	sys 0.000s
I20260709 13:12:27.424854  2525 rpc_server.cc:307] RPC server started. Bound to: 127.2.119.66:46473
I20260709 13:12:27.424996  3744 acceptor_pool.cc:272] collecting diagnostics on the listening RPC socket 127.2.119.66:46473 every 8 connection(s)
I20260709 13:12:27.429524  2525 file_cache.cc:504] Constructed file cache file cache with capacity 419430
W20260709 13:12:27.436585  3748 instance_detector.cc:116] could not retrieve AWS instance metadata: Network error: curl error: HTTP response code said error: The requested URL returned error: 404
W20260709 13:12:27.438323  3749 instance_detector.cc:116] could not retrieve Azure instance metadata: Network error: curl error: HTTP response code said error: The requested URL returned error: 404
W20260709 13:12:27.439584  3751 instance_detector.cc:116] could not retrieve OpenStack instance metadata: Network error: curl error: HTTP response code said error: The requested URL returned error: 404
I20260709 13:12:27.441066  3745 heartbeater.cc:344] Connected to a master server at 127.2.119.126:35485
I20260709 13:12:27.441406  2525 server_base.cc:1061] running on GCE node
I20260709 13:12:27.441545  3745 heartbeater.cc:461] Registering TS with master...
I20260709 13:12:27.442198  2525 hybrid_clock.cc:584] initializing the hybrid clock with 'system_unsync' time source
W20260709 13:12:27.442436  2525 system_unsync_time.cc:38] NTP support is disabled. Clock error bounds will not be accurate. This configuration is not suitable for distributed clusters.
I20260709 13:12:27.442473  3745 heartbeater.cc:507] Master 127.2.119.126:35485 requested a full tablet report, sending...
I20260709 13:12:27.442617  2525 hybrid_clock.cc:648] HybridClock initialized: now 1783602747442595 us; error 0 us; skew 500 ppm
I20260709 13:12:27.443189  2525 server_base.cc:861] Flag tcmalloc_max_total_thread_cache_bytes is not working since tcmalloc is not enabled.
I20260709 13:12:27.444515  3543 ts_manager.cc:194] Registered new tserver with Master: a8093acd2aba4022bda69e6aff0aeecc (127.2.119.66:46473)
I20260709 13:12:27.445791  3543 master_service.cc:502] Signed X509 certificate for tserver {username='slave'} at 127.0.0.1:39008
I20260709 13:12:27.448011  2525 webserver.cc:533] Webserver started at http://127.2.119.67:46095/ using document root <none> and password file <none>
I20260709 13:12:27.448500  2525 fs_manager.cc:362] Metadata directory not provided
I20260709 13:12:27.448660  2525 fs_manager.cc:368] Using write-ahead log directory (fs_wal_dir) as metadata directory
I20260709 13:12:27.448963  2525 server_base.cc:909] This appears to be a new deployment of Kudu; creating new FS layout
I20260709 13:12:27.450083  2525 fs_manager.cc:1068] Generated new instance metadata in path /tmp/dist-test-taskvfd712/test-tmp/auto_leader_rebalancer-test.0.LeaderRebalancerTest.AddTserver.1783602723681423-2525-0/minicluster-data/ts-2-root/instance:
uuid: "be2d312d24794413bdfbd02672281940"
format_stamp: "Formatted at 2026-07-09 13:12:27 on dist-test-slave-9s6w"
I20260709 13:12:27.454177  2525 fs_manager.cc:696] Time spent creating directory manager: real 0.004s	user 0.000s	sys 0.004s
I20260709 13:12:27.457433  3756 log_block_manager.cc:4127] Time spent loading block containers with low live blocks: real 0.000s	user 0.000s	sys 0.000s
I20260709 13:12:27.458247  2525 fs_manager.cc:730] Time spent opening block manager: real 0.002s	user 0.000s	sys 0.003s
I20260709 13:12:27.458581  2525 fs_manager.cc:647] Opened local filesystem: /tmp/dist-test-taskvfd712/test-tmp/auto_leader_rebalancer-test.0.LeaderRebalancerTest.AddTserver.1783602723681423-2525-0/minicluster-data/ts-2-root
uuid: "be2d312d24794413bdfbd02672281940"
format_stamp: "Formatted at 2026-07-09 13:12:27 on dist-test-slave-9s6w"
I20260709 13:12:27.458839  2525 fs_report.cc:389] FS layout report
--------------------
wal directory: /tmp/dist-test-taskvfd712/test-tmp/auto_leader_rebalancer-test.0.LeaderRebalancerTest.AddTserver.1783602723681423-2525-0/minicluster-data/ts-2-root
metadata directory: /tmp/dist-test-taskvfd712/test-tmp/auto_leader_rebalancer-test.0.LeaderRebalancerTest.AddTserver.1783602723681423-2525-0/minicluster-data/ts-2-root
1 data directories: /tmp/dist-test-taskvfd712/test-tmp/auto_leader_rebalancer-test.0.LeaderRebalancerTest.AddTserver.1783602723681423-2525-0/minicluster-data/ts-2-root/data
Total live blocks: 0
Total live bytes: 0
Total live bytes (after alignment): 0
Total number of LBM containers: 0 (0 full)
Did not check for missing blocks
Did not check for orphaned blocks
Total full LBM containers with extra space: 0 (0 repaired)
Total full LBM container extra space in bytes: 0 (0 repaired)
Total incomplete LBM containers: 0 (0 repaired)
Total LBM partial records: 0 (0 repaired)
Total corrupted LBM metadata records in RocksDB: 0 (0 repaired)
I20260709 13:12:27.470391  2525 rpc_server.cc:225] running with OpenSSL 1.1.1  11 Sep 2018
I20260709 13:12:27.471549  2525 kserver.cc:163] Server-wide thread pool size limit: 3276
I20260709 13:12:27.472985  2525 txn_system_client.cc:432] TxnSystemClient initialization is disabled...
I20260709 13:12:27.475203  2525 ts_tablet_manager.cc:585] Loaded tablet metadata (0 total tablets, 0 live tablets)
I20260709 13:12:27.475375  2525 ts_tablet_manager.cc:531] Time spent load tablet metadata: real 0.000s	user 0.000s	sys 0.000s
I20260709 13:12:27.475652  2525 ts_tablet_manager.cc:616] Registered 0 tablets
I20260709 13:12:27.475812  2525 ts_tablet_manager.cc:595] Time spent register tablets: real 0.000s	user 0.000s	sys 0.000s
I20260709 13:12:27.519124  2525 rpc_server.cc:307] RPC server started. Bound to: 127.2.119.67:36777
I20260709 13:12:27.519295  3818 acceptor_pool.cc:272] collecting diagnostics on the listening RPC socket 127.2.119.67:36777 every 8 connection(s)
I20260709 13:12:27.534190  3819 heartbeater.cc:344] Connected to a master server at 127.2.119.126:35485
I20260709 13:12:27.534592  3819 heartbeater.cc:461] Registering TS with master...
I20260709 13:12:27.535264  3819 heartbeater.cc:507] Master 127.2.119.126:35485 requested a full tablet report, sending...
I20260709 13:12:27.537261  3543 ts_manager.cc:194] Registered new tserver with Master: be2d312d24794413bdfbd02672281940 (127.2.119.67:36777)
I20260709 13:12:27.537475  2525 internal_mini_cluster.cc:371] 3 TS(s) registered with all masters after 0.015142607s
I20260709 13:12:27.538904  3543 master_service.cc:502] Signed X509 certificate for tserver {username='slave'} at 127.0.0.1:39010
I20260709 13:12:27.563494  3543 catalog_manager.cc:2283] Servicing CreateTable request from {username='slave'} at 127.0.0.1:39012:
name: "test-workload"
schema {
  columns {
    name: "key"
    type: INT32
    is_key: true
    is_nullable: false
    encoding: AUTO_ENCODING
    compression: DEFAULT_COMPRESSION
    cfile_block_size: 0
    immutable: false
  }
  columns {
    name: "int_val"
    type: INT32
    is_key: false
    is_nullable: false
    encoding: AUTO_ENCODING
    compression: DEFAULT_COMPRESSION
    cfile_block_size: 0
    immutable: false
  }
  columns {
    name: "string_val"
    type: STRING
    is_key: false
    is_nullable: true
    encoding: AUTO_ENCODING
    compression: DEFAULT_COMPRESSION
    cfile_block_size: 0
    immutable: false
  }
}
num_replicas: 3
split_rows_range_bounds {
  rows: "\004\001\000\313c+\002\004\001\000\226\307V\004\004\001\000a+\202\006\004\001\000,\217\255\010\004\001\000\367\362\330\n\004\001\000\302V\004\r\004\001\000\215\272/\017\004\001\000X\036[\021\004\001\000#\202\206\023\004\001\000\356\345\261\025\004\001\000\271I\335\027\004\001\000\204\255\010\032\004\001\000O\0214\034\004\001\000\032u_\036\004\001\000\345\330\212 \004\001\000\260<\266\"\004\001\000{\240\341$\004\001\000F\004\r\'\004\001\000\021h8)\004\001\000\334\313c+\004\001\000\247/\217-\004\001\000r\223\272/\004\001\000=\367\3451\004\001\000\010[\0214\004\001\000\323\276<6\004\001\000\236\"h8\004\001\000i\206\223:\004\001\0004\352\276<\004\001\000\377M\352>\004\001\000\312\261\025A\004\001\000\225\025AC\004\001\000`ylE\004\001\000+\335\227G\004\001\000\366@\303I\004\001\000\301\244\356K\004\001\000\214\010\032N\004\001\000WlEP\004\001\000\"\320pR\004\001\000\3553\234T\004\001\000\270\227\307V\004\001\000\203\373\362X\004\001\000N_\036[\004\001\000\031\303I]\004\001\000\344&u_\004\001\000\257\212\240a\004\001\000z\356\313c\004\001\000ER\367e\004\001\000\020\266\"h\004\001\000\333\031Nj\004\001\000\246}yl\004\001\000q\341\244n\004\001\000<E\320p\004\001\000\007\251\373r\004\001\000\322\014\'u\004\001\000\235pRw\004\001\000h\324}y\004\001\00038\251{\004\001\000\376\233\324}""\004\001\000\313c+\002\004\001\000\226\307V\004\004\001\000a+\202\006\004\001\000,\217\255\010\004\001\000\367\362\330\n\004\001\000\302V\004\r\004\001\000\215\272/\017\004\001\000X\036[\021\004\001\000#\202\206\023\004\001\000\356\345\261\025\004\001\000\271I\335\027\004\001\000\204\255\010\032\004\001\000O\0214\034\004\001\000\032u_\036\004\001\000\345\330\212 \004\001\000\260<\266\"\004\001\000{\240\341$\004\001\000F\004\r\'\004\001\000\021h8)\004\001\000\334\313c+\004\001\000\247/\217-\004\001\000r\223\272/\004\001\000=\367\3451\004\001\000\010[\0214\004\001\000\323\276<6\004\001\000\236\"h8\004\001\000i\206\223:\004\001\0004\352\276<\004\001\000\377M\352>\004\001\000\312\261\025A\004\001\000\225\025AC\004\001\000`ylE\004\001\000+\335\227G\004\001\000\366@\303I\004\001\000\301\244\356K\004\001\000\214\010\032N\004\001\000WlEP\004\001\000\"\320pR\004\001\000\3553\234T\004\001\000\270\227\307V\004\001\000\203\373\362X\004\001\000N_\036[\004\001\000\031\303I]\004\001\000\344&u_\004\001\000\257\212\240a\004\001\000z\356\313c\004\001\000ER\367e\004\001\000\020\266\"h\004\001\000\333\031Nj\004\001\000\246}yl\004\001\000q\341\244n\004\001\000<E\320p\004\001\000\007\251\373r\004\001\000\322\014\'u\004\001\000\235pRw\004\001\000h\324}y\004\001\00038\251{\004\001\000\376\233\324}"
  indirect_data: """"
}
partition_schema {
  range_schema {
    columns {
      name: "key"
    }
  }
}
W20260709 13:12:27.569788  3543 catalog_manager.cc:7077] The number of live tablet servers is not enough to re-replicate a tablet replica of the newly created table test-workload in case of a server failure: 4 tablet servers would be needed, 3 are available. Consider bringing up more tablet servers.
I20260709 13:12:27.761896  3783 tablet_service.cc:1511] Processing CreateTablet for tablet 85500b0bde714c3e8c702e7062e8df3d (DEFAULT_TABLE table=test-workload [id=6dbd8848d919445f8d59ff57f15ca170]), partition=RANGE (key) PARTITION 36398027 <= VALUES < 72796054
I20260709 13:12:27.762220  3782 tablet_service.cc:1511] Processing CreateTablet for tablet cb89954778c443829b53cb278f3e7157 (DEFAULT_TABLE table=test-workload [id=6dbd8848d919445f8d59ff57f15ca170]), partition=RANGE (key) PARTITION 72796054 <= VALUES < 109194081
I20260709 13:12:27.762684  3784 tablet_service.cc:1511] Processing CreateTablet for tablet 551eed1429424eb1ab36c31f7479007f (DEFAULT_TABLE table=test-workload [id=6dbd8848d919445f8d59ff57f15ca170]), partition=RANGE (key) PARTITION VALUES < 36398027
I20260709 13:12:27.763463  3783 data_dirs.cc:400] Could only allocate 1 dirs of requested 3 for tablet 85500b0bde714c3e8c702e7062e8df3d. 1 dirs total, 0 dirs full, 0 dirs failed
I20260709 13:12:27.766057  3784 data_dirs.cc:400] Could only allocate 1 dirs of requested 3 for tablet 551eed1429424eb1ab36c31f7479007f. 1 dirs total, 0 dirs full, 0 dirs failed
I20260709 13:12:27.766908  3635 tablet_service.cc:1511] Processing CreateTablet for tablet 551eed1429424eb1ab36c31f7479007f (DEFAULT_TABLE table=test-workload [id=6dbd8848d919445f8d59ff57f15ca170]), partition=RANGE (key) PARTITION VALUES < 36398027
I20260709 13:12:27.768355  3635 data_dirs.cc:400] Could only allocate 1 dirs of requested 3 for tablet 551eed1429424eb1ab36c31f7479007f. 1 dirs total, 0 dirs full, 0 dirs failed
I20260709 13:12:27.768275  3781 tablet_service.cc:1511] Processing CreateTablet for tablet d7b3d623b72b4027acfc33b92c4ecbcf (DEFAULT_TABLE table=test-workload [id=6dbd8848d919445f8d59ff57f15ca170]), partition=RANGE (key) PARTITION 109194081 <= VALUES < 145592108
I20260709 13:12:27.770552  3634 tablet_service.cc:1511] Processing CreateTablet for tablet 85500b0bde714c3e8c702e7062e8df3d (DEFAULT_TABLE table=test-workload [id=6dbd8848d919445f8d59ff57f15ca170]), partition=RANGE (key) PARTITION 36398027 <= VALUES < 72796054
I20260709 13:12:27.768296  3782 data_dirs.cc:400] Could only allocate 1 dirs of requested 3 for tablet cb89954778c443829b53cb278f3e7157. 1 dirs total, 0 dirs full, 0 dirs failed
I20260709 13:12:27.772549  3781 data_dirs.cc:400] Could only allocate 1 dirs of requested 3 for tablet d7b3d623b72b4027acfc33b92c4ecbcf. 1 dirs total, 0 dirs full, 0 dirs failed
I20260709 13:12:27.772480  3780 tablet_service.cc:1511] Processing CreateTablet for tablet d57329a9b75040429e93ba5dc499b78c (DEFAULT_TABLE table=test-workload [id=6dbd8848d919445f8d59ff57f15ca170]), partition=RANGE (key) PARTITION 145592108 <= VALUES < 181990135
I20260709 13:12:27.774329  3780 data_dirs.cc:400] Could only allocate 1 dirs of requested 3 for tablet d57329a9b75040429e93ba5dc499b78c. 1 dirs total, 0 dirs full, 0 dirs failed
I20260709 13:12:27.774497  3633 tablet_service.cc:1511] Processing CreateTablet for tablet cb89954778c443829b53cb278f3e7157 (DEFAULT_TABLE table=test-workload [id=6dbd8848d919445f8d59ff57f15ca170]), partition=RANGE (key) PARTITION 72796054 <= VALUES < 109194081
I20260709 13:12:27.777666  3632 tablet_service.cc:1511] Processing CreateTablet for tablet d7b3d623b72b4027acfc33b92c4ecbcf (DEFAULT_TABLE table=test-workload [id=6dbd8848d919445f8d59ff57f15ca170]), partition=RANGE (key) PARTITION 109194081 <= VALUES < 145592108
I20260709 13:12:27.782214  3631 tablet_service.cc:1511] Processing CreateTablet for tablet d57329a9b75040429e93ba5dc499b78c (DEFAULT_TABLE table=test-workload [id=6dbd8848d919445f8d59ff57f15ca170]), partition=RANGE (key) PARTITION 145592108 <= VALUES < 181990135
I20260709 13:12:27.785866  3630 tablet_service.cc:1511] Processing CreateTablet for tablet 89fd36a3f7ce4e8c82e418c279731112 (DEFAULT_TABLE table=test-workload [id=6dbd8848d919445f8d59ff57f15ca170]), partition=RANGE (key) PARTITION 181990135 <= VALUES < 218388162
I20260709 13:12:27.772418  3634 data_dirs.cc:400] Could only allocate 1 dirs of requested 3 for tablet 85500b0bde714c3e8c702e7062e8df3d. 1 dirs total, 0 dirs full, 0 dirs failed
I20260709 13:12:27.793171  3632 data_dirs.cc:400] Could only allocate 1 dirs of requested 3 for tablet d7b3d623b72b4027acfc33b92c4ecbcf. 1 dirs total, 0 dirs full, 0 dirs failed
I20260709 13:12:27.793416  3779 tablet_service.cc:1511] Processing CreateTablet for tablet 89fd36a3f7ce4e8c82e418c279731112 (DEFAULT_TABLE table=test-workload [id=6dbd8848d919445f8d59ff57f15ca170]), partition=RANGE (key) PARTITION 181990135 <= VALUES < 218388162
I20260709 13:12:27.794855  3779 data_dirs.cc:400] Could only allocate 1 dirs of requested 3 for tablet 89fd36a3f7ce4e8c82e418c279731112. 1 dirs total, 0 dirs full, 0 dirs failed
I20260709 13:12:27.798352  3633 data_dirs.cc:400] Could only allocate 1 dirs of requested 3 for tablet cb89954778c443829b53cb278f3e7157. 1 dirs total, 0 dirs full, 0 dirs failed
I20260709 13:12:27.800727  3778 tablet_service.cc:1511] Processing CreateTablet for tablet 1d8c5543bd984235bf3bcc04d06860b7 (DEFAULT_TABLE table=test-workload [id=6dbd8848d919445f8d59ff57f15ca170]), partition=RANGE (key) PARTITION 218388162 <= VALUES < 254786189
I20260709 13:12:27.801609  3631 data_dirs.cc:400] Could only allocate 1 dirs of requested 3 for tablet d57329a9b75040429e93ba5dc499b78c. 1 dirs total, 0 dirs full, 0 dirs failed
I20260709 13:12:27.802009  3778 data_dirs.cc:400] Could only allocate 1 dirs of requested 3 for tablet 1d8c5543bd984235bf3bcc04d06860b7. 1 dirs total, 0 dirs full, 0 dirs failed
I20260709 13:12:27.805372  3630 data_dirs.cc:400] Could only allocate 1 dirs of requested 3 for tablet 89fd36a3f7ce4e8c82e418c279731112. 1 dirs total, 0 dirs full, 0 dirs failed
I20260709 13:12:27.806663  3777 tablet_service.cc:1511] Processing CreateTablet for tablet 1742d1a401b24e0fa3e2e433b811a2ac (DEFAULT_TABLE table=test-workload [id=6dbd8848d919445f8d59ff57f15ca170]), partition=RANGE (key) PARTITION 254786189 <= VALUES < 291184216
I20260709 13:12:27.807869  3777 data_dirs.cc:400] Could only allocate 1 dirs of requested 3 for tablet 1742d1a401b24e0fa3e2e433b811a2ac. 1 dirs total, 0 dirs full, 0 dirs failed
I20260709 13:12:27.817113  3775 tablet_service.cc:1511] Processing CreateTablet for tablet 712d96b4158546c6808218bdd8cb49d3 (DEFAULT_TABLE table=test-workload [id=6dbd8848d919445f8d59ff57f15ca170]), partition=RANGE (key) PARTITION 327582243 <= VALUES < 363980270
I20260709 13:12:27.818637  3775 data_dirs.cc:400] Could only allocate 1 dirs of requested 3 for tablet 712d96b4158546c6808218bdd8cb49d3. 1 dirs total, 0 dirs full, 0 dirs failed
I20260709 13:12:27.818240  3776 tablet_service.cc:1511] Processing CreateTablet for tablet dad2a587560246419c0c76409dff3dc1 (DEFAULT_TABLE table=test-workload [id=6dbd8848d919445f8d59ff57f15ca170]), partition=RANGE (key) PARTITION 291184216 <= VALUES < 327582243
I20260709 13:12:27.820071  3776 data_dirs.cc:400] Could only allocate 1 dirs of requested 3 for tablet dad2a587560246419c0c76409dff3dc1. 1 dirs total, 0 dirs full, 0 dirs failed
I20260709 13:12:27.826843  3629 tablet_service.cc:1511] Processing CreateTablet for tablet 1d8c5543bd984235bf3bcc04d06860b7 (DEFAULT_TABLE table=test-workload [id=6dbd8848d919445f8d59ff57f15ca170]), partition=RANGE (key) PARTITION 218388162 <= VALUES < 254786189
I20260709 13:12:27.828408  3629 data_dirs.cc:400] Could only allocate 1 dirs of requested 3 for tablet 1d8c5543bd984235bf3bcc04d06860b7. 1 dirs total, 0 dirs full, 0 dirs failed
I20260709 13:12:27.834694  3628 tablet_service.cc:1511] Processing CreateTablet for tablet 1742d1a401b24e0fa3e2e433b811a2ac (DEFAULT_TABLE table=test-workload [id=6dbd8848d919445f8d59ff57f15ca170]), partition=RANGE (key) PARTITION 254786189 <= VALUES < 291184216
I20260709 13:12:27.836011  3628 data_dirs.cc:400] Could only allocate 1 dirs of requested 3 for tablet 1742d1a401b24e0fa3e2e433b811a2ac. 1 dirs total, 0 dirs full, 0 dirs failed
I20260709 13:12:27.838826  3627 tablet_service.cc:1511] Processing CreateTablet for tablet dad2a587560246419c0c76409dff3dc1 (DEFAULT_TABLE table=test-workload [id=6dbd8848d919445f8d59ff57f15ca170]), partition=RANGE (key) PARTITION 291184216 <= VALUES < 327582243
I20260709 13:12:27.840065  3627 data_dirs.cc:400] Could only allocate 1 dirs of requested 3 for tablet dad2a587560246419c0c76409dff3dc1. 1 dirs total, 0 dirs full, 0 dirs failed
I20260709 13:12:27.842880  3626 tablet_service.cc:1511] Processing CreateTablet for tablet 712d96b4158546c6808218bdd8cb49d3 (DEFAULT_TABLE table=test-workload [id=6dbd8848d919445f8d59ff57f15ca170]), partition=RANGE (key) PARTITION 327582243 <= VALUES < 363980270
I20260709 13:12:27.844130  3626 data_dirs.cc:400] Could only allocate 1 dirs of requested 3 for tablet 712d96b4158546c6808218bdd8cb49d3. 1 dirs total, 0 dirs full, 0 dirs failed
I20260709 13:12:27.843807  3780 tablet_service.cc:1511] Processing CreateTablet for tablet a9fcd12e559846ad8f5de9c03dbd30ca (DEFAULT_TABLE table=test-workload [id=6dbd8848d919445f8d59ff57f15ca170]), partition=RANGE (key) PARTITION 363980270 <= VALUES < 400378297
I20260709 13:12:27.844959  3780 data_dirs.cc:400] Could only allocate 1 dirs of requested 3 for tablet a9fcd12e559846ad8f5de9c03dbd30ca. 1 dirs total, 0 dirs full, 0 dirs failed
I20260709 13:12:27.862354  3834 tablet_bootstrap.cc:492] T 85500b0bde714c3e8c702e7062e8df3d P be2d312d24794413bdfbd02672281940: Bootstrap starting.
I20260709 13:12:27.871934  3775 tablet_service.cc:1511] Processing CreateTablet for tablet 6d297c1286374d83b588a26ce9745ae8 (DEFAULT_TABLE table=test-workload [id=6dbd8848d919445f8d59ff57f15ca170]), partition=RANGE (key) PARTITION 400378297 <= VALUES < 436776324
I20260709 13:12:27.873281  3775 data_dirs.cc:400] Could only allocate 1 dirs of requested 3 for tablet 6d297c1286374d83b588a26ce9745ae8. 1 dirs total, 0 dirs full, 0 dirs failed
I20260709 13:12:27.878859  3632 tablet_service.cc:1511] Processing CreateTablet for tablet a9fcd12e559846ad8f5de9c03dbd30ca (DEFAULT_TABLE table=test-workload [id=6dbd8848d919445f8d59ff57f15ca170]), partition=RANGE (key) PARTITION 363980270 <= VALUES < 400378297
I20260709 13:12:27.884075  3834 tablet_bootstrap.cc:654] T 85500b0bde714c3e8c702e7062e8df3d P be2d312d24794413bdfbd02672281940: Neither blocks nor log segments found. Creating new log.
I20260709 13:12:27.895058  3784 tablet_service.cc:1511] Processing CreateTablet for tablet fda2aabddd1f4947af58d84188719819 (DEFAULT_TABLE table=test-workload [id=6dbd8848d919445f8d59ff57f15ca170]), partition=RANGE (key) PARTITION 473174351 <= VALUES < 509572378
I20260709 13:12:27.896317  3784 data_dirs.cc:400] Could only allocate 1 dirs of requested 3 for tablet fda2aabddd1f4947af58d84188719819. 1 dirs total, 0 dirs full, 0 dirs failed
I20260709 13:12:27.905797  3632 data_dirs.cc:400] Could only allocate 1 dirs of requested 3 for tablet a9fcd12e559846ad8f5de9c03dbd30ca. 1 dirs total, 0 dirs full, 0 dirs failed
I20260709 13:12:27.919922  3629 tablet_service.cc:1511] Processing CreateTablet for tablet fd0e318869574041a69de2c18efb714f (DEFAULT_TABLE table=test-workload [id=6dbd8848d919445f8d59ff57f15ca170]), partition=RANGE (key) PARTITION 436776324 <= VALUES < 473174351
I20260709 13:12:27.907763  3630 tablet_service.cc:1511] Processing CreateTablet for tablet 6d297c1286374d83b588a26ce9745ae8 (DEFAULT_TABLE table=test-workload [id=6dbd8848d919445f8d59ff57f15ca170]), partition=RANGE (key) PARTITION 400378297 <= VALUES < 436776324
I20260709 13:12:27.923026  3777 tablet_service.cc:1511] Processing CreateTablet for tablet c9b088bfe91c4471a9347c19503d0404 (DEFAULT_TABLE table=test-workload [id=6dbd8848d919445f8d59ff57f15ca170]), partition=RANGE (key) PARTITION 509572378 <= VALUES < 545970405
I20260709 13:12:27.924352  3777 data_dirs.cc:400] Could only allocate 1 dirs of requested 3 for tablet c9b088bfe91c4471a9347c19503d0404. 1 dirs total, 0 dirs full, 0 dirs failed
I20260709 13:12:27.921165  3629 data_dirs.cc:400] Could only allocate 1 dirs of requested 3 for tablet fd0e318869574041a69de2c18efb714f. 1 dirs total, 0 dirs full, 0 dirs failed
I20260709 13:12:27.934222  3783 tablet_service.cc:1511] Processing CreateTablet for tablet fd0e318869574041a69de2c18efb714f (DEFAULT_TABLE table=test-workload [id=6dbd8848d919445f8d59ff57f15ca170]), partition=RANGE (key) PARTITION 436776324 <= VALUES < 473174351
I20260709 13:12:27.935489  3783 data_dirs.cc:400] Could only allocate 1 dirs of requested 3 for tablet fd0e318869574041a69de2c18efb714f. 1 dirs total, 0 dirs full, 0 dirs failed
I20260709 13:12:27.937903  3835 tablet_bootstrap.cc:492] T d57329a9b75040429e93ba5dc499b78c P edce2dbc0ca844d8bca1e989eb79541a: Bootstrap starting.
I20260709 13:12:27.938443  3630 data_dirs.cc:400] Could only allocate 1 dirs of requested 3 for tablet 6d297c1286374d83b588a26ce9745ae8. 1 dirs total, 0 dirs full, 0 dirs failed
I20260709 13:12:27.946743  3631 tablet_service.cc:1511] Processing CreateTablet for tablet fda2aabddd1f4947af58d84188719819 (DEFAULT_TABLE table=test-workload [id=6dbd8848d919445f8d59ff57f15ca170]), partition=RANGE (key) PARTITION 473174351 <= VALUES < 509572378
I20260709 13:12:27.947986  3631 data_dirs.cc:400] Could only allocate 1 dirs of requested 3 for tablet fda2aabddd1f4947af58d84188719819. 1 dirs total, 0 dirs full, 0 dirs failed
I20260709 13:12:27.948480  3635 tablet_service.cc:1511] Processing CreateTablet for tablet d25b8e0af89a4d34a435220e9345f378 (DEFAULT_TABLE table=test-workload [id=6dbd8848d919445f8d59ff57f15ca170]), partition=RANGE (key) PARTITION 545970405 <= VALUES < 582368432
I20260709 13:12:27.950163  3634 tablet_service.cc:1511] Processing CreateTablet for tablet 9f924a5fa6fe477c915e1b5bbb994feb (DEFAULT_TABLE table=test-workload [id=6dbd8848d919445f8d59ff57f15ca170]), partition=RANGE (key) PARTITION 582368432 <= VALUES < 618766459
I20260709 13:12:27.951419  3634 data_dirs.cc:400] Could only allocate 1 dirs of requested 3 for tablet 9f924a5fa6fe477c915e1b5bbb994feb. 1 dirs total, 0 dirs full, 0 dirs failed
I20260709 13:12:27.952107  3779 tablet_service.cc:1511] Processing CreateTablet for tablet d25b8e0af89a4d34a435220e9345f378 (DEFAULT_TABLE table=test-workload [id=6dbd8848d919445f8d59ff57f15ca170]), partition=RANGE (key) PARTITION 545970405 <= VALUES < 582368432
I20260709 13:12:27.953691  3635 data_dirs.cc:400] Could only allocate 1 dirs of requested 3 for tablet d25b8e0af89a4d34a435220e9345f378. 1 dirs total, 0 dirs full, 0 dirs failed
I20260709 13:12:27.954852  3780 tablet_service.cc:1511] Processing CreateTablet for tablet 9f924a5fa6fe477c915e1b5bbb994feb (DEFAULT_TABLE table=test-workload [id=6dbd8848d919445f8d59ff57f15ca170]), partition=RANGE (key) PARTITION 582368432 <= VALUES < 618766459
I20260709 13:12:27.959074  3778 tablet_service.cc:1511] Processing CreateTablet for tablet 33580150f886470a997dc9e35e8d6723 (DEFAULT_TABLE table=test-workload [id=6dbd8848d919445f8d59ff57f15ca170]), partition=RANGE (key) PARTITION 618766459 <= VALUES < 655164486
I20260709 13:12:27.957013  3779 data_dirs.cc:400] Could only allocate 1 dirs of requested 3 for tablet d25b8e0af89a4d34a435220e9345f378. 1 dirs total, 0 dirs full, 0 dirs failed
I20260709 13:12:27.960529  3780 data_dirs.cc:400] Could only allocate 1 dirs of requested 3 for tablet 9f924a5fa6fe477c915e1b5bbb994feb. 1 dirs total, 0 dirs full, 0 dirs failed
I20260709 13:12:27.961074  3781 tablet_service.cc:1511] Processing CreateTablet for tablet 9afe1dab2f714ff7917db2351207b689 (DEFAULT_TABLE table=test-workload [id=6dbd8848d919445f8d59ff57f15ca170]), partition=RANGE (key) PARTITION 800756594 <= VALUES < 837154621
I20260709 13:12:27.962520  3782 tablet_service.cc:1511] Processing CreateTablet for tablet 90ef1fb346174f91b85238ee9309d472 (DEFAULT_TABLE table=test-workload [id=6dbd8848d919445f8d59ff57f15ca170]), partition=RANGE (key) PARTITION 727960540 <= VALUES < 764358567
I20260709 13:12:27.966315  3709 tablet_service.cc:1511] Processing CreateTablet for tablet 85500b0bde714c3e8c702e7062e8df3d (DEFAULT_TABLE table=test-workload [id=6dbd8848d919445f8d59ff57f15ca170]), partition=RANGE (key) PARTITION 36398027 <= VALUES < 72796054
I20260709 13:12:27.967060  3707 tablet_service.cc:1511] Processing CreateTablet for tablet d7b3d623b72b4027acfc33b92c4ecbcf (DEFAULT_TABLE table=test-workload [id=6dbd8848d919445f8d59ff57f15ca170]), partition=RANGE (key) PARTITION 109194081 <= VALUES < 145592108
I20260709 13:12:27.967613  3709 data_dirs.cc:400] Could only allocate 1 dirs of requested 3 for tablet 85500b0bde714c3e8c702e7062e8df3d. 1 dirs total, 0 dirs full, 0 dirs failed
I20260709 13:12:27.968315  3707 data_dirs.cc:400] Could only allocate 1 dirs of requested 3 for tablet d7b3d623b72b4027acfc33b92c4ecbcf. 1 dirs total, 0 dirs full, 0 dirs failed
I20260709 13:12:27.968847  3703 tablet_service.cc:1511] Processing CreateTablet for tablet 1742d1a401b24e0fa3e2e433b811a2ac (DEFAULT_TABLE table=test-workload [id=6dbd8848d919445f8d59ff57f15ca170]), partition=RANGE (key) PARTITION 254786189 <= VALUES < 291184216
I20260709 13:12:27.969645  3708 tablet_service.cc:1511] Processing CreateTablet for tablet cb89954778c443829b53cb278f3e7157 (DEFAULT_TABLE table=test-workload [id=6dbd8848d919445f8d59ff57f15ca170]), partition=RANGE (key) PARTITION 72796054 <= VALUES < 109194081
I20260709 13:12:27.970122  3703 data_dirs.cc:400] Could only allocate 1 dirs of requested 3 for tablet 1742d1a401b24e0fa3e2e433b811a2ac. 1 dirs total, 0 dirs full, 0 dirs failed
I20260709 13:12:27.970472  3706 tablet_service.cc:1511] Processing CreateTablet for tablet d57329a9b75040429e93ba5dc499b78c (DEFAULT_TABLE table=test-workload [id=6dbd8848d919445f8d59ff57f15ca170]), partition=RANGE (key) PARTITION 145592108 <= VALUES < 181990135
I20260709 13:12:27.962890  3781 data_dirs.cc:400] Could only allocate 1 dirs of requested 3 for tablet 9afe1dab2f714ff7917db2351207b689. 1 dirs total, 0 dirs full, 0 dirs failed
I20260709 13:12:27.970937  3708 data_dirs.cc:400] Could only allocate 1 dirs of requested 3 for tablet cb89954778c443829b53cb278f3e7157. 1 dirs total, 0 dirs full, 0 dirs failed
I20260709 13:12:27.971741  3706 data_dirs.cc:400] Could only allocate 1 dirs of requested 3 for tablet d57329a9b75040429e93ba5dc499b78c. 1 dirs total, 0 dirs full, 0 dirs failed
I20260709 13:12:27.971982  3710 tablet_service.cc:1511] Processing CreateTablet for tablet 551eed1429424eb1ab36c31f7479007f (DEFAULT_TABLE table=test-workload [id=6dbd8848d919445f8d59ff57f15ca170]), partition=RANGE (key) PARTITION VALUES < 36398027
I20260709 13:12:27.973181  3710 data_dirs.cc:400] Could only allocate 1 dirs of requested 3 for tablet 551eed1429424eb1ab36c31f7479007f. 1 dirs total, 0 dirs full, 0 dirs failed
I20260709 13:12:27.974467  3705 tablet_service.cc:1511] Processing CreateTablet for tablet 89fd36a3f7ce4e8c82e418c279731112 (DEFAULT_TABLE table=test-workload [id=6dbd8848d919445f8d59ff57f15ca170]), partition=RANGE (key) PARTITION 181990135 <= VALUES < 218388162
I20260709 13:12:27.975704  3705 data_dirs.cc:400] Could only allocate 1 dirs of requested 3 for tablet 89fd36a3f7ce4e8c82e418c279731112. 1 dirs total, 0 dirs full, 0 dirs failed
I20260709 13:12:27.978489  3704 tablet_service.cc:1511] Processing CreateTablet for tablet 1d8c5543bd984235bf3bcc04d06860b7 (DEFAULT_TABLE table=test-workload [id=6dbd8848d919445f8d59ff57f15ca170]), partition=RANGE (key) PARTITION 218388162 <= VALUES < 254786189
I20260709 13:12:27.979856  3704 data_dirs.cc:400] Could only allocate 1 dirs of requested 3 for tablet 1d8c5543bd984235bf3bcc04d06860b7. 1 dirs total, 0 dirs full, 0 dirs failed
I20260709 13:12:27.940176  3628 tablet_service.cc:1511] Processing CreateTablet for tablet c9b088bfe91c4471a9347c19503d0404 (DEFAULT_TABLE table=test-workload [id=6dbd8848d919445f8d59ff57f15ca170]), partition=RANGE (key) PARTITION 509572378 <= VALUES < 545970405
I20260709 13:12:27.982416  3628 data_dirs.cc:400] Could only allocate 1 dirs of requested 3 for tablet c9b088bfe91c4471a9347c19503d0404. 1 dirs total, 0 dirs full, 0 dirs failed
I20260709 13:12:27.982517  3702 tablet_service.cc:1511] Processing CreateTablet for tablet dad2a587560246419c0c76409dff3dc1 (DEFAULT_TABLE table=test-workload [id=6dbd8848d919445f8d59ff57f15ca170]), partition=RANGE (key) PARTITION 291184216 <= VALUES < 327582243
I20260709 13:12:27.984659  3778 data_dirs.cc:400] Could only allocate 1 dirs of requested 3 for tablet 33580150f886470a997dc9e35e8d6723. 1 dirs total, 0 dirs full, 0 dirs failed
I20260709 13:12:27.984972  3702 data_dirs.cc:400] Could only allocate 1 dirs of requested 3 for tablet dad2a587560246419c0c76409dff3dc1. 1 dirs total, 0 dirs full, 0 dirs failed
I20260709 13:12:27.986375  3627 tablet_service.cc:1511] Processing CreateTablet for tablet c33e4fa486844dfeba8d577677c88ae2 (DEFAULT_TABLE table=test-workload [id=6dbd8848d919445f8d59ff57f15ca170]), partition=RANGE (key) PARTITION 655164486 <= VALUES < 691562513
I20260709 13:12:27.987587  3627 data_dirs.cc:400] Could only allocate 1 dirs of requested 3 for tablet c33e4fa486844dfeba8d577677c88ae2. 1 dirs total, 0 dirs full, 0 dirs failed
I20260709 13:12:27.990732  3626 tablet_service.cc:1511] Processing CreateTablet for tablet 4a37e4a620564285aac775530715f7f7 (DEFAULT_TABLE table=test-workload [id=6dbd8848d919445f8d59ff57f15ca170]), partition=RANGE (key) PARTITION 691562513 <= VALUES < 727960540
I20260709 13:12:27.990974  3701 tablet_service.cc:1511] Processing CreateTablet for tablet 712d96b4158546c6808218bdd8cb49d3 (DEFAULT_TABLE table=test-workload [id=6dbd8848d919445f8d59ff57f15ca170]), partition=RANGE (key) PARTITION 327582243 <= VALUES < 363980270
I20260709 13:12:27.991928  3626 data_dirs.cc:400] Could only allocate 1 dirs of requested 3 for tablet 4a37e4a620564285aac775530715f7f7. 1 dirs total, 0 dirs full, 0 dirs failed
I20260709 13:12:27.981307  3632 tablet_service.cc:1511] Processing CreateTablet for tablet 33580150f886470a997dc9e35e8d6723 (DEFAULT_TABLE table=test-workload [id=6dbd8848d919445f8d59ff57f15ca170]), partition=RANGE (key) PARTITION 618766459 <= VALUES < 655164486
I20260709 13:12:27.992272  3701 data_dirs.cc:400] Could only allocate 1 dirs of requested 3 for tablet 712d96b4158546c6808218bdd8cb49d3. 1 dirs total, 0 dirs full, 0 dirs failed
I20260709 13:12:27.992924  3632 data_dirs.cc:400] Could only allocate 1 dirs of requested 3 for tablet 33580150f886470a997dc9e35e8d6723. 1 dirs total, 0 dirs full, 0 dirs failed
I20260709 13:12:28.006886  3782 data_dirs.cc:400] Could only allocate 1 dirs of requested 3 for tablet 90ef1fb346174f91b85238ee9309d472. 1 dirs total, 0 dirs full, 0 dirs failed
I20260709 13:12:28.020766  3631 tablet_service.cc:1511] Processing CreateTablet for tablet 90ef1fb346174f91b85238ee9309d472 (DEFAULT_TABLE table=test-workload [id=6dbd8848d919445f8d59ff57f15ca170]), partition=RANGE (key) PARTITION 727960540 <= VALUES < 764358567
I20260709 13:12:28.022145  3631 data_dirs.cc:400] Could only allocate 1 dirs of requested 3 for tablet 90ef1fb346174f91b85238ee9309d472. 1 dirs total, 0 dirs full, 0 dirs failed
I20260709 13:12:28.044247  3835 tablet_bootstrap.cc:654] T d57329a9b75040429e93ba5dc499b78c P edce2dbc0ca844d8bca1e989eb79541a: Neither blocks nor log segments found. Creating new log.
I20260709 13:12:28.046815  3776 tablet_service.cc:1511] Processing CreateTablet for tablet 4a37e4a620564285aac775530715f7f7 (DEFAULT_TABLE table=test-workload [id=6dbd8848d919445f8d59ff57f15ca170]), partition=RANGE (key) PARTITION 691562513 <= VALUES < 727960540
I20260709 13:12:28.047691  3635 tablet_service.cc:1511] Processing CreateTablet for tablet dc6903b756664dc186833fcb7e1e2637 (DEFAULT_TABLE table=test-workload [id=6dbd8848d919445f8d59ff57f15ca170]), partition=RANGE (key) PARTITION 837154621 <= VALUES < 873552648
I20260709 13:12:28.048861  3635 data_dirs.cc:400] Could only allocate 1 dirs of requested 3 for tablet dc6903b756664dc186833fcb7e1e2637. 1 dirs total, 0 dirs full, 0 dirs failed
I20260709 13:12:28.046816  3775 tablet_service.cc:1511] Processing CreateTablet for tablet 9d94bcbdca954a4bbdd36c80ddab505c (DEFAULT_TABLE table=test-workload [id=6dbd8848d919445f8d59ff57f15ca170]), partition=RANGE (key) PARTITION 764358567 <= VALUES < 800756594
I20260709 13:12:28.049644  3784 tablet_service.cc:1511] Processing CreateTablet for tablet c33e4fa486844dfeba8d577677c88ae2 (DEFAULT_TABLE table=test-workload [id=6dbd8848d919445f8d59ff57f15ca170]), partition=RANGE (key) PARTITION 655164486 <= VALUES < 691562513
I20260709 13:12:28.049824  3633 tablet_service.cc:1511] Processing CreateTablet for tablet 9d94bcbdca954a4bbdd36c80ddab505c (DEFAULT_TABLE table=test-workload [id=6dbd8848d919445f8d59ff57f15ca170]), partition=RANGE (key) PARTITION 764358567 <= VALUES < 800756594
I20260709 13:12:28.051783  3633 data_dirs.cc:400] Could only allocate 1 dirs of requested 3 for tablet 9d94bcbdca954a4bbdd36c80ddab505c. 1 dirs total, 0 dirs full, 0 dirs failed
I20260709 13:12:28.048061  3776 data_dirs.cc:400] Could only allocate 1 dirs of requested 3 for tablet 4a37e4a620564285aac775530715f7f7. 1 dirs total, 0 dirs full, 0 dirs failed
I20260709 13:12:28.062803  3834 tablet_bootstrap.cc:492] T 85500b0bde714c3e8c702e7062e8df3d P be2d312d24794413bdfbd02672281940: No bootstrap required, opened a new log
I20260709 13:12:28.063341  3834 ts_tablet_manager.cc:1403] T 85500b0bde714c3e8c702e7062e8df3d P be2d312d24794413bdfbd02672281940: Time spent bootstrapping tablet: real 0.201s	user 0.002s	sys 0.010s
I20260709 13:12:28.066097  3834 raft_consensus.cc:359] T 85500b0bde714c3e8c702e7062e8df3d P be2d312d24794413bdfbd02672281940 [term 0 FOLLOWER]: Replica starting. Triggering 0 pending ops. Active config: opid_index: -1 OBSOLETE_local: false peers { permanent_uuid: "edce2dbc0ca844d8bca1e989eb79541a" member_type: VOTER last_known_addr { host: "127.2.119.65" port: 35069 } } peers { permanent_uuid: "a8093acd2aba4022bda69e6aff0aeecc" member_type: VOTER last_known_addr { host: "127.2.119.66" port: 46473 } } peers { permanent_uuid: "be2d312d24794413bdfbd02672281940" member_type: VOTER last_known_addr { host: "127.2.119.67" port: 36777 } }
I20260709 13:12:28.066828  3834 raft_consensus.cc:385] T 85500b0bde714c3e8c702e7062e8df3d P be2d312d24794413bdfbd02672281940 [term 0 FOLLOWER]: Consensus starting up: Expiring failure detector timer to make a prompt election more likely
I20260709 13:12:28.067170  3834 raft_consensus.cc:740] T 85500b0bde714c3e8c702e7062e8df3d P be2d312d24794413bdfbd02672281940 [term 0 FOLLOWER]: Becoming Follower/Learner. State: Replica: be2d312d24794413bdfbd02672281940, State: Initialized, Role: FOLLOWER
I20260709 13:12:28.068115  3834 consensus_queue.cc:260] T 85500b0bde714c3e8c702e7062e8df3d P be2d312d24794413bdfbd02672281940 [NON_LEADER]: Queue going to NON_LEADER mode. State: All replicated index: 0, Majority replicated index: 0, Committed index: 0, Last appended: 0.0, Last appended by leader: 0, Current term: 0, Majority size: -1, State: 0, Mode: NON_LEADER, active raft config: opid_index: -1 OBSOLETE_local: false peers { permanent_uuid: "edce2dbc0ca844d8bca1e989eb79541a" member_type: VOTER last_known_addr { host: "127.2.119.65" port: 35069 } } peers { permanent_uuid: "a8093acd2aba4022bda69e6aff0aeecc" member_type: VOTER last_known_addr { host: "127.2.119.66" port: 46473 } } peers { permanent_uuid: "be2d312d24794413bdfbd02672281940" member_type: VOTER last_known_addr { host: "127.2.119.67" port: 36777 } }
I20260709 13:12:28.077497  3781 tablet_service.cc:1511] Processing CreateTablet for tablet dc6903b756664dc186833fcb7e1e2637 (DEFAULT_TABLE table=test-workload [id=6dbd8848d919445f8d59ff57f15ca170]), partition=RANGE (key) PARTITION 837154621 <= VALUES < 873552648
I20260709 13:12:28.094257  3784 data_dirs.cc:400] Could only allocate 1 dirs of requested 3 for tablet c33e4fa486844dfeba8d577677c88ae2. 1 dirs total, 0 dirs full, 0 dirs failed
I20260709 13:12:28.095336  3775 data_dirs.cc:400] Could only allocate 1 dirs of requested 3 for tablet 9d94bcbdca954a4bbdd36c80ddab505c. 1 dirs total, 0 dirs full, 0 dirs failed
I20260709 13:12:28.096452  3703 tablet_service.cc:1511] Processing CreateTablet for tablet 4a37e4a620564285aac775530715f7f7 (DEFAULT_TABLE table=test-workload [id=6dbd8848d919445f8d59ff57f15ca170]), partition=RANGE (key) PARTITION 691562513 <= VALUES < 727960540
I20260709 13:12:28.097681  3703 data_dirs.cc:400] Could only allocate 1 dirs of requested 3 for tablet 4a37e4a620564285aac775530715f7f7. 1 dirs total, 0 dirs full, 0 dirs failed
I20260709 13:12:28.102864  3778 tablet_service.cc:1511] Processing CreateTablet for tablet 06091d62919f4140a8ab5f2f528dd3e1 (DEFAULT_TABLE table=test-workload [id=6dbd8848d919445f8d59ff57f15ca170]), partition=RANGE (key) PARTITION 946348702 <= VALUES < 982746729
W20260709 13:12:28.105748  3591 auto_rebalancer.cc:288] Could not retrieve cluster info: Service unavailable: Tablet not running
I20260709 13:12:28.106462  3778 data_dirs.cc:400] Could only allocate 1 dirs of requested 3 for tablet 06091d62919f4140a8ab5f2f528dd3e1. 1 dirs total, 0 dirs full, 0 dirs failed
I20260709 13:12:28.107967  3709 tablet_service.cc:1511] Processing CreateTablet for tablet 6d297c1286374d83b588a26ce9745ae8 (DEFAULT_TABLE table=test-workload [id=6dbd8848d919445f8d59ff57f15ca170]), partition=RANGE (key) PARTITION 400378297 <= VALUES < 436776324
I20260709 13:12:28.113093  3779 tablet_service.cc:1511] Processing CreateTablet for tablet 36f8ce432dfd432b8b8ccb231280d54e (DEFAULT_TABLE table=test-workload [id=6dbd8848d919445f8d59ff57f15ca170]), partition=RANGE (key) PARTITION 873552648 <= VALUES < 909950675
I20260709 13:12:28.121615  3781 data_dirs.cc:400] Could only allocate 1 dirs of requested 3 for tablet dc6903b756664dc186833fcb7e1e2637. 1 dirs total, 0 dirs full, 0 dirs failed
I20260709 13:12:28.122656  3634 tablet_service.cc:1511] Processing CreateTablet for tablet 9afe1dab2f714ff7917db2351207b689 (DEFAULT_TABLE table=test-workload [id=6dbd8848d919445f8d59ff57f15ca170]), partition=RANGE (key) PARTITION 800756594 <= VALUES < 837154621
I20260709 13:12:28.123911  3634 data_dirs.cc:400] Could only allocate 1 dirs of requested 3 for tablet 9afe1dab2f714ff7917db2351207b689. 1 dirs total, 0 dirs full, 0 dirs failed
