I20260709 13:12:26.095649  8258 raft_consensus.cc:740] T 5d0e2cd74dac4358aba60edf5382befd P 8a968cada1e4446ebb2a5e167176e649 [term 0 FOLLOWER]: Becoming Follower/Learner. State: Replica: 8a968cada1e4446ebb2a5e167176e649, State: Initialized, Role: FOLLOWER
W20260709 13:12:26.096374  8104 leader_election.cc:343] T 97bd47fbf9aa4d1bb8ec05287f69e0b0 P 8a968cada1e4446ebb2a5e167176e649 [CANDIDATE]: Term 1 election: Tablet error from VoteRequest() call to peer d9cd2999aa314b39997b423ec1ae509e (127.6.198.67:35745): Illegal state: must be running to vote when last-logged opid is not known
I20260709 13:12:26.096261  8258 consensus_queue.cc:260] T 5d0e2cd74dac4358aba60edf5382befd P 8a968cada1e4446ebb2a5e167176e649 [NON_LEADER]: Queue going to NON_LEADER mode. State: All replicated index: 0, Majority replicated index: 0, Committed index: 0, Last appended: 0.0, Last appended by leader: 0, Current term: 0, Majority size: -1, State: 0, Mode: NON_LEADER, active raft config: opid_index: -1 OBSOLETE_local: false peers { permanent_uuid: "84d775d1767e4cc4aa7b9c627d8f0fb8" member_type: VOTER last_known_addr { host: "127.6.198.65" port: 45919 } } peers { permanent_uuid: "8a968cada1e4446ebb2a5e167176e649" member_type: VOTER last_known_addr { host: "127.6.198.66" port: 45807 } } peers { permanent_uuid: "d9cd2999aa314b39997b423ec1ae509e" member_type: VOTER last_known_addr { host: "127.6.198.67" port: 35745 } }
I20260709 13:12:26.098214  8258 ts_tablet_manager.cc:1434] T 5d0e2cd74dac4358aba60edf5382befd P 8a968cada1e4446ebb2a5e167176e649: Time spent starting tablet: real 0.006s	user 0.004s	sys 0.000s
I20260709 13:12:26.099361  8258 tablet_bootstrap.cc:492] T c97c3defa48b473aaf762b3a27c0cba0 P 8a968cada1e4446ebb2a5e167176e649: Bootstrap starting.
I20260709 13:12:26.100528  8307 raft_consensus.cc:697] T 9fbc44c6e33e41698020173171d4ff21 P d9cd2999aa314b39997b423ec1ae509e [term 1 LEADER]: Becoming Leader. State: Replica: d9cd2999aa314b39997b423ec1ae509e, State: Running, Role: LEADER
I20260709 13:12:26.101706  8307 consensus_queue.cc:237] T 9fbc44c6e33e41698020173171d4ff21 P d9cd2999aa314b39997b423ec1ae509e [LEADER]: Queue going to LEADER mode. State: All replicated index: 0, Majority replicated index: 0, Committed index: 0, Last appended: 0.0, Last appended by leader: 0, Current term: 1, Majority size: 2, State: 0, Mode: LEADER, active raft config: opid_index: -1 OBSOLETE_local: false peers { permanent_uuid: "84d775d1767e4cc4aa7b9c627d8f0fb8" member_type: VOTER last_known_addr { host: "127.6.198.65" port: 45919 } } peers { permanent_uuid: "8a968cada1e4446ebb2a5e167176e649" member_type: VOTER last_known_addr { host: "127.6.198.66" port: 45807 } } peers { permanent_uuid: "d9cd2999aa314b39997b423ec1ae509e" member_type: VOTER last_known_addr { host: "127.6.198.67" port: 35745 } }
I20260709 13:12:26.104501  8252 tablet_bootstrap.cc:492] T 97bd47fbf9aa4d1bb8ec05287f69e0b0 P d9cd2999aa314b39997b423ec1ae509e: No bootstrap required, opened a new log
I20260709 13:12:26.104935  8252 ts_tablet_manager.cc:1403] T 97bd47fbf9aa4d1bb8ec05287f69e0b0 P d9cd2999aa314b39997b423ec1ae509e: Time spent bootstrapping tablet: real 0.074s	user 0.004s	sys 0.011s
I20260709 13:12:26.103003  8308 raft_consensus.cc:2749] T ac625d2d87774bc7be4ff2189dee7eb0 P d9cd2999aa314b39997b423ec1ae509e [term 0 FOLLOWER]: Leader pre-election lost for term 1. Reason: could not achieve majority
W20260709 13:12:26.106297  8175 leader_election.cc:343] T 3ca98b6f039a45fb80c6e78ff2a0ae32 P d9cd2999aa314b39997b423ec1ae509e [CANDIDATE]: Term 1 pre-election: Tablet error from VoteRequest() call to peer 84d775d1767e4cc4aa7b9c627d8f0fb8 (127.6.198.65:45919): Illegal state: must be running to vote when last-logged opid is not known
I20260709 13:12:26.107345  8311 raft_consensus.cc:493] T 5d0e2cd74dac4358aba60edf5382befd P d9cd2999aa314b39997b423ec1ae509e [term 0 FOLLOWER]: Starting pre-election (no leader contacted us within the election timeout)
I20260709 13:12:26.107813  8311 raft_consensus.cc:515] T 5d0e2cd74dac4358aba60edf5382befd P d9cd2999aa314b39997b423ec1ae509e [term 0 FOLLOWER]: Starting pre-election with config: opid_index: -1 OBSOLETE_local: false peers { permanent_uuid: "84d775d1767e4cc4aa7b9c627d8f0fb8" member_type: VOTER last_known_addr { host: "127.6.198.65" port: 45919 } } peers { permanent_uuid: "8a968cada1e4446ebb2a5e167176e649" member_type: VOTER last_known_addr { host: "127.6.198.66" port: 45807 } } peers { permanent_uuid: "d9cd2999aa314b39997b423ec1ae509e" member_type: VOTER last_known_addr { host: "127.6.198.67" port: 35745 } }
I20260709 13:12:26.108783  8211 raft_consensus.cc:2468] T 5124ddc96f984ec2ae0ee97be6732a90 P d9cd2999aa314b39997b423ec1ae509e [term 1 FOLLOWER]: Leader election vote request: Granting yes vote for candidate 8a968cada1e4446ebb2a5e167176e649 in term 1.
I20260709 13:12:26.110155  8311 leader_election.cc:290] T 5d0e2cd74dac4358aba60edf5382befd P d9cd2999aa314b39997b423ec1ae509e [CANDIDATE]: Term 1 pre-election: Requested pre-vote from peers 84d775d1767e4cc4aa7b9c627d8f0fb8 (127.6.198.65:45919), 8a968cada1e4446ebb2a5e167176e649 (127.6.198.66:45807)
I20260709 13:12:26.112386  8258 tablet_bootstrap.cc:654] T c97c3defa48b473aaf762b3a27c0cba0 P 8a968cada1e4446ebb2a5e167176e649: Neither blocks nor log segments found. Creating new log.
I20260709 13:12:26.113495  8292 raft_consensus.cc:493] T 481500a64cdb4a7fb94658807295dcbe P 8a968cada1e4446ebb2a5e167176e649 [term 0 FOLLOWER]: Starting pre-election (no leader contacted us within the election timeout)
I20260709 13:12:26.114985  8292 raft_consensus.cc:515] T 481500a64cdb4a7fb94658807295dcbe P 8a968cada1e4446ebb2a5e167176e649 [term 0 FOLLOWER]: Starting pre-election with config: opid_index: -1 OBSOLETE_local: false peers { permanent_uuid: "84d775d1767e4cc4aa7b9c627d8f0fb8" member_type: VOTER last_known_addr { host: "127.6.198.65" port: 45919 } } peers { permanent_uuid: "8a968cada1e4446ebb2a5e167176e649" member_type: VOTER last_known_addr { host: "127.6.198.66" port: 45807 } } peers { permanent_uuid: "d9cd2999aa314b39997b423ec1ae509e" member_type: VOTER last_known_addr { host: "127.6.198.67" port: 35745 } }
I20260709 13:12:26.116046  8061 raft_consensus.cc:2468] T 97bd47fbf9aa4d1bb8ec05287f69e0b0 P 84d775d1767e4cc4aa7b9c627d8f0fb8 [term 1 FOLLOWER]: Leader election vote request: Granting yes vote for candidate 8a968cada1e4446ebb2a5e167176e649 in term 1.
I20260709 13:12:26.106751  8175 leader_election.cc:304] T 3ca98b6f039a45fb80c6e78ff2a0ae32 P d9cd2999aa314b39997b423ec1ae509e [CANDIDATE]: Term 1 pre-election: Election decided. Result: candidate lost. Election summary: received 3 responses out of 3 voters: 1 yes votes; 2 no votes. yes voters: d9cd2999aa314b39997b423ec1ae509e; no voters: 84d775d1767e4cc4aa7b9c627d8f0fb8, 8a968cada1e4446ebb2a5e167176e649
I20260709 13:12:26.116508  8264 raft_consensus.cc:2749] T 97bd47fbf9aa4d1bb8ec05287f69e0b0 P 84d775d1767e4cc4aa7b9c627d8f0fb8 [term 1 FOLLOWER]: Leader pre-election lost for term 1. Reason: could not achieve majority
I20260709 13:12:26.116842  8252 raft_consensus.cc:359] T 97bd47fbf9aa4d1bb8ec05287f69e0b0 P d9cd2999aa314b39997b423ec1ae509e [term 0 FOLLOWER]: Replica starting. Triggering 0 pending ops. Active config: opid_index: -1 OBSOLETE_local: false peers { permanent_uuid: "84d775d1767e4cc4aa7b9c627d8f0fb8" member_type: VOTER last_known_addr { host: "127.6.198.65" port: 45919 } } peers { permanent_uuid: "8a968cada1e4446ebb2a5e167176e649" member_type: VOTER last_known_addr { host: "127.6.198.66" port: 45807 } } peers { permanent_uuid: "d9cd2999aa314b39997b423ec1ae509e" member_type: VOTER last_known_addr { host: "127.6.198.67" port: 35745 } }
I20260709 13:12:26.116499  8273 raft_consensus.cc:493] T 5d0e2cd74dac4358aba60edf5382befd P 8a968cada1e4446ebb2a5e167176e649 [term 0 FOLLOWER]: Starting pre-election (no leader contacted us within the election timeout)
I20260709 13:12:26.117687  8252 raft_consensus.cc:385] T 97bd47fbf9aa4d1bb8ec05287f69e0b0 P d9cd2999aa314b39997b423ec1ae509e [term 0 FOLLOWER]: Consensus starting up: Expiring failure detector timer to make a prompt election more likely
I20260709 13:12:26.117805  8292 leader_election.cc:290] T 481500a64cdb4a7fb94658807295dcbe P 8a968cada1e4446ebb2a5e167176e649 [CANDIDATE]: Term 1 pre-election: Requested pre-vote from peers 84d775d1767e4cc4aa7b9c627d8f0fb8 (127.6.198.65:45919), d9cd2999aa314b39997b423ec1ae509e (127.6.198.67:35745)
I20260709 13:12:26.118110  8252 raft_consensus.cc:740] T 97bd47fbf9aa4d1bb8ec05287f69e0b0 P d9cd2999aa314b39997b423ec1ae509e [term 0 FOLLOWER]: Becoming Follower/Learner. State: Replica: d9cd2999aa314b39997b423ec1ae509e, State: Initialized, Role: FOLLOWER
I20260709 13:12:26.118925  8252 consensus_queue.cc:260] T 97bd47fbf9aa4d1bb8ec05287f69e0b0 P d9cd2999aa314b39997b423ec1ae509e [NON_LEADER]: Queue going to NON_LEADER mode. State: All replicated index: 0, Majority replicated index: 0, Committed index: 0, Last appended: 0.0, Last appended by leader: 0, Current term: 0, Majority size: -1, State: 0, Mode: NON_LEADER, active raft config: opid_index: -1 OBSOLETE_local: false peers { permanent_uuid: "84d775d1767e4cc4aa7b9c627d8f0fb8" member_type: VOTER last_known_addr { host: "127.6.198.65" port: 45919 } } peers { permanent_uuid: "8a968cada1e4446ebb2a5e167176e649" member_type: VOTER last_known_addr { host: "127.6.198.66" port: 45807 } } peers { permanent_uuid: "d9cd2999aa314b39997b423ec1ae509e" member_type: VOTER last_known_addr { host: "127.6.198.67" port: 35745 } }
I20260709 13:12:26.117764  8273 raft_consensus.cc:515] T 5d0e2cd74dac4358aba60edf5382befd P 8a968cada1e4446ebb2a5e167176e649 [term 0 FOLLOWER]: Starting pre-election with config: opid_index: -1 OBSOLETE_local: false peers { permanent_uuid: "84d775d1767e4cc4aa7b9c627d8f0fb8" member_type: VOTER last_known_addr { host: "127.6.198.65" port: 45919 } } peers { permanent_uuid: "8a968cada1e4446ebb2a5e167176e649" member_type: VOTER last_known_addr { host: "127.6.198.66" port: 45807 } } peers { permanent_uuid: "d9cd2999aa314b39997b423ec1ae509e" member_type: VOTER last_known_addr { host: "127.6.198.67" port: 35745 } }
I20260709 13:12:26.119776  8063 tablet_service.cc:1917] Received RequestConsensusVote() RPC: tablet_id: "481500a64cdb4a7fb94658807295dcbe" candidate_uuid: "8a968cada1e4446ebb2a5e167176e649" candidate_term: 1 candidate_status { last_received { term: 0 index: 0 } } ignore_live_leader: false dest_uuid: "84d775d1767e4cc4aa7b9c627d8f0fb8" is_pre_election: true
I20260709 13:12:26.120347  8063 raft_consensus.cc:2468] T 481500a64cdb4a7fb94658807295dcbe P 84d775d1767e4cc4aa7b9c627d8f0fb8 [term 0 FOLLOWER]: Leader pre-election vote request: Granting yes vote for candidate 8a968cada1e4446ebb2a5e167176e649 in term 0.
I20260709 13:12:26.121469  8273 leader_election.cc:290] T 5d0e2cd74dac4358aba60edf5382befd P 8a968cada1e4446ebb2a5e167176e649 [CANDIDATE]: Term 1 pre-election: Requested pre-vote from peers 84d775d1767e4cc4aa7b9c627d8f0fb8 (127.6.198.65:45919), d9cd2999aa314b39997b423ec1ae509e (127.6.198.67:35745)
I20260709 13:12:26.121622  8252 ts_tablet_manager.cc:1434] T 97bd47fbf9aa4d1bb8ec05287f69e0b0 P d9cd2999aa314b39997b423ec1ae509e: Time spent starting tablet: real 0.016s	user 0.008s	sys 0.000s
I20260709 13:12:26.122923  8252 tablet_bootstrap.cc:492] T c97c3defa48b473aaf762b3a27c0cba0 P d9cd2999aa314b39997b423ec1ae509e: Bootstrap starting.
I20260709 13:12:26.122725  8101 leader_election.cc:304] T 481500a64cdb4a7fb94658807295dcbe P 8a968cada1e4446ebb2a5e167176e649 [CANDIDATE]: Term 1 pre-election: Election decided. Result: candidate won. Election summary: received 2 responses out of 3 voters: 2 yes votes; 0 no votes. yes voters: 84d775d1767e4cc4aa7b9c627d8f0fb8, 8a968cada1e4446ebb2a5e167176e649; no voters: 
I20260709 13:12:26.123102  8063 tablet_service.cc:1917] Received RequestConsensusVote() RPC: tablet_id: "5d0e2cd74dac4358aba60edf5382befd" candidate_uuid: "8a968cada1e4446ebb2a5e167176e649" candidate_term: 1 candidate_status { last_received { term: 0 index: 0 } } ignore_live_leader: false dest_uuid: "84d775d1767e4cc4aa7b9c627d8f0fb8" is_pre_election: true
I20260709 13:12:26.123608  8273 raft_consensus.cc:2804] T 481500a64cdb4a7fb94658807295dcbe P 8a968cada1e4446ebb2a5e167176e649 [term 0 FOLLOWER]: Leader pre-election won for term 1
I20260709 13:12:26.123714  8063 raft_consensus.cc:2468] T 5d0e2cd74dac4358aba60edf5382befd P 84d775d1767e4cc4aa7b9c627d8f0fb8 [term 0 FOLLOWER]: Leader pre-election vote request: Granting yes vote for candidate 8a968cada1e4446ebb2a5e167176e649 in term 0.
I20260709 13:12:26.124163  8273 raft_consensus.cc:493] T 481500a64cdb4a7fb94658807295dcbe P 8a968cada1e4446ebb2a5e167176e649 [term 0 FOLLOWER]: Starting leader election (no leader contacted us within the election timeout)
I20260709 13:12:26.124665  8273 raft_consensus.cc:3060] T 481500a64cdb4a7fb94658807295dcbe P 8a968cada1e4446ebb2a5e167176e649 [term 0 FOLLOWER]: Advancing to term 1
I20260709 13:12:26.125191  8101 leader_election.cc:304] T 5d0e2cd74dac4358aba60edf5382befd P 8a968cada1e4446ebb2a5e167176e649 [CANDIDATE]: Term 1 pre-election: Election decided. Result: candidate won. Election summary: received 2 responses out of 3 voters: 2 yes votes; 0 no votes. yes voters: 84d775d1767e4cc4aa7b9c627d8f0fb8, 8a968cada1e4446ebb2a5e167176e649; no voters: 
I20260709 13:12:26.126092  8292 raft_consensus.cc:2804] T 5d0e2cd74dac4358aba60edf5382befd P 8a968cada1e4446ebb2a5e167176e649 [term 0 FOLLOWER]: Leader pre-election won for term 1
I20260709 13:12:26.126534  8292 raft_consensus.cc:493] T 5d0e2cd74dac4358aba60edf5382befd P 8a968cada1e4446ebb2a5e167176e649 [term 0 FOLLOWER]: Starting leader election (no leader contacted us within the election timeout)
I20260709 13:12:26.126897  8292 raft_consensus.cc:3060] T 5d0e2cd74dac4358aba60edf5382befd P 8a968cada1e4446ebb2a5e167176e649 [term 0 FOLLOWER]: Advancing to term 1
I20260709 13:12:26.127202  8211 tablet_service.cc:1917] Received RequestConsensusVote() RPC: tablet_id: "481500a64cdb4a7fb94658807295dcbe" candidate_uuid: "8a968cada1e4446ebb2a5e167176e649" candidate_term: 1 candidate_status { last_received { term: 0 index: 0 } } ignore_live_leader: false dest_uuid: "d9cd2999aa314b39997b423ec1ae509e" is_pre_election: true
I20260709 13:12:26.127321  8212 tablet_service.cc:1917] Received RequestConsensusVote() RPC: tablet_id: "5d0e2cd74dac4358aba60edf5382befd" candidate_uuid: "8a968cada1e4446ebb2a5e167176e649" candidate_term: 1 candidate_status { last_received { term: 0 index: 0 } } ignore_live_leader: false dest_uuid: "d9cd2999aa314b39997b423ec1ae509e" is_pre_election: true
I20260709 13:12:26.127902  8211 raft_consensus.cc:2468] T 481500a64cdb4a7fb94658807295dcbe P d9cd2999aa314b39997b423ec1ae509e [term 0 FOLLOWER]: Leader pre-election vote request: Granting yes vote for candidate 8a968cada1e4446ebb2a5e167176e649 in term 0.
I20260709 13:12:26.127967  8212 raft_consensus.cc:2468] T 5d0e2cd74dac4358aba60edf5382befd P d9cd2999aa314b39997b423ec1ae509e [term 0 FOLLOWER]: Leader pre-election vote request: Granting yes vote for candidate 8a968cada1e4446ebb2a5e167176e649 in term 0.
I20260709 13:12:26.131484  8311 raft_consensus.cc:2749] T 3ca98b6f039a45fb80c6e78ff2a0ae32 P d9cd2999aa314b39997b423ec1ae509e [term 0 FOLLOWER]: Leader pre-election lost for term 1. Reason: could not achieve majority
I20260709 13:12:26.132602  8063 tablet_service.cc:1917] Received RequestConsensusVote() RPC: tablet_id: "5d0e2cd74dac4358aba60edf5382befd" candidate_uuid: "d9cd2999aa314b39997b423ec1ae509e" candidate_term: 1 candidate_status { last_received { term: 0 index: 0 } } ignore_live_leader: false dest_uuid: "84d775d1767e4cc4aa7b9c627d8f0fb8" is_pre_election: true
I20260709 13:12:26.133185  8063 raft_consensus.cc:2468] T 5d0e2cd74dac4358aba60edf5382befd P 84d775d1767e4cc4aa7b9c627d8f0fb8 [term 0 FOLLOWER]: Leader pre-election vote request: Granting yes vote for candidate d9cd2999aa314b39997b423ec1ae509e in term 0.
I20260709 13:12:26.133561  8138 tablet_service.cc:1917] Received RequestConsensusVote() RPC: tablet_id: "5d0e2cd74dac4358aba60edf5382befd" candidate_uuid: "d9cd2999aa314b39997b423ec1ae509e" candidate_term: 1 candidate_status { last_received { term: 0 index: 0 } } ignore_live_leader: false dest_uuid: "8a968cada1e4446ebb2a5e167176e649" is_pre_election: true
I20260709 13:12:26.134658  8311 raft_consensus.cc:493] T f6b3f42115d64c26b2b412d669ed6010 P d9cd2999aa314b39997b423ec1ae509e [term 0 FOLLOWER]: Starting pre-election (no leader contacted us within the election timeout)
I20260709 13:12:26.134949  8101 leader_election.cc:304] T 97bd47fbf9aa4d1bb8ec05287f69e0b0 P 8a968cada1e4446ebb2a5e167176e649 [CANDIDATE]: Term 1 election: Election decided. Result: candidate won. Election summary: received 3 responses out of 3 voters: 2 yes votes; 1 no votes. yes voters: 84d775d1767e4cc4aa7b9c627d8f0fb8, 8a968cada1e4446ebb2a5e167176e649; no voters: d9cd2999aa314b39997b423ec1ae509e
I20260709 13:12:26.135274  8311 raft_consensus.cc:515] T f6b3f42115d64c26b2b412d669ed6010 P d9cd2999aa314b39997b423ec1ae509e [term 0 FOLLOWER]: Starting pre-election with config: opid_index: -1 OBSOLETE_local: false peers { permanent_uuid: "84d775d1767e4cc4aa7b9c627d8f0fb8" member_type: VOTER last_known_addr { host: "127.6.198.65" port: 45919 } } peers { permanent_uuid: "8a968cada1e4446ebb2a5e167176e649" member_type: VOTER last_known_addr { host: "127.6.198.66" port: 45807 } } peers { permanent_uuid: "d9cd2999aa314b39997b423ec1ae509e" member_type: VOTER last_known_addr { host: "127.6.198.67" port: 35745 } }
I20260709 13:12:26.135811  8298 raft_consensus.cc:2804] T 97bd47fbf9aa4d1bb8ec05287f69e0b0 P 8a968cada1e4446ebb2a5e167176e649 [term 1 FOLLOWER]: Leader election won for term 1
I20260709 13:12:26.136305  8298 raft_consensus.cc:697] T 97bd47fbf9aa4d1bb8ec05287f69e0b0 P 8a968cada1e4446ebb2a5e167176e649 [term 1 LEADER]: Becoming Leader. State: Replica: 8a968cada1e4446ebb2a5e167176e649, State: Running, Role: LEADER
I20260709 13:12:26.136504  8175 leader_election.cc:304] T 5d0e2cd74dac4358aba60edf5382befd P d9cd2999aa314b39997b423ec1ae509e [CANDIDATE]: Term 1 pre-election: Election decided. Result: candidate won. Election summary: received 2 responses out of 3 voters: 2 yes votes; 0 no votes. yes voters: 84d775d1767e4cc4aa7b9c627d8f0fb8, d9cd2999aa314b39997b423ec1ae509e; no voters: 
I20260709 13:12:26.137343  8308 raft_consensus.cc:2804] T 5d0e2cd74dac4358aba60edf5382befd P d9cd2999aa314b39997b423ec1ae509e [term 0 FOLLOWER]: Leader pre-election won for term 1
I20260709 13:12:26.137126  8298 consensus_queue.cc:237] T 97bd47fbf9aa4d1bb8ec05287f69e0b0 P 8a968cada1e4446ebb2a5e167176e649 [LEADER]: Queue going to LEADER mode. State: All replicated index: 0, Majority replicated index: 0, Committed index: 0, Last appended: 0.0, Last appended by leader: 0, Current term: 1, Majority size: 2, State: 0, Mode: LEADER, active raft config: opid_index: -1 OBSOLETE_local: false peers { permanent_uuid: "84d775d1767e4cc4aa7b9c627d8f0fb8" member_type: VOTER last_known_addr { host: "127.6.198.65" port: 45919 } } peers { permanent_uuid: "8a968cada1e4446ebb2a5e167176e649" member_type: VOTER last_known_addr { host: "127.6.198.66" port: 45807 } } peers { permanent_uuid: "d9cd2999aa314b39997b423ec1ae509e" member_type: VOTER last_known_addr { host: "127.6.198.67" port: 35745 } }
I20260709 13:12:26.137702  8308 raft_consensus.cc:493] T 5d0e2cd74dac4358aba60edf5382befd P d9cd2999aa314b39997b423ec1ae509e [term 0 FOLLOWER]: Starting leader election (no leader contacted us within the election timeout)
I20260709 13:12:26.138176  8063 tablet_service.cc:1917] Received RequestConsensusVote() RPC: tablet_id: "f6b3f42115d64c26b2b412d669ed6010" candidate_uuid: "d9cd2999aa314b39997b423ec1ae509e" candidate_term: 1 candidate_status { last_received { term: 0 index: 0 } } ignore_live_leader: false dest_uuid: "84d775d1767e4cc4aa7b9c627d8f0fb8" is_pre_election: true
W20260709 13:12:26.139568  8175 leader_election.cc:343] T f6b3f42115d64c26b2b412d669ed6010 P d9cd2999aa314b39997b423ec1ae509e [CANDIDATE]: Term 1 pre-election: Tablet error from VoteRequest() call to peer 84d775d1767e4cc4aa7b9c627d8f0fb8 (127.6.198.65:45919): Illegal state: must be running to vote when last-logged opid is not known
I20260709 13:12:26.138041  8308 raft_consensus.cc:3060] T 5d0e2cd74dac4358aba60edf5382befd P d9cd2999aa314b39997b423ec1ae509e [term 0 FOLLOWER]: Advancing to term 1
I20260709 13:12:26.141947  8311 leader_election.cc:290] T f6b3f42115d64c26b2b412d669ed6010 P d9cd2999aa314b39997b423ec1ae509e [CANDIDATE]: Term 1 pre-election: Requested pre-vote from peers 84d775d1767e4cc4aa7b9c627d8f0fb8 (127.6.198.65:45919), 8a968cada1e4446ebb2a5e167176e649 (127.6.198.66:45807)
I20260709 13:12:26.145911  8292 raft_consensus.cc:515] T 5d0e2cd74dac4358aba60edf5382befd P 8a968cada1e4446ebb2a5e167176e649 [term 1 FOLLOWER]: Starting leader election with config: opid_index: -1 OBSOLETE_local: false peers { permanent_uuid: "84d775d1767e4cc4aa7b9c627d8f0fb8" member_type: VOTER last_known_addr { host: "127.6.198.65" port: 45919 } } peers { permanent_uuid: "8a968cada1e4446ebb2a5e167176e649" member_type: VOTER last_known_addr { host: "127.6.198.66" port: 45807 } } peers { permanent_uuid: "d9cd2999aa314b39997b423ec1ae509e" member_type: VOTER last_known_addr { host: "127.6.198.67" port: 35745 } }
I20260709 13:12:26.147189  8138 raft_consensus.cc:2393] T 5d0e2cd74dac4358aba60edf5382befd P 8a968cada1e4446ebb2a5e167176e649 [term 1 FOLLOWER]: Leader pre-election vote request: Denying vote to candidate d9cd2999aa314b39997b423ec1ae509e in current term 1: Already voted for candidate 8a968cada1e4446ebb2a5e167176e649 in this term.
I20260709 13:12:26.149116  8253 tablet_bootstrap.cc:492] T 9fbc44c6e33e41698020173171d4ff21 P 84d775d1767e4cc4aa7b9c627d8f0fb8: No bootstrap required, opened a new log
I20260709 13:12:26.149768  8253 ts_tablet_manager.cc:1403] T 9fbc44c6e33e41698020173171d4ff21 P 84d775d1767e4cc4aa7b9c627d8f0fb8: Time spent bootstrapping tablet: real 0.149s	user 0.020s	sys 0.011s
I20260709 13:12:26.157240  8063 tablet_service.cc:1917] Received RequestConsensusVote() RPC: tablet_id: "5d0e2cd74dac4358aba60edf5382befd" candidate_uuid: "8a968cada1e4446ebb2a5e167176e649" candidate_term: 1 candidate_status { last_received { term: 0 index: 0 } } ignore_live_leader: false dest_uuid: "84d775d1767e4cc4aa7b9c627d8f0fb8"
I20260709 13:12:26.157531  8211 tablet_service.cc:1917] Received RequestConsensusVote() RPC: tablet_id: "5d0e2cd74dac4358aba60edf5382befd" candidate_uuid: "8a968cada1e4446ebb2a5e167176e649" candidate_term: 1 candidate_status { last_received { term: 0 index: 0 } } ignore_live_leader: false dest_uuid: "d9cd2999aa314b39997b423ec1ae509e"
I20260709 13:12:26.157823  8063 raft_consensus.cc:3060] T 5d0e2cd74dac4358aba60edf5382befd P 84d775d1767e4cc4aa7b9c627d8f0fb8 [term 0 FOLLOWER]: Advancing to term 1
I20260709 13:12:26.158984  8308 raft_consensus.cc:515] T 5d0e2cd74dac4358aba60edf5382befd P d9cd2999aa314b39997b423ec1ae509e [term 1 FOLLOWER]: Starting leader election with config: opid_index: -1 OBSOLETE_local: false peers { permanent_uuid: "84d775d1767e4cc4aa7b9c627d8f0fb8" member_type: VOTER last_known_addr { host: "127.6.198.65" port: 45919 } } peers { permanent_uuid: "8a968cada1e4446ebb2a5e167176e649" member_type: VOTER last_known_addr { host: "127.6.198.66" port: 45807 } } peers { permanent_uuid: "d9cd2999aa314b39997b423ec1ae509e" member_type: VOTER last_known_addr { host: "127.6.198.67" port: 35745 } }
I20260709 13:12:26.159224  8273 raft_consensus.cc:515] T 481500a64cdb4a7fb94658807295dcbe P 8a968cada1e4446ebb2a5e167176e649 [term 1 FOLLOWER]: Starting leader election with config: opid_index: -1 OBSOLETE_local: false peers { permanent_uuid: "84d775d1767e4cc4aa7b9c627d8f0fb8" member_type: VOTER last_known_addr { host: "127.6.198.65" port: 45919 } } peers { permanent_uuid: "8a968cada1e4446ebb2a5e167176e649" member_type: VOTER last_known_addr { host: "127.6.198.66" port: 45807 } } peers { permanent_uuid: "d9cd2999aa314b39997b423ec1ae509e" member_type: VOTER last_known_addr { host: "127.6.198.67" port: 35745 } }
I20260709 13:12:26.160107  8211 raft_consensus.cc:2393] T 5d0e2cd74dac4358aba60edf5382befd P d9cd2999aa314b39997b423ec1ae509e [term 1 FOLLOWER]: Leader election vote request: Denying vote to candidate 8a968cada1e4446ebb2a5e167176e649 in current term 1: Already voted for candidate d9cd2999aa314b39997b423ec1ae509e in this term.
I20260709 13:12:26.166460  8063 raft_consensus.cc:2468] T 5d0e2cd74dac4358aba60edf5382befd P 84d775d1767e4cc4aa7b9c627d8f0fb8 [term 1 FOLLOWER]: Leader election vote request: Granting yes vote for candidate 8a968cada1e4446ebb2a5e167176e649 in term 1.
I20260709 13:12:26.162173  8138 tablet_service.cc:1917] Received RequestConsensusVote() RPC: tablet_id: "f6b3f42115d64c26b2b412d669ed6010" candidate_uuid: "d9cd2999aa314b39997b423ec1ae509e" candidate_term: 1 candidate_status { last_received { term: 0 index: 0 } } ignore_live_leader: false dest_uuid: "8a968cada1e4446ebb2a5e167176e649" is_pre_election: true
I20260709 13:12:26.167670  8101 leader_election.cc:304] T 5d0e2cd74dac4358aba60edf5382befd P 8a968cada1e4446ebb2a5e167176e649 [CANDIDATE]: Term 1 election: Election decided. Result: candidate won. Election summary: received 2 responses out of 3 voters: 2 yes votes; 0 no votes. yes voters: 84d775d1767e4cc4aa7b9c627d8f0fb8, 8a968cada1e4446ebb2a5e167176e649; no voters: 
I20260709 13:12:26.168478  8295 raft_consensus.cc:2804] T 5d0e2cd74dac4358aba60edf5382befd P 8a968cada1e4446ebb2a5e167176e649 [term 1 FOLLOWER]: Leader election won for term 1
I20260709 13:12:26.168512  8253 raft_consensus.cc:359] T 9fbc44c6e33e41698020173171d4ff21 P 84d775d1767e4cc4aa7b9c627d8f0fb8 [term 0 FOLLOWER]: Replica starting. Triggering 0 pending ops. Active config: opid_index: -1 OBSOLETE_local: false peers { permanent_uuid: "84d775d1767e4cc4aa7b9c627d8f0fb8" member_type: VOTER last_known_addr { host: "127.6.198.65" port: 45919 } } peers { permanent_uuid: "8a968cada1e4446ebb2a5e167176e649" member_type: VOTER last_known_addr { host: "127.6.198.66" port: 45807 } } peers { permanent_uuid: "d9cd2999aa314b39997b423ec1ae509e" member_type: VOTER last_known_addr { host: "127.6.198.67" port: 35745 } }
I20260709 13:12:26.169062  8295 raft_consensus.cc:697] T 5d0e2cd74dac4358aba60edf5382befd P 8a968cada1e4446ebb2a5e167176e649 [term 1 LEADER]: Becoming Leader. State: Replica: 8a968cada1e4446ebb2a5e167176e649, State: Running, Role: LEADER
W20260709 13:12:26.169207  8175 leader_election.cc:343] T f6b3f42115d64c26b2b412d669ed6010 P d9cd2999aa314b39997b423ec1ae509e [CANDIDATE]: Term 1 pre-election: Tablet error from VoteRequest() call to peer 8a968cada1e4446ebb2a5e167176e649 (127.6.198.66:45807): Illegal state: must be running to vote when last-logged opid is not known
I20260709 13:12:26.165032  8137 tablet_service.cc:1917] Received RequestConsensusVote() RPC: tablet_id: "5d0e2cd74dac4358aba60edf5382befd" candidate_uuid: "d9cd2999aa314b39997b423ec1ae509e" candidate_term: 1 candidate_status { last_received { term: 0 index: 0 } } ignore_live_leader: false dest_uuid: "8a968cada1e4446ebb2a5e167176e649"
I20260709 13:12:26.169342  8253 raft_consensus.cc:385] T 9fbc44c6e33e41698020173171d4ff21 P 84d775d1767e4cc4aa7b9c627d8f0fb8 [term 0 FOLLOWER]: Consensus starting up: Expiring failure detector timer to make a prompt election more likely
I20260709 13:12:26.160912  8308 leader_election.cc:290] T 5d0e2cd74dac4358aba60edf5382befd P d9cd2999aa314b39997b423ec1ae509e [CANDIDATE]: Term 1 election: Requested vote from peers 84d775d1767e4cc4aa7b9c627d8f0fb8 (127.6.198.65:45919), 8a968cada1e4446ebb2a5e167176e649 (127.6.198.66:45807)
I20260709 13:12:26.162531  8292 leader_election.cc:290] T 5d0e2cd74dac4358aba60edf5382befd P 8a968cada1e4446ebb2a5e167176e649 [CANDIDATE]: Term 1 election: Requested vote from peers 84d775d1767e4cc4aa7b9c627d8f0fb8 (127.6.198.65:45919), d9cd2999aa314b39997b423ec1ae509e (127.6.198.67:35745)
I20260709 13:12:26.175895  8061 tablet_service.cc:1917] Received RequestConsensusVote() RPC: tablet_id: "5d0e2cd74dac4358aba60edf5382befd" candidate_uuid: "d9cd2999aa314b39997b423ec1ae509e" candidate_term: 1 candidate_status { last_received { term: 0 index: 0 } } ignore_live_leader: false dest_uuid: "84d775d1767e4cc4aa7b9c627d8f0fb8"
I20260709 13:12:26.175741  8295 consensus_queue.cc:237] T 5d0e2cd74dac4358aba60edf5382befd P 8a968cada1e4446ebb2a5e167176e649 [LEADER]: Queue going to LEADER mode. State: All replicated index: 0, Majority replicated index: 0, Committed index: 0, Last appended: 0.0, Last appended by leader: 0, Current term: 1, Majority size: 2, State: 0, Mode: LEADER, active raft config: opid_index: -1 OBSOLETE_local: false peers { permanent_uuid: "84d775d1767e4cc4aa7b9c627d8f0fb8" member_type: VOTER last_known_addr { host: "127.6.198.65" port: 45919 } } peers { permanent_uuid: "8a968cada1e4446ebb2a5e167176e649" member_type: VOTER last_known_addr { host: "127.6.198.66" port: 45807 } } peers { permanent_uuid: "d9cd2999aa314b39997b423ec1ae509e" member_type: VOTER last_known_addr { host: "127.6.198.67" port: 35745 } }
I20260709 13:12:26.170439  8253 raft_consensus.cc:740] T 9fbc44c6e33e41698020173171d4ff21 P 84d775d1767e4cc4aa7b9c627d8f0fb8 [term 0 FOLLOWER]: Becoming Follower/Learner. State: Replica: 84d775d1767e4cc4aa7b9c627d8f0fb8, State: Initialized, Role: FOLLOWER
I20260709 13:12:26.169988  8175 leader_election.cc:304] T f6b3f42115d64c26b2b412d669ed6010 P d9cd2999aa314b39997b423ec1ae509e [CANDIDATE]: Term 1 pre-election: Election decided. Result: candidate lost. Election summary: received 3 responses out of 3 voters: 1 yes votes; 2 no votes. yes voters: d9cd2999aa314b39997b423ec1ae509e; no voters: 84d775d1767e4cc4aa7b9c627d8f0fb8, 8a968cada1e4446ebb2a5e167176e649
I20260709 13:12:26.180331  8061 raft_consensus.cc:2393] T 5d0e2cd74dac4358aba60edf5382befd P 84d775d1767e4cc4aa7b9c627d8f0fb8 [term 1 FOLLOWER]: Leader election vote request: Denying vote to candidate d9cd2999aa314b39997b423ec1ae509e in current term 1: Already voted for candidate 8a968cada1e4446ebb2a5e167176e649 in this term.
I20260709 13:12:26.189368  8252 tablet_bootstrap.cc:654] T c97c3defa48b473aaf762b3a27c0cba0 P d9cd2999aa314b39997b423ec1ae509e: Neither blocks nor log segments found. Creating new log.
I20260709 13:12:26.190745  8253 consensus_queue.cc:260] T 9fbc44c6e33e41698020173171d4ff21 P 84d775d1767e4cc4aa7b9c627d8f0fb8 [NON_LEADER]: Queue going to NON_LEADER mode. State: All replicated index: 0, Majority replicated index: 0, Committed index: 0, Last appended: 0.0, Last appended by leader: 0, Current term: 0, Majority size: -1, State: 0, Mode: NON_LEADER, active raft config: opid_index: -1 OBSOLETE_local: false peers { permanent_uuid: "84d775d1767e4cc4aa7b9c627d8f0fb8" member_type: VOTER last_known_addr { host: "127.6.198.65" port: 45919 } } peers { permanent_uuid: "8a968cada1e4446ebb2a5e167176e649" member_type: VOTER last_known_addr { host: "127.6.198.66" port: 45807 } } peers { permanent_uuid: "d9cd2999aa314b39997b423ec1ae509e" member_type: VOTER last_known_addr { host: "127.6.198.67" port: 35745 } }
I20260709 13:12:26.192898  8175 leader_election.cc:304] T 5d0e2cd74dac4358aba60edf5382befd P d9cd2999aa314b39997b423ec1ae509e [CANDIDATE]: Term 1 election: Election decided. Result: candidate lost. Election summary: received 3 responses out of 3 voters: 1 yes votes; 2 no votes. yes voters: d9cd2999aa314b39997b423ec1ae509e; no voters: 84d775d1767e4cc4aa7b9c627d8f0fb8, 8a968cada1e4446ebb2a5e167176e649
I20260709 13:12:26.195137  8253 ts_tablet_manager.cc:1434] T 9fbc44c6e33e41698020173171d4ff21 P 84d775d1767e4cc4aa7b9c627d8f0fb8: Time spent starting tablet: real 0.045s	user 0.004s	sys 0.003s
I20260709 13:12:26.193645  8308 raft_consensus.cc:2749] T f6b3f42115d64c26b2b412d669ed6010 P d9cd2999aa314b39997b423ec1ae509e [term 0 FOLLOWER]: Leader pre-election lost for term 1. Reason: could not achieve majority
I20260709 13:12:26.198812  8253 tablet_bootstrap.cc:492] T 9871516a41a2419d8af8e6fe9e0a5fa1 P 84d775d1767e4cc4aa7b9c627d8f0fb8: Bootstrap starting.
I20260709 13:12:26.200120  8061 tablet_service.cc:1917] Received RequestConsensusVote() RPC: tablet_id: "481500a64cdb4a7fb94658807295dcbe" candidate_uuid: "8a968cada1e4446ebb2a5e167176e649" candidate_term: 1 candidate_status { last_received { term: 0 index: 0 } } ignore_live_leader: false dest_uuid: "84d775d1767e4cc4aa7b9c627d8f0fb8"
I20260709 13:12:26.201911  8307 raft_consensus.cc:2749] T 5d0e2cd74dac4358aba60edf5382befd P d9cd2999aa314b39997b423ec1ae509e [term 1 FOLLOWER]: Leader election lost for term 1. Reason: could not achieve majority
I20260709 13:12:26.201953  8061 raft_consensus.cc:3060] T 481500a64cdb4a7fb94658807295dcbe P 84d775d1767e4cc4aa7b9c627d8f0fb8 [term 0 FOLLOWER]: Advancing to term 1
I20260709 13:12:26.206723  7960 catalog_manager.cc:5697] T 9fbc44c6e33e41698020173171d4ff21 P d9cd2999aa314b39997b423ec1ae509e reported cstate change: term changed from 0 to 1, leader changed from <none> to d9cd2999aa314b39997b423ec1ae509e (127.6.198.67). New cstate: current_term: 1 leader_uuid: "d9cd2999aa314b39997b423ec1ae509e" committed_config { opid_index: -1 OBSOLETE_local: false peers { permanent_uuid: "84d775d1767e4cc4aa7b9c627d8f0fb8" member_type: VOTER last_known_addr { host: "127.6.198.65" port: 45919 } health_report { overall_health: UNKNOWN } } peers { permanent_uuid: "8a968cada1e4446ebb2a5e167176e649" member_type: VOTER last_known_addr { host: "127.6.198.66" port: 45807 } health_report { overall_health: UNKNOWN } } peers { permanent_uuid: "d9cd2999aa314b39997b423ec1ae509e" member_type: VOTER last_known_addr { host: "127.6.198.67" port: 35745 } health_report { overall_health: HEALTHY } } }
I20260709 13:12:26.211912  8211 tablet_service.cc:1917] Received RequestConsensusVote() RPC: tablet_id: "481500a64cdb4a7fb94658807295dcbe" candidate_uuid: "8a968cada1e4446ebb2a5e167176e649" candidate_term: 1 candidate_status { last_received { term: 0 index: 0 } } ignore_live_leader: false dest_uuid: "d9cd2999aa314b39997b423ec1ae509e"
I20260709 13:12:26.212456  8211 raft_consensus.cc:3060] T 481500a64cdb4a7fb94658807295dcbe P d9cd2999aa314b39997b423ec1ae509e [term 0 FOLLOWER]: Advancing to term 1
I20260709 13:12:26.213342  8061 raft_consensus.cc:2468] T 481500a64cdb4a7fb94658807295dcbe P 84d775d1767e4cc4aa7b9c627d8f0fb8 [term 1 FOLLOWER]: Leader election vote request: Granting yes vote for candidate 8a968cada1e4446ebb2a5e167176e649 in term 1.
I20260709 13:12:26.214509  8101 leader_election.cc:304] T 481500a64cdb4a7fb94658807295dcbe P 8a968cada1e4446ebb2a5e167176e649 [CANDIDATE]: Term 1 election: Election decided. Result: candidate won. Election summary: received 2 responses out of 3 voters: 2 yes votes; 0 no votes. yes voters: 84d775d1767e4cc4aa7b9c627d8f0fb8, 8a968cada1e4446ebb2a5e167176e649; no voters: 
I20260709 13:12:26.209781  8273 leader_election.cc:290] T 481500a64cdb4a7fb94658807295dcbe P 8a968cada1e4446ebb2a5e167176e649 [CANDIDATE]: Term 1 election: Requested vote from peers 84d775d1767e4cc4aa7b9c627d8f0fb8 (127.6.198.65:45919), d9cd2999aa314b39997b423ec1ae509e (127.6.198.67:35745)
I20260709 13:12:26.220266  8258 tablet_bootstrap.cc:492] T c97c3defa48b473aaf762b3a27c0cba0 P 8a968cada1e4446ebb2a5e167176e649: No bootstrap required, opened a new log
I20260709 13:12:26.220749  8258 ts_tablet_manager.cc:1403] T c97c3defa48b473aaf762b3a27c0cba0 P 8a968cada1e4446ebb2a5e167176e649: Time spent bootstrapping tablet: real 0.122s	user 0.015s	sys 0.018s
I20260709 13:12:26.220952  8298 raft_consensus.cc:2804] T 481500a64cdb4a7fb94658807295dcbe P 8a968cada1e4446ebb2a5e167176e649 [term 1 FOLLOWER]: Leader election won for term 1
I20260709 13:12:26.221515  8253 tablet_bootstrap.cc:654] T 9871516a41a2419d8af8e6fe9e0a5fa1 P 84d775d1767e4cc4aa7b9c627d8f0fb8: Neither blocks nor log segments found. Creating new log.
I20260709 13:12:26.221483  8298 raft_consensus.cc:697] T 481500a64cdb4a7fb94658807295dcbe P 8a968cada1e4446ebb2a5e167176e649 [term 1 LEADER]: Becoming Leader. State: Replica: 8a968cada1e4446ebb2a5e167176e649, State: Running, Role: LEADER
I20260709 13:12:26.222489  8298 consensus_queue.cc:237] T 481500a64cdb4a7fb94658807295dcbe P 8a968cada1e4446ebb2a5e167176e649 [LEADER]: Queue going to LEADER mode. State: All replicated index: 0, Majority replicated index: 0, Committed index: 0, Last appended: 0.0, Last appended by leader: 0, Current term: 1, Majority size: 2, State: 0, Mode: LEADER, active raft config: opid_index: -1 OBSOLETE_local: false peers { permanent_uuid: "84d775d1767e4cc4aa7b9c627d8f0fb8" member_type: VOTER last_known_addr { host: "127.6.198.65" port: 45919 } } peers { permanent_uuid: "8a968cada1e4446ebb2a5e167176e649" member_type: VOTER last_known_addr { host: "127.6.198.66" port: 45807 } } peers { permanent_uuid: "d9cd2999aa314b39997b423ec1ae509e" member_type: VOTER last_known_addr { host: "127.6.198.67" port: 35745 } }
I20260709 13:12:26.224934  8211 raft_consensus.cc:2468] T 481500a64cdb4a7fb94658807295dcbe P d9cd2999aa314b39997b423ec1ae509e [term 1 FOLLOWER]: Leader election vote request: Granting yes vote for candidate 8a968cada1e4446ebb2a5e167176e649 in term 1.
I20260709 13:12:26.227360  7958 catalog_manager.cc:5697] T 97bd47fbf9aa4d1bb8ec05287f69e0b0 P 8a968cada1e4446ebb2a5e167176e649 reported cstate change: term changed from 0 to 1, leader changed from <none> to 8a968cada1e4446ebb2a5e167176e649 (127.6.198.66). New cstate: current_term: 1 leader_uuid: "8a968cada1e4446ebb2a5e167176e649" committed_config { opid_index: -1 OBSOLETE_local: false peers { permanent_uuid: "84d775d1767e4cc4aa7b9c627d8f0fb8" member_type: VOTER last_known_addr { host: "127.6.198.65" port: 45919 } health_report { overall_health: UNKNOWN } } peers { permanent_uuid: "8a968cada1e4446ebb2a5e167176e649" member_type: VOTER last_known_addr { host: "127.6.198.66" port: 45807 } health_report { overall_health: HEALTHY } } peers { permanent_uuid: "d9cd2999aa314b39997b423ec1ae509e" member_type: VOTER last_known_addr { host: "127.6.198.67" port: 35745 } health_report { overall_health: UNKNOWN } } }
I20260709 13:12:26.228762  8258 raft_consensus.cc:359] T c97c3defa48b473aaf762b3a27c0cba0 P 8a968cada1e4446ebb2a5e167176e649 [term 0 FOLLOWER]: Replica starting. Triggering 0 pending ops. Active config: opid_index: -1 OBSOLETE_local: false peers { permanent_uuid: "84d775d1767e4cc4aa7b9c627d8f0fb8" member_type: VOTER last_known_addr { host: "127.6.198.65" port: 45919 } } peers { permanent_uuid: "8a968cada1e4446ebb2a5e167176e649" member_type: VOTER last_known_addr { host: "127.6.198.66" port: 45807 } } peers { permanent_uuid: "d9cd2999aa314b39997b423ec1ae509e" member_type: VOTER last_known_addr { host: "127.6.198.67" port: 35745 } }
I20260709 13:12:26.229488  8258 raft_consensus.cc:385] T c97c3defa48b473aaf762b3a27c0cba0 P 8a968cada1e4446ebb2a5e167176e649 [term 0 FOLLOWER]: Consensus starting up: Expiring failure detector timer to make a prompt election more likely
I20260709 13:12:26.229780  8258 raft_consensus.cc:740] T c97c3defa48b473aaf762b3a27c0cba0 P 8a968cada1e4446ebb2a5e167176e649 [term 0 FOLLOWER]: Becoming Follower/Learner. State: Replica: 8a968cada1e4446ebb2a5e167176e649, State: Initialized, Role: FOLLOWER
I20260709 13:12:26.229175  7958 catalog_manager.cc:5697] T cc8454910b36474c90b678c57cea9773 P 8a968cada1e4446ebb2a5e167176e649 reported cstate change: term changed from 0 to 1, leader changed from <none> to 8a968cada1e4446ebb2a5e167176e649 (127.6.198.66). New cstate: current_term: 1 leader_uuid: "8a968cada1e4446ebb2a5e167176e649" committed_config { opid_index: -1 OBSOLETE_local: false peers { permanent_uuid: "84d775d1767e4cc4aa7b9c627d8f0fb8" member_type: VOTER last_known_addr { host: "127.6.198.65" port: 45919 } health_report { overall_health: UNKNOWN } } peers { permanent_uuid: "8a968cada1e4446ebb2a5e167176e649" member_type: VOTER last_known_addr { host: "127.6.198.66" port: 45807 } health_report { overall_health: HEALTHY } } peers { permanent_uuid: "d9cd2999aa314b39997b423ec1ae509e" member_type: VOTER last_known_addr { host: "127.6.198.67" port: 35745 } health_report { overall_health: UNKNOWN } } }
I20260709 13:12:26.230381  8253 tablet_bootstrap.cc:492] T 9871516a41a2419d8af8e6fe9e0a5fa1 P 84d775d1767e4cc4aa7b9c627d8f0fb8: No bootstrap required, opened a new log
I20260709 13:12:26.230772  8253 ts_tablet_manager.cc:1403] T 9871516a41a2419d8af8e6fe9e0a5fa1 P 84d775d1767e4cc4aa7b9c627d8f0fb8: Time spent bootstrapping tablet: real 0.032s	user 0.011s	sys 0.000s
I20260709 13:12:26.230669  8258 consensus_queue.cc:260] T c97c3defa48b473aaf762b3a27c0cba0 P 8a968cada1e4446ebb2a5e167176e649 [NON_LEADER]: Queue going to NON_LEADER mode. State: All replicated index: 0, Majority replicated index: 0, Committed index: 0, Last appended: 0.0, Last appended by leader: 0, Current term: 0, Majority size: -1, State: 0, Mode: NON_LEADER, active raft config: opid_index: -1 OBSOLETE_local: false peers { permanent_uuid: "84d775d1767e4cc4aa7b9c627d8f0fb8" member_type: VOTER last_known_addr { host: "127.6.198.65" port: 45919 } } peers { permanent_uuid: "8a968cada1e4446ebb2a5e167176e649" member_type: VOTER last_known_addr { host: "127.6.198.66" port: 45807 } } peers { permanent_uuid: "d9cd2999aa314b39997b423ec1ae509e" member_type: VOTER last_known_addr { host: "127.6.198.67" port: 35745 } }
I20260709 13:12:26.230942  7958 catalog_manager.cc:5697] T 5124ddc96f984ec2ae0ee97be6732a90 P 8a968cada1e4446ebb2a5e167176e649 reported cstate change: term changed from 0 to 1, leader changed from <none> to 8a968cada1e4446ebb2a5e167176e649 (127.6.198.66). New cstate: current_term: 1 leader_uuid: "8a968cada1e4446ebb2a5e167176e649" committed_config { opid_index: -1 OBSOLETE_local: false peers { permanent_uuid: "d9cd2999aa314b39997b423ec1ae509e" member_type: VOTER last_known_addr { host: "127.6.198.67" port: 35745 } health_report { overall_health: UNKNOWN } } peers { permanent_uuid: "84d775d1767e4cc4aa7b9c627d8f0fb8" member_type: VOTER last_known_addr { host: "127.6.198.65" port: 45919 } health_report { overall_health: UNKNOWN } } peers { permanent_uuid: "8a968cada1e4446ebb2a5e167176e649" member_type: VOTER last_known_addr { host: "127.6.198.66" port: 45807 } health_report { overall_health: HEALTHY } } }
I20260709 13:12:26.232751  8258 ts_tablet_manager.cc:1434] T c97c3defa48b473aaf762b3a27c0cba0 P 8a968cada1e4446ebb2a5e167176e649: Time spent starting tablet: real 0.012s	user 0.002s	sys 0.006s
I20260709 13:12:26.232533  7958 catalog_manager.cc:5697] T 9871516a41a2419d8af8e6fe9e0a5fa1 P 8a968cada1e4446ebb2a5e167176e649 reported cstate change: term changed from 0 to 1, leader changed from <none> to 8a968cada1e4446ebb2a5e167176e649 (127.6.198.66). New cstate: current_term: 1 leader_uuid: "8a968cada1e4446ebb2a5e167176e649" committed_config { opid_index: -1 OBSOLETE_local: false peers { permanent_uuid: "84d775d1767e4cc4aa7b9c627d8f0fb8" member_type: VOTER last_known_addr { host: "127.6.198.65" port: 45919 } health_report { overall_health: UNKNOWN } } peers { permanent_uuid: "8a968cada1e4446ebb2a5e167176e649" member_type: VOTER last_known_addr { host: "127.6.198.66" port: 45807 } health_report { overall_health: HEALTHY } } peers { permanent_uuid: "d9cd2999aa314b39997b423ec1ae509e" member_type: VOTER last_known_addr { host: "127.6.198.67" port: 35745 } health_report { overall_health: UNKNOWN } } }
I20260709 13:12:26.233096  8253 raft_consensus.cc:359] T 9871516a41a2419d8af8e6fe9e0a5fa1 P 84d775d1767e4cc4aa7b9c627d8f0fb8 [term 0 FOLLOWER]: Replica starting. Triggering 0 pending ops. Active config: opid_index: -1 OBSOLETE_local: false peers { permanent_uuid: "84d775d1767e4cc4aa7b9c627d8f0fb8" member_type: VOTER last_known_addr { host: "127.6.198.65" port: 45919 } } peers { permanent_uuid: "8a968cada1e4446ebb2a5e167176e649" member_type: VOTER last_known_addr { host: "127.6.198.66" port: 45807 } } peers { permanent_uuid: "d9cd2999aa314b39997b423ec1ae509e" member_type: VOTER last_known_addr { host: "127.6.198.67" port: 35745 } }
I20260709 13:12:26.233629  8253 raft_consensus.cc:385] T 9871516a41a2419d8af8e6fe9e0a5fa1 P 84d775d1767e4cc4aa7b9c627d8f0fb8 [term 0 FOLLOWER]: Consensus starting up: Expiring failure detector timer to make a prompt election more likely
I20260709 13:12:26.233781  8258 tablet_bootstrap.cc:492] T a4992d168cb240009f8bfc8df07668e0 P 8a968cada1e4446ebb2a5e167176e649: Bootstrap starting.
I20260709 13:12:26.234530  8264 raft_consensus.cc:493] T 9fbc44c6e33e41698020173171d4ff21 P 84d775d1767e4cc4aa7b9c627d8f0fb8 [term 0 FOLLOWER]: Starting pre-election (no leader contacted us within the election timeout)
I20260709 13:12:26.233860  8253 raft_consensus.cc:740] T 9871516a41a2419d8af8e6fe9e0a5fa1 P 84d775d1767e4cc4aa7b9c627d8f0fb8 [term 0 FOLLOWER]: Becoming Follower/Learner. State: Replica: 84d775d1767e4cc4aa7b9c627d8f0fb8, State: Initialized, Role: FOLLOWER
I20260709 13:12:26.236097  8264 raft_consensus.cc:515] T 9fbc44c6e33e41698020173171d4ff21 P 84d775d1767e4cc4aa7b9c627d8f0fb8 [term 0 FOLLOWER]: Starting pre-election with config: opid_index: -1 OBSOLETE_local: false peers { permanent_uuid: "84d775d1767e4cc4aa7b9c627d8f0fb8" member_type: VOTER last_known_addr { host: "127.6.198.65" port: 45919 } } peers { permanent_uuid: "8a968cada1e4446ebb2a5e167176e649" member_type: VOTER last_known_addr { host: "127.6.198.66" port: 45807 } } peers { permanent_uuid: "d9cd2999aa314b39997b423ec1ae509e" member_type: VOTER last_known_addr { host: "127.6.198.67" port: 35745 } }
I20260709 13:12:26.236438  8253 consensus_queue.cc:260] T 9871516a41a2419d8af8e6fe9e0a5fa1 P 84d775d1767e4cc4aa7b9c627d8f0fb8 [NON_LEADER]: Queue going to NON_LEADER mode. State: All replicated index: 0, Majority replicated index: 0, Committed index: 0, Last appended: 0.0, Last appended by leader: 0, Current term: 0, Majority size: -1, State: 0, Mode: NON_LEADER, active raft config: opid_index: -1 OBSOLETE_local: false peers { permanent_uuid: "84d775d1767e4cc4aa7b9c627d8f0fb8" member_type: VOTER last_known_addr { host: "127.6.198.65" port: 45919 } } peers { permanent_uuid: "8a968cada1e4446ebb2a5e167176e649" member_type: VOTER last_known_addr { host: "127.6.198.66" port: 45807 } } peers { permanent_uuid: "d9cd2999aa314b39997b423ec1ae509e" member_type: VOTER last_known_addr { host: "127.6.198.67" port: 35745 } }
I20260709 13:12:26.238129  8264 leader_election.cc:290] T 9fbc44c6e33e41698020173171d4ff21 P 84d775d1767e4cc4aa7b9c627d8f0fb8 [CANDIDATE]: Term 1 pre-election: Requested pre-vote from peers 8a968cada1e4446ebb2a5e167176e649 (127.6.198.66:45807), d9cd2999aa314b39997b423ec1ae509e (127.6.198.67:35745)
I20260709 13:12:26.239902  8137 tablet_service.cc:1917] Received RequestConsensusVote() RPC: tablet_id: "9fbc44c6e33e41698020173171d4ff21" candidate_uuid: "84d775d1767e4cc4aa7b9c627d8f0fb8" candidate_term: 1 candidate_status { last_received { term: 0 index: 0 } } ignore_live_leader: false dest_uuid: "8a968cada1e4446ebb2a5e167176e649" is_pre_election: true
I20260709 13:12:26.240161  8252 tablet_bootstrap.cc:492] T c97c3defa48b473aaf762b3a27c0cba0 P d9cd2999aa314b39997b423ec1ae509e: No bootstrap required, opened a new log
I20260709 13:12:26.240669  8137 raft_consensus.cc:2393] T 9fbc44c6e33e41698020173171d4ff21 P 8a968cada1e4446ebb2a5e167176e649 [term 1 FOLLOWER]: Leader pre-election vote request: Denying vote to candidate 84d775d1767e4cc4aa7b9c627d8f0fb8 in current term 1: Already voted for candidate d9cd2999aa314b39997b423ec1ae509e in this term.
I20260709 13:12:26.240666  8252 ts_tablet_manager.cc:1403] T c97c3defa48b473aaf762b3a27c0cba0 P d9cd2999aa314b39997b423ec1ae509e: Time spent bootstrapping tablet: real 0.118s	user 0.013s	sys 0.000s
I20260709 13:12:26.241827  8253 ts_tablet_manager.cc:1434] T 9871516a41a2419d8af8e6fe9e0a5fa1 P 84d775d1767e4cc4aa7b9c627d8f0fb8: Time spent starting tablet: real 0.011s	user 0.005s	sys 0.001s
I20260709 13:12:26.241940  8258 tablet_bootstrap.cc:654] T a4992d168cb240009f8bfc8df07668e0 P 8a968cada1e4446ebb2a5e167176e649: Neither blocks nor log segments found. Creating new log.
I20260709 13:12:26.234170  7958 catalog_manager.cc:5697] T 053e9e9e90fe4d92853de2c0599484aa P 8a968cada1e4446ebb2a5e167176e649 reported cstate change: term changed from 0 to 1, leader changed from <none> to 8a968cada1e4446ebb2a5e167176e649 (127.6.198.66). New cstate: current_term: 1 leader_uuid: "8a968cada1e4446ebb2a5e167176e649" committed_config { opid_index: -1 OBSOLETE_local: false peers { permanent_uuid: "84d775d1767e4cc4aa7b9c627d8f0fb8" member_type: VOTER last_known_addr { host: "127.6.198.65" port: 45919 } health_report { overall_health: UNKNOWN } } peers { permanent_uuid: "8a968cada1e4446ebb2a5e167176e649" member_type: VOTER last_known_addr { host: "127.6.198.66" port: 45807 } health_report { overall_health: HEALTHY } } peers { permanent_uuid: "d9cd2999aa314b39997b423ec1ae509e" member_type: VOTER last_known_addr { host: "127.6.198.67" port: 35745 } health_report { overall_health: UNKNOWN } } }
I20260709 13:12:26.243585  8252 raft_consensus.cc:359] T c97c3defa48b473aaf762b3a27c0cba0 P d9cd2999aa314b39997b423ec1ae509e [term 0 FOLLOWER]: Replica starting. Triggering 0 pending ops. Active config: opid_index: -1 OBSOLETE_local: false peers { permanent_uuid: "84d775d1767e4cc4aa7b9c627d8f0fb8" member_type: VOTER last_known_addr { host: "127.6.198.65" port: 45919 } } peers { permanent_uuid: "8a968cada1e4446ebb2a5e167176e649" member_type: VOTER last_known_addr { host: "127.6.198.66" port: 45807 } } peers { permanent_uuid: "d9cd2999aa314b39997b423ec1ae509e" member_type: VOTER last_known_addr { host: "127.6.198.67" port: 35745 } }
I20260709 13:12:26.244783  8252 raft_consensus.cc:385] T c97c3defa48b473aaf762b3a27c0cba0 P d9cd2999aa314b39997b423ec1ae509e [term 0 FOLLOWER]: Consensus starting up: Expiring failure detector timer to make a prompt election more likely
I20260709 13:12:26.245044  8252 raft_consensus.cc:740] T c97c3defa48b473aaf762b3a27c0cba0 P d9cd2999aa314b39997b423ec1ae509e [term 0 FOLLOWER]: Becoming Follower/Learner. State: Replica: d9cd2999aa314b39997b423ec1ae509e, State: Initialized, Role: FOLLOWER
