I20260709 13:12:23.174186 32640 raft_consensus.cc:3060] T 71c2c36faea245f6a5f6740f5969be3c P c740f966eab440cc90d2123389e76aa5 [term 0 FOLLOWER]: Advancing to term 1
I20260709 13:12:23.175295   321 tablet_service.cc:1917] Received RequestConsensusVote() RPC: tablet_id: "71c2c36faea245f6a5f6740f5969be3c" candidate_uuid: "13f637fa09f348239db6edab9d08d523" candidate_term: 1 candidate_status { last_received { term: 0 index: 0 } } ignore_live_leader: false dest_uuid: "6a64446234c74556ac8080d935e62b4c"
I20260709 13:12:23.175989   321 raft_consensus.cc:3060] T 71c2c36faea245f6a5f6740f5969be3c P 6a64446234c74556ac8080d935e62b4c [term 0 FOLLOWER]: Advancing to term 1
I20260709 13:12:23.180856   373 raft_consensus.cc:493] T b56b1d385bcd4f64ab91854e54d3f2b9 P c740f966eab440cc90d2123389e76aa5 [term 0 FOLLOWER]: Starting pre-election (no leader contacted us within the election timeout)
I20260709 13:12:23.181210 32640 raft_consensus.cc:2468] T 71c2c36faea245f6a5f6740f5969be3c P c740f966eab440cc90d2123389e76aa5 [term 1 FOLLOWER]: Leader election vote request: Granting yes vote for candidate 13f637fa09f348239db6edab9d08d523 in term 1.
I20260709 13:12:23.181488   373 raft_consensus.cc:515] T b56b1d385bcd4f64ab91854e54d3f2b9 P c740f966eab440cc90d2123389e76aa5 [term 0 FOLLOWER]: Starting pre-election with config: opid_index: -1 OBSOLETE_local: false peers { permanent_uuid: "c740f966eab440cc90d2123389e76aa5" member_type: VOTER last_known_addr { host: "127.30.206.1" port: 39561 } } peers { permanent_uuid: "13f637fa09f348239db6edab9d08d523" member_type: VOTER last_known_addr { host: "127.30.206.2" port: 44103 } } peers { permanent_uuid: "6a64446234c74556ac8080d935e62b4c" member_type: VOTER last_known_addr { host: "127.30.206.3" port: 40151 } }
I20260709 13:12:23.183920 32679 leader_election.cc:304] T 71c2c36faea245f6a5f6740f5969be3c P 13f637fa09f348239db6edab9d08d523 [CANDIDATE]: Term 1 election: Election decided. Result: candidate won. Election summary: received 2 responses out of 3 voters: 2 yes votes; 0 no votes. yes voters: 13f637fa09f348239db6edab9d08d523, c740f966eab440cc90d2123389e76aa5; no voters: 
I20260709 13:12:23.184993   372 raft_consensus.cc:2804] T 71c2c36faea245f6a5f6740f5969be3c P 13f637fa09f348239db6edab9d08d523 [term 1 FOLLOWER]: Leader election won for term 1
I20260709 13:12:23.185619   372 raft_consensus.cc:697] T 71c2c36faea245f6a5f6740f5969be3c P 13f637fa09f348239db6edab9d08d523 [term 1 LEADER]: Becoming Leader. State: Replica: 13f637fa09f348239db6edab9d08d523, State: Running, Role: LEADER
I20260709 13:12:23.186810 32715 tablet_service.cc:1917] Received RequestConsensusVote() RPC: tablet_id: "b56b1d385bcd4f64ab91854e54d3f2b9" candidate_uuid: "c740f966eab440cc90d2123389e76aa5" candidate_term: 1 candidate_status { last_received { term: 0 index: 0 } } ignore_live_leader: false dest_uuid: "13f637fa09f348239db6edab9d08d523" is_pre_election: true
I20260709 13:12:23.186659   372 consensus_queue.cc:237] T 71c2c36faea245f6a5f6740f5969be3c P 13f637fa09f348239db6edab9d08d523 [LEADER]: Queue going to LEADER mode. State: All replicated index: 0, Majority replicated index: 0, Committed index: 0, Last appended: 0.0, Last appended by leader: 0, Current term: 1, Majority size: 2, State: 0, Mode: LEADER, active raft config: opid_index: -1 OBSOLETE_local: false peers { permanent_uuid: "c740f966eab440cc90d2123389e76aa5" member_type: VOTER last_known_addr { host: "127.30.206.1" port: 39561 } } peers { permanent_uuid: "13f637fa09f348239db6edab9d08d523" member_type: VOTER last_known_addr { host: "127.30.206.2" port: 44103 } } peers { permanent_uuid: "6a64446234c74556ac8080d935e62b4c" member_type: VOTER last_known_addr { host: "127.30.206.3" port: 40151 } }
W20260709 13:12:23.188490 32604 leader_election.cc:343] T b56b1d385bcd4f64ab91854e54d3f2b9 P c740f966eab440cc90d2123389e76aa5 [CANDIDATE]: Term 1 pre-election: Tablet error from VoteRequest() call to peer 13f637fa09f348239db6edab9d08d523 (127.30.206.2:44103): Illegal state: must be running to vote when last-logged opid is not known
I20260709 13:12:23.190168   373 leader_election.cc:290] T b56b1d385bcd4f64ab91854e54d3f2b9 P c740f966eab440cc90d2123389e76aa5 [CANDIDATE]: Term 1 pre-election: Requested pre-vote from peers 13f637fa09f348239db6edab9d08d523 (127.30.206.2:44103), 6a64446234c74556ac8080d935e62b4c (127.30.206.3:40151)
I20260709 13:12:23.190903   320 tablet_service.cc:1917] Received RequestConsensusVote() RPC: tablet_id: "b56b1d385bcd4f64ab91854e54d3f2b9" candidate_uuid: "c740f966eab440cc90d2123389e76aa5" candidate_term: 1 candidate_status { last_received { term: 0 index: 0 } } ignore_live_leader: false dest_uuid: "6a64446234c74556ac8080d935e62b4c" is_pre_election: true
I20260709 13:12:23.194424   320 raft_consensus.cc:2468] T b56b1d385bcd4f64ab91854e54d3f2b9 P 6a64446234c74556ac8080d935e62b4c [term 0 FOLLOWER]: Leader pre-election vote request: Granting yes vote for candidate c740f966eab440cc90d2123389e76aa5 in term 0.
I20260709 13:12:23.196004 32603 leader_election.cc:304] T b56b1d385bcd4f64ab91854e54d3f2b9 P c740f966eab440cc90d2123389e76aa5 [CANDIDATE]: Term 1 pre-election: Election decided. Result: candidate won. Election summary: received 3 responses out of 3 voters: 2 yes votes; 1 no votes. yes voters: 6a64446234c74556ac8080d935e62b4c, c740f966eab440cc90d2123389e76aa5; no voters: 13f637fa09f348239db6edab9d08d523
I20260709 13:12:23.197032   403 raft_consensus.cc:2804] T b56b1d385bcd4f64ab91854e54d3f2b9 P c740f966eab440cc90d2123389e76aa5 [term 0 FOLLOWER]: Leader pre-election won for term 1
I20260709 13:12:23.197517   403 raft_consensus.cc:493] T b56b1d385bcd4f64ab91854e54d3f2b9 P c740f966eab440cc90d2123389e76aa5 [term 0 FOLLOWER]: Starting leader election (no leader contacted us within the election timeout)
I20260709 13:12:23.197952   403 raft_consensus.cc:3060] T b56b1d385bcd4f64ab91854e54d3f2b9 P c740f966eab440cc90d2123389e76aa5 [term 0 FOLLOWER]: Advancing to term 1
I20260709 13:12:23.199703   321 raft_consensus.cc:2468] T 71c2c36faea245f6a5f6740f5969be3c P 6a64446234c74556ac8080d935e62b4c [term 1 FOLLOWER]: Leader election vote request: Granting yes vote for candidate 13f637fa09f348239db6edab9d08d523 in term 1.
I20260709 13:12:23.200205   384 leader_election.cc:290] T 71c2c36faea245f6a5f6740f5969be3c P 13f637fa09f348239db6edab9d08d523 [CANDIDATE]: Term 1 election: Requested vote from peers c740f966eab440cc90d2123389e76aa5 (127.30.206.1:39561), 6a64446234c74556ac8080d935e62b4c (127.30.206.3:40151)
I20260709 13:12:23.204986   361 tablet_bootstrap.cc:492] T 0973b0e92c024581b41dbf0249119e0c P 6a64446234c74556ac8080d935e62b4c: No bootstrap required, opened a new log
I20260709 13:12:23.205433   361 ts_tablet_manager.cc:1403] T 0973b0e92c024581b41dbf0249119e0c P 6a64446234c74556ac8080d935e62b4c: Time spent bootstrapping tablet: real 0.054s	user 0.018s	sys 0.008s
I20260709 13:12:23.206342   368 tablet_bootstrap.cc:492] T bcd8c56482894611a8b5ab38f2d24bca P c740f966eab440cc90d2123389e76aa5: No bootstrap required, opened a new log
I20260709 13:12:23.206790   368 ts_tablet_manager.cc:1403] T bcd8c56482894611a8b5ab38f2d24bca P c740f966eab440cc90d2123389e76aa5: Time spent bootstrapping tablet: real 0.065s	user 0.030s	sys 0.013s
I20260709 13:12:23.207185   403 raft_consensus.cc:515] T b56b1d385bcd4f64ab91854e54d3f2b9 P c740f966eab440cc90d2123389e76aa5 [term 1 FOLLOWER]: Starting leader election with config: opid_index: -1 OBSOLETE_local: false peers { permanent_uuid: "c740f966eab440cc90d2123389e76aa5" member_type: VOTER last_known_addr { host: "127.30.206.1" port: 39561 } } peers { permanent_uuid: "13f637fa09f348239db6edab9d08d523" member_type: VOTER last_known_addr { host: "127.30.206.2" port: 44103 } } peers { permanent_uuid: "6a64446234c74556ac8080d935e62b4c" member_type: VOTER last_known_addr { host: "127.30.206.3" port: 40151 } }
I20260709 13:12:23.207604   361 raft_consensus.cc:359] T 0973b0e92c024581b41dbf0249119e0c P 6a64446234c74556ac8080d935e62b4c [term 0 FOLLOWER]: Replica starting. Triggering 0 pending ops. Active config: opid_index: -1 OBSOLETE_local: false peers { permanent_uuid: "c740f966eab440cc90d2123389e76aa5" member_type: VOTER last_known_addr { host: "127.30.206.1" port: 39561 } } peers { permanent_uuid: "13f637fa09f348239db6edab9d08d523" member_type: VOTER last_known_addr { host: "127.30.206.2" port: 44103 } } peers { permanent_uuid: "6a64446234c74556ac8080d935e62b4c" member_type: VOTER last_known_addr { host: "127.30.206.3" port: 40151 } }
I20260709 13:12:23.208163   361 raft_consensus.cc:385] T 0973b0e92c024581b41dbf0249119e0c P 6a64446234c74556ac8080d935e62b4c [term 0 FOLLOWER]: Consensus starting up: Expiring failure detector timer to make a prompt election more likely
I20260709 13:12:23.208395   361 raft_consensus.cc:740] T 0973b0e92c024581b41dbf0249119e0c P 6a64446234c74556ac8080d935e62b4c [term 0 FOLLOWER]: Becoming Follower/Learner. State: Replica: 6a64446234c74556ac8080d935e62b4c, State: Initialized, Role: FOLLOWER
I20260709 13:12:23.209003   361 consensus_queue.cc:260] T 0973b0e92c024581b41dbf0249119e0c P 6a64446234c74556ac8080d935e62b4c [NON_LEADER]: Queue going to NON_LEADER mode. State: All replicated index: 0, Majority replicated index: 0, Committed index: 0, Last appended: 0.0, Last appended by leader: 0, Current term: 0, Majority size: -1, State: 0, Mode: NON_LEADER, active raft config: opid_index: -1 OBSOLETE_local: false peers { permanent_uuid: "c740f966eab440cc90d2123389e76aa5" member_type: VOTER last_known_addr { host: "127.30.206.1" port: 39561 } } peers { permanent_uuid: "13f637fa09f348239db6edab9d08d523" member_type: VOTER last_known_addr { host: "127.30.206.2" port: 44103 } } peers { permanent_uuid: "6a64446234c74556ac8080d935e62b4c" member_type: VOTER last_known_addr { host: "127.30.206.3" port: 40151 } }
I20260709 13:12:23.209312   368 raft_consensus.cc:359] T bcd8c56482894611a8b5ab38f2d24bca P c740f966eab440cc90d2123389e76aa5 [term 0 FOLLOWER]: Replica starting. Triggering 0 pending ops. Active config: opid_index: -1 OBSOLETE_local: false peers { permanent_uuid: "c740f966eab440cc90d2123389e76aa5" member_type: VOTER last_known_addr { host: "127.30.206.1" port: 39561 } } peers { permanent_uuid: "13f637fa09f348239db6edab9d08d523" member_type: VOTER last_known_addr { host: "127.30.206.2" port: 44103 } } peers { permanent_uuid: "6a64446234c74556ac8080d935e62b4c" member_type: VOTER last_known_addr { host: "127.30.206.3" port: 40151 } }
I20260709 13:12:23.209930   368 raft_consensus.cc:385] T bcd8c56482894611a8b5ab38f2d24bca P c740f966eab440cc90d2123389e76aa5 [term 0 FOLLOWER]: Consensus starting up: Expiring failure detector timer to make a prompt election more likely
I20260709 13:12:23.209969 32715 tablet_service.cc:1917] Received RequestConsensusVote() RPC: tablet_id: "b56b1d385bcd4f64ab91854e54d3f2b9" candidate_uuid: "c740f966eab440cc90d2123389e76aa5" candidate_term: 1 candidate_status { last_received { term: 0 index: 0 } } ignore_live_leader: false dest_uuid: "13f637fa09f348239db6edab9d08d523"
I20260709 13:12:23.210320   368 raft_consensus.cc:740] T bcd8c56482894611a8b5ab38f2d24bca P c740f966eab440cc90d2123389e76aa5 [term 0 FOLLOWER]: Becoming Follower/Learner. State: Replica: c740f966eab440cc90d2123389e76aa5, State: Initialized, Role: FOLLOWER
I20260709 13:12:23.211082   363 tablet_bootstrap.cc:492] T 0973b0e92c024581b41dbf0249119e0c P 13f637fa09f348239db6edab9d08d523: No bootstrap required, opened a new log
I20260709 13:12:23.211139   361 ts_tablet_manager.cc:1434] T 0973b0e92c024581b41dbf0249119e0c P 6a64446234c74556ac8080d935e62b4c: Time spent starting tablet: real 0.005s	user 0.005s	sys 0.000s
I20260709 13:12:23.211685   363 ts_tablet_manager.cc:1403] T 0973b0e92c024581b41dbf0249119e0c P 13f637fa09f348239db6edab9d08d523: Time spent bootstrapping tablet: real 0.064s	user 0.019s	sys 0.006s
I20260709 13:12:23.212199   361 tablet_bootstrap.cc:492] T 1f8825d40c5047c18aecebc56c76ce39 P 6a64446234c74556ac8080d935e62b4c: Bootstrap starting.
I20260709 13:12:23.213395   368 consensus_queue.cc:260] T bcd8c56482894611a8b5ab38f2d24bca P c740f966eab440cc90d2123389e76aa5 [NON_LEADER]: Queue going to NON_LEADER mode. State: All replicated index: 0, Majority replicated index: 0, Committed index: 0, Last appended: 0.0, Last appended by leader: 0, Current term: 0, Majority size: -1, State: 0, Mode: NON_LEADER, active raft config: opid_index: -1 OBSOLETE_local: false peers { permanent_uuid: "c740f966eab440cc90d2123389e76aa5" member_type: VOTER last_known_addr { host: "127.30.206.1" port: 39561 } } peers { permanent_uuid: "13f637fa09f348239db6edab9d08d523" member_type: VOTER last_known_addr { host: "127.30.206.2" port: 44103 } } peers { permanent_uuid: "6a64446234c74556ac8080d935e62b4c" member_type: VOTER last_known_addr { host: "127.30.206.3" port: 40151 } }
I20260709 13:12:23.214139   363 raft_consensus.cc:359] T 0973b0e92c024581b41dbf0249119e0c P 13f637fa09f348239db6edab9d08d523 [term 0 FOLLOWER]: Replica starting. Triggering 0 pending ops. Active config: opid_index: -1 OBSOLETE_local: false peers { permanent_uuid: "c740f966eab440cc90d2123389e76aa5" member_type: VOTER last_known_addr { host: "127.30.206.1" port: 39561 } } peers { permanent_uuid: "13f637fa09f348239db6edab9d08d523" member_type: VOTER last_known_addr { host: "127.30.206.2" port: 44103 } } peers { permanent_uuid: "6a64446234c74556ac8080d935e62b4c" member_type: VOTER last_known_addr { host: "127.30.206.3" port: 40151 } }
I20260709 13:12:23.214843   363 raft_consensus.cc:385] T 0973b0e92c024581b41dbf0249119e0c P 13f637fa09f348239db6edab9d08d523 [term 0 FOLLOWER]: Consensus starting up: Expiring failure detector timer to make a prompt election more likely
I20260709 13:12:23.215191   363 raft_consensus.cc:740] T 0973b0e92c024581b41dbf0249119e0c P 13f637fa09f348239db6edab9d08d523 [term 0 FOLLOWER]: Becoming Follower/Learner. State: Replica: 13f637fa09f348239db6edab9d08d523, State: Initialized, Role: FOLLOWER
I20260709 13:12:23.209992   364 raft_consensus.cc:493] T 1b7c03d7537f44a5a23b39c2f978fffa P 6a64446234c74556ac8080d935e62b4c [term 0 FOLLOWER]: Starting pre-election (no leader contacted us within the election timeout)
I20260709 13:12:23.215781   364 raft_consensus.cc:515] T 1b7c03d7537f44a5a23b39c2f978fffa P 6a64446234c74556ac8080d935e62b4c [term 0 FOLLOWER]: Starting pre-election with config: opid_index: -1 OBSOLETE_local: false peers { permanent_uuid: "c740f966eab440cc90d2123389e76aa5" member_type: VOTER last_known_addr { host: "127.30.206.1" port: 39561 } } peers { permanent_uuid: "13f637fa09f348239db6edab9d08d523" member_type: VOTER last_known_addr { host: "127.30.206.2" port: 44103 } } peers { permanent_uuid: "6a64446234c74556ac8080d935e62b4c" member_type: VOTER last_known_addr { host: "127.30.206.3" port: 40151 } }
I20260709 13:12:23.215978   363 consensus_queue.cc:260] T 0973b0e92c024581b41dbf0249119e0c P 13f637fa09f348239db6edab9d08d523 [NON_LEADER]: Queue going to NON_LEADER mode. State: All replicated index: 0, Majority replicated index: 0, Committed index: 0, Last appended: 0.0, Last appended by leader: 0, Current term: 0, Majority size: -1, State: 0, Mode: NON_LEADER, active raft config: opid_index: -1 OBSOLETE_local: false peers { permanent_uuid: "c740f966eab440cc90d2123389e76aa5" member_type: VOTER last_known_addr { host: "127.30.206.1" port: 39561 } } peers { permanent_uuid: "13f637fa09f348239db6edab9d08d523" member_type: VOTER last_known_addr { host: "127.30.206.2" port: 44103 } } peers { permanent_uuid: "6a64446234c74556ac8080d935e62b4c" member_type: VOTER last_known_addr { host: "127.30.206.3" port: 40151 } }
I20260709 13:12:23.217638   361 tablet_bootstrap.cc:654] T 1f8825d40c5047c18aecebc56c76ce39 P 6a64446234c74556ac8080d935e62b4c: Neither blocks nor log segments found. Creating new log.
W20260709 13:12:23.217608 32604 leader_election.cc:343] T b56b1d385bcd4f64ab91854e54d3f2b9 P c740f966eab440cc90d2123389e76aa5 [CANDIDATE]: Term 1 election: Tablet error from VoteRequest() call to peer 13f637fa09f348239db6edab9d08d523 (127.30.206.2:44103): Illegal state: must be running to vote when last-logged opid is not known
I20260709 13:12:23.218331   363 ts_tablet_manager.cc:1434] T 0973b0e92c024581b41dbf0249119e0c P 13f637fa09f348239db6edab9d08d523: Time spent starting tablet: real 0.006s	user 0.005s	sys 0.001s
I20260709 13:12:23.219096   364 leader_election.cc:290] T 1b7c03d7537f44a5a23b39c2f978fffa P 6a64446234c74556ac8080d935e62b4c [CANDIDATE]: Term 1 pre-election: Requested pre-vote from peers c740f966eab440cc90d2123389e76aa5 (127.30.206.1:39561), 13f637fa09f348239db6edab9d08d523 (127.30.206.2:44103)
I20260709 13:12:23.219280   363 tablet_bootstrap.cc:492] T 5acd8d3a5e354c079dec8a037f58f134 P 13f637fa09f348239db6edab9d08d523: Bootstrap starting.
I20260709 13:12:23.219776 32640 tablet_service.cc:1917] Received RequestConsensusVote() RPC: tablet_id: "1b7c03d7537f44a5a23b39c2f978fffa" candidate_uuid: "6a64446234c74556ac8080d935e62b4c" candidate_term: 1 candidate_status { last_received { term: 0 index: 0 } } ignore_live_leader: false dest_uuid: "c740f966eab440cc90d2123389e76aa5" is_pre_election: true
I20260709 13:12:23.222276   321 tablet_service.cc:1917] Received RequestConsensusVote() RPC: tablet_id: "b56b1d385bcd4f64ab91854e54d3f2b9" candidate_uuid: "c740f966eab440cc90d2123389e76aa5" candidate_term: 1 candidate_status { last_received { term: 0 index: 0 } } ignore_live_leader: false dest_uuid: "6a64446234c74556ac8080d935e62b4c"
W20260709 13:12:23.222534 32753 leader_election.cc:343] T 1b7c03d7537f44a5a23b39c2f978fffa P 6a64446234c74556ac8080d935e62b4c [CANDIDATE]: Term 1 pre-election: Tablet error from VoteRequest() call to peer c740f966eab440cc90d2123389e76aa5 (127.30.206.1:39561): Illegal state: must be running to vote when last-logged opid is not known
I20260709 13:12:23.222869   321 raft_consensus.cc:3060] T b56b1d385bcd4f64ab91854e54d3f2b9 P 6a64446234c74556ac8080d935e62b4c [term 0 FOLLOWER]: Advancing to term 1
I20260709 13:12:23.221879 32715 tablet_service.cc:1917] Received RequestConsensusVote() RPC: tablet_id: "1b7c03d7537f44a5a23b39c2f978fffa" candidate_uuid: "6a64446234c74556ac8080d935e62b4c" candidate_term: 1 candidate_status { last_received { term: 0 index: 0 } } ignore_live_leader: false dest_uuid: "13f637fa09f348239db6edab9d08d523" is_pre_election: true
I20260709 13:12:23.223546 32715 raft_consensus.cc:2468] T 1b7c03d7537f44a5a23b39c2f978fffa P 13f637fa09f348239db6edab9d08d523 [term 0 FOLLOWER]: Leader pre-election vote request: Granting yes vote for candidate 6a64446234c74556ac8080d935e62b4c in term 0.
I20260709 13:12:23.224751 32753 leader_election.cc:304] T 1b7c03d7537f44a5a23b39c2f978fffa P 6a64446234c74556ac8080d935e62b4c [CANDIDATE]: Term 1 pre-election: Election decided. Result: candidate won. Election summary: received 3 responses out of 3 voters: 2 yes votes; 1 no votes. yes voters: 13f637fa09f348239db6edab9d08d523, 6a64446234c74556ac8080d935e62b4c; no voters: c740f966eab440cc90d2123389e76aa5
I20260709 13:12:23.225791   364 raft_consensus.cc:2804] T 1b7c03d7537f44a5a23b39c2f978fffa P 6a64446234c74556ac8080d935e62b4c [term 0 FOLLOWER]: Leader pre-election won for term 1
I20260709 13:12:23.226131   364 raft_consensus.cc:493] T 1b7c03d7537f44a5a23b39c2f978fffa P 6a64446234c74556ac8080d935e62b4c [term 0 FOLLOWER]: Starting leader election (no leader contacted us within the election timeout)
I20260709 13:12:23.226485   364 raft_consensus.cc:3060] T 1b7c03d7537f44a5a23b39c2f978fffa P 6a64446234c74556ac8080d935e62b4c [term 0 FOLLOWER]: Advancing to term 1
I20260709 13:12:23.226581   363 tablet_bootstrap.cc:654] T 5acd8d3a5e354c079dec8a037f58f134 P 13f637fa09f348239db6edab9d08d523: Neither blocks nor log segments found. Creating new log.
I20260709 13:12:23.230288   321 raft_consensus.cc:2468] T b56b1d385bcd4f64ab91854e54d3f2b9 P 6a64446234c74556ac8080d935e62b4c [term 1 FOLLOWER]: Leader election vote request: Granting yes vote for candidate c740f966eab440cc90d2123389e76aa5 in term 1.
I20260709 13:12:23.231446 32603 leader_election.cc:304] T b56b1d385bcd4f64ab91854e54d3f2b9 P c740f966eab440cc90d2123389e76aa5 [CANDIDATE]: Term 1 election: Election decided. Result: candidate won. Election summary: received 3 responses out of 3 voters: 2 yes votes; 1 no votes. yes voters: 6a64446234c74556ac8080d935e62b4c, c740f966eab440cc90d2123389e76aa5; no voters: 13f637fa09f348239db6edab9d08d523
I20260709 13:12:23.232280   373 raft_consensus.cc:2804] T b56b1d385bcd4f64ab91854e54d3f2b9 P c740f966eab440cc90d2123389e76aa5 [term 1 FOLLOWER]: Leader election won for term 1
I20260709 13:12:23.232746   373 raft_consensus.cc:697] T b56b1d385bcd4f64ab91854e54d3f2b9 P c740f966eab440cc90d2123389e76aa5 [term 1 LEADER]: Becoming Leader. State: Replica: c740f966eab440cc90d2123389e76aa5, State: Running, Role: LEADER
I20260709 13:12:23.233980   368 ts_tablet_manager.cc:1434] T bcd8c56482894611a8b5ab38f2d24bca P c740f966eab440cc90d2123389e76aa5: Time spent starting tablet: real 0.027s	user 0.006s	sys 0.001s
I20260709 13:12:23.233549   373 consensus_queue.cc:237] T b56b1d385bcd4f64ab91854e54d3f2b9 P c740f966eab440cc90d2123389e76aa5 [LEADER]: Queue going to LEADER mode. State: All replicated index: 0, Majority replicated index: 0, Committed index: 0, Last appended: 0.0, Last appended by leader: 0, Current term: 1, Majority size: 2, State: 0, Mode: LEADER, active raft config: opid_index: -1 OBSOLETE_local: false peers { permanent_uuid: "c740f966eab440cc90d2123389e76aa5" member_type: VOTER last_known_addr { host: "127.30.206.1" port: 39561 } } peers { permanent_uuid: "13f637fa09f348239db6edab9d08d523" member_type: VOTER last_known_addr { host: "127.30.206.2" port: 44103 } } peers { permanent_uuid: "6a64446234c74556ac8080d935e62b4c" member_type: VOTER last_known_addr { host: "127.30.206.3" port: 40151 } }
I20260709 13:12:23.234405   403 leader_election.cc:290] T b56b1d385bcd4f64ab91854e54d3f2b9 P c740f966eab440cc90d2123389e76aa5 [CANDIDATE]: Term 1 election: Requested vote from peers 13f637fa09f348239db6edab9d08d523 (127.30.206.2:44103), 6a64446234c74556ac8080d935e62b4c (127.30.206.3:40151)
I20260709 13:12:23.237989   363 tablet_bootstrap.cc:492] T 5acd8d3a5e354c079dec8a037f58f134 P 13f637fa09f348239db6edab9d08d523: No bootstrap required, opened a new log
I20260709 13:12:23.238466   363 ts_tablet_manager.cc:1403] T 5acd8d3a5e354c079dec8a037f58f134 P 13f637fa09f348239db6edab9d08d523: Time spent bootstrapping tablet: real 0.019s	user 0.016s	sys 0.001s
I20260709 13:12:23.239136   368 tablet_bootstrap.cc:492] T da605ca37efd4121a0a12c9a17b646a5 P c740f966eab440cc90d2123389e76aa5: Bootstrap starting.
I20260709 13:12:23.241137   363 raft_consensus.cc:359] T 5acd8d3a5e354c079dec8a037f58f134 P 13f637fa09f348239db6edab9d08d523 [term 0 FOLLOWER]: Replica starting. Triggering 0 pending ops. Active config: opid_index: -1 OBSOLETE_local: false peers { permanent_uuid: "c740f966eab440cc90d2123389e76aa5" member_type: VOTER last_known_addr { host: "127.30.206.1" port: 39561 } } peers { permanent_uuid: "13f637fa09f348239db6edab9d08d523" member_type: VOTER last_known_addr { host: "127.30.206.2" port: 44103 } } peers { permanent_uuid: "6a64446234c74556ac8080d935e62b4c" member_type: VOTER last_known_addr { host: "127.30.206.3" port: 40151 } }
I20260709 13:12:23.244350   363 raft_consensus.cc:385] T 5acd8d3a5e354c079dec8a037f58f134 P 13f637fa09f348239db6edab9d08d523 [term 0 FOLLOWER]: Consensus starting up: Expiring failure detector timer to make a prompt election more likely
I20260709 13:12:23.244726   363 raft_consensus.cc:740] T 5acd8d3a5e354c079dec8a037f58f134 P 13f637fa09f348239db6edab9d08d523 [term 0 FOLLOWER]: Becoming Follower/Learner. State: Replica: 13f637fa09f348239db6edab9d08d523, State: Initialized, Role: FOLLOWER
I20260709 13:12:23.245560   363 consensus_queue.cc:260] T 5acd8d3a5e354c079dec8a037f58f134 P 13f637fa09f348239db6edab9d08d523 [NON_LEADER]: Queue going to NON_LEADER mode. State: All replicated index: 0, Majority replicated index: 0, Committed index: 0, Last appended: 0.0, Last appended by leader: 0, Current term: 0, Majority size: -1, State: 0, Mode: NON_LEADER, active raft config: opid_index: -1 OBSOLETE_local: false peers { permanent_uuid: "c740f966eab440cc90d2123389e76aa5" member_type: VOTER last_known_addr { host: "127.30.206.1" port: 39561 } } peers { permanent_uuid: "13f637fa09f348239db6edab9d08d523" member_type: VOTER last_known_addr { host: "127.30.206.2" port: 44103 } } peers { permanent_uuid: "6a64446234c74556ac8080d935e62b4c" member_type: VOTER last_known_addr { host: "127.30.206.3" port: 40151 } }
I20260709 13:12:23.242233   364 raft_consensus.cc:515] T 1b7c03d7537f44a5a23b39c2f978fffa P 6a64446234c74556ac8080d935e62b4c [term 1 FOLLOWER]: Starting leader election with config: opid_index: -1 OBSOLETE_local: false peers { permanent_uuid: "c740f966eab440cc90d2123389e76aa5" member_type: VOTER last_known_addr { host: "127.30.206.1" port: 39561 } } peers { permanent_uuid: "13f637fa09f348239db6edab9d08d523" member_type: VOTER last_known_addr { host: "127.30.206.2" port: 44103 } } peers { permanent_uuid: "6a64446234c74556ac8080d935e62b4c" member_type: VOTER last_known_addr { host: "127.30.206.3" port: 40151 } }
I20260709 13:12:23.248633   364 leader_election.cc:290] T 1b7c03d7537f44a5a23b39c2f978fffa P 6a64446234c74556ac8080d935e62b4c [CANDIDATE]: Term 1 election: Requested vote from peers c740f966eab440cc90d2123389e76aa5 (127.30.206.1:39561), 13f637fa09f348239db6edab9d08d523 (127.30.206.2:44103)
I20260709 13:12:23.250144   368 tablet_bootstrap.cc:654] T da605ca37efd4121a0a12c9a17b646a5 P c740f966eab440cc90d2123389e76aa5: Neither blocks nor log segments found. Creating new log.
I20260709 13:12:23.251027 32715 tablet_service.cc:1917] Received RequestConsensusVote() RPC: tablet_id: "1b7c03d7537f44a5a23b39c2f978fffa" candidate_uuid: "6a64446234c74556ac8080d935e62b4c" candidate_term: 1 candidate_status { last_received { term: 0 index: 0 } } ignore_live_leader: false dest_uuid: "13f637fa09f348239db6edab9d08d523"
I20260709 13:12:23.251663 32715 raft_consensus.cc:3060] T 1b7c03d7537f44a5a23b39c2f978fffa P 13f637fa09f348239db6edab9d08d523 [term 0 FOLLOWER]: Advancing to term 1
I20260709 13:12:23.250273 32640 tablet_service.cc:1917] Received RequestConsensusVote() RPC: tablet_id: "1b7c03d7537f44a5a23b39c2f978fffa" candidate_uuid: "6a64446234c74556ac8080d935e62b4c" candidate_term: 1 candidate_status { last_received { term: 0 index: 0 } } ignore_live_leader: false dest_uuid: "c740f966eab440cc90d2123389e76aa5"
I20260709 13:12:23.250650   363 ts_tablet_manager.cc:1434] T 5acd8d3a5e354c079dec8a037f58f134 P 13f637fa09f348239db6edab9d08d523: Time spent starting tablet: real 0.012s	user 0.005s	sys 0.000s
W20260709 13:12:23.261756 32753 leader_election.cc:343] T 1b7c03d7537f44a5a23b39c2f978fffa P 6a64446234c74556ac8080d935e62b4c [CANDIDATE]: Term 1 election: Tablet error from VoteRequest() call to peer c740f966eab440cc90d2123389e76aa5 (127.30.206.1:39561): Illegal state: must be running to vote when last-logged opid is not known
I20260709 13:12:23.262019   363 tablet_bootstrap.cc:492] T 92811b6b5e504be0b98fc906c23483b5 P 13f637fa09f348239db6edab9d08d523: Bootstrap starting.
I20260709 13:12:23.261965   368 tablet_bootstrap.cc:492] T da605ca37efd4121a0a12c9a17b646a5 P c740f966eab440cc90d2123389e76aa5: No bootstrap required, opened a new log
I20260709 13:12:23.262653   368 ts_tablet_manager.cc:1403] T da605ca37efd4121a0a12c9a17b646a5 P c740f966eab440cc90d2123389e76aa5: Time spent bootstrapping tablet: real 0.024s	user 0.013s	sys 0.004s
I20260709 13:12:23.265182   368 raft_consensus.cc:359] T da605ca37efd4121a0a12c9a17b646a5 P c740f966eab440cc90d2123389e76aa5 [term 0 FOLLOWER]: Replica starting. Triggering 0 pending ops. Active config: opid_index: -1 OBSOLETE_local: false peers { permanent_uuid: "c740f966eab440cc90d2123389e76aa5" member_type: VOTER last_known_addr { host: "127.30.206.1" port: 39561 } } peers { permanent_uuid: "13f637fa09f348239db6edab9d08d523" member_type: VOTER last_known_addr { host: "127.30.206.2" port: 44103 } } peers { permanent_uuid: "6a64446234c74556ac8080d935e62b4c" member_type: VOTER last_known_addr { host: "127.30.206.3" port: 40151 } }
I20260709 13:12:23.265844   368 raft_consensus.cc:385] T da605ca37efd4121a0a12c9a17b646a5 P c740f966eab440cc90d2123389e76aa5 [term 0 FOLLOWER]: Consensus starting up: Expiring failure detector timer to make a prompt election more likely
I20260709 13:12:23.266115   368 raft_consensus.cc:740] T da605ca37efd4121a0a12c9a17b646a5 P c740f966eab440cc90d2123389e76aa5 [term 0 FOLLOWER]: Becoming Follower/Learner. State: Replica: c740f966eab440cc90d2123389e76aa5, State: Initialized, Role: FOLLOWER
I20260709 13:12:23.266746   368 consensus_queue.cc:260] T da605ca37efd4121a0a12c9a17b646a5 P c740f966eab440cc90d2123389e76aa5 [NON_LEADER]: Queue going to NON_LEADER mode. State: All replicated index: 0, Majority replicated index: 0, Committed index: 0, Last appended: 0.0, Last appended by leader: 0, Current term: 0, Majority size: -1, State: 0, Mode: NON_LEADER, active raft config: opid_index: -1 OBSOLETE_local: false peers { permanent_uuid: "c740f966eab440cc90d2123389e76aa5" member_type: VOTER last_known_addr { host: "127.30.206.1" port: 39561 } } peers { permanent_uuid: "13f637fa09f348239db6edab9d08d523" member_type: VOTER last_known_addr { host: "127.30.206.2" port: 44103 } } peers { permanent_uuid: "6a64446234c74556ac8080d935e62b4c" member_type: VOTER last_known_addr { host: "127.30.206.3" port: 40151 } }
I20260709 13:12:23.267793   363 tablet_bootstrap.cc:654] T 92811b6b5e504be0b98fc906c23483b5 P 13f637fa09f348239db6edab9d08d523: Neither blocks nor log segments found. Creating new log.
I20260709 13:12:23.268760   368 ts_tablet_manager.cc:1434] T da605ca37efd4121a0a12c9a17b646a5 P c740f966eab440cc90d2123389e76aa5: Time spent starting tablet: real 0.006s	user 0.003s	sys 0.000s
I20260709 13:12:23.269613   368 tablet_bootstrap.cc:492] T 1b7c03d7537f44a5a23b39c2f978fffa P c740f966eab440cc90d2123389e76aa5: Bootstrap starting.
I20260709 13:12:23.271835 32536 catalog_manager.cc:5697] T 71c2c36faea245f6a5f6740f5969be3c P 13f637fa09f348239db6edab9d08d523 reported cstate change: term changed from 0 to 1, leader changed from <none> to 13f637fa09f348239db6edab9d08d523 (127.30.206.2). New cstate: current_term: 1 leader_uuid: "13f637fa09f348239db6edab9d08d523" committed_config { opid_index: -1 OBSOLETE_local: false peers { permanent_uuid: "c740f966eab440cc90d2123389e76aa5" member_type: VOTER last_known_addr { host: "127.30.206.1" port: 39561 } health_report { overall_health: UNKNOWN } } peers { permanent_uuid: "13f637fa09f348239db6edab9d08d523" member_type: VOTER last_known_addr { host: "127.30.206.2" port: 44103 } health_report { overall_health: HEALTHY } } peers { permanent_uuid: "6a64446234c74556ac8080d935e62b4c" member_type: VOTER last_known_addr { host: "127.30.206.3" port: 40151 } health_report { overall_health: UNKNOWN } } }
I20260709 13:12:23.273077 32715 raft_consensus.cc:2468] T 1b7c03d7537f44a5a23b39c2f978fffa P 13f637fa09f348239db6edab9d08d523 [term 1 FOLLOWER]: Leader election vote request: Granting yes vote for candidate 6a64446234c74556ac8080d935e62b4c in term 1.
I20260709 13:12:23.274559 32538 catalog_manager.cc:5697] T b56b1d385bcd4f64ab91854e54d3f2b9 P c740f966eab440cc90d2123389e76aa5 reported cstate change: term changed from 0 to 1, leader changed from <none> to c740f966eab440cc90d2123389e76aa5 (127.30.206.1). New cstate: current_term: 1 leader_uuid: "c740f966eab440cc90d2123389e76aa5" committed_config { opid_index: -1 OBSOLETE_local: false peers { permanent_uuid: "c740f966eab440cc90d2123389e76aa5" member_type: VOTER last_known_addr { host: "127.30.206.1" port: 39561 } health_report { overall_health: HEALTHY } } peers { permanent_uuid: "13f637fa09f348239db6edab9d08d523" member_type: VOTER last_known_addr { host: "127.30.206.2" port: 44103 } health_report { overall_health: UNKNOWN } } peers { permanent_uuid: "6a64446234c74556ac8080d935e62b4c" member_type: VOTER last_known_addr { host: "127.30.206.3" port: 40151 } health_report { overall_health: UNKNOWN } } }
I20260709 13:12:23.275888 32753 leader_election.cc:304] T 1b7c03d7537f44a5a23b39c2f978fffa P 6a64446234c74556ac8080d935e62b4c [CANDIDATE]: Term 1 election: Election decided. Result: candidate won. Election summary: received 3 responses out of 3 voters: 2 yes votes; 1 no votes. yes voters: 13f637fa09f348239db6edab9d08d523, 6a64446234c74556ac8080d935e62b4c; no voters: c740f966eab440cc90d2123389e76aa5
I20260709 13:12:23.276204   363 tablet_bootstrap.cc:492] T 92811b6b5e504be0b98fc906c23483b5 P 13f637fa09f348239db6edab9d08d523: No bootstrap required, opened a new log
I20260709 13:12:23.276723   364 raft_consensus.cc:2804] T 1b7c03d7537f44a5a23b39c2f978fffa P 6a64446234c74556ac8080d935e62b4c [term 1 FOLLOWER]: Leader election won for term 1
I20260709 13:12:23.274708   368 tablet_bootstrap.cc:654] T 1b7c03d7537f44a5a23b39c2f978fffa P c740f966eab440cc90d2123389e76aa5: Neither blocks nor log segments found. Creating new log.
I20260709 13:12:23.277352   364 raft_consensus.cc:697] T 1b7c03d7537f44a5a23b39c2f978fffa P 6a64446234c74556ac8080d935e62b4c [term 1 LEADER]: Becoming Leader. State: Replica: 6a64446234c74556ac8080d935e62b4c, State: Running, Role: LEADER
I20260709 13:12:23.278270   364 consensus_queue.cc:237] T 1b7c03d7537f44a5a23b39c2f978fffa P 6a64446234c74556ac8080d935e62b4c [LEADER]: Queue going to LEADER mode. State: All replicated index: 0, Majority replicated index: 0, Committed index: 0, Last appended: 0.0, Last appended by leader: 0, Current term: 1, Majority size: 2, State: 0, Mode: LEADER, active raft config: opid_index: -1 OBSOLETE_local: false peers { permanent_uuid: "c740f966eab440cc90d2123389e76aa5" member_type: VOTER last_known_addr { host: "127.30.206.1" port: 39561 } } peers { permanent_uuid: "13f637fa09f348239db6edab9d08d523" member_type: VOTER last_known_addr { host: "127.30.206.2" port: 44103 } } peers { permanent_uuid: "6a64446234c74556ac8080d935e62b4c" member_type: VOTER last_known_addr { host: "127.30.206.3" port: 40151 } }
I20260709 13:12:23.282013   368 tablet_bootstrap.cc:492] T 1b7c03d7537f44a5a23b39c2f978fffa P c740f966eab440cc90d2123389e76aa5: No bootstrap required, opened a new log
I20260709 13:12:23.282424   368 ts_tablet_manager.cc:1403] T 1b7c03d7537f44a5a23b39c2f978fffa P c740f966eab440cc90d2123389e76aa5: Time spent bootstrapping tablet: real 0.013s	user 0.008s	sys 0.000s
I20260709 13:12:23.283833   361 tablet_bootstrap.cc:492] T 1f8825d40c5047c18aecebc56c76ce39 P 6a64446234c74556ac8080d935e62b4c: No bootstrap required, opened a new log
I20260709 13:12:23.284328   361 ts_tablet_manager.cc:1403] T 1f8825d40c5047c18aecebc56c76ce39 P 6a64446234c74556ac8080d935e62b4c: Time spent bootstrapping tablet: real 0.072s	user 0.010s	sys 0.001s
I20260709 13:12:23.285059   368 raft_consensus.cc:359] T 1b7c03d7537f44a5a23b39c2f978fffa P c740f966eab440cc90d2123389e76aa5 [term 0 FOLLOWER]: Replica starting. Triggering 0 pending ops. Active config: opid_index: -1 OBSOLETE_local: false peers { permanent_uuid: "c740f966eab440cc90d2123389e76aa5" member_type: VOTER last_known_addr { host: "127.30.206.1" port: 39561 } } peers { permanent_uuid: "13f637fa09f348239db6edab9d08d523" member_type: VOTER last_known_addr { host: "127.30.206.2" port: 44103 } } peers { permanent_uuid: "6a64446234c74556ac8080d935e62b4c" member_type: VOTER last_known_addr { host: "127.30.206.3" port: 40151 } }
I20260709 13:12:23.285713   368 raft_consensus.cc:385] T 1b7c03d7537f44a5a23b39c2f978fffa P c740f966eab440cc90d2123389e76aa5 [term 0 FOLLOWER]: Consensus starting up: Expiring failure detector timer to make a prompt election more likely
I20260709 13:12:23.285985   368 raft_consensus.cc:740] T 1b7c03d7537f44a5a23b39c2f978fffa P c740f966eab440cc90d2123389e76aa5 [term 0 FOLLOWER]: Becoming Follower/Learner. State: Replica: c740f966eab440cc90d2123389e76aa5, State: Initialized, Role: FOLLOWER
I20260709 13:12:23.276723   363 ts_tablet_manager.cc:1403] T 92811b6b5e504be0b98fc906c23483b5 P 13f637fa09f348239db6edab9d08d523: Time spent bootstrapping tablet: real 0.015s	user 0.009s	sys 0.000s
I20260709 13:12:23.287061   368 consensus_queue.cc:260] T 1b7c03d7537f44a5a23b39c2f978fffa P c740f966eab440cc90d2123389e76aa5 [NON_LEADER]: Queue going to NON_LEADER mode. State: All replicated index: 0, Majority replicated index: 0, Committed index: 0, Last appended: 0.0, Last appended by leader: 0, Current term: 0, Majority size: -1, State: 0, Mode: NON_LEADER, active raft config: opid_index: -1 OBSOLETE_local: false peers { permanent_uuid: "c740f966eab440cc90d2123389e76aa5" member_type: VOTER last_known_addr { host: "127.30.206.1" port: 39561 } } peers { permanent_uuid: "13f637fa09f348239db6edab9d08d523" member_type: VOTER last_known_addr { host: "127.30.206.2" port: 44103 } } peers { permanent_uuid: "6a64446234c74556ac8080d935e62b4c" member_type: VOTER last_known_addr { host: "127.30.206.3" port: 40151 } }
I20260709 13:12:23.288302   361 raft_consensus.cc:359] T 1f8825d40c5047c18aecebc56c76ce39 P 6a64446234c74556ac8080d935e62b4c [term 0 FOLLOWER]: Replica starting. Triggering 0 pending ops. Active config: opid_index: -1 OBSOLETE_local: false peers { permanent_uuid: "c740f966eab440cc90d2123389e76aa5" member_type: VOTER last_known_addr { host: "127.30.206.1" port: 39561 } } peers { permanent_uuid: "13f637fa09f348239db6edab9d08d523" member_type: VOTER last_known_addr { host: "127.30.206.2" port: 44103 } } peers { permanent_uuid: "6a64446234c74556ac8080d935e62b4c" member_type: VOTER last_known_addr { host: "127.30.206.3" port: 40151 } }
I20260709 13:12:23.288950   361 raft_consensus.cc:385] T 1f8825d40c5047c18aecebc56c76ce39 P 6a64446234c74556ac8080d935e62b4c [term 0 FOLLOWER]: Consensus starting up: Expiring failure detector timer to make a prompt election more likely
I20260709 13:12:23.289113   368 ts_tablet_manager.cc:1434] T 1b7c03d7537f44a5a23b39c2f978fffa P c740f966eab440cc90d2123389e76aa5: Time spent starting tablet: real 0.006s	user 0.006s	sys 0.002s
I20260709 13:12:23.289209   361 raft_consensus.cc:740] T 1f8825d40c5047c18aecebc56c76ce39 P 6a64446234c74556ac8080d935e62b4c [term 0 FOLLOWER]: Becoming Follower/Learner. State: Replica: 6a64446234c74556ac8080d935e62b4c, State: Initialized, Role: FOLLOWER
I20260709 13:12:23.289992   368 tablet_bootstrap.cc:492] T 0eb7cdc0050d4c8581e946541e18be80 P c740f966eab440cc90d2123389e76aa5: Bootstrap starting.
I20260709 13:12:23.290033   363 raft_consensus.cc:359] T 92811b6b5e504be0b98fc906c23483b5 P 13f637fa09f348239db6edab9d08d523 [term 0 FOLLOWER]: Replica starting. Triggering 0 pending ops. Active config: opid_index: -1 OBSOLETE_local: false peers { permanent_uuid: "c740f966eab440cc90d2123389e76aa5" member_type: VOTER last_known_addr { host: "127.30.206.1" port: 39561 } } peers { permanent_uuid: "13f637fa09f348239db6edab9d08d523" member_type: VOTER last_known_addr { host: "127.30.206.2" port: 44103 } } peers { permanent_uuid: "6a64446234c74556ac8080d935e62b4c" member_type: VOTER last_known_addr { host: "127.30.206.3" port: 40151 } }
I20260709 13:12:23.290791   363 raft_consensus.cc:385] T 92811b6b5e504be0b98fc906c23483b5 P 13f637fa09f348239db6edab9d08d523 [term 0 FOLLOWER]: Consensus starting up: Expiring failure detector timer to make a prompt election more likely
I20260709 13:12:23.291071   363 raft_consensus.cc:740] T 92811b6b5e504be0b98fc906c23483b5 P 13f637fa09f348239db6edab9d08d523 [term 0 FOLLOWER]: Becoming Follower/Learner. State: Replica: 13f637fa09f348239db6edab9d08d523, State: Initialized, Role: FOLLOWER
I20260709 13:12:23.295794   364 raft_consensus.cc:493] T 0973b0e92c024581b41dbf0249119e0c P 6a64446234c74556ac8080d935e62b4c [term 0 FOLLOWER]: Starting pre-election (no leader contacted us within the election timeout)
I20260709 13:12:23.296232   368 tablet_bootstrap.cc:654] T 0eb7cdc0050d4c8581e946541e18be80 P c740f966eab440cc90d2123389e76aa5: Neither blocks nor log segments found. Creating new log.
I20260709 13:12:23.296345   364 raft_consensus.cc:515] T 0973b0e92c024581b41dbf0249119e0c P 6a64446234c74556ac8080d935e62b4c [term 0 FOLLOWER]: Starting pre-election with config: opid_index: -1 OBSOLETE_local: false peers { permanent_uuid: "c740f966eab440cc90d2123389e76aa5" member_type: VOTER last_known_addr { host: "127.30.206.1" port: 39561 } } peers { permanent_uuid: "13f637fa09f348239db6edab9d08d523" member_type: VOTER last_known_addr { host: "127.30.206.2" port: 44103 } } peers { permanent_uuid: "6a64446234c74556ac8080d935e62b4c" member_type: VOTER last_known_addr { host: "127.30.206.3" port: 40151 } }
I20260709 13:12:23.296205 32538 catalog_manager.cc:5697] T 1b7c03d7537f44a5a23b39c2f978fffa P 6a64446234c74556ac8080d935e62b4c reported cstate change: term changed from 0 to 1, leader changed from <none> to 6a64446234c74556ac8080d935e62b4c (127.30.206.3). New cstate: current_term: 1 leader_uuid: "6a64446234c74556ac8080d935e62b4c" committed_config { opid_index: -1 OBSOLETE_local: false peers { permanent_uuid: "c740f966eab440cc90d2123389e76aa5" member_type: VOTER last_known_addr { host: "127.30.206.1" port: 39561 } health_report { overall_health: UNKNOWN } } peers { permanent_uuid: "13f637fa09f348239db6edab9d08d523" member_type: VOTER last_known_addr { host: "127.30.206.2" port: 44103 } health_report { overall_health: UNKNOWN } } peers { permanent_uuid: "6a64446234c74556ac8080d935e62b4c" member_type: VOTER last_known_addr { host: "127.30.206.3" port: 40151 } health_report { overall_health: HEALTHY } } }
I20260709 13:12:23.297130   372 raft_consensus.cc:493] T 0973b0e92c024581b41dbf0249119e0c P 13f637fa09f348239db6edab9d08d523 [term 0 FOLLOWER]: Starting pre-election (no leader contacted us within the election timeout)
I20260709 13:12:23.298144   372 raft_consensus.cc:515] T 0973b0e92c024581b41dbf0249119e0c P 13f637fa09f348239db6edab9d08d523 [term 0 FOLLOWER]: Starting pre-election with config: opid_index: -1 OBSOLETE_local: false peers { permanent_uuid: "c740f966eab440cc90d2123389e76aa5" member_type: VOTER last_known_addr { host: "127.30.206.1" port: 39561 } } peers { permanent_uuid: "13f637fa09f348239db6edab9d08d523" member_type: VOTER last_known_addr { host: "127.30.206.2" port: 44103 } } peers { permanent_uuid: "6a64446234c74556ac8080d935e62b4c" member_type: VOTER last_known_addr { host: "127.30.206.3" port: 40151 } }
I20260709 13:12:23.299682 32640 tablet_service.cc:1917] Received RequestConsensusVote() RPC: tablet_id: "0973b0e92c024581b41dbf0249119e0c" candidate_uuid: "6a64446234c74556ac8080d935e62b4c" candidate_term: 1 candidate_status { last_received { term: 0 index: 0 } } ignore_live_leader: false dest_uuid: "c740f966eab440cc90d2123389e76aa5" is_pre_election: true
I20260709 13:12:23.300362 32640 raft_consensus.cc:2468] T 0973b0e92c024581b41dbf0249119e0c P c740f966eab440cc90d2123389e76aa5 [term 0 FOLLOWER]: Leader pre-election vote request: Granting yes vote for candidate 6a64446234c74556ac8080d935e62b4c in term 0.
I20260709 13:12:23.301730 32753 leader_election.cc:304] T 0973b0e92c024581b41dbf0249119e0c P 6a64446234c74556ac8080d935e62b4c [CANDIDATE]: Term 1 pre-election: Election decided. Result: candidate won. Election summary: received 2 responses out of 3 voters: 2 yes votes; 0 no votes. yes voters: 6a64446234c74556ac8080d935e62b4c, c740f966eab440cc90d2123389e76aa5; no voters: 
I20260709 13:12:23.302738   395 raft_consensus.cc:2804] T 0973b0e92c024581b41dbf0249119e0c P 6a64446234c74556ac8080d935e62b4c [term 0 FOLLOWER]: Leader pre-election won for term 1
I20260709 13:12:23.303146   321 tablet_service.cc:1917] Received RequestConsensusVote() RPC: tablet_id: "0973b0e92c024581b41dbf0249119e0c" candidate_uuid: "13f637fa09f348239db6edab9d08d523" candidate_term: 1 candidate_status { last_received { term: 0 index: 0 } } ignore_live_leader: false dest_uuid: "6a64446234c74556ac8080d935e62b4c" is_pre_election: true
I20260709 13:12:23.303478 32640 tablet_service.cc:1917] Received RequestConsensusVote() RPC: tablet_id: "0973b0e92c024581b41dbf0249119e0c" candidate_uuid: "13f637fa09f348239db6edab9d08d523" candidate_term: 1 candidate_status { last_received { term: 0 index: 0 } } ignore_live_leader: false dest_uuid: "c740f966eab440cc90d2123389e76aa5" is_pre_election: true
I20260709 13:12:23.304065 32640 raft_consensus.cc:2468] T 0973b0e92c024581b41dbf0249119e0c P c740f966eab440cc90d2123389e76aa5 [term 0 FOLLOWER]: Leader pre-election vote request: Granting yes vote for candidate 13f637fa09f348239db6edab9d08d523 in term 0.
I20260709 13:12:23.303121   395 raft_consensus.cc:493] T 0973b0e92c024581b41dbf0249119e0c P 6a64446234c74556ac8080d935e62b4c [term 0 FOLLOWER]: Starting leader election (no leader contacted us within the election timeout)
I20260709 13:12:23.305264   395 raft_consensus.cc:3060] T 0973b0e92c024581b41dbf0249119e0c P 6a64446234c74556ac8080d935e62b4c [term 0 FOLLOWER]: Advancing to term 1
I20260709 13:12:23.305826 32679 leader_election.cc:304] T 0973b0e92c024581b41dbf0249119e0c P 13f637fa09f348239db6edab9d08d523 [CANDIDATE]: Term 1 pre-election: Election decided. Result: candidate won. Election summary: received 2 responses out of 3 voters: 2 yes votes; 0 no votes. yes voters: 13f637fa09f348239db6edab9d08d523, c740f966eab440cc90d2123389e76aa5; no voters: 
I20260709 13:12:23.306756   384 raft_consensus.cc:2804] T 0973b0e92c024581b41dbf0249119e0c P 13f637fa09f348239db6edab9d08d523 [term 0 FOLLOWER]: Leader pre-election won for term 1
I20260709 13:12:23.306152   361 consensus_queue.cc:260] T 1f8825d40c5047c18aecebc56c76ce39 P 6a64446234c74556ac8080d935e62b4c [NON_LEADER]: Queue going to NON_LEADER mode. State: All replicated index: 0, Majority replicated index: 0, Committed index: 0, Last appended: 0.0, Last appended by leader: 0, Current term: 0, Majority size: -1, State: 0, Mode: NON_LEADER, active raft config: opid_index: -1 OBSOLETE_local: false peers { permanent_uuid: "c740f966eab440cc90d2123389e76aa5" member_type: VOTER last_known_addr { host: "127.30.206.1" port: 39561 } } peers { permanent_uuid: "13f637fa09f348239db6edab9d08d523" member_type: VOTER last_known_addr { host: "127.30.206.2" port: 44103 } } peers { permanent_uuid: "6a64446234c74556ac8080d935e62b4c" member_type: VOTER last_known_addr { host: "127.30.206.3" port: 40151 } }
I20260709 13:12:23.307103   384 raft_consensus.cc:493] T 0973b0e92c024581b41dbf0249119e0c P 13f637fa09f348239db6edab9d08d523 [term 0 FOLLOWER]: Starting leader election (no leader contacted us within the election timeout)
I20260709 13:12:23.307466   384 raft_consensus.cc:3060] T 0973b0e92c024581b41dbf0249119e0c P 13f637fa09f348239db6edab9d08d523 [term 0 FOLLOWER]: Advancing to term 1
I20260709 13:12:23.313436   364 leader_election.cc:290] T 0973b0e92c024581b41dbf0249119e0c P 6a64446234c74556ac8080d935e62b4c [CANDIDATE]: Term 1 pre-election: Requested pre-vote from peers c740f966eab440cc90d2123389e76aa5 (127.30.206.1:39561), 13f637fa09f348239db6edab9d08d523 (127.30.206.2:44103)
I20260709 13:12:23.315174 32715 tablet_service.cc:1917] Received RequestConsensusVote() RPC: tablet_id: "0973b0e92c024581b41dbf0249119e0c" candidate_uuid: "6a64446234c74556ac8080d935e62b4c" candidate_term: 1 candidate_status { last_received { term: 0 index: 0 } } ignore_live_leader: false dest_uuid: "13f637fa09f348239db6edab9d08d523" is_pre_election: true
I20260709 13:12:23.312492   395 raft_consensus.cc:515] T 0973b0e92c024581b41dbf0249119e0c P 6a64446234c74556ac8080d935e62b4c [term 1 FOLLOWER]: Starting leader election with config: opid_index: -1 OBSOLETE_local: false peers { permanent_uuid: "c740f966eab440cc90d2123389e76aa5" member_type: VOTER last_known_addr { host: "127.30.206.1" port: 39561 } } peers { permanent_uuid: "13f637fa09f348239db6edab9d08d523" member_type: VOTER last_known_addr { host: "127.30.206.2" port: 44103 } } peers { permanent_uuid: "6a64446234c74556ac8080d935e62b4c" member_type: VOTER last_known_addr { host: "127.30.206.3" port: 40151 } }
I20260709 13:12:23.318010 32640 tablet_service.cc:1917] Received RequestConsensusVote() RPC: tablet_id: "0973b0e92c024581b41dbf0249119e0c" candidate_uuid: "6a64446234c74556ac8080d935e62b4c" candidate_term: 1 candidate_status { last_received { term: 0 index: 0 } } ignore_live_leader: false dest_uuid: "c740f966eab440cc90d2123389e76aa5"
I20260709 13:12:23.318526 32640 raft_consensus.cc:3060] T 0973b0e92c024581b41dbf0249119e0c P c740f966eab440cc90d2123389e76aa5 [term 0 FOLLOWER]: Advancing to term 1
I20260709 13:12:23.318642   321 raft_consensus.cc:2393] T 0973b0e92c024581b41dbf0249119e0c P 6a64446234c74556ac8080d935e62b4c [term 1 FOLLOWER]: Leader pre-election vote request: Denying vote to candidate 13f637fa09f348239db6edab9d08d523 in current term 1: Already voted for candidate 6a64446234c74556ac8080d935e62b4c in this term.
I20260709 13:12:23.322337   372 leader_election.cc:290] T 0973b0e92c024581b41dbf0249119e0c P 13f637fa09f348239db6edab9d08d523 [CANDIDATE]: Term 1 pre-election: Requested pre-vote from peers c740f966eab440cc90d2123389e76aa5 (127.30.206.1:39561), 6a64446234c74556ac8080d935e62b4c (127.30.206.3:40151)
I20260709 13:12:23.291919   363 consensus_queue.cc:260] T 92811b6b5e504be0b98fc906c23483b5 P 13f637fa09f348239db6edab9d08d523 [NON_LEADER]: Queue going to NON_LEADER mode. State: All replicated index: 0, Majority replicated index: 0, Committed index: 0, Last appended: 0.0, Last appended by leader: 0, Current term: 0, Majority size: -1, State: 0, Mode: NON_LEADER, active raft config: opid_index: -1 OBSOLETE_local: false peers { permanent_uuid: "c740f966eab440cc90d2123389e76aa5" member_type: VOTER last_known_addr { host: "127.30.206.1" port: 39561 } } peers { permanent_uuid: "13f637fa09f348239db6edab9d08d523" member_type: VOTER last_known_addr { host: "127.30.206.2" port: 44103 } } peers { permanent_uuid: "6a64446234c74556ac8080d935e62b4c" member_type: VOTER last_known_addr { host: "127.30.206.3" port: 40151 } }
