I20260709 13:12:19.298491 32447 consensus_queue.cc:237] T ef267d9dfffd4db9892be1ef7886f3b8 P 3e9fa7b611ab4e2a810f13154dab182b [LEADER]: Queue going to LEADER mode. State: All replicated index: 0, Majority replicated index: 1, Committed index: 1, Last appended: 1.1, Last appended by leader: 1, Current term: 2, Majority size: 2, State: 0, Mode: LEADER, active raft config: opid_index: -1 OBSOLETE_local: false peers { permanent_uuid: "368b8b4835e94af79a30d40a55661ff8" member_type: VOTER last_known_addr { host: "127.30.206.1" port: 42951 } } peers { permanent_uuid: "26c5cdd0989a45ff8a00da5da2973685" member_type: VOTER last_known_addr { host: "127.30.206.2" port: 34099 } } peers { permanent_uuid: "3e9fa7b611ab4e2a810f13154dab182b" member_type: VOTER last_known_addr { host: "127.30.206.3" port: 41349 } }
I20260709 13:12:19.305115 32061 catalog_manager.cc:5697] T ef267d9dfffd4db9892be1ef7886f3b8 P 3e9fa7b611ab4e2a810f13154dab182b reported cstate change: term changed from 1 to 2, leader changed from 368b8b4835e94af79a30d40a55661ff8 (127.30.206.1) to 3e9fa7b611ab4e2a810f13154dab182b (127.30.206.3). New cstate: current_term: 2 leader_uuid: "3e9fa7b611ab4e2a810f13154dab182b" committed_config { opid_index: -1 OBSOLETE_local: false peers { permanent_uuid: "368b8b4835e94af79a30d40a55661ff8" member_type: VOTER last_known_addr { host: "127.30.206.1" port: 42951 } health_report { overall_health: UNKNOWN } } peers { permanent_uuid: "26c5cdd0989a45ff8a00da5da2973685" member_type: VOTER last_known_addr { host: "127.30.206.2" port: 34099 } health_report { overall_health: UNKNOWN } } peers { permanent_uuid: "3e9fa7b611ab4e2a810f13154dab182b" member_type: VOTER last_known_addr { host: "127.30.206.3" port: 41349 } health_report { overall_health: HEALTHY } } }
I20260709 13:12:19.476070 32477 raft_consensus.cc:993] T 2cf67e46cda348e8bead1524bcfbdc5b P 368b8b4835e94af79a30d40a55661ff8: : Instructing follower 26c5cdd0989a45ff8a00da5da2973685 to start an election
I20260709 13:12:19.476495 32477 raft_consensus.cc:1081] T 2cf67e46cda348e8bead1524bcfbdc5b P 368b8b4835e94af79a30d40a55661ff8 [term 1 LEADER]: Signalling peer 26c5cdd0989a45ff8a00da5da2973685 to start an election
I20260709 13:12:19.477909 32241 tablet_service.cc:2044] Received Run Leader Election RPC: tablet_id: "2cf67e46cda348e8bead1524bcfbdc5b"
dest_uuid: "26c5cdd0989a45ff8a00da5da2973685"
 from {username='slave'} at 127.0.0.1:53502
I20260709 13:12:19.478374 32241 raft_consensus.cc:493] T 2cf67e46cda348e8bead1524bcfbdc5b P 26c5cdd0989a45ff8a00da5da2973685 [term 1 FOLLOWER]: Starting forced leader election (received explicit request)
I20260709 13:12:19.478693 32241 raft_consensus.cc:3060] T 2cf67e46cda348e8bead1524bcfbdc5b P 26c5cdd0989a45ff8a00da5da2973685 [term 1 FOLLOWER]: Advancing to term 2
I20260709 13:12:19.485944 32241 raft_consensus.cc:515] T 2cf67e46cda348e8bead1524bcfbdc5b P 26c5cdd0989a45ff8a00da5da2973685 [term 2 FOLLOWER]: Starting forced leader election with config: opid_index: -1 OBSOLETE_local: false peers { permanent_uuid: "26c5cdd0989a45ff8a00da5da2973685" member_type: VOTER last_known_addr { host: "127.30.206.2" port: 34099 } } peers { permanent_uuid: "368b8b4835e94af79a30d40a55661ff8" member_type: VOTER last_known_addr { host: "127.30.206.1" port: 42951 } } peers { permanent_uuid: "3e9fa7b611ab4e2a810f13154dab182b" member_type: VOTER last_known_addr { host: "127.30.206.3" port: 41349 } }
I20260709 13:12:19.488268 32241 leader_election.cc:290] T 2cf67e46cda348e8bead1524bcfbdc5b P 26c5cdd0989a45ff8a00da5da2973685 [CANDIDATE]: Term 2 election: Requested vote from peers 368b8b4835e94af79a30d40a55661ff8 (127.30.206.1:42951), 3e9fa7b611ab4e2a810f13154dab182b (127.30.206.3:41349)
I20260709 13:12:19.489137 32164 tablet_service.cc:1917] Received RequestConsensusVote() RPC: tablet_id: "2cf67e46cda348e8bead1524bcfbdc5b" candidate_uuid: "26c5cdd0989a45ff8a00da5da2973685" candidate_term: 2 candidate_status { last_received { term: 1 index: 1 } } ignore_live_leader: true dest_uuid: "368b8b4835e94af79a30d40a55661ff8"
I20260709 13:12:19.489725 32164 raft_consensus.cc:3055] T 2cf67e46cda348e8bead1524bcfbdc5b P 368b8b4835e94af79a30d40a55661ff8 [term 1 LEADER]: Stepping down as leader of term 1
I20260709 13:12:19.489938 32313 tablet_service.cc:1917] Received RequestConsensusVote() RPC: tablet_id: "2cf67e46cda348e8bead1524bcfbdc5b" candidate_uuid: "26c5cdd0989a45ff8a00da5da2973685" candidate_term: 2 candidate_status { last_received { term: 1 index: 1 } } ignore_live_leader: true dest_uuid: "3e9fa7b611ab4e2a810f13154dab182b"
I20260709 13:12:19.490078 32164 raft_consensus.cc:740] T 2cf67e46cda348e8bead1524bcfbdc5b P 368b8b4835e94af79a30d40a55661ff8 [term 1 LEADER]: Becoming Follower/Learner. State: Replica: 368b8b4835e94af79a30d40a55661ff8, State: Running, Role: LEADER
I20260709 13:12:19.490406 32313 raft_consensus.cc:3060] T 2cf67e46cda348e8bead1524bcfbdc5b P 3e9fa7b611ab4e2a810f13154dab182b [term 1 FOLLOWER]: Advancing to term 2
I20260709 13:12:19.490922 32164 consensus_queue.cc:260] T 2cf67e46cda348e8bead1524bcfbdc5b P 368b8b4835e94af79a30d40a55661ff8 [NON_LEADER]: Queue going to NON_LEADER mode. State: All replicated index: 0, Majority replicated index: 1, Committed index: 1, Last appended: 1.1, Last appended by leader: 1, Current term: 1, Majority size: -1, State: 0, Mode: NON_LEADER, active raft config: opid_index: -1 OBSOLETE_local: false peers { permanent_uuid: "26c5cdd0989a45ff8a00da5da2973685" member_type: VOTER last_known_addr { host: "127.30.206.2" port: 34099 } } peers { permanent_uuid: "368b8b4835e94af79a30d40a55661ff8" member_type: VOTER last_known_addr { host: "127.30.206.1" port: 42951 } } peers { permanent_uuid: "3e9fa7b611ab4e2a810f13154dab182b" member_type: VOTER last_known_addr { host: "127.30.206.3" port: 41349 } }
I20260709 13:12:19.491806 32164 raft_consensus.cc:3060] T 2cf67e46cda348e8bead1524bcfbdc5b P 368b8b4835e94af79a30d40a55661ff8 [term 1 FOLLOWER]: Advancing to term 2
I20260709 13:12:19.496742 32313 raft_consensus.cc:2468] T 2cf67e46cda348e8bead1524bcfbdc5b P 3e9fa7b611ab4e2a810f13154dab182b [term 2 FOLLOWER]: Leader election vote request: Granting yes vote for candidate 26c5cdd0989a45ff8a00da5da2973685 in term 2.
I20260709 13:12:19.497092 32164 raft_consensus.cc:2468] T 2cf67e46cda348e8bead1524bcfbdc5b P 368b8b4835e94af79a30d40a55661ff8 [term 2 FOLLOWER]: Leader election vote request: Granting yes vote for candidate 26c5cdd0989a45ff8a00da5da2973685 in term 2.
I20260709 13:12:19.498195 32206 leader_election.cc:304] T 2cf67e46cda348e8bead1524bcfbdc5b P 26c5cdd0989a45ff8a00da5da2973685 [CANDIDATE]: Term 2 election: Election decided. Result: candidate won. Election summary: received 2 responses out of 3 voters: 2 yes votes; 0 no votes. yes voters: 26c5cdd0989a45ff8a00da5da2973685, 368b8b4835e94af79a30d40a55661ff8; no voters: 
I20260709 13:12:19.499060 32485 raft_consensus.cc:2804] T 2cf67e46cda348e8bead1524bcfbdc5b P 26c5cdd0989a45ff8a00da5da2973685 [term 2 FOLLOWER]: Leader election won for term 2
I20260709 13:12:19.500207 32485 raft_consensus.cc:697] T 2cf67e46cda348e8bead1524bcfbdc5b P 26c5cdd0989a45ff8a00da5da2973685 [term 2 LEADER]: Becoming Leader. State: Replica: 26c5cdd0989a45ff8a00da5da2973685, State: Running, Role: LEADER
I20260709 13:12:19.501091 32485 consensus_queue.cc:237] T 2cf67e46cda348e8bead1524bcfbdc5b P 26c5cdd0989a45ff8a00da5da2973685 [LEADER]: Queue going to LEADER mode. State: All replicated index: 0, Majority replicated index: 1, Committed index: 1, Last appended: 1.1, Last appended by leader: 1, Current term: 2, Majority size: 2, State: 0, Mode: LEADER, active raft config: opid_index: -1 OBSOLETE_local: false peers { permanent_uuid: "26c5cdd0989a45ff8a00da5da2973685" member_type: VOTER last_known_addr { host: "127.30.206.2" port: 34099 } } peers { permanent_uuid: "368b8b4835e94af79a30d40a55661ff8" member_type: VOTER last_known_addr { host: "127.30.206.1" port: 42951 } } peers { permanent_uuid: "3e9fa7b611ab4e2a810f13154dab182b" member_type: VOTER last_known_addr { host: "127.30.206.3" port: 41349 } }
I20260709 13:12:19.507876 32061 catalog_manager.cc:5697] T 2cf67e46cda348e8bead1524bcfbdc5b P 26c5cdd0989a45ff8a00da5da2973685 reported cstate change: term changed from 1 to 2, leader changed from 368b8b4835e94af79a30d40a55661ff8 (127.30.206.1) to 26c5cdd0989a45ff8a00da5da2973685 (127.30.206.2). New cstate: current_term: 2 leader_uuid: "26c5cdd0989a45ff8a00da5da2973685" committed_config { opid_index: -1 OBSOLETE_local: false peers { permanent_uuid: "26c5cdd0989a45ff8a00da5da2973685" member_type: VOTER last_known_addr { host: "127.30.206.2" port: 34099 } health_report { overall_health: HEALTHY } } peers { permanent_uuid: "368b8b4835e94af79a30d40a55661ff8" member_type: VOTER last_known_addr { host: "127.30.206.1" port: 42951 } health_report { overall_health: UNKNOWN } } peers { permanent_uuid: "3e9fa7b611ab4e2a810f13154dab182b" member_type: VOTER last_known_addr { host: "127.30.206.3" port: 41349 } health_report { overall_health: UNKNOWN } } }
I20260709 13:12:19.646270 32486 raft_consensus.cc:993] T 680b18ac45014da58cc2af6a8e42d810 P 368b8b4835e94af79a30d40a55661ff8: : Instructing follower 3e9fa7b611ab4e2a810f13154dab182b to start an election
I20260709 13:12:19.646708 32477 raft_consensus.cc:1081] T 680b18ac45014da58cc2af6a8e42d810 P 368b8b4835e94af79a30d40a55661ff8 [term 4 LEADER]: Signalling peer 3e9fa7b611ab4e2a810f13154dab182b to start an election
I20260709 13:12:19.648129 32313 tablet_service.cc:2044] Received Run Leader Election RPC: tablet_id: "680b18ac45014da58cc2af6a8e42d810"
dest_uuid: "3e9fa7b611ab4e2a810f13154dab182b"
 from {username='slave'} at 127.0.0.1:43352
I20260709 13:12:19.648546 32313 raft_consensus.cc:493] T 680b18ac45014da58cc2af6a8e42d810 P 3e9fa7b611ab4e2a810f13154dab182b [term 4 FOLLOWER]: Starting forced leader election (received explicit request)
I20260709 13:12:19.648830 32313 raft_consensus.cc:3060] T 680b18ac45014da58cc2af6a8e42d810 P 3e9fa7b611ab4e2a810f13154dab182b [term 4 FOLLOWER]: Advancing to term 5
I20260709 13:12:19.652709 32313 raft_consensus.cc:515] T 680b18ac45014da58cc2af6a8e42d810 P 3e9fa7b611ab4e2a810f13154dab182b [term 5 FOLLOWER]: Starting forced leader election with config: opid_index: -1 OBSOLETE_local: false peers { permanent_uuid: "368b8b4835e94af79a30d40a55661ff8" member_type: VOTER last_known_addr { host: "127.30.206.1" port: 42951 } } peers { permanent_uuid: "26c5cdd0989a45ff8a00da5da2973685" member_type: VOTER last_known_addr { host: "127.30.206.2" port: 34099 } } peers { permanent_uuid: "3e9fa7b611ab4e2a810f13154dab182b" member_type: VOTER last_known_addr { host: "127.30.206.3" port: 41349 } }
I20260709 13:12:19.654026 32313 leader_election.cc:290] T 680b18ac45014da58cc2af6a8e42d810 P 3e9fa7b611ab4e2a810f13154dab182b [CANDIDATE]: Term 5 election: Requested vote from peers 368b8b4835e94af79a30d40a55661ff8 (127.30.206.1:42951), 26c5cdd0989a45ff8a00da5da2973685 (127.30.206.2:34099)
I20260709 13:12:19.654862 32164 tablet_service.cc:1917] Received RequestConsensusVote() RPC: tablet_id: "680b18ac45014da58cc2af6a8e42d810" candidate_uuid: "3e9fa7b611ab4e2a810f13154dab182b" candidate_term: 5 candidate_status { last_received { term: 4 index: 4 } } ignore_live_leader: true dest_uuid: "368b8b4835e94af79a30d40a55661ff8"
I20260709 13:12:19.655028 32241 tablet_service.cc:1917] Received RequestConsensusVote() RPC: tablet_id: "680b18ac45014da58cc2af6a8e42d810" candidate_uuid: "3e9fa7b611ab4e2a810f13154dab182b" candidate_term: 5 candidate_status { last_received { term: 4 index: 4 } } ignore_live_leader: true dest_uuid: "26c5cdd0989a45ff8a00da5da2973685"
I20260709 13:12:19.655342 32164 raft_consensus.cc:3055] T 680b18ac45014da58cc2af6a8e42d810 P 368b8b4835e94af79a30d40a55661ff8 [term 4 LEADER]: Stepping down as leader of term 4
I20260709 13:12:19.655561 32241 raft_consensus.cc:3060] T 680b18ac45014da58cc2af6a8e42d810 P 26c5cdd0989a45ff8a00da5da2973685 [term 4 FOLLOWER]: Advancing to term 5
I20260709 13:12:19.655651 32164 raft_consensus.cc:740] T 680b18ac45014da58cc2af6a8e42d810 P 368b8b4835e94af79a30d40a55661ff8 [term 4 LEADER]: Becoming Follower/Learner. State: Replica: 368b8b4835e94af79a30d40a55661ff8, State: Running, Role: LEADER
I20260709 13:12:19.656508 32164 consensus_queue.cc:260] T 680b18ac45014da58cc2af6a8e42d810 P 368b8b4835e94af79a30d40a55661ff8 [NON_LEADER]: Queue going to NON_LEADER mode. State: All replicated index: 0, Majority replicated index: 4, Committed index: 4, Last appended: 4.4, Last appended by leader: 4, Current term: 4, Majority size: -1, State: 0, Mode: NON_LEADER, active raft config: opid_index: -1 OBSOLETE_local: false peers { permanent_uuid: "368b8b4835e94af79a30d40a55661ff8" member_type: VOTER last_known_addr { host: "127.30.206.1" port: 42951 } } peers { permanent_uuid: "26c5cdd0989a45ff8a00da5da2973685" member_type: VOTER last_known_addr { host: "127.30.206.2" port: 34099 } } peers { permanent_uuid: "3e9fa7b611ab4e2a810f13154dab182b" member_type: VOTER last_known_addr { host: "127.30.206.3" port: 41349 } }
I20260709 13:12:19.657495 32164 raft_consensus.cc:3060] T 680b18ac45014da58cc2af6a8e42d810 P 368b8b4835e94af79a30d40a55661ff8 [term 4 FOLLOWER]: Advancing to term 5
I20260709 13:12:19.660226 32241 raft_consensus.cc:2468] T 680b18ac45014da58cc2af6a8e42d810 P 26c5cdd0989a45ff8a00da5da2973685 [term 5 FOLLOWER]: Leader election vote request: Granting yes vote for candidate 3e9fa7b611ab4e2a810f13154dab182b in term 5.
I20260709 13:12:19.661223 32281 leader_election.cc:304] T 680b18ac45014da58cc2af6a8e42d810 P 3e9fa7b611ab4e2a810f13154dab182b [CANDIDATE]: Term 5 election: Election decided. Result: candidate won. Election summary: received 2 responses out of 3 voters: 2 yes votes; 0 no votes. yes voters: 26c5cdd0989a45ff8a00da5da2973685, 3e9fa7b611ab4e2a810f13154dab182b; no voters: 
I20260709 13:12:19.661901 32447 raft_consensus.cc:2804] T 680b18ac45014da58cc2af6a8e42d810 P 3e9fa7b611ab4e2a810f13154dab182b [term 5 FOLLOWER]: Leader election won for term 5
I20260709 13:12:19.662097 32164 raft_consensus.cc:2468] T 680b18ac45014da58cc2af6a8e42d810 P 368b8b4835e94af79a30d40a55661ff8 [term 5 FOLLOWER]: Leader election vote request: Granting yes vote for candidate 3e9fa7b611ab4e2a810f13154dab182b in term 5.
I20260709 13:12:19.662398 32447 raft_consensus.cc:697] T 680b18ac45014da58cc2af6a8e42d810 P 3e9fa7b611ab4e2a810f13154dab182b [term 5 LEADER]: Becoming Leader. State: Replica: 3e9fa7b611ab4e2a810f13154dab182b, State: Running, Role: LEADER
I20260709 13:12:19.663378 32447 consensus_queue.cc:237] T 680b18ac45014da58cc2af6a8e42d810 P 3e9fa7b611ab4e2a810f13154dab182b [LEADER]: Queue going to LEADER mode. State: All replicated index: 0, Majority replicated index: 4, Committed index: 4, Last appended: 4.4, Last appended by leader: 4, Current term: 5, Majority size: 2, State: 0, Mode: LEADER, active raft config: opid_index: -1 OBSOLETE_local: false peers { permanent_uuid: "368b8b4835e94af79a30d40a55661ff8" member_type: VOTER last_known_addr { host: "127.30.206.1" port: 42951 } } peers { permanent_uuid: "26c5cdd0989a45ff8a00da5da2973685" member_type: VOTER last_known_addr { host: "127.30.206.2" port: 34099 } } peers { permanent_uuid: "3e9fa7b611ab4e2a810f13154dab182b" member_type: VOTER last_known_addr { host: "127.30.206.3" port: 41349 } }
I20260709 13:12:19.670367 32486 raft_consensus.cc:993] T 5dd4ae933423447a8fcf7a3c7e34482c P 368b8b4835e94af79a30d40a55661ff8: : Instructing follower 26c5cdd0989a45ff8a00da5da2973685 to start an election
I20260709 13:12:19.670854 32477 raft_consensus.cc:1081] T 5dd4ae933423447a8fcf7a3c7e34482c P 368b8b4835e94af79a30d40a55661ff8 [term 3 LEADER]: Signalling peer 26c5cdd0989a45ff8a00da5da2973685 to start an election
I20260709 13:12:19.670840 32061 catalog_manager.cc:5697] T 680b18ac45014da58cc2af6a8e42d810 P 3e9fa7b611ab4e2a810f13154dab182b reported cstate change: term changed from 4 to 5, leader changed from 368b8b4835e94af79a30d40a55661ff8 (127.30.206.1) to 3e9fa7b611ab4e2a810f13154dab182b (127.30.206.3). New cstate: current_term: 5 leader_uuid: "3e9fa7b611ab4e2a810f13154dab182b" committed_config { opid_index: -1 OBSOLETE_local: false peers { permanent_uuid: "368b8b4835e94af79a30d40a55661ff8" member_type: VOTER last_known_addr { host: "127.30.206.1" port: 42951 } health_report { overall_health: UNKNOWN } } peers { permanent_uuid: "26c5cdd0989a45ff8a00da5da2973685" member_type: VOTER last_known_addr { host: "127.30.206.2" port: 34099 } health_report { overall_health: UNKNOWN } } peers { permanent_uuid: "3e9fa7b611ab4e2a810f13154dab182b" member_type: VOTER last_known_addr { host: "127.30.206.3" port: 41349 } health_report { overall_health: HEALTHY } } }
I20260709 13:12:19.672511 32241 tablet_service.cc:2044] Received Run Leader Election RPC: tablet_id: "5dd4ae933423447a8fcf7a3c7e34482c"
dest_uuid: "26c5cdd0989a45ff8a00da5da2973685"
 from {username='slave'} at 127.0.0.1:53502
I20260709 13:12:19.673100 32241 raft_consensus.cc:493] T 5dd4ae933423447a8fcf7a3c7e34482c P 26c5cdd0989a45ff8a00da5da2973685 [term 3 FOLLOWER]: Starting forced leader election (received explicit request)
I20260709 13:12:19.673503 32241 raft_consensus.cc:3060] T 5dd4ae933423447a8fcf7a3c7e34482c P 26c5cdd0989a45ff8a00da5da2973685 [term 3 FOLLOWER]: Advancing to term 4
I20260709 13:12:19.679507 32241 raft_consensus.cc:515] T 5dd4ae933423447a8fcf7a3c7e34482c P 26c5cdd0989a45ff8a00da5da2973685 [term 4 FOLLOWER]: Starting forced leader election with config: opid_index: -1 OBSOLETE_local: false peers { permanent_uuid: "368b8b4835e94af79a30d40a55661ff8" member_type: VOTER last_known_addr { host: "127.30.206.1" port: 42951 } } peers { permanent_uuid: "26c5cdd0989a45ff8a00da5da2973685" member_type: VOTER last_known_addr { host: "127.30.206.2" port: 34099 } } peers { permanent_uuid: "3e9fa7b611ab4e2a810f13154dab182b" member_type: VOTER last_known_addr { host: "127.30.206.3" port: 41349 } }
I20260709 13:12:19.681071 32241 leader_election.cc:290] T 5dd4ae933423447a8fcf7a3c7e34482c P 26c5cdd0989a45ff8a00da5da2973685 [CANDIDATE]: Term 4 election: Requested vote from peers 368b8b4835e94af79a30d40a55661ff8 (127.30.206.1:42951), 3e9fa7b611ab4e2a810f13154dab182b (127.30.206.3:41349)
I20260709 13:12:19.681737 32164 tablet_service.cc:1917] Received RequestConsensusVote() RPC: tablet_id: "5dd4ae933423447a8fcf7a3c7e34482c" candidate_uuid: "26c5cdd0989a45ff8a00da5da2973685" candidate_term: 4 candidate_status { last_received { term: 3 index: 3 } } ignore_live_leader: true dest_uuid: "368b8b4835e94af79a30d40a55661ff8"
I20260709 13:12:19.682112 32313 tablet_service.cc:1917] Received RequestConsensusVote() RPC: tablet_id: "5dd4ae933423447a8fcf7a3c7e34482c" candidate_uuid: "26c5cdd0989a45ff8a00da5da2973685" candidate_term: 4 candidate_status { last_received { term: 3 index: 3 } } ignore_live_leader: true dest_uuid: "3e9fa7b611ab4e2a810f13154dab182b"
I20260709 13:12:19.682303 32164 raft_consensus.cc:3055] T 5dd4ae933423447a8fcf7a3c7e34482c P 368b8b4835e94af79a30d40a55661ff8 [term 3 LEADER]: Stepping down as leader of term 3
I20260709 13:12:19.682629 32313 raft_consensus.cc:3060] T 5dd4ae933423447a8fcf7a3c7e34482c P 3e9fa7b611ab4e2a810f13154dab182b [term 3 FOLLOWER]: Advancing to term 4
I20260709 13:12:19.682665 32164 raft_consensus.cc:740] T 5dd4ae933423447a8fcf7a3c7e34482c P 368b8b4835e94af79a30d40a55661ff8 [term 3 LEADER]: Becoming Follower/Learner. State: Replica: 368b8b4835e94af79a30d40a55661ff8, State: Running, Role: LEADER
I20260709 13:12:19.683514 32164 consensus_queue.cc:260] T 5dd4ae933423447a8fcf7a3c7e34482c P 368b8b4835e94af79a30d40a55661ff8 [NON_LEADER]: Queue going to NON_LEADER mode. State: All replicated index: 0, Majority replicated index: 3, Committed index: 3, Last appended: 3.3, Last appended by leader: 3, Current term: 3, Majority size: -1, State: 0, Mode: NON_LEADER, active raft config: opid_index: -1 OBSOLETE_local: false peers { permanent_uuid: "368b8b4835e94af79a30d40a55661ff8" member_type: VOTER last_known_addr { host: "127.30.206.1" port: 42951 } } peers { permanent_uuid: "26c5cdd0989a45ff8a00da5da2973685" member_type: VOTER last_known_addr { host: "127.30.206.2" port: 34099 } } peers { permanent_uuid: "3e9fa7b611ab4e2a810f13154dab182b" member_type: VOTER last_known_addr { host: "127.30.206.3" port: 41349 } }
I20260709 13:12:19.684653 32164 raft_consensus.cc:3060] T 5dd4ae933423447a8fcf7a3c7e34482c P 368b8b4835e94af79a30d40a55661ff8 [term 3 FOLLOWER]: Advancing to term 4
I20260709 13:12:19.688846 32313 raft_consensus.cc:2468] T 5dd4ae933423447a8fcf7a3c7e34482c P 3e9fa7b611ab4e2a810f13154dab182b [term 4 FOLLOWER]: Leader election vote request: Granting yes vote for candidate 26c5cdd0989a45ff8a00da5da2973685 in term 4.
I20260709 13:12:19.689845 32206 leader_election.cc:304] T 5dd4ae933423447a8fcf7a3c7e34482c P 26c5cdd0989a45ff8a00da5da2973685 [CANDIDATE]: Term 4 election: Election decided. Result: candidate won. Election summary: received 2 responses out of 3 voters: 2 yes votes; 0 no votes. yes voters: 26c5cdd0989a45ff8a00da5da2973685, 3e9fa7b611ab4e2a810f13154dab182b; no voters: 
I20260709 13:12:19.690579 32485 raft_consensus.cc:2804] T 5dd4ae933423447a8fcf7a3c7e34482c P 26c5cdd0989a45ff8a00da5da2973685 [term 4 FOLLOWER]: Leader election won for term 4
I20260709 13:12:19.690994 32485 raft_consensus.cc:697] T 5dd4ae933423447a8fcf7a3c7e34482c P 26c5cdd0989a45ff8a00da5da2973685 [term 4 LEADER]: Becoming Leader. State: Replica: 26c5cdd0989a45ff8a00da5da2973685, State: Running, Role: LEADER
I20260709 13:12:19.691048 32164 raft_consensus.cc:2468] T 5dd4ae933423447a8fcf7a3c7e34482c P 368b8b4835e94af79a30d40a55661ff8 [term 4 FOLLOWER]: Leader election vote request: Granting yes vote for candidate 26c5cdd0989a45ff8a00da5da2973685 in term 4.
I20260709 13:12:19.692008 32485 consensus_queue.cc:237] T 5dd4ae933423447a8fcf7a3c7e34482c P 26c5cdd0989a45ff8a00da5da2973685 [LEADER]: Queue going to LEADER mode. State: All replicated index: 0, Majority replicated index: 3, Committed index: 3, Last appended: 3.3, Last appended by leader: 3, Current term: 4, Majority size: 2, State: 0, Mode: LEADER, active raft config: opid_index: -1 OBSOLETE_local: false peers { permanent_uuid: "368b8b4835e94af79a30d40a55661ff8" member_type: VOTER last_known_addr { host: "127.30.206.1" port: 42951 } } peers { permanent_uuid: "26c5cdd0989a45ff8a00da5da2973685" member_type: VOTER last_known_addr { host: "127.30.206.2" port: 34099 } } peers { permanent_uuid: "3e9fa7b611ab4e2a810f13154dab182b" member_type: VOTER last_known_addr { host: "127.30.206.3" port: 41349 } }
I20260709 13:12:19.693920 32241 raft_consensus.cc:1275] T ef267d9dfffd4db9892be1ef7886f3b8 P 26c5cdd0989a45ff8a00da5da2973685 [term 2 FOLLOWER]: Refusing update from remote peer 3e9fa7b611ab4e2a810f13154dab182b: Log matching property violated. Preceding OpId in replica: term: 1 index: 1. Preceding OpId from leader: term: 2 index: 2. (index mismatch)
I20260709 13:12:19.695202 32447 consensus_queue.cc:1048] T ef267d9dfffd4db9892be1ef7886f3b8 P 3e9fa7b611ab4e2a810f13154dab182b [LEADER]: Connected to new peer: Peer: permanent_uuid: "26c5cdd0989a45ff8a00da5da2973685" member_type: VOTER last_known_addr { host: "127.30.206.2" port: 34099 }, Status: LMP_MISMATCH, Last received: 0.0, Next index: 2, Last known committed idx: 1, Time since last communication: 0.000s
I20260709 13:12:19.699844 32061 catalog_manager.cc:5697] T 5dd4ae933423447a8fcf7a3c7e34482c P 26c5cdd0989a45ff8a00da5da2973685 reported cstate change: term changed from 3 to 4, leader changed from 368b8b4835e94af79a30d40a55661ff8 (127.30.206.1) to 26c5cdd0989a45ff8a00da5da2973685 (127.30.206.2). New cstate: current_term: 4 leader_uuid: "26c5cdd0989a45ff8a00da5da2973685" committed_config { opid_index: -1 OBSOLETE_local: false peers { permanent_uuid: "368b8b4835e94af79a30d40a55661ff8" member_type: VOTER last_known_addr { host: "127.30.206.1" port: 42951 } health_report { overall_health: UNKNOWN } } peers { permanent_uuid: "26c5cdd0989a45ff8a00da5da2973685" member_type: VOTER last_known_addr { host: "127.30.206.2" port: 34099 } health_report { overall_health: HEALTHY } } peers { permanent_uuid: "3e9fa7b611ab4e2a810f13154dab182b" member_type: VOTER last_known_addr { host: "127.30.206.3" port: 41349 } health_report { overall_health: UNKNOWN } } }
I20260709 13:12:19.705967 32164 raft_consensus.cc:1275] T ef267d9dfffd4db9892be1ef7886f3b8 P 368b8b4835e94af79a30d40a55661ff8 [term 2 FOLLOWER]: Refusing update from remote peer 3e9fa7b611ab4e2a810f13154dab182b: Log matching property violated. Preceding OpId in replica: term: 1 index: 1. Preceding OpId from leader: term: 2 index: 2. (index mismatch)
I20260709 13:12:19.709271 32499 consensus_queue.cc:1048] T ef267d9dfffd4db9892be1ef7886f3b8 P 3e9fa7b611ab4e2a810f13154dab182b [LEADER]: Connected to new peer: Peer: permanent_uuid: "368b8b4835e94af79a30d40a55661ff8" member_type: VOTER last_known_addr { host: "127.30.206.1" port: 42951 }, Status: LMP_MISMATCH, Last received: 0.0, Next index: 2, Last known committed idx: 1, Time since last communication: 0.001s
I20260709 13:12:20.023260 32164 raft_consensus.cc:1275] T 2cf67e46cda348e8bead1524bcfbdc5b P 368b8b4835e94af79a30d40a55661ff8 [term 2 FOLLOWER]: Refusing update from remote peer 26c5cdd0989a45ff8a00da5da2973685: Log matching property violated. Preceding OpId in replica: term: 1 index: 1. Preceding OpId from leader: term: 2 index: 2. (index mismatch)
I20260709 13:12:20.024401 32493 consensus_queue.cc:1048] T 2cf67e46cda348e8bead1524bcfbdc5b P 26c5cdd0989a45ff8a00da5da2973685 [LEADER]: Connected to new peer: Peer: permanent_uuid: "368b8b4835e94af79a30d40a55661ff8" member_type: VOTER last_known_addr { host: "127.30.206.1" port: 42951 }, Status: LMP_MISMATCH, Last received: 0.0, Next index: 2, Last known committed idx: 1, Time since last communication: 0.000s
I20260709 13:12:20.033846 32313 raft_consensus.cc:1275] T 2cf67e46cda348e8bead1524bcfbdc5b P 3e9fa7b611ab4e2a810f13154dab182b [term 2 FOLLOWER]: Refusing update from remote peer 26c5cdd0989a45ff8a00da5da2973685: Log matching property violated. Preceding OpId in replica: term: 1 index: 1. Preceding OpId from leader: term: 2 index: 2. (index mismatch)
I20260709 13:12:20.035367 32485 consensus_queue.cc:1048] T 2cf67e46cda348e8bead1524bcfbdc5b P 26c5cdd0989a45ff8a00da5da2973685 [LEADER]: Connected to new peer: Peer: permanent_uuid: "3e9fa7b611ab4e2a810f13154dab182b" member_type: VOTER last_known_addr { host: "127.30.206.3" port: 41349 }, Status: LMP_MISMATCH, Last received: 0.0, Next index: 2, Last known committed idx: 1, Time since last communication: 0.000s
I20260709 13:12:20.082983 32313 raft_consensus.cc:1275] T 5dd4ae933423447a8fcf7a3c7e34482c P 3e9fa7b611ab4e2a810f13154dab182b [term 4 FOLLOWER]: Refusing update from remote peer 26c5cdd0989a45ff8a00da5da2973685: Log matching property violated. Preceding OpId in replica: term: 3 index: 3. Preceding OpId from leader: term: 4 index: 4. (index mismatch)
I20260709 13:12:20.084192 32485 consensus_queue.cc:1048] T 5dd4ae933423447a8fcf7a3c7e34482c P 26c5cdd0989a45ff8a00da5da2973685 [LEADER]: Connected to new peer: Peer: permanent_uuid: "3e9fa7b611ab4e2a810f13154dab182b" member_type: VOTER last_known_addr { host: "127.30.206.3" port: 41349 }, Status: LMP_MISMATCH, Last received: 0.0, Next index: 4, Last known committed idx: 3, Time since last communication: 0.000s
I20260709 13:12:20.094009 32164 raft_consensus.cc:1275] T 5dd4ae933423447a8fcf7a3c7e34482c P 368b8b4835e94af79a30d40a55661ff8 [term 4 FOLLOWER]: Refusing update from remote peer 26c5cdd0989a45ff8a00da5da2973685: Log matching property violated. Preceding OpId in replica: term: 3 index: 3. Preceding OpId from leader: term: 4 index: 4. (index mismatch)
I20260709 13:12:20.095310 32485 consensus_queue.cc:1048] T 5dd4ae933423447a8fcf7a3c7e34482c P 26c5cdd0989a45ff8a00da5da2973685 [LEADER]: Connected to new peer: Peer: permanent_uuid: "368b8b4835e94af79a30d40a55661ff8" member_type: VOTER last_known_addr { host: "127.30.206.1" port: 42951 }, Status: LMP_MISMATCH, Last received: 0.0, Next index: 4, Last known committed idx: 3, Time since last communication: 0.000s
I20260709 13:12:20.206389 32241 raft_consensus.cc:1275] T 680b18ac45014da58cc2af6a8e42d810 P 26c5cdd0989a45ff8a00da5da2973685 [term 5 FOLLOWER]: Refusing update from remote peer 3e9fa7b611ab4e2a810f13154dab182b: Log matching property violated. Preceding OpId in replica: term: 4 index: 4. Preceding OpId from leader: term: 5 index: 5. (index mismatch)
I20260709 13:12:20.207687 32499 consensus_queue.cc:1048] T 680b18ac45014da58cc2af6a8e42d810 P 3e9fa7b611ab4e2a810f13154dab182b [LEADER]: Connected to new peer: Peer: permanent_uuid: "26c5cdd0989a45ff8a00da5da2973685" member_type: VOTER last_known_addr { host: "127.30.206.2" port: 34099 }, Status: LMP_MISMATCH, Last received: 0.0, Next index: 5, Last known committed idx: 4, Time since last communication: 0.000s
I20260709 13:12:20.219007 32164 raft_consensus.cc:1275] T 680b18ac45014da58cc2af6a8e42d810 P 368b8b4835e94af79a30d40a55661ff8 [term 5 FOLLOWER]: Refusing update from remote peer 3e9fa7b611ab4e2a810f13154dab182b: Log matching property violated. Preceding OpId in replica: term: 4 index: 4. Preceding OpId from leader: term: 5 index: 5. (index mismatch)
I20260709 13:12:20.220254 32499 consensus_queue.cc:1048] T 680b18ac45014da58cc2af6a8e42d810 P 3e9fa7b611ab4e2a810f13154dab182b [LEADER]: Connected to new peer: Peer: permanent_uuid: "368b8b4835e94af79a30d40a55661ff8" member_type: VOTER last_known_addr { host: "127.30.206.1" port: 42951 }, Status: LMP_MISMATCH, Last received: 0.0, Next index: 5, Last known committed idx: 4, Time since last communication: 0.000s
I20260709 13:12:20.264479 31544 auto_leader_rebalancer.cc:141] leader rebalance for table test-workload
I20260709 13:12:20.270157 31544 tablet_server.cc:179] TabletServer@127.30.206.1:0 shutting down...
I20260709 13:12:20.294394 31544 ts_tablet_manager.cc:1507] Shutting down tablet manager...
I20260709 13:12:20.295099 31544 tablet_replica.cc:333] T ef267d9dfffd4db9892be1ef7886f3b8 P 368b8b4835e94af79a30d40a55661ff8: stopping tablet replica
I20260709 13:12:20.295717 31544 raft_consensus.cc:2243] T ef267d9dfffd4db9892be1ef7886f3b8 P 368b8b4835e94af79a30d40a55661ff8 [term 2 FOLLOWER]: Raft consensus shutting down.
I20260709 13:12:20.296197 31544 raft_consensus.cc:2272] T ef267d9dfffd4db9892be1ef7886f3b8 P 368b8b4835e94af79a30d40a55661ff8 [term 2 FOLLOWER]: Raft consensus is shut down!
I20260709 13:12:20.298933 31544 tablet_replica.cc:333] T eac67d3c90bc43b496c95269860e974c P 368b8b4835e94af79a30d40a55661ff8: stopping tablet replica
I20260709 13:12:20.299455 31544 raft_consensus.cc:2243] T eac67d3c90bc43b496c95269860e974c P 368b8b4835e94af79a30d40a55661ff8 [term 2 LEADER]: Raft consensus shutting down.
I20260709 13:12:20.300205 31544 raft_consensus.cc:2272] T eac67d3c90bc43b496c95269860e974c P 368b8b4835e94af79a30d40a55661ff8 [term 2 FOLLOWER]: Raft consensus is shut down!
I20260709 13:12:20.301985 31544 tablet_replica.cc:333] T 5dd4ae933423447a8fcf7a3c7e34482c P 368b8b4835e94af79a30d40a55661ff8: stopping tablet replica
I20260709 13:12:20.302479 31544 raft_consensus.cc:2243] T 5dd4ae933423447a8fcf7a3c7e34482c P 368b8b4835e94af79a30d40a55661ff8 [term 4 FOLLOWER]: Raft consensus shutting down.
I20260709 13:12:20.302866 31544 raft_consensus.cc:2272] T 5dd4ae933423447a8fcf7a3c7e34482c P 368b8b4835e94af79a30d40a55661ff8 [term 4 FOLLOWER]: Raft consensus is shut down!
I20260709 13:12:20.305260 31544 tablet_replica.cc:333] T 2cf67e46cda348e8bead1524bcfbdc5b P 368b8b4835e94af79a30d40a55661ff8: stopping tablet replica
I20260709 13:12:20.305763 31544 raft_consensus.cc:2243] T 2cf67e46cda348e8bead1524bcfbdc5b P 368b8b4835e94af79a30d40a55661ff8 [term 2 FOLLOWER]: Raft consensus shutting down.
I20260709 13:12:20.306155 31544 raft_consensus.cc:2272] T 2cf67e46cda348e8bead1524bcfbdc5b P 368b8b4835e94af79a30d40a55661ff8 [term 2 FOLLOWER]: Raft consensus is shut down!
I20260709 13:12:20.308619 31544 tablet_replica.cc:333] T 680b18ac45014da58cc2af6a8e42d810 P 368b8b4835e94af79a30d40a55661ff8: stopping tablet replica
I20260709 13:12:20.309217 31544 raft_consensus.cc:2243] T 680b18ac45014da58cc2af6a8e42d810 P 368b8b4835e94af79a30d40a55661ff8 [term 5 FOLLOWER]: Raft consensus shutting down.
I20260709 13:12:20.309603 31544 raft_consensus.cc:2272] T 680b18ac45014da58cc2af6a8e42d810 P 368b8b4835e94af79a30d40a55661ff8 [term 5 FOLLOWER]: Raft consensus is shut down!
I20260709 13:12:20.311547 31544 tablet_replica.cc:333] T c95e9b31d1784bd1bf25bd931e26e7b0 P 368b8b4835e94af79a30d40a55661ff8: stopping tablet replica
I20260709 13:12:20.312018 31544 raft_consensus.cc:2243] T c95e9b31d1784bd1bf25bd931e26e7b0 P 368b8b4835e94af79a30d40a55661ff8 [term 3 LEADER]: Raft consensus shutting down.
I20260709 13:12:20.312703 31544 raft_consensus.cc:2272] T c95e9b31d1784bd1bf25bd931e26e7b0 P 368b8b4835e94af79a30d40a55661ff8 [term 3 FOLLOWER]: Raft consensus is shut down!
I20260709 13:12:20.314236 31544 tablet_replica.cc:333] T 8f6c4e4e892a4329954a0eb6060bed45 P 368b8b4835e94af79a30d40a55661ff8: stopping tablet replica
I20260709 13:12:20.314687 31544 raft_consensus.cc:2243] T 8f6c4e4e892a4329954a0eb6060bed45 P 368b8b4835e94af79a30d40a55661ff8 [term 3 LEADER]: Raft consensus shutting down.
I20260709 13:12:20.315424 31544 raft_consensus.cc:2272] T 8f6c4e4e892a4329954a0eb6060bed45 P 368b8b4835e94af79a30d40a55661ff8 [term 3 FOLLOWER]: Raft consensus is shut down!
I20260709 13:12:20.317281 31544 tablet_replica.cc:333] T 939d1990140b476c9aeceb18e462d171 P 368b8b4835e94af79a30d40a55661ff8: stopping tablet replica
I20260709 13:12:20.317756 31544 raft_consensus.cc:2243] T 939d1990140b476c9aeceb18e462d171 P 368b8b4835e94af79a30d40a55661ff8 [term 1 FOLLOWER]: Raft consensus shutting down.
I20260709 13:12:20.318071 31544 raft_consensus.cc:2272] T 939d1990140b476c9aeceb18e462d171 P 368b8b4835e94af79a30d40a55661ff8 [term 1 FOLLOWER]: Raft consensus is shut down!
I20260709 13:12:20.319635 31544 tablet_replica.cc:333] T 21785073b1674a1bb419027b473fe741 P 368b8b4835e94af79a30d40a55661ff8: stopping tablet replica
I20260709 13:12:20.320036 31544 raft_consensus.cc:2243] T 21785073b1674a1bb419027b473fe741 P 368b8b4835e94af79a30d40a55661ff8 [term 1 FOLLOWER]: Raft consensus shutting down.
I20260709 13:12:20.320353 31544 raft_consensus.cc:2272] T 21785073b1674a1bb419027b473fe741 P 368b8b4835e94af79a30d40a55661ff8 [term 1 FOLLOWER]: Raft consensus is shut down!
I20260709 13:12:20.321908 31544 tablet_replica.cc:333] T e9f841fd82d44da48d006dbab5ec7921 P 368b8b4835e94af79a30d40a55661ff8: stopping tablet replica
I20260709 13:12:20.322294 31544 raft_consensus.cc:2243] T e9f841fd82d44da48d006dbab5ec7921 P 368b8b4835e94af79a30d40a55661ff8 [term 3 LEADER]: Raft consensus shutting down.
I20260709 13:12:20.322956 31544 raft_consensus.cc:2272] T e9f841fd82d44da48d006dbab5ec7921 P 368b8b4835e94af79a30d40a55661ff8 [term 3 FOLLOWER]: Raft consensus is shut down!
W20260709 13:12:20.326776 32280 proxy.cc:239] Call had error, refreshing address and retrying: Remote error: Service unavailable: service kudu.consensus.ConsensusService not registered on TabletServer [suppressed 2 similar messages]
W20260709 13:12:20.332674 32280 consensus_peers.cc:597] T ef267d9dfffd4db9892be1ef7886f3b8 P 3e9fa7b611ab4e2a810f13154dab182b -> Peer 368b8b4835e94af79a30d40a55661ff8 (127.30.206.1:42951): Couldn't send request to peer 368b8b4835e94af79a30d40a55661ff8. Status: Remote error: Service unavailable: service kudu.consensus.ConsensusService not registered on TabletServer. This is attempt 1: this message will repeat every 5th retry.
I20260709 13:12:20.354228 31544 tablet_server.cc:196] TabletServer@127.30.206.1:0 shutdown complete.
I20260709 13:12:20.374131 31544 tablet_server.cc:179] TabletServer@127.30.206.2:0 shutting down...
I20260709 13:12:20.397157 31544 ts_tablet_manager.cc:1507] Shutting down tablet manager...
I20260709 13:12:20.397913 31544 tablet_replica.cc:333] T e9f841fd82d44da48d006dbab5ec7921 P 26c5cdd0989a45ff8a00da5da2973685: stopping tablet replica
I20260709 13:12:20.398497 31544 raft_consensus.cc:2243] T e9f841fd82d44da48d006dbab5ec7921 P 26c5cdd0989a45ff8a00da5da2973685 [term 3 FOLLOWER]: Raft consensus shutting down.
I20260709 13:12:20.398942 31544 raft_consensus.cc:2272] T e9f841fd82d44da48d006dbab5ec7921 P 26c5cdd0989a45ff8a00da5da2973685 [term 3 FOLLOWER]: Raft consensus is shut down!
I20260709 13:12:20.400693 31544 tablet_replica.cc:333] T ef267d9dfffd4db9892be1ef7886f3b8 P 26c5cdd0989a45ff8a00da5da2973685: stopping tablet replica
I20260709 13:12:20.401289 31544 raft_consensus.cc:2243] T ef267d9dfffd4db9892be1ef7886f3b8 P 26c5cdd0989a45ff8a00da5da2973685 [term 2 FOLLOWER]: Raft consensus shutting down.
I20260709 13:12:20.401686 31544 raft_consensus.cc:2272] T ef267d9dfffd4db9892be1ef7886f3b8 P 26c5cdd0989a45ff8a00da5da2973685 [term 2 FOLLOWER]: Raft consensus is shut down!
I20260709 13:12:20.403702 31544 tablet_replica.cc:333] T c95e9b31d1784bd1bf25bd931e26e7b0 P 26c5cdd0989a45ff8a00da5da2973685: stopping tablet replica
I20260709 13:12:20.404284 31544 raft_consensus.cc:2243] T c95e9b31d1784bd1bf25bd931e26e7b0 P 26c5cdd0989a45ff8a00da5da2973685 [term 3 FOLLOWER]: Raft consensus shutting down.
I20260709 13:12:20.404678 31544 raft_consensus.cc:2272] T c95e9b31d1784bd1bf25bd931e26e7b0 P 26c5cdd0989a45ff8a00da5da2973685 [term 3 FOLLOWER]: Raft consensus is shut down!
I20260709 13:12:20.406294 31544 tablet_replica.cc:333] T 680b18ac45014da58cc2af6a8e42d810 P 26c5cdd0989a45ff8a00da5da2973685: stopping tablet replica
I20260709 13:12:20.406924 31544 raft_consensus.cc:2243] T 680b18ac45014da58cc2af6a8e42d810 P 26c5cdd0989a45ff8a00da5da2973685 [term 5 FOLLOWER]: Raft consensus shutting down.
I20260709 13:12:20.407364 31544 raft_consensus.cc:2272] T 680b18ac45014da58cc2af6a8e42d810 P 26c5cdd0989a45ff8a00da5da2973685 [term 5 FOLLOWER]: Raft consensus is shut down!
I20260709 13:12:20.409832 31544 tablet_replica.cc:333] T 8f6c4e4e892a4329954a0eb6060bed45 P 26c5cdd0989a45ff8a00da5da2973685: stopping tablet replica
I20260709 13:12:20.410359 31544 raft_consensus.cc:2243] T 8f6c4e4e892a4329954a0eb6060bed45 P 26c5cdd0989a45ff8a00da5da2973685 [term 3 FOLLOWER]: Raft consensus shutting down.
I20260709 13:12:20.410822 31544 raft_consensus.cc:2272] T 8f6c4e4e892a4329954a0eb6060bed45 P 26c5cdd0989a45ff8a00da5da2973685 [term 3 FOLLOWER]: Raft consensus is shut down!
I20260709 13:12:20.412441 31544 tablet_replica.cc:333] T 939d1990140b476c9aeceb18e462d171 P 26c5cdd0989a45ff8a00da5da2973685: stopping tablet replica
I20260709 13:12:20.412851 31544 raft_consensus.cc:2243] T 939d1990140b476c9aeceb18e462d171 P 26c5cdd0989a45ff8a00da5da2973685 [term 1 LEADER]: Raft consensus shutting down.
I20260709 13:12:20.413573 31544 raft_consensus.cc:2272] T 939d1990140b476c9aeceb18e462d171 P 26c5cdd0989a45ff8a00da5da2973685 [term 1 FOLLOWER]: Raft consensus is shut down!
I20260709 13:12:20.415156 31544 tablet_replica.cc:333] T 5dd4ae933423447a8fcf7a3c7e34482c P 26c5cdd0989a45ff8a00da5da2973685: stopping tablet replica
I20260709 13:12:20.415681 31544 raft_consensus.cc:2243] T 5dd4ae933423447a8fcf7a3c7e34482c P 26c5cdd0989a45ff8a00da5da2973685 [term 4 LEADER]: Raft consensus shutting down.
I20260709 13:12:20.416450 31544 raft_consensus.cc:2272] T 5dd4ae933423447a8fcf7a3c7e34482c P 26c5cdd0989a45ff8a00da5da2973685 [term 4 FOLLOWER]: Raft consensus is shut down!
I20260709 13:12:20.418159 31544 tablet_replica.cc:333] T 2cf67e46cda348e8bead1524bcfbdc5b P 26c5cdd0989a45ff8a00da5da2973685: stopping tablet replica
I20260709 13:12:20.418576 31544 raft_consensus.cc:2243] T 2cf67e46cda348e8bead1524bcfbdc5b P 26c5cdd0989a45ff8a00da5da2973685 [term 2 LEADER]: Raft consensus shutting down.
I20260709 13:12:20.419175 31544 raft_consensus.cc:2272] T 2cf67e46cda348e8bead1524bcfbdc5b P 26c5cdd0989a45ff8a00da5da2973685 [term 2 FOLLOWER]: Raft consensus is shut down!
I20260709 13:12:20.420912 31544 tablet_replica.cc:333] T eac67d3c90bc43b496c95269860e974c P 26c5cdd0989a45ff8a00da5da2973685: stopping tablet replica
I20260709 13:12:20.421454 31544 raft_consensus.cc:2243] T eac67d3c90bc43b496c95269860e974c P 26c5cdd0989a45ff8a00da5da2973685 [term 2 FOLLOWER]: Raft consensus shutting down.
I20260709 13:12:20.421864 31544 raft_consensus.cc:2272] T eac67d3c90bc43b496c95269860e974c P 26c5cdd0989a45ff8a00da5da2973685 [term 2 FOLLOWER]: Raft consensus is shut down!
I20260709 13:12:20.423353 31544 tablet_replica.cc:333] T 21785073b1674a1bb419027b473fe741 P 26c5cdd0989a45ff8a00da5da2973685: stopping tablet replica
I20260709 13:12:20.423763 31544 raft_consensus.cc:2243] T 21785073b1674a1bb419027b473fe741 P 26c5cdd0989a45ff8a00da5da2973685 [term 1 FOLLOWER]: Raft consensus shutting down.
I20260709 13:12:20.424134 31544 raft_consensus.cc:2272] T 21785073b1674a1bb419027b473fe741 P 26c5cdd0989a45ff8a00da5da2973685 [term 1 FOLLOWER]: Raft consensus is shut down!
I20260709 13:12:20.451663 31544 tablet_server.cc:196] TabletServer@127.30.206.2:0 shutdown complete.
I20260709 13:12:20.469063 31544 tablet_server.cc:179] TabletServer@127.30.206.3:0 shutting down...
I20260709 13:12:20.489454 31544 ts_tablet_manager.cc:1507] Shutting down tablet manager...
I20260709 13:12:20.490132 31544 tablet_replica.cc:333] T e9f841fd82d44da48d006dbab5ec7921 P 3e9fa7b611ab4e2a810f13154dab182b: stopping tablet replica
I20260709 13:12:20.490727 31544 raft_consensus.cc:2243] T e9f841fd82d44da48d006dbab5ec7921 P 3e9fa7b611ab4e2a810f13154dab182b [term 3 FOLLOWER]: Raft consensus shutting down.
I20260709 13:12:20.491250 31544 raft_consensus.cc:2272] T e9f841fd82d44da48d006dbab5ec7921 P 3e9fa7b611ab4e2a810f13154dab182b [term 3 FOLLOWER]: Raft consensus is shut down!
I20260709 13:12:20.493073 31544 tablet_replica.cc:333] T 939d1990140b476c9aeceb18e462d171 P 3e9fa7b611ab4e2a810f13154dab182b: stopping tablet replica
I20260709 13:12:20.493567 31544 raft_consensus.cc:2243] T 939d1990140b476c9aeceb18e462d171 P 3e9fa7b611ab4e2a810f13154dab182b [term 1 FOLLOWER]: Raft consensus shutting down.
I20260709 13:12:20.493961 31544 raft_consensus.cc:2272] T 939d1990140b476c9aeceb18e462d171 P 3e9fa7b611ab4e2a810f13154dab182b [term 1 FOLLOWER]: Raft consensus is shut down!
I20260709 13:12:20.495518 31544 tablet_replica.cc:333] T 8f6c4e4e892a4329954a0eb6060bed45 P 3e9fa7b611ab4e2a810f13154dab182b: stopping tablet replica
I20260709 13:12:20.495980 31544 raft_consensus.cc:2243] T 8f6c4e4e892a4329954a0eb6060bed45 P 3e9fa7b611ab4e2a810f13154dab182b [term 3 FOLLOWER]: Raft consensus shutting down.
I20260709 13:12:20.496400 31544 raft_consensus.cc:2272] T 8f6c4e4e892a4329954a0eb6060bed45 P 3e9fa7b611ab4e2a810f13154dab182b [term 3 FOLLOWER]: Raft consensus is shut down!
I20260709 13:12:20.497972 31544 tablet_replica.cc:333] T 21785073b1674a1bb419027b473fe741 P 3e9fa7b611ab4e2a810f13154dab182b: stopping tablet replica
I20260709 13:12:20.498446 31544 raft_consensus.cc:2243] T 21785073b1674a1bb419027b473fe741 P 3e9fa7b611ab4e2a810f13154dab182b [term 1 LEADER]: Raft consensus shutting down.
I20260709 13:12:20.499143 31544 raft_consensus.cc:2272] T 21785073b1674a1bb419027b473fe741 P 3e9fa7b611ab4e2a810f13154dab182b [term 1 FOLLOWER]: Raft consensus is shut down!
I20260709 13:12:20.501099 31544 tablet_replica.cc:333] T ef267d9dfffd4db9892be1ef7886f3b8 P 3e9fa7b611ab4e2a810f13154dab182b: stopping tablet replica
I20260709 13:12:20.501566 31544 raft_consensus.cc:2243] T ef267d9dfffd4db9892be1ef7886f3b8 P 3e9fa7b611ab4e2a810f13154dab182b [term 2 LEADER]: Raft consensus shutting down.
I20260709 13:12:20.502226 31544 raft_consensus.cc:2272] T ef267d9dfffd4db9892be1ef7886f3b8 P 3e9fa7b611ab4e2a810f13154dab182b [term 2 FOLLOWER]: Raft consensus is shut down!
I20260709 13:12:20.504437 31544 tablet_replica.cc:333] T 680b18ac45014da58cc2af6a8e42d810 P 3e9fa7b611ab4e2a810f13154dab182b: stopping tablet replica
I20260709 13:12:20.505015 31544 raft_consensus.cc:2243] T 680b18ac45014da58cc2af6a8e42d810 P 3e9fa7b611ab4e2a810f13154dab182b [term 5 LEADER]: Raft consensus shutting down.
I20260709 13:12:20.505694 31544 raft_consensus.cc:2272] T 680b18ac45014da58cc2af6a8e42d810 P 3e9fa7b611ab4e2a810f13154dab182b [term 5 FOLLOWER]: Raft consensus is shut down!
I20260709 13:12:20.507570 31544 tablet_replica.cc:333] T c95e9b31d1784bd1bf25bd931e26e7b0 P 3e9fa7b611ab4e2a810f13154dab182b: stopping tablet replica
I20260709 13:12:20.508049 31544 raft_consensus.cc:2243] T c95e9b31d1784bd1bf25bd931e26e7b0 P 3e9fa7b611ab4e2a810f13154dab182b [term 3 FOLLOWER]: Raft consensus shutting down.
I20260709 13:12:20.508481 31544 raft_consensus.cc:2272] T c95e9b31d1784bd1bf25bd931e26e7b0 P 3e9fa7b611ab4e2a810f13154dab182b [term 3 FOLLOWER]: Raft consensus is shut down!
I20260709 13:12:20.510114 31544 tablet_replica.cc:333] T 5dd4ae933423447a8fcf7a3c7e34482c P 3e9fa7b611ab4e2a810f13154dab182b: stopping tablet replica
I20260709 13:12:20.510628 31544 raft_consensus.cc:2243] T 5dd4ae933423447a8fcf7a3c7e34482c P 3e9fa7b611ab4e2a810f13154dab182b [term 4 FOLLOWER]: Raft consensus shutting down.
I20260709 13:12:20.511194 31544 raft_consensus.cc:2272] T 5dd4ae933423447a8fcf7a3c7e34482c P 3e9fa7b611ab4e2a810f13154dab182b [term 4 FOLLOWER]: Raft consensus is shut down!
I20260709 13:12:20.513163 31544 tablet_replica.cc:333] T 2cf67e46cda348e8bead1524bcfbdc5b P 3e9fa7b611ab4e2a810f13154dab182b: stopping tablet replica
I20260709 13:12:20.513624 31544 raft_consensus.cc:2243] T 2cf67e46cda348e8bead1524bcfbdc5b P 3e9fa7b611ab4e2a810f13154dab182b [term 2 FOLLOWER]: Raft consensus shutting down.
I20260709 13:12:20.513991 31544 raft_consensus.cc:2272] T 2cf67e46cda348e8bead1524bcfbdc5b P 3e9fa7b611ab4e2a810f13154dab182b [term 2 FOLLOWER]: Raft consensus is shut down!
I20260709 13:12:20.515969 31544 tablet_replica.cc:333] T eac67d3c90bc43b496c95269860e974c P 3e9fa7b611ab4e2a810f13154dab182b: stopping tablet replica
I20260709 13:12:20.516494 31544 raft_consensus.cc:2243] T eac67d3c90bc43b496c95269860e974c P 3e9fa7b611ab4e2a810f13154dab182b [term 2 FOLLOWER]: Raft consensus shutting down.
I20260709 13:12:20.516877 31544 raft_consensus.cc:2272] T eac67d3c90bc43b496c95269860e974c P 3e9fa7b611ab4e2a810f13154dab182b [term 2 FOLLOWER]: Raft consensus is shut down!
I20260709 13:12:20.543634 31544 tablet_server.cc:196] TabletServer@127.30.206.3:0 shutdown complete.
I20260709 13:12:20.560665 31544 master.cc:562] Master@127.30.206.62:45587 shutting down...
I20260709 13:12:20.578749 31544 raft_consensus.cc:2243] T 00000000000000000000000000000000 P 1a49c87836de4cfbba88b4cb29926eb5 [term 1 LEADER]: Raft consensus shutting down.
I20260709 13:12:20.579294 31544 raft_consensus.cc:2272] T 00000000000000000000000000000000 P 1a49c87836de4cfbba88b4cb29926eb5 [term 1 FOLLOWER]: Raft consensus is shut down!
I20260709 13:12:20.579636 31544 tablet_replica.cc:333] T 00000000000000000000000000000000 P 1a49c87836de4cfbba88b4cb29926eb5: stopping tablet replica
I20260709 13:12:20.598809 31544 master.cc:584] Master@127.30.206.62:45587 shutdown complete.
26c5cdd0989a45ff8a00da5da2973685  4
368b8b4835e94af79a30d40a55661ff8  5
3e9fa7b611ab4e2a810f13154dab182b  1
[       OK ] LeaderRebalancerTest.FunctionalTestForNotDivided (10353 ms)
[ RUN      ] LeaderRebalancerTest.AddTserver
I20260709 13:12:20.638715 31544 internal_mini_cluster.cc:156] Creating distributed mini masters. Addrs: 127.30.206.62:34879
I20260709 13:12:20.639882 31544 file_cache.cc:504] Constructed file cache file cache with capacity 419430
W20260709 13:12:20.645191 32513 instance_detector.cc:116] could not retrieve AWS instance metadata: Network error: curl error: HTTP response code said error: The requested URL returned error: 404
W20260709 13:12:20.646044 32514 instance_detector.cc:116] could not retrieve Azure instance metadata: Network error: curl error: HTTP response code said error: The requested URL returned error: 404
W20260709 13:12:20.646601 32516 instance_detector.cc:116] could not retrieve OpenStack instance metadata: Network error: curl error: HTTP response code said error: The requested URL returned error: 404
I20260709 13:12:20.647137 31544 server_base.cc:1061] running on GCE node
I20260709 13:12:20.647920 31544 hybrid_clock.cc:584] initializing the hybrid clock with 'system_unsync' time source
W20260709 13:12:20.648109 31544 system_unsync_time.cc:38] NTP support is disabled. Clock error bounds will not be accurate. This configuration is not suitable for distributed clusters.
I20260709 13:12:20.648270 31544 hybrid_clock.cc:648] HybridClock initialized: now 1783602740648238 us; error 0 us; skew 500 ppm
I20260709 13:12:20.648797 31544 server_base.cc:861] Flag tcmalloc_max_total_thread_cache_bytes is not working since tcmalloc is not enabled.
I20260709 13:12:20.651393 31544 webserver.cc:533] Webserver started at http://127.30.206.62:45989/ using document root <none> and password file <none>
I20260709 13:12:20.651862 31544 fs_manager.cc:362] Metadata directory not provided
I20260709 13:12:20.652043 31544 fs_manager.cc:368] Using write-ahead log directory (fs_wal_dir) as metadata directory
I20260709 13:12:20.652315 31544 server_base.cc:909] This appears to be a new deployment of Kudu; creating new FS layout
I20260709 13:12:20.653445 31544 fs_manager.cc:1068] Generated new instance metadata in path /tmp/dist-test-taskFULayj/test-tmp/auto_leader_rebalancer-test.0.LeaderRebalancerTest.AddTserver.1783602717562621-31544-0/minicluster-data/master-0-root/instance:
uuid: "d8b0c5924cbe412fb30401f1c93757ef"
format_stamp: "Formatted at 2026-07-09 13:12:20 on dist-test-slave-74db"
I20260709 13:12:20.657547 31544 fs_manager.cc:696] Time spent creating directory manager: real 0.004s	user 0.004s	sys 0.001s
I20260709 13:12:20.660591 32521 log_block_manager.cc:4127] Time spent loading block containers with low live blocks: real 0.000s	user 0.000s	sys 0.000s
I20260709 13:12:20.661275 31544 fs_manager.cc:730] Time spent opening block manager: real 0.002s	user 0.003s	sys 0.000s
I20260709 13:12:20.661558 31544 fs_manager.cc:647] Opened local filesystem: /tmp/dist-test-taskFULayj/test-tmp/auto_leader_rebalancer-test.0.LeaderRebalancerTest.AddTserver.1783602717562621-31544-0/minicluster-data/master-0-root
