I20260709 12:58:20.202900  1394 raft_consensus.cc:993] T 5ef5395dd2c14e97b3f75582f9b11a48 P 5164dc13e07b449fa0c6ed42c251687f: : Instructing follower 1c2883d1999d4c5199cbdf6862c07743 to start an election
I20260709 12:58:20.203347  1394 raft_consensus.cc:1081] T 5ef5395dd2c14e97b3f75582f9b11a48 P 5164dc13e07b449fa0c6ed42c251687f [term 2 LEADER]: Signalling peer 1c2883d1999d4c5199cbdf6862c07743 to start an election
I20260709 12:58:20.204879  1092 tablet_service.cc:2044] Received Run Leader Election RPC: tablet_id: "5ef5395dd2c14e97b3f75582f9b11a48"
dest_uuid: "1c2883d1999d4c5199cbdf6862c07743"
 from {username='slave'} at 127.0.0.1:53492
I20260709 12:58:20.205394  1092 raft_consensus.cc:493] T 5ef5395dd2c14e97b3f75582f9b11a48 P 1c2883d1999d4c5199cbdf6862c07743 [term 2 FOLLOWER]: Starting forced leader election (received explicit request)
I20260709 12:58:20.205691  1092 raft_consensus.cc:3060] T 5ef5395dd2c14e97b3f75582f9b11a48 P 1c2883d1999d4c5199cbdf6862c07743 [term 2 FOLLOWER]: Advancing to term 3
I20260709 12:58:20.210377  1092 raft_consensus.cc:515] T 5ef5395dd2c14e97b3f75582f9b11a48 P 1c2883d1999d4c5199cbdf6862c07743 [term 3 FOLLOWER]: Starting forced leader election with config: opid_index: -1 OBSOLETE_local: false peers { permanent_uuid: "1c2883d1999d4c5199cbdf6862c07743" member_type: VOTER last_known_addr { host: "127.0.107.193" port: 39451 } } peers { permanent_uuid: "5164dc13e07b449fa0c6ed42c251687f" member_type: VOTER last_known_addr { host: "127.0.107.194" port: 34375 } } peers { permanent_uuid: "955276c92c7f47d685536cdb8b1206e0" member_type: VOTER last_known_addr { host: "127.0.107.195" port: 41121 } }
I20260709 12:58:20.212016  1092 leader_election.cc:290] T 5ef5395dd2c14e97b3f75582f9b11a48 P 1c2883d1999d4c5199cbdf6862c07743 [CANDIDATE]: Term 3 election: Requested vote from peers 5164dc13e07b449fa0c6ed42c251687f (127.0.107.194:34375), 955276c92c7f47d685536cdb8b1206e0 (127.0.107.195:41121)
I20260709 12:58:20.213057  1242 tablet_service.cc:1917] Received RequestConsensusVote() RPC: tablet_id: "5ef5395dd2c14e97b3f75582f9b11a48" candidate_uuid: "1c2883d1999d4c5199cbdf6862c07743" candidate_term: 3 candidate_status { last_received { term: 2 index: 2 } } ignore_live_leader: true dest_uuid: "955276c92c7f47d685536cdb8b1206e0"
I20260709 12:58:20.213059  1168 tablet_service.cc:1917] Received RequestConsensusVote() RPC: tablet_id: "5ef5395dd2c14e97b3f75582f9b11a48" candidate_uuid: "1c2883d1999d4c5199cbdf6862c07743" candidate_term: 3 candidate_status { last_received { term: 2 index: 2 } } ignore_live_leader: true dest_uuid: "5164dc13e07b449fa0c6ed42c251687f"
I20260709 12:58:20.213850  1242 raft_consensus.cc:3060] T 5ef5395dd2c14e97b3f75582f9b11a48 P 955276c92c7f47d685536cdb8b1206e0 [term 2 FOLLOWER]: Advancing to term 3
I20260709 12:58:20.213867  1168 raft_consensus.cc:3055] T 5ef5395dd2c14e97b3f75582f9b11a48 P 5164dc13e07b449fa0c6ed42c251687f [term 2 LEADER]: Stepping down as leader of term 2
I20260709 12:58:20.214376  1168 raft_consensus.cc:740] T 5ef5395dd2c14e97b3f75582f9b11a48 P 5164dc13e07b449fa0c6ed42c251687f [term 2 LEADER]: Becoming Follower/Learner. State: Replica: 5164dc13e07b449fa0c6ed42c251687f, State: Running, Role: LEADER
I20260709 12:58:20.215276  1168 consensus_queue.cc:260] T 5ef5395dd2c14e97b3f75582f9b11a48 P 5164dc13e07b449fa0c6ed42c251687f [NON_LEADER]: Queue going to NON_LEADER mode. State: All replicated index: 0, Majority replicated index: 2, Committed index: 2, Last appended: 2.2, Last appended by leader: 2, Current term: 2, Majority size: -1, State: 0, Mode: NON_LEADER, active raft config: opid_index: -1 OBSOLETE_local: false peers { permanent_uuid: "1c2883d1999d4c5199cbdf6862c07743" member_type: VOTER last_known_addr { host: "127.0.107.193" port: 39451 } } peers { permanent_uuid: "5164dc13e07b449fa0c6ed42c251687f" member_type: VOTER last_known_addr { host: "127.0.107.194" port: 34375 } } peers { permanent_uuid: "955276c92c7f47d685536cdb8b1206e0" member_type: VOTER last_known_addr { host: "127.0.107.195" port: 41121 } }
I20260709 12:58:20.216598  1168 raft_consensus.cc:3060] T 5ef5395dd2c14e97b3f75582f9b11a48 P 5164dc13e07b449fa0c6ed42c251687f [term 2 FOLLOWER]: Advancing to term 3
I20260709 12:58:20.221721  1242 raft_consensus.cc:2468] T 5ef5395dd2c14e97b3f75582f9b11a48 P 955276c92c7f47d685536cdb8b1206e0 [term 3 FOLLOWER]: Leader election vote request: Granting yes vote for candidate 1c2883d1999d4c5199cbdf6862c07743 in term 3.
I20260709 12:58:20.223214  1059 leader_election.cc:304] T 5ef5395dd2c14e97b3f75582f9b11a48 P 1c2883d1999d4c5199cbdf6862c07743 [CANDIDATE]: Term 3 election: Election decided. Result: candidate won. Election summary: received 2 responses out of 3 voters: 2 yes votes; 0 no votes. yes voters: 1c2883d1999d4c5199cbdf6862c07743, 955276c92c7f47d685536cdb8b1206e0; no voters: 
I20260709 12:58:20.223882  1168 raft_consensus.cc:2468] T 5ef5395dd2c14e97b3f75582f9b11a48 P 5164dc13e07b449fa0c6ed42c251687f [term 3 FOLLOWER]: Leader election vote request: Granting yes vote for candidate 1c2883d1999d4c5199cbdf6862c07743 in term 3.
I20260709 12:58:20.224014  1375 raft_consensus.cc:2804] T 5ef5395dd2c14e97b3f75582f9b11a48 P 1c2883d1999d4c5199cbdf6862c07743 [term 3 FOLLOWER]: Leader election won for term 3
I20260709 12:58:20.224660  1375 raft_consensus.cc:697] T 5ef5395dd2c14e97b3f75582f9b11a48 P 1c2883d1999d4c5199cbdf6862c07743 [term 3 LEADER]: Becoming Leader. State: Replica: 1c2883d1999d4c5199cbdf6862c07743, State: Running, Role: LEADER
I20260709 12:58:20.225666  1375 consensus_queue.cc:237] T 5ef5395dd2c14e97b3f75582f9b11a48 P 1c2883d1999d4c5199cbdf6862c07743 [LEADER]: Queue going to LEADER mode. State: All replicated index: 0, Majority replicated index: 2, Committed index: 2, Last appended: 2.2, Last appended by leader: 2, Current term: 3, Majority size: 2, State: 0, Mode: LEADER, active raft config: opid_index: -1 OBSOLETE_local: false peers { permanent_uuid: "1c2883d1999d4c5199cbdf6862c07743" member_type: VOTER last_known_addr { host: "127.0.107.193" port: 39451 } } peers { permanent_uuid: "5164dc13e07b449fa0c6ed42c251687f" member_type: VOTER last_known_addr { host: "127.0.107.194" port: 34375 } } peers { permanent_uuid: "955276c92c7f47d685536cdb8b1206e0" member_type: VOTER last_known_addr { host: "127.0.107.195" port: 41121 } }
I20260709 12:58:20.232990   991 catalog_manager.cc:5697] T 5ef5395dd2c14e97b3f75582f9b11a48 P 1c2883d1999d4c5199cbdf6862c07743 reported cstate change: term changed from 2 to 3, leader changed from 5164dc13e07b449fa0c6ed42c251687f (127.0.107.194) to 1c2883d1999d4c5199cbdf6862c07743 (127.0.107.193). New cstate: current_term: 3 leader_uuid: "1c2883d1999d4c5199cbdf6862c07743" committed_config { opid_index: -1 OBSOLETE_local: false peers { permanent_uuid: "1c2883d1999d4c5199cbdf6862c07743" member_type: VOTER last_known_addr { host: "127.0.107.193" port: 39451 } health_report { overall_health: HEALTHY } } peers { permanent_uuid: "5164dc13e07b449fa0c6ed42c251687f" member_type: VOTER last_known_addr { host: "127.0.107.194" port: 34375 } health_report { overall_health: UNKNOWN } } peers { permanent_uuid: "955276c92c7f47d685536cdb8b1206e0" member_type: VOTER last_known_addr { host: "127.0.107.195" port: 41121 } health_report { overall_health: UNKNOWN } } }
I20260709 12:58:20.346715  1392 raft_consensus.cc:993] T b4039080fd454a4dbbcdd4204387dc7d P 955276c92c7f47d685536cdb8b1206e0: : Instructing follower 1c2883d1999d4c5199cbdf6862c07743 to start an election
I20260709 12:58:20.347214  1379 raft_consensus.cc:1081] T b4039080fd454a4dbbcdd4204387dc7d P 955276c92c7f47d685536cdb8b1206e0 [term 3 LEADER]: Signalling peer 1c2883d1999d4c5199cbdf6862c07743 to start an election
I20260709 12:58:20.348640  1092 tablet_service.cc:2044] Received Run Leader Election RPC: tablet_id: "b4039080fd454a4dbbcdd4204387dc7d"
dest_uuid: "1c2883d1999d4c5199cbdf6862c07743"
 from {username='slave'} at 127.0.0.1:53478
I20260709 12:58:20.349239  1092 raft_consensus.cc:493] T b4039080fd454a4dbbcdd4204387dc7d P 1c2883d1999d4c5199cbdf6862c07743 [term 3 FOLLOWER]: Starting forced leader election (received explicit request)
I20260709 12:58:20.349537  1092 raft_consensus.cc:3060] T b4039080fd454a4dbbcdd4204387dc7d P 1c2883d1999d4c5199cbdf6862c07743 [term 3 FOLLOWER]: Advancing to term 4
I20260709 12:58:20.354364  1092 raft_consensus.cc:515] T b4039080fd454a4dbbcdd4204387dc7d P 1c2883d1999d4c5199cbdf6862c07743 [term 4 FOLLOWER]: Starting forced leader election with config: opid_index: -1 OBSOLETE_local: false peers { permanent_uuid: "955276c92c7f47d685536cdb8b1206e0" member_type: VOTER last_known_addr { host: "127.0.107.195" port: 41121 } } peers { permanent_uuid: "1c2883d1999d4c5199cbdf6862c07743" member_type: VOTER last_known_addr { host: "127.0.107.193" port: 39451 } } peers { permanent_uuid: "5164dc13e07b449fa0c6ed42c251687f" member_type: VOTER last_known_addr { host: "127.0.107.194" port: 34375 } }
I20260709 12:58:20.356097  1092 leader_election.cc:290] T b4039080fd454a4dbbcdd4204387dc7d P 1c2883d1999d4c5199cbdf6862c07743 [CANDIDATE]: Term 4 election: Requested vote from peers 955276c92c7f47d685536cdb8b1206e0 (127.0.107.195:41121), 5164dc13e07b449fa0c6ed42c251687f (127.0.107.194:34375)
I20260709 12:58:20.356912  1242 tablet_service.cc:1917] Received RequestConsensusVote() RPC: tablet_id: "b4039080fd454a4dbbcdd4204387dc7d" candidate_uuid: "1c2883d1999d4c5199cbdf6862c07743" candidate_term: 4 candidate_status { last_received { term: 3 index: 3 } } ignore_live_leader: true dest_uuid: "955276c92c7f47d685536cdb8b1206e0"
I20260709 12:58:20.357172  1168 tablet_service.cc:1917] Received RequestConsensusVote() RPC: tablet_id: "b4039080fd454a4dbbcdd4204387dc7d" candidate_uuid: "1c2883d1999d4c5199cbdf6862c07743" candidate_term: 4 candidate_status { last_received { term: 3 index: 3 } } ignore_live_leader: true dest_uuid: "5164dc13e07b449fa0c6ed42c251687f"
I20260709 12:58:20.357553  1242 raft_consensus.cc:3055] T b4039080fd454a4dbbcdd4204387dc7d P 955276c92c7f47d685536cdb8b1206e0 [term 3 LEADER]: Stepping down as leader of term 3
I20260709 12:58:20.357790  1168 raft_consensus.cc:3060] T b4039080fd454a4dbbcdd4204387dc7d P 5164dc13e07b449fa0c6ed42c251687f [term 3 FOLLOWER]: Advancing to term 4
I20260709 12:58:20.357968  1242 raft_consensus.cc:740] T b4039080fd454a4dbbcdd4204387dc7d P 955276c92c7f47d685536cdb8b1206e0 [term 3 LEADER]: Becoming Follower/Learner. State: Replica: 955276c92c7f47d685536cdb8b1206e0, State: Running, Role: LEADER
I20260709 12:58:20.358875  1242 consensus_queue.cc:260] T b4039080fd454a4dbbcdd4204387dc7d P 955276c92c7f47d685536cdb8b1206e0 [NON_LEADER]: Queue going to NON_LEADER mode. State: All replicated index: 0, Majority replicated index: 3, Committed index: 3, Last appended: 3.3, Last appended by leader: 3, Current term: 3, Majority size: -1, State: 0, Mode: NON_LEADER, active raft config: opid_index: -1 OBSOLETE_local: false peers { permanent_uuid: "955276c92c7f47d685536cdb8b1206e0" member_type: VOTER last_known_addr { host: "127.0.107.195" port: 41121 } } peers { permanent_uuid: "1c2883d1999d4c5199cbdf6862c07743" member_type: VOTER last_known_addr { host: "127.0.107.193" port: 39451 } } peers { permanent_uuid: "5164dc13e07b449fa0c6ed42c251687f" member_type: VOTER last_known_addr { host: "127.0.107.194" port: 34375 } }
I20260709 12:58:20.359897  1242 raft_consensus.cc:3060] T b4039080fd454a4dbbcdd4204387dc7d P 955276c92c7f47d685536cdb8b1206e0 [term 3 FOLLOWER]: Advancing to term 4
I20260709 12:58:20.363219  1168 raft_consensus.cc:2468] T b4039080fd454a4dbbcdd4204387dc7d P 5164dc13e07b449fa0c6ed42c251687f [term 4 FOLLOWER]: Leader election vote request: Granting yes vote for candidate 1c2883d1999d4c5199cbdf6862c07743 in term 4.
I20260709 12:58:20.364869  1058 leader_election.cc:304] T b4039080fd454a4dbbcdd4204387dc7d P 1c2883d1999d4c5199cbdf6862c07743 [CANDIDATE]: Term 4 election: Election decided. Result: candidate won. Election summary: received 2 responses out of 3 voters: 2 yes votes; 0 no votes. yes voters: 1c2883d1999d4c5199cbdf6862c07743, 5164dc13e07b449fa0c6ed42c251687f; no voters: 
I20260709 12:58:20.364971  1242 raft_consensus.cc:2468] T b4039080fd454a4dbbcdd4204387dc7d P 955276c92c7f47d685536cdb8b1206e0 [term 4 FOLLOWER]: Leader election vote request: Granting yes vote for candidate 1c2883d1999d4c5199cbdf6862c07743 in term 4.
I20260709 12:58:20.365928  1375 raft_consensus.cc:2804] T b4039080fd454a4dbbcdd4204387dc7d P 1c2883d1999d4c5199cbdf6862c07743 [term 4 FOLLOWER]: Leader election won for term 4
I20260709 12:58:20.366454  1375 raft_consensus.cc:697] T b4039080fd454a4dbbcdd4204387dc7d P 1c2883d1999d4c5199cbdf6862c07743 [term 4 LEADER]: Becoming Leader. State: Replica: 1c2883d1999d4c5199cbdf6862c07743, State: Running, Role: LEADER
I20260709 12:58:20.366868  1392 raft_consensus.cc:993] T 3da8809d4dea4815bf271528f8dce49e P 955276c92c7f47d685536cdb8b1206e0: : Instructing follower 1c2883d1999d4c5199cbdf6862c07743 to start an election
I20260709 12:58:20.367358  1392 raft_consensus.cc:1081] T 3da8809d4dea4815bf271528f8dce49e P 955276c92c7f47d685536cdb8b1206e0 [term 3 LEADER]: Signalling peer 1c2883d1999d4c5199cbdf6862c07743 to start an election
I20260709 12:58:20.367377  1375 consensus_queue.cc:237] T b4039080fd454a4dbbcdd4204387dc7d P 1c2883d1999d4c5199cbdf6862c07743 [LEADER]: Queue going to LEADER mode. State: All replicated index: 0, Majority replicated index: 3, Committed index: 3, Last appended: 3.3, Last appended by leader: 3, Current term: 4, Majority size: 2, State: 0, Mode: LEADER, active raft config: opid_index: -1 OBSOLETE_local: false peers { permanent_uuid: "955276c92c7f47d685536cdb8b1206e0" member_type: VOTER last_known_addr { host: "127.0.107.195" port: 41121 } } peers { permanent_uuid: "1c2883d1999d4c5199cbdf6862c07743" member_type: VOTER last_known_addr { host: "127.0.107.193" port: 39451 } } peers { permanent_uuid: "5164dc13e07b449fa0c6ed42c251687f" member_type: VOTER last_known_addr { host: "127.0.107.194" port: 34375 } }
I20260709 12:58:20.369046  1092 tablet_service.cc:2044] Received Run Leader Election RPC: tablet_id: "3da8809d4dea4815bf271528f8dce49e"
dest_uuid: "1c2883d1999d4c5199cbdf6862c07743"
 from {username='slave'} at 127.0.0.1:53478
I20260709 12:58:20.369607  1092 raft_consensus.cc:493] T 3da8809d4dea4815bf271528f8dce49e P 1c2883d1999d4c5199cbdf6862c07743 [term 3 FOLLOWER]: Starting forced leader election (received explicit request)
I20260709 12:58:20.369997  1092 raft_consensus.cc:3060] T 3da8809d4dea4815bf271528f8dce49e P 1c2883d1999d4c5199cbdf6862c07743 [term 3 FOLLOWER]: Advancing to term 4
I20260709 12:58:20.374272   991 catalog_manager.cc:5697] T b4039080fd454a4dbbcdd4204387dc7d P 1c2883d1999d4c5199cbdf6862c07743 reported cstate change: term changed from 3 to 4, leader changed from 955276c92c7f47d685536cdb8b1206e0 (127.0.107.195) to 1c2883d1999d4c5199cbdf6862c07743 (127.0.107.193). New cstate: current_term: 4 leader_uuid: "1c2883d1999d4c5199cbdf6862c07743" committed_config { opid_index: -1 OBSOLETE_local: false peers { permanent_uuid: "955276c92c7f47d685536cdb8b1206e0" member_type: VOTER last_known_addr { host: "127.0.107.195" port: 41121 } health_report { overall_health: UNKNOWN } } peers { permanent_uuid: "1c2883d1999d4c5199cbdf6862c07743" member_type: VOTER last_known_addr { host: "127.0.107.193" port: 39451 } health_report { overall_health: HEALTHY } } peers { permanent_uuid: "5164dc13e07b449fa0c6ed42c251687f" member_type: VOTER last_known_addr { host: "127.0.107.194" port: 34375 } health_report { overall_health: UNKNOWN } } }
I20260709 12:58:20.375548  1092 raft_consensus.cc:515] T 3da8809d4dea4815bf271528f8dce49e P 1c2883d1999d4c5199cbdf6862c07743 [term 4 FOLLOWER]: Starting forced leader election with config: opid_index: -1 OBSOLETE_local: false peers { permanent_uuid: "1c2883d1999d4c5199cbdf6862c07743" member_type: VOTER last_known_addr { host: "127.0.107.193" port: 39451 } } peers { permanent_uuid: "5164dc13e07b449fa0c6ed42c251687f" member_type: VOTER last_known_addr { host: "127.0.107.194" port: 34375 } } peers { permanent_uuid: "955276c92c7f47d685536cdb8b1206e0" member_type: VOTER last_known_addr { host: "127.0.107.195" port: 41121 } }
I20260709 12:58:20.377416  1092 leader_election.cc:290] T 3da8809d4dea4815bf271528f8dce49e P 1c2883d1999d4c5199cbdf6862c07743 [CANDIDATE]: Term 4 election: Requested vote from peers 5164dc13e07b449fa0c6ed42c251687f (127.0.107.194:34375), 955276c92c7f47d685536cdb8b1206e0 (127.0.107.195:41121)
I20260709 12:58:20.378078  1168 tablet_service.cc:1917] Received RequestConsensusVote() RPC: tablet_id: "3da8809d4dea4815bf271528f8dce49e" candidate_uuid: "1c2883d1999d4c5199cbdf6862c07743" candidate_term: 4 candidate_status { last_received { term: 3 index: 3 } } ignore_live_leader: true dest_uuid: "5164dc13e07b449fa0c6ed42c251687f"
I20260709 12:58:20.378633  1242 tablet_service.cc:1917] Received RequestConsensusVote() RPC: tablet_id: "3da8809d4dea4815bf271528f8dce49e" candidate_uuid: "1c2883d1999d4c5199cbdf6862c07743" candidate_term: 4 candidate_status { last_received { term: 3 index: 3 } } ignore_live_leader: true dest_uuid: "955276c92c7f47d685536cdb8b1206e0"
I20260709 12:58:20.378719  1168 raft_consensus.cc:3060] T 3da8809d4dea4815bf271528f8dce49e P 5164dc13e07b449fa0c6ed42c251687f [term 3 FOLLOWER]: Advancing to term 4
I20260709 12:58:20.379304  1242 raft_consensus.cc:3055] T 3da8809d4dea4815bf271528f8dce49e P 955276c92c7f47d685536cdb8b1206e0 [term 3 LEADER]: Stepping down as leader of term 3
I20260709 12:58:20.379709  1242 raft_consensus.cc:740] T 3da8809d4dea4815bf271528f8dce49e P 955276c92c7f47d685536cdb8b1206e0 [term 3 LEADER]: Becoming Follower/Learner. State: Replica: 955276c92c7f47d685536cdb8b1206e0, State: Running, Role: LEADER
I20260709 12:58:20.380620  1242 consensus_queue.cc:260] T 3da8809d4dea4815bf271528f8dce49e P 955276c92c7f47d685536cdb8b1206e0 [NON_LEADER]: Queue going to NON_LEADER mode. State: All replicated index: 0, Majority replicated index: 3, Committed index: 3, Last appended: 3.3, Last appended by leader: 3, Current term: 3, Majority size: -1, State: 0, Mode: NON_LEADER, active raft config: opid_index: -1 OBSOLETE_local: false peers { permanent_uuid: "1c2883d1999d4c5199cbdf6862c07743" member_type: VOTER last_known_addr { host: "127.0.107.193" port: 39451 } } peers { permanent_uuid: "5164dc13e07b449fa0c6ed42c251687f" member_type: VOTER last_known_addr { host: "127.0.107.194" port: 34375 } } peers { permanent_uuid: "955276c92c7f47d685536cdb8b1206e0" member_type: VOTER last_known_addr { host: "127.0.107.195" port: 41121 } }
I20260709 12:58:20.381933  1242 raft_consensus.cc:3060] T 3da8809d4dea4815bf271528f8dce49e P 955276c92c7f47d685536cdb8b1206e0 [term 3 FOLLOWER]: Advancing to term 4
I20260709 12:58:20.386513  1168 raft_consensus.cc:2468] T 3da8809d4dea4815bf271528f8dce49e P 5164dc13e07b449fa0c6ed42c251687f [term 4 FOLLOWER]: Leader election vote request: Granting yes vote for candidate 1c2883d1999d4c5199cbdf6862c07743 in term 4.
I20260709 12:58:20.387907  1058 leader_election.cc:304] T 3da8809d4dea4815bf271528f8dce49e P 1c2883d1999d4c5199cbdf6862c07743 [CANDIDATE]: Term 4 election: Election decided. Result: candidate won. Election summary: received 2 responses out of 3 voters: 2 yes votes; 0 no votes. yes voters: 1c2883d1999d4c5199cbdf6862c07743, 5164dc13e07b449fa0c6ed42c251687f; no voters: 
I20260709 12:58:20.388764  1375 raft_consensus.cc:2804] T 3da8809d4dea4815bf271528f8dce49e P 1c2883d1999d4c5199cbdf6862c07743 [term 4 FOLLOWER]: Leader election won for term 4
I20260709 12:58:20.389328  1375 raft_consensus.cc:697] T 3da8809d4dea4815bf271528f8dce49e P 1c2883d1999d4c5199cbdf6862c07743 [term 4 LEADER]: Becoming Leader. State: Replica: 1c2883d1999d4c5199cbdf6862c07743, State: Running, Role: LEADER
I20260709 12:58:20.389406  1242 raft_consensus.cc:2468] T 3da8809d4dea4815bf271528f8dce49e P 955276c92c7f47d685536cdb8b1206e0 [term 4 FOLLOWER]: Leader election vote request: Granting yes vote for candidate 1c2883d1999d4c5199cbdf6862c07743 in term 4.
I20260709 12:58:20.391103  1307 raft_consensus.cc:993] T 72227580a341436e816cf1f1e3de9c14 P 5164dc13e07b449fa0c6ed42c251687f: : Instructing follower 1c2883d1999d4c5199cbdf6862c07743 to start an election
I20260709 12:58:20.390540  1375 consensus_queue.cc:237] T 3da8809d4dea4815bf271528f8dce49e P 1c2883d1999d4c5199cbdf6862c07743 [LEADER]: Queue going to LEADER mode. State: All replicated index: 0, Majority replicated index: 3, Committed index: 3, Last appended: 3.3, Last appended by leader: 3, Current term: 4, Majority size: 2, State: 0, Mode: LEADER, active raft config: opid_index: -1 OBSOLETE_local: false peers { permanent_uuid: "1c2883d1999d4c5199cbdf6862c07743" member_type: VOTER last_known_addr { host: "127.0.107.193" port: 39451 } } peers { permanent_uuid: "5164dc13e07b449fa0c6ed42c251687f" member_type: VOTER last_known_addr { host: "127.0.107.194" port: 34375 } } peers { permanent_uuid: "955276c92c7f47d685536cdb8b1206e0" member_type: VOTER last_known_addr { host: "127.0.107.195" port: 41121 } }
I20260709 12:58:20.391600  1394 raft_consensus.cc:1081] T 72227580a341436e816cf1f1e3de9c14 P 5164dc13e07b449fa0c6ed42c251687f [term 1 LEADER]: Signalling peer 1c2883d1999d4c5199cbdf6862c07743 to start an election
I20260709 12:58:20.394009  1092 tablet_service.cc:2044] Received Run Leader Election RPC: tablet_id: "72227580a341436e816cf1f1e3de9c14"
dest_uuid: "1c2883d1999d4c5199cbdf6862c07743"
 from {username='slave'} at 127.0.0.1:53492
I20260709 12:58:20.394680  1092 raft_consensus.cc:493] T 72227580a341436e816cf1f1e3de9c14 P 1c2883d1999d4c5199cbdf6862c07743 [term 1 FOLLOWER]: Starting forced leader election (received explicit request)
I20260709 12:58:20.395107  1092 raft_consensus.cc:3060] T 72227580a341436e816cf1f1e3de9c14 P 1c2883d1999d4c5199cbdf6862c07743 [term 1 FOLLOWER]: Advancing to term 2
I20260709 12:58:20.397667   991 catalog_manager.cc:5697] T 3da8809d4dea4815bf271528f8dce49e P 1c2883d1999d4c5199cbdf6862c07743 reported cstate change: term changed from 3 to 4, leader changed from 955276c92c7f47d685536cdb8b1206e0 (127.0.107.195) to 1c2883d1999d4c5199cbdf6862c07743 (127.0.107.193). New cstate: current_term: 4 leader_uuid: "1c2883d1999d4c5199cbdf6862c07743" committed_config { opid_index: -1 OBSOLETE_local: false peers { permanent_uuid: "1c2883d1999d4c5199cbdf6862c07743" member_type: VOTER last_known_addr { host: "127.0.107.193" port: 39451 } health_report { overall_health: HEALTHY } } peers { permanent_uuid: "5164dc13e07b449fa0c6ed42c251687f" member_type: VOTER last_known_addr { host: "127.0.107.194" port: 34375 } health_report { overall_health: UNKNOWN } } peers { permanent_uuid: "955276c92c7f47d685536cdb8b1206e0" member_type: VOTER last_known_addr { host: "127.0.107.195" port: 41121 } health_report { overall_health: UNKNOWN } } }
I20260709 12:58:20.399695  1092 raft_consensus.cc:515] T 72227580a341436e816cf1f1e3de9c14 P 1c2883d1999d4c5199cbdf6862c07743 [term 2 FOLLOWER]: Starting forced leader election with config: opid_index: -1 OBSOLETE_local: false peers { permanent_uuid: "1c2883d1999d4c5199cbdf6862c07743" member_type: VOTER last_known_addr { host: "127.0.107.193" port: 39451 } } peers { permanent_uuid: "5164dc13e07b449fa0c6ed42c251687f" member_type: VOTER last_known_addr { host: "127.0.107.194" port: 34375 } } peers { permanent_uuid: "955276c92c7f47d685536cdb8b1206e0" member_type: VOTER last_known_addr { host: "127.0.107.195" port: 41121 } }
I20260709 12:58:20.401512  1092 leader_election.cc:290] T 72227580a341436e816cf1f1e3de9c14 P 1c2883d1999d4c5199cbdf6862c07743 [CANDIDATE]: Term 2 election: Requested vote from peers 5164dc13e07b449fa0c6ed42c251687f (127.0.107.194:34375), 955276c92c7f47d685536cdb8b1206e0 (127.0.107.195:41121)
I20260709 12:58:20.402310  1168 tablet_service.cc:1917] Received RequestConsensusVote() RPC: tablet_id: "72227580a341436e816cf1f1e3de9c14" candidate_uuid: "1c2883d1999d4c5199cbdf6862c07743" candidate_term: 2 candidate_status { last_received { term: 1 index: 1 } } ignore_live_leader: true dest_uuid: "5164dc13e07b449fa0c6ed42c251687f"
I20260709 12:58:20.402959  1168 raft_consensus.cc:3055] T 72227580a341436e816cf1f1e3de9c14 P 5164dc13e07b449fa0c6ed42c251687f [term 1 LEADER]: Stepping down as leader of term 1
I20260709 12:58:20.403074  1242 tablet_service.cc:1917] Received RequestConsensusVote() RPC: tablet_id: "72227580a341436e816cf1f1e3de9c14" candidate_uuid: "1c2883d1999d4c5199cbdf6862c07743" candidate_term: 2 candidate_status { last_received { term: 1 index: 1 } } ignore_live_leader: true dest_uuid: "955276c92c7f47d685536cdb8b1206e0"
I20260709 12:58:20.403342  1168 raft_consensus.cc:740] T 72227580a341436e816cf1f1e3de9c14 P 5164dc13e07b449fa0c6ed42c251687f [term 1 LEADER]: Becoming Follower/Learner. State: Replica: 5164dc13e07b449fa0c6ed42c251687f, State: Running, Role: LEADER
I20260709 12:58:20.403776  1242 raft_consensus.cc:3060] T 72227580a341436e816cf1f1e3de9c14 P 955276c92c7f47d685536cdb8b1206e0 [term 1 FOLLOWER]: Advancing to term 2
I20260709 12:58:20.404292  1168 consensus_queue.cc:260] T 72227580a341436e816cf1f1e3de9c14 P 5164dc13e07b449fa0c6ed42c251687f [NON_LEADER]: Queue going to NON_LEADER mode. State: All replicated index: 0, Majority replicated index: 1, Committed index: 1, Last appended: 1.1, Last appended by leader: 1, Current term: 1, Majority size: -1, State: 0, Mode: NON_LEADER, active raft config: opid_index: -1 OBSOLETE_local: false peers { permanent_uuid: "1c2883d1999d4c5199cbdf6862c07743" member_type: VOTER last_known_addr { host: "127.0.107.193" port: 39451 } } peers { permanent_uuid: "5164dc13e07b449fa0c6ed42c251687f" member_type: VOTER last_known_addr { host: "127.0.107.194" port: 34375 } } peers { permanent_uuid: "955276c92c7f47d685536cdb8b1206e0" member_type: VOTER last_known_addr { host: "127.0.107.195" port: 41121 } }
I20260709 12:58:20.405733  1168 raft_consensus.cc:3060] T 72227580a341436e816cf1f1e3de9c14 P 5164dc13e07b449fa0c6ed42c251687f [term 1 FOLLOWER]: Advancing to term 2
I20260709 12:58:20.409533  1242 raft_consensus.cc:2468] T 72227580a341436e816cf1f1e3de9c14 P 955276c92c7f47d685536cdb8b1206e0 [term 2 FOLLOWER]: Leader election vote request: Granting yes vote for candidate 1c2883d1999d4c5199cbdf6862c07743 in term 2.
I20260709 12:58:20.410704  1059 leader_election.cc:304] T 72227580a341436e816cf1f1e3de9c14 P 1c2883d1999d4c5199cbdf6862c07743 [CANDIDATE]: Term 2 election: Election decided. Result: candidate won. Election summary: received 2 responses out of 3 voters: 2 yes votes; 0 no votes. yes voters: 1c2883d1999d4c5199cbdf6862c07743, 955276c92c7f47d685536cdb8b1206e0; no voters: 
I20260709 12:58:20.411624  1375 raft_consensus.cc:2804] T 72227580a341436e816cf1f1e3de9c14 P 1c2883d1999d4c5199cbdf6862c07743 [term 2 FOLLOWER]: Leader election won for term 2
I20260709 12:58:20.411739  1168 raft_consensus.cc:2468] T 72227580a341436e816cf1f1e3de9c14 P 5164dc13e07b449fa0c6ed42c251687f [term 2 FOLLOWER]: Leader election vote request: Granting yes vote for candidate 1c2883d1999d4c5199cbdf6862c07743 in term 2.
I20260709 12:58:20.412287  1375 raft_consensus.cc:697] T 72227580a341436e816cf1f1e3de9c14 P 1c2883d1999d4c5199cbdf6862c07743 [term 2 LEADER]: Becoming Leader. State: Replica: 1c2883d1999d4c5199cbdf6862c07743, State: Running, Role: LEADER
I20260709 12:58:20.412770  1394 raft_consensus.cc:993] T deb36d8dd19947d48e1cf4d8a28f8c39 P 5164dc13e07b449fa0c6ed42c251687f: : Instructing follower 1c2883d1999d4c5199cbdf6862c07743 to start an election
I20260709 12:58:20.413215  1394 raft_consensus.cc:1081] T deb36d8dd19947d48e1cf4d8a28f8c39 P 5164dc13e07b449fa0c6ed42c251687f [term 2 LEADER]: Signalling peer 1c2883d1999d4c5199cbdf6862c07743 to start an election
I20260709 12:58:20.413322  1375 consensus_queue.cc:237] T 72227580a341436e816cf1f1e3de9c14 P 1c2883d1999d4c5199cbdf6862c07743 [LEADER]: Queue going to LEADER mode. State: All replicated index: 0, Majority replicated index: 1, Committed index: 1, Last appended: 1.1, Last appended by leader: 1, Current term: 2, Majority size: 2, State: 0, Mode: LEADER, active raft config: opid_index: -1 OBSOLETE_local: false peers { permanent_uuid: "1c2883d1999d4c5199cbdf6862c07743" member_type: VOTER last_known_addr { host: "127.0.107.193" port: 39451 } } peers { permanent_uuid: "5164dc13e07b449fa0c6ed42c251687f" member_type: VOTER last_known_addr { host: "127.0.107.194" port: 34375 } } peers { permanent_uuid: "955276c92c7f47d685536cdb8b1206e0" member_type: VOTER last_known_addr { host: "127.0.107.195" port: 41121 } }
I20260709 12:58:20.415017  1092 tablet_service.cc:2044] Received Run Leader Election RPC: tablet_id: "deb36d8dd19947d48e1cf4d8a28f8c39"
dest_uuid: "1c2883d1999d4c5199cbdf6862c07743"
 from {username='slave'} at 127.0.0.1:53492
I20260709 12:58:20.415511  1092 raft_consensus.cc:493] T deb36d8dd19947d48e1cf4d8a28f8c39 P 1c2883d1999d4c5199cbdf6862c07743 [term 2 FOLLOWER]: Starting forced leader election (received explicit request)
I20260709 12:58:20.416021  1092 raft_consensus.cc:3060] T deb36d8dd19947d48e1cf4d8a28f8c39 P 1c2883d1999d4c5199cbdf6862c07743 [term 2 FOLLOWER]: Advancing to term 3
I20260709 12:58:20.422010  1092 raft_consensus.cc:515] T deb36d8dd19947d48e1cf4d8a28f8c39 P 1c2883d1999d4c5199cbdf6862c07743 [term 3 FOLLOWER]: Starting forced leader election with config: opid_index: -1 OBSOLETE_local: false peers { permanent_uuid: "1c2883d1999d4c5199cbdf6862c07743" member_type: VOTER last_known_addr { host: "127.0.107.193" port: 39451 } } peers { permanent_uuid: "5164dc13e07b449fa0c6ed42c251687f" member_type: VOTER last_known_addr { host: "127.0.107.194" port: 34375 } } peers { permanent_uuid: "955276c92c7f47d685536cdb8b1206e0" member_type: VOTER last_known_addr { host: "127.0.107.195" port: 41121 } }
I20260709 12:58:20.422292   991 catalog_manager.cc:5697] T 72227580a341436e816cf1f1e3de9c14 P 1c2883d1999d4c5199cbdf6862c07743 reported cstate change: term changed from 1 to 2, leader changed from 5164dc13e07b449fa0c6ed42c251687f (127.0.107.194) to 1c2883d1999d4c5199cbdf6862c07743 (127.0.107.193). New cstate: current_term: 2 leader_uuid: "1c2883d1999d4c5199cbdf6862c07743" committed_config { opid_index: -1 OBSOLETE_local: false peers { permanent_uuid: "1c2883d1999d4c5199cbdf6862c07743" member_type: VOTER last_known_addr { host: "127.0.107.193" port: 39451 } health_report { overall_health: HEALTHY } } peers { permanent_uuid: "5164dc13e07b449fa0c6ed42c251687f" member_type: VOTER last_known_addr { host: "127.0.107.194" port: 34375 } health_report { overall_health: UNKNOWN } } peers { permanent_uuid: "955276c92c7f47d685536cdb8b1206e0" member_type: VOTER last_known_addr { host: "127.0.107.195" port: 41121 } health_report { overall_health: UNKNOWN } } }
I20260709 12:58:20.423916  1092 leader_election.cc:290] T deb36d8dd19947d48e1cf4d8a28f8c39 P 1c2883d1999d4c5199cbdf6862c07743 [CANDIDATE]: Term 3 election: Requested vote from peers 5164dc13e07b449fa0c6ed42c251687f (127.0.107.194:34375), 955276c92c7f47d685536cdb8b1206e0 (127.0.107.195:41121)
I20260709 12:58:20.424942  1242 tablet_service.cc:1917] Received RequestConsensusVote() RPC: tablet_id: "deb36d8dd19947d48e1cf4d8a28f8c39" candidate_uuid: "1c2883d1999d4c5199cbdf6862c07743" candidate_term: 3 candidate_status { last_received { term: 2 index: 2 } } ignore_live_leader: true dest_uuid: "955276c92c7f47d685536cdb8b1206e0"
I20260709 12:58:20.425031  1168 tablet_service.cc:1917] Received RequestConsensusVote() RPC: tablet_id: "deb36d8dd19947d48e1cf4d8a28f8c39" candidate_uuid: "1c2883d1999d4c5199cbdf6862c07743" candidate_term: 3 candidate_status { last_received { term: 2 index: 2 } } ignore_live_leader: true dest_uuid: "5164dc13e07b449fa0c6ed42c251687f"
I20260709 12:58:20.425551  1242 raft_consensus.cc:3060] T deb36d8dd19947d48e1cf4d8a28f8c39 P 955276c92c7f47d685536cdb8b1206e0 [term 2 FOLLOWER]: Advancing to term 3
I20260709 12:58:20.425660  1168 raft_consensus.cc:3055] T deb36d8dd19947d48e1cf4d8a28f8c39 P 5164dc13e07b449fa0c6ed42c251687f [term 2 LEADER]: Stepping down as leader of term 2
I20260709 12:58:20.426127  1168 raft_consensus.cc:740] T deb36d8dd19947d48e1cf4d8a28f8c39 P 5164dc13e07b449fa0c6ed42c251687f [term 2 LEADER]: Becoming Follower/Learner. State: Replica: 5164dc13e07b449fa0c6ed42c251687f, State: Running, Role: LEADER
I20260709 12:58:20.426970  1168 consensus_queue.cc:260] T deb36d8dd19947d48e1cf4d8a28f8c39 P 5164dc13e07b449fa0c6ed42c251687f [NON_LEADER]: Queue going to NON_LEADER mode. State: All replicated index: 0, Majority replicated index: 2, Committed index: 2, Last appended: 2.2, Last appended by leader: 2, Current term: 2, Majority size: -1, State: 0, Mode: NON_LEADER, active raft config: opid_index: -1 OBSOLETE_local: false peers { permanent_uuid: "1c2883d1999d4c5199cbdf6862c07743" member_type: VOTER last_known_addr { host: "127.0.107.193" port: 39451 } } peers { permanent_uuid: "5164dc13e07b449fa0c6ed42c251687f" member_type: VOTER last_known_addr { host: "127.0.107.194" port: 34375 } } peers { permanent_uuid: "955276c92c7f47d685536cdb8b1206e0" member_type: VOTER last_known_addr { host: "127.0.107.195" port: 41121 } }
I20260709 12:58:20.428194  1168 raft_consensus.cc:3060] T deb36d8dd19947d48e1cf4d8a28f8c39 P 5164dc13e07b449fa0c6ed42c251687f [term 2 FOLLOWER]: Advancing to term 3
I20260709 12:58:20.431000  1242 raft_consensus.cc:2468] T deb36d8dd19947d48e1cf4d8a28f8c39 P 955276c92c7f47d685536cdb8b1206e0 [term 3 FOLLOWER]: Leader election vote request: Granting yes vote for candidate 1c2883d1999d4c5199cbdf6862c07743 in term 3.
I20260709 12:58:20.432057  1059 leader_election.cc:304] T deb36d8dd19947d48e1cf4d8a28f8c39 P 1c2883d1999d4c5199cbdf6862c07743 [CANDIDATE]: Term 3 election: Election decided. Result: candidate won. Election summary: received 2 responses out of 3 voters: 2 yes votes; 0 no votes. yes voters: 1c2883d1999d4c5199cbdf6862c07743, 955276c92c7f47d685536cdb8b1206e0; no voters: 
I20260709 12:58:20.432840  1375 raft_consensus.cc:2804] T deb36d8dd19947d48e1cf4d8a28f8c39 P 1c2883d1999d4c5199cbdf6862c07743 [term 3 FOLLOWER]: Leader election won for term 3
I20260709 12:58:20.433233  1375 raft_consensus.cc:697] T deb36d8dd19947d48e1cf4d8a28f8c39 P 1c2883d1999d4c5199cbdf6862c07743 [term 3 LEADER]: Becoming Leader. State: Replica: 1c2883d1999d4c5199cbdf6862c07743, State: Running, Role: LEADER
I20260709 12:58:20.434001  1168 raft_consensus.cc:2468] T deb36d8dd19947d48e1cf4d8a28f8c39 P 5164dc13e07b449fa0c6ed42c251687f [term 3 FOLLOWER]: Leader election vote request: Granting yes vote for candidate 1c2883d1999d4c5199cbdf6862c07743 in term 3.
I20260709 12:58:20.433986  1375 consensus_queue.cc:237] T deb36d8dd19947d48e1cf4d8a28f8c39 P 1c2883d1999d4c5199cbdf6862c07743 [LEADER]: Queue going to LEADER mode. State: All replicated index: 0, Majority replicated index: 2, Committed index: 2, Last appended: 2.2, Last appended by leader: 2, Current term: 3, Majority size: 2, State: 0, Mode: LEADER, active raft config: opid_index: -1 OBSOLETE_local: false peers { permanent_uuid: "1c2883d1999d4c5199cbdf6862c07743" member_type: VOTER last_known_addr { host: "127.0.107.193" port: 39451 } } peers { permanent_uuid: "5164dc13e07b449fa0c6ed42c251687f" member_type: VOTER last_known_addr { host: "127.0.107.194" port: 34375 } } peers { permanent_uuid: "955276c92c7f47d685536cdb8b1206e0" member_type: VOTER last_known_addr { host: "127.0.107.195" port: 41121 } }
I20260709 12:58:20.440728   991 catalog_manager.cc:5697] T deb36d8dd19947d48e1cf4d8a28f8c39 P 1c2883d1999d4c5199cbdf6862c07743 reported cstate change: term changed from 2 to 3, leader changed from 5164dc13e07b449fa0c6ed42c251687f (127.0.107.194) to 1c2883d1999d4c5199cbdf6862c07743 (127.0.107.193). New cstate: current_term: 3 leader_uuid: "1c2883d1999d4c5199cbdf6862c07743" committed_config { opid_index: -1 OBSOLETE_local: false peers { permanent_uuid: "1c2883d1999d4c5199cbdf6862c07743" member_type: VOTER last_known_addr { host: "127.0.107.193" port: 39451 } health_report { overall_health: HEALTHY } } peers { permanent_uuid: "5164dc13e07b449fa0c6ed42c251687f" member_type: VOTER last_known_addr { host: "127.0.107.194" port: 34375 } health_report { overall_health: UNKNOWN } } peers { permanent_uuid: "955276c92c7f47d685536cdb8b1206e0" member_type: VOTER last_known_addr { host: "127.0.107.195" port: 41121 } health_report { overall_health: UNKNOWN } } }
I20260709 12:58:20.622529  1168 raft_consensus.cc:1275] T 5ef5395dd2c14e97b3f75582f9b11a48 P 5164dc13e07b449fa0c6ed42c251687f [term 3 FOLLOWER]: Refusing update from remote peer 1c2883d1999d4c5199cbdf6862c07743: Log matching property violated. Preceding OpId in replica: term: 2 index: 2. Preceding OpId from leader: term: 3 index: 3. (index mismatch)
I20260709 12:58:20.623805  1375 consensus_queue.cc:1048] T 5ef5395dd2c14e97b3f75582f9b11a48 P 1c2883d1999d4c5199cbdf6862c07743 [LEADER]: Connected to new peer: Peer: permanent_uuid: "5164dc13e07b449fa0c6ed42c251687f" member_type: VOTER last_known_addr { host: "127.0.107.194" port: 34375 }, Status: LMP_MISMATCH, Last received: 0.0, Next index: 3, Last known committed idx: 2, Time since last communication: 0.000s
I20260709 12:58:20.634435  1242 raft_consensus.cc:1275] T 5ef5395dd2c14e97b3f75582f9b11a48 P 955276c92c7f47d685536cdb8b1206e0 [term 3 FOLLOWER]: Refusing update from remote peer 1c2883d1999d4c5199cbdf6862c07743: Log matching property violated. Preceding OpId in replica: term: 2 index: 2. Preceding OpId from leader: term: 3 index: 3. (index mismatch)
I20260709 12:58:20.635958  1375 consensus_queue.cc:1048] T 5ef5395dd2c14e97b3f75582f9b11a48 P 1c2883d1999d4c5199cbdf6862c07743 [LEADER]: Connected to new peer: Peer: permanent_uuid: "955276c92c7f47d685536cdb8b1206e0" member_type: VOTER last_known_addr { host: "127.0.107.195" port: 41121 }, Status: LMP_MISMATCH, Last received: 0.0, Next index: 3, Last known committed idx: 2, Time since last communication: 0.000s
I20260709 12:58:20.802249  1168 raft_consensus.cc:1275] T b4039080fd454a4dbbcdd4204387dc7d P 5164dc13e07b449fa0c6ed42c251687f [term 4 FOLLOWER]: Refusing update from remote peer 1c2883d1999d4c5199cbdf6862c07743: Log matching property violated. Preceding OpId in replica: term: 3 index: 3. Preceding OpId from leader: term: 4 index: 4. (index mismatch)
I20260709 12:58:20.803615  1375 consensus_queue.cc:1048] T b4039080fd454a4dbbcdd4204387dc7d P 1c2883d1999d4c5199cbdf6862c07743 [LEADER]: Connected to new peer: Peer: permanent_uuid: "5164dc13e07b449fa0c6ed42c251687f" member_type: VOTER last_known_addr { host: "127.0.107.194" port: 34375 }, Status: LMP_MISMATCH, Last received: 0.0, Next index: 4, Last known committed idx: 3, Time since last communication: 0.000s
I20260709 12:58:20.811146  1242 raft_consensus.cc:1275] T 72227580a341436e816cf1f1e3de9c14 P 955276c92c7f47d685536cdb8b1206e0 [term 2 FOLLOWER]: Refusing update from remote peer 1c2883d1999d4c5199cbdf6862c07743: Log matching property violated. Preceding OpId in replica: term: 1 index: 1. Preceding OpId from leader: term: 2 index: 2. (index mismatch)
I20260709 12:58:20.813651  1378 consensus_queue.cc:1048] T 72227580a341436e816cf1f1e3de9c14 P 1c2883d1999d4c5199cbdf6862c07743 [LEADER]: Connected to new peer: Peer: permanent_uuid: "955276c92c7f47d685536cdb8b1206e0" member_type: VOTER last_known_addr { host: "127.0.107.195" port: 41121 }, Status: LMP_MISMATCH, Last received: 0.0, Next index: 2, Last known committed idx: 1, Time since last communication: 0.000s
I20260709 12:58:20.814456  1242 raft_consensus.cc:1275] T b4039080fd454a4dbbcdd4204387dc7d P 955276c92c7f47d685536cdb8b1206e0 [term 4 FOLLOWER]: Refusing update from remote peer 1c2883d1999d4c5199cbdf6862c07743: Log matching property violated. Preceding OpId in replica: term: 3 index: 3. Preceding OpId from leader: term: 4 index: 4. (index mismatch)
I20260709 12:58:20.819554  1378 consensus_queue.cc:1048] T b4039080fd454a4dbbcdd4204387dc7d P 1c2883d1999d4c5199cbdf6862c07743 [LEADER]: Connected to new peer: Peer: permanent_uuid: "955276c92c7f47d685536cdb8b1206e0" member_type: VOTER last_known_addr { host: "127.0.107.195" port: 41121 }, Status: LMP_MISMATCH, Last received: 0.0, Next index: 4, Last known committed idx: 3, Time since last communication: 0.001s
I20260709 12:58:20.831667  1168 raft_consensus.cc:1275] T 72227580a341436e816cf1f1e3de9c14 P 5164dc13e07b449fa0c6ed42c251687f [term 2 FOLLOWER]: Refusing update from remote peer 1c2883d1999d4c5199cbdf6862c07743: Log matching property violated. Preceding OpId in replica: term: 1 index: 1. Preceding OpId from leader: term: 2 index: 2. (index mismatch)
I20260709 12:58:20.836871  1378 consensus_queue.cc:1048] T 72227580a341436e816cf1f1e3de9c14 P 1c2883d1999d4c5199cbdf6862c07743 [LEADER]: Connected to new peer: Peer: permanent_uuid: "5164dc13e07b449fa0c6ed42c251687f" member_type: VOTER last_known_addr { host: "127.0.107.194" port: 34375 }, Status: LMP_MISMATCH, Last received: 0.0, Next index: 2, Last known committed idx: 1, Time since last communication: 0.001s
I20260709 12:58:20.838845  1240 raft_consensus.cc:1275] T 3da8809d4dea4815bf271528f8dce49e P 955276c92c7f47d685536cdb8b1206e0 [term 4 FOLLOWER]: Refusing update from remote peer 1c2883d1999d4c5199cbdf6862c07743: Log matching property violated. Preceding OpId in replica: term: 3 index: 3. Preceding OpId from leader: term: 4 index: 4. (index mismatch)
I20260709 12:58:20.840335  1378 consensus_queue.cc:1048] T 3da8809d4dea4815bf271528f8dce49e P 1c2883d1999d4c5199cbdf6862c07743 [LEADER]: Connected to new peer: Peer: permanent_uuid: "955276c92c7f47d685536cdb8b1206e0" member_type: VOTER last_known_addr { host: "127.0.107.195" port: 41121 }, Status: LMP_MISMATCH, Last received: 0.0, Next index: 4, Last known committed idx: 3, Time since last communication: 0.001s
I20260709 12:58:20.895772  1167 raft_consensus.cc:1275] T 3da8809d4dea4815bf271528f8dce49e P 5164dc13e07b449fa0c6ed42c251687f [term 4 FOLLOWER]: Refusing update from remote peer 1c2883d1999d4c5199cbdf6862c07743: Log matching property violated. Preceding OpId in replica: term: 3 index: 3. Preceding OpId from leader: term: 4 index: 4. (index mismatch)
I20260709 12:58:20.897974  1407 consensus_queue.cc:1048] T 3da8809d4dea4815bf271528f8dce49e P 1c2883d1999d4c5199cbdf6862c07743 [LEADER]: Connected to new peer: Peer: permanent_uuid: "5164dc13e07b449fa0c6ed42c251687f" member_type: VOTER last_known_addr { host: "127.0.107.194" port: 34375 }, Status: LMP_MISMATCH, Last received: 0.0, Next index: 4, Last known committed idx: 3, Time since last communication: 0.004s
I20260709 12:58:21.007059  1240 raft_consensus.cc:1275] T deb36d8dd19947d48e1cf4d8a28f8c39 P 955276c92c7f47d685536cdb8b1206e0 [term 3 FOLLOWER]: Refusing update from remote peer 1c2883d1999d4c5199cbdf6862c07743: Log matching property violated. Preceding OpId in replica: term: 2 index: 2. Preceding OpId from leader: term: 3 index: 3. (index mismatch)
I20260709 12:58:21.010088  1375 consensus_queue.cc:1048] T deb36d8dd19947d48e1cf4d8a28f8c39 P 1c2883d1999d4c5199cbdf6862c07743 [LEADER]: Connected to new peer: Peer: permanent_uuid: "955276c92c7f47d685536cdb8b1206e0" member_type: VOTER last_known_addr { host: "127.0.107.195" port: 41121 }, Status: LMP_MISMATCH, Last received: 0.0, Next index: 3, Last known committed idx: 2, Time since last communication: 0.001s
I20260709 12:58:21.029609  1167 raft_consensus.cc:1275] T deb36d8dd19947d48e1cf4d8a28f8c39 P 5164dc13e07b449fa0c6ed42c251687f [term 3 FOLLOWER]: Refusing update from remote peer 1c2883d1999d4c5199cbdf6862c07743: Log matching property violated. Preceding OpId in replica: term: 2 index: 2. Preceding OpId from leader: term: 3 index: 3. (index mismatch)
I20260709 12:58:21.031029  1375 consensus_queue.cc:1048] T deb36d8dd19947d48e1cf4d8a28f8c39 P 1c2883d1999d4c5199cbdf6862c07743 [LEADER]: Connected to new peer: Peer: permanent_uuid: "5164dc13e07b449fa0c6ed42c251687f" member_type: VOTER last_known_addr { host: "127.0.107.194" port: 34375 }, Status: LMP_MISMATCH, Last received: 0.0, Next index: 3, Last known committed idx: 2, Time since last communication: 0.000s
W20260709 12:58:22.064186  1263 debug-util.cc:398] Leaking SignalData structure 0x7b08000ae540 after lost signal to thread 434
W20260709 12:58:22.065201  1263 debug-util.cc:398] Leaking SignalData structure 0x7b08000aeee0 after lost signal to thread 1025
W20260709 12:58:22.066110  1263 debug-util.cc:398] Leaking SignalData structure 0x7b0800193d00 after lost signal to thread 1117
W20260709 12:58:22.066917  1263 debug-util.cc:398] Leaking SignalData structure 0x7b08001ac180 after lost signal to thread 1192
W20260709 12:58:22.067700  1263 debug-util.cc:398] Leaking SignalData structure 0x7b08001080e0 after lost signal to thread 1266
I20260709 12:58:23.096618   431 auto_leader_rebalancer.cc:141] leader rebalance for table test-workload
I20260709 12:58:23.104777  1092 tablet_service.cc:2072] Received LeaderStepDown RPC: tablet_id: "3da8809d4dea4815bf271528f8dce49e"
dest_uuid: "1c2883d1999d4c5199cbdf6862c07743"
mode: GRACEFUL
new_leader_uuid: "5164dc13e07b449fa0c6ed42c251687f"
 from {username='slave'} at 127.0.0.1:53444
I20260709 12:58:23.105288  1092 raft_consensus.cc:606] T 3da8809d4dea4815bf271528f8dce49e P 1c2883d1999d4c5199cbdf6862c07743 [term 4 LEADER]: Received request to transfer leadership to TS 5164dc13e07b449fa0c6ed42c251687f
I20260709 12:58:23.107838  1092 tablet_service.cc:2072] Received LeaderStepDown RPC: tablet_id: "5e1d4192082f4562a22a1bbf4259cc87"
dest_uuid: "1c2883d1999d4c5199cbdf6862c07743"
mode: GRACEFUL
new_leader_uuid: "955276c92c7f47d685536cdb8b1206e0"
 from {username='slave'} at 127.0.0.1:53444
I20260709 12:58:23.108307  1092 raft_consensus.cc:606] T 5e1d4192082f4562a22a1bbf4259cc87 P 1c2883d1999d4c5199cbdf6862c07743 [term 2 LEADER]: Received request to transfer leadership to TS 955276c92c7f47d685536cdb8b1206e0
I20260709 12:58:23.112833  1092 tablet_service.cc:2072] Received LeaderStepDown RPC: tablet_id: "780195f990fc45f6bda67513b05421f8"
dest_uuid: "1c2883d1999d4c5199cbdf6862c07743"
mode: GRACEFUL
new_leader_uuid: "5164dc13e07b449fa0c6ed42c251687f"
 from {username='slave'} at 127.0.0.1:53444
I20260709 12:58:23.113525  1092 raft_consensus.cc:606] T 780195f990fc45f6bda67513b05421f8 P 1c2883d1999d4c5199cbdf6862c07743 [term 2 LEADER]: Received request to transfer leadership to TS 5164dc13e07b449fa0c6ed42c251687f
I20260709 12:58:23.115727  1092 tablet_service.cc:2072] Received LeaderStepDown RPC: tablet_id: "deb36d8dd19947d48e1cf4d8a28f8c39"
dest_uuid: "1c2883d1999d4c5199cbdf6862c07743"
mode: GRACEFUL
new_leader_uuid: "955276c92c7f47d685536cdb8b1206e0"
 from {username='slave'} at 127.0.0.1:53444
I20260709 12:58:23.116271  1092 raft_consensus.cc:606] T deb36d8dd19947d48e1cf4d8a28f8c39 P 1c2883d1999d4c5199cbdf6862c07743 [term 3 LEADER]: Received request to transfer leadership to TS 955276c92c7f47d685536cdb8b1206e0
I20260709 12:58:23.117281   431 auto_leader_rebalancer.cc:452] table: test-workload, leader rebalance finish, leader transfer count: 4
I20260709 12:58:23.117825   431 auto_leader_rebalancer.cc:527] All tables' leader rebalancing finished this round
I20260709 12:58:23.154470  1416 raft_consensus.cc:993] T 3da8809d4dea4815bf271528f8dce49e P 1c2883d1999d4c5199cbdf6862c07743: : Instructing follower 5164dc13e07b449fa0c6ed42c251687f to start an election
I20260709 12:58:23.155063  1411 raft_consensus.cc:1081] T 3da8809d4dea4815bf271528f8dce49e P 1c2883d1999d4c5199cbdf6862c07743 [term 4 LEADER]: Signalling peer 5164dc13e07b449fa0c6ed42c251687f to start an election
I20260709 12:58:23.156864  1166 tablet_service.cc:2044] Received Run Leader Election RPC: tablet_id: "3da8809d4dea4815bf271528f8dce49e"
dest_uuid: "5164dc13e07b449fa0c6ed42c251687f"
 from {username='slave'} at 127.0.0.1:45916
I20260709 12:58:23.157612  1166 raft_consensus.cc:493] T 3da8809d4dea4815bf271528f8dce49e P 5164dc13e07b449fa0c6ed42c251687f [term 4 FOLLOWER]: Starting forced leader election (received explicit request)
I20260709 12:58:23.158017  1166 raft_consensus.cc:3060] T 3da8809d4dea4815bf271528f8dce49e P 5164dc13e07b449fa0c6ed42c251687f [term 4 FOLLOWER]: Advancing to term 5
I20260709 12:58:23.203567  1166 raft_consensus.cc:515] T 3da8809d4dea4815bf271528f8dce49e P 5164dc13e07b449fa0c6ed42c251687f [term 5 FOLLOWER]: Starting forced leader election with config: opid_index: -1 OBSOLETE_local: false peers { permanent_uuid: "1c2883d1999d4c5199cbdf6862c07743" member_type: VOTER last_known_addr { host: "127.0.107.193" port: 39451 } } peers { permanent_uuid: "5164dc13e07b449fa0c6ed42c251687f" member_type: VOTER last_known_addr { host: "127.0.107.194" port: 34375 } } peers { permanent_uuid: "955276c92c7f47d685536cdb8b1206e0" member_type: VOTER last_known_addr { host: "127.0.107.195" port: 41121 } }
I20260709 12:58:23.206322  1166 leader_election.cc:290] T 3da8809d4dea4815bf271528f8dce49e P 5164dc13e07b449fa0c6ed42c251687f [CANDIDATE]: Term 5 election: Requested vote from peers 1c2883d1999d4c5199cbdf6862c07743 (127.0.107.193:39451), 955276c92c7f47d685536cdb8b1206e0 (127.0.107.195:41121)
I20260709 12:58:23.206504  1092 tablet_service.cc:1917] Received RequestConsensusVote() RPC: tablet_id: "3da8809d4dea4815bf271528f8dce49e" candidate_uuid: "5164dc13e07b449fa0c6ed42c251687f" candidate_term: 5 candidate_status { last_received { term: 4 index: 4 } } ignore_live_leader: true dest_uuid: "1c2883d1999d4c5199cbdf6862c07743"
I20260709 12:58:23.207141  1092 raft_consensus.cc:3055] T 3da8809d4dea4815bf271528f8dce49e P 1c2883d1999d4c5199cbdf6862c07743 [term 4 LEADER]: Stepping down as leader of term 4
I20260709 12:58:23.207505  1092 raft_consensus.cc:740] T 3da8809d4dea4815bf271528f8dce49e P 1c2883d1999d4c5199cbdf6862c07743 [term 4 LEADER]: Becoming Follower/Learner. State: Replica: 1c2883d1999d4c5199cbdf6862c07743, State: Running, Role: LEADER
I20260709 12:58:23.209424  1240 tablet_service.cc:1917] Received RequestConsensusVote() RPC: tablet_id: "3da8809d4dea4815bf271528f8dce49e" candidate_uuid: "5164dc13e07b449fa0c6ed42c251687f" candidate_term: 5 candidate_status { last_received { term: 4 index: 4 } } ignore_live_leader: true dest_uuid: "955276c92c7f47d685536cdb8b1206e0"
