I20260709 13:12:22.006032   554 tablet_service.cc:1917] Received RequestConsensusVote() RPC: tablet_id: "6fc289132926446d9594150727e08b0b" candidate_uuid: "50f7c2247be24f3685d7fbca7b6c71e3" candidate_term: 1 candidate_status { last_received { term: 0 index: 0 } } ignore_live_leader: false dest_uuid: "6ba2a9c02b534120bbf26e56a1e920ca" is_pre_election: true
I20260709 13:12:22.006218   785 leader_election.cc:290] T 6fc289132926446d9594150727e08b0b P 50f7c2247be24f3685d7fbca7b6c71e3 [CANDIDATE]: Term 1 pre-election: Requested pre-vote from peers 3d6f5b2f91e54c8c95f7b19c1b9ecee2 (127.31.17.129:45711), 6ba2a9c02b534120bbf26e56a1e920ca (127.31.17.130:41159)
I20260709 13:12:22.006425   480 tablet_service.cc:1917] Received RequestConsensusVote() RPC: tablet_id: "6fc289132926446d9594150727e08b0b" candidate_uuid: "50f7c2247be24f3685d7fbca7b6c71e3" candidate_term: 1 candidate_status { last_received { term: 0 index: 0 } } ignore_live_leader: false dest_uuid: "3d6f5b2f91e54c8c95f7b19c1b9ecee2" is_pre_election: true
I20260709 13:12:22.009013   599 leader_election.cc:304] T 6fc289132926446d9594150727e08b0b P 50f7c2247be24f3685d7fbca7b6c71e3 [CANDIDATE]: Term 1 pre-election: Election decided. Result: candidate lost. Election summary: received 3 responses out of 3 voters: 1 yes votes; 2 no votes. yes voters: 50f7c2247be24f3685d7fbca7b6c71e3; no voters: 3d6f5b2f91e54c8c95f7b19c1b9ecee2, 6ba2a9c02b534120bbf26e56a1e920ca
I20260709 13:12:22.010515   785 raft_consensus.cc:2749] T 6fc289132926446d9594150727e08b0b P 50f7c2247be24f3685d7fbca7b6c71e3 [term 0 FOLLOWER]: Leader pre-election lost for term 1. Reason: could not achieve majority
I20260709 13:12:22.015275   675 tablet_bootstrap.cc:492] T 82382f158074497a857b03f9f87f9e86 P 6ba2a9c02b534120bbf26e56a1e920ca: No bootstrap required, opened a new log
I20260709 13:12:22.015769   675 ts_tablet_manager.cc:1403] T 82382f158074497a857b03f9f87f9e86 P 6ba2a9c02b534120bbf26e56a1e920ca: Time spent bootstrapping tablet: real 0.030s	user 0.010s	sys 0.007s
I20260709 13:12:22.024699   673 tablet_bootstrap.cc:492] T 82382f158074497a857b03f9f87f9e86 P 50f7c2247be24f3685d7fbca7b6c71e3: No bootstrap required, opened a new log
I20260709 13:12:22.025439   673 ts_tablet_manager.cc:1403] T 82382f158074497a857b03f9f87f9e86 P 50f7c2247be24f3685d7fbca7b6c71e3: Time spent bootstrapping tablet: real 0.051s	user 0.011s	sys 0.003s
I20260709 13:12:22.029632   673 raft_consensus.cc:359] T 82382f158074497a857b03f9f87f9e86 P 50f7c2247be24f3685d7fbca7b6c71e3 [term 0 FOLLOWER]: Replica starting. Triggering 0 pending ops. Active config: opid_index: -1 OBSOLETE_local: false peers { permanent_uuid: "3d6f5b2f91e54c8c95f7b19c1b9ecee2" member_type: VOTER last_known_addr { host: "127.31.17.129" port: 45711 } } peers { permanent_uuid: "6ba2a9c02b534120bbf26e56a1e920ca" member_type: VOTER last_known_addr { host: "127.31.17.130" port: 41159 } } peers { permanent_uuid: "50f7c2247be24f3685d7fbca7b6c71e3" member_type: VOTER last_known_addr { host: "127.31.17.131" port: 36245 } }
I20260709 13:12:22.030797   673 raft_consensus.cc:385] T 82382f158074497a857b03f9f87f9e86 P 50f7c2247be24f3685d7fbca7b6c71e3 [term 0 FOLLOWER]: Consensus starting up: Expiring failure detector timer to make a prompt election more likely
I20260709 13:12:22.031252   673 raft_consensus.cc:740] T 82382f158074497a857b03f9f87f9e86 P 50f7c2247be24f3685d7fbca7b6c71e3 [term 0 FOLLOWER]: Becoming Follower/Learner. State: Replica: 50f7c2247be24f3685d7fbca7b6c71e3, State: Initialized, Role: FOLLOWER
I20260709 13:12:22.032430   673 consensus_queue.cc:260] T 82382f158074497a857b03f9f87f9e86 P 50f7c2247be24f3685d7fbca7b6c71e3 [NON_LEADER]: Queue going to NON_LEADER mode. State: All replicated index: 0, Majority replicated index: 0, Committed index: 0, Last appended: 0.0, Last appended by leader: 0, Current term: 0, Majority size: -1, State: 0, Mode: NON_LEADER, active raft config: opid_index: -1 OBSOLETE_local: false peers { permanent_uuid: "3d6f5b2f91e54c8c95f7b19c1b9ecee2" member_type: VOTER last_known_addr { host: "127.31.17.129" port: 45711 } } peers { permanent_uuid: "6ba2a9c02b534120bbf26e56a1e920ca" member_type: VOTER last_known_addr { host: "127.31.17.130" port: 41159 } } peers { permanent_uuid: "50f7c2247be24f3685d7fbca7b6c71e3" member_type: VOTER last_known_addr { host: "127.31.17.131" port: 36245 } }
I20260709 13:12:22.033701   381 catalog_manager.cc:5697] T 12fb4cc9b97f4bab8a7fad87dcdba73c P 6ba2a9c02b534120bbf26e56a1e920ca reported cstate change: term changed from 0 to 1, leader changed from <none> to 6ba2a9c02b534120bbf26e56a1e920ca (127.31.17.130). New cstate: current_term: 1 leader_uuid: "6ba2a9c02b534120bbf26e56a1e920ca" committed_config { opid_index: -1 OBSOLETE_local: false peers { permanent_uuid: "3d6f5b2f91e54c8c95f7b19c1b9ecee2" member_type: VOTER last_known_addr { host: "127.31.17.129" port: 45711 } health_report { overall_health: UNKNOWN } } peers { permanent_uuid: "6ba2a9c02b534120bbf26e56a1e920ca" member_type: VOTER last_known_addr { host: "127.31.17.130" port: 41159 } health_report { overall_health: HEALTHY } } peers { permanent_uuid: "50f7c2247be24f3685d7fbca7b6c71e3" member_type: VOTER last_known_addr { host: "127.31.17.131" port: 36245 } health_report { overall_health: UNKNOWN } } }
I20260709 13:12:22.035276   675 raft_consensus.cc:359] T 82382f158074497a857b03f9f87f9e86 P 6ba2a9c02b534120bbf26e56a1e920ca [term 0 FOLLOWER]: Replica starting. Triggering 0 pending ops. Active config: opid_index: -1 OBSOLETE_local: false peers { permanent_uuid: "3d6f5b2f91e54c8c95f7b19c1b9ecee2" member_type: VOTER last_known_addr { host: "127.31.17.129" port: 45711 } } peers { permanent_uuid: "6ba2a9c02b534120bbf26e56a1e920ca" member_type: VOTER last_known_addr { host: "127.31.17.130" port: 41159 } } peers { permanent_uuid: "50f7c2247be24f3685d7fbca7b6c71e3" member_type: VOTER last_known_addr { host: "127.31.17.131" port: 36245 } }
I20260709 13:12:22.035763   673 ts_tablet_manager.cc:1434] T 82382f158074497a857b03f9f87f9e86 P 50f7c2247be24f3685d7fbca7b6c71e3: Time spent starting tablet: real 0.010s	user 0.009s	sys 0.000s
I20260709 13:12:22.036602   675 raft_consensus.cc:385] T 82382f158074497a857b03f9f87f9e86 P 6ba2a9c02b534120bbf26e56a1e920ca [term 0 FOLLOWER]: Consensus starting up: Expiring failure detector timer to make a prompt election more likely
I20260709 13:12:22.036917   675 raft_consensus.cc:740] T 82382f158074497a857b03f9f87f9e86 P 6ba2a9c02b534120bbf26e56a1e920ca [term 0 FOLLOWER]: Becoming Follower/Learner. State: Replica: 6ba2a9c02b534120bbf26e56a1e920ca, State: Initialized, Role: FOLLOWER
I20260709 13:12:22.037408   673 tablet_bootstrap.cc:492] T 227b93e1b31e4b058d5ec1fc69bd6849 P 50f7c2247be24f3685d7fbca7b6c71e3: Bootstrap starting.
I20260709 13:12:22.037585   675 consensus_queue.cc:260] T 82382f158074497a857b03f9f87f9e86 P 6ba2a9c02b534120bbf26e56a1e920ca [NON_LEADER]: Queue going to NON_LEADER mode. State: All replicated index: 0, Majority replicated index: 0, Committed index: 0, Last appended: 0.0, Last appended by leader: 0, Current term: 0, Majority size: -1, State: 0, Mode: NON_LEADER, active raft config: opid_index: -1 OBSOLETE_local: false peers { permanent_uuid: "3d6f5b2f91e54c8c95f7b19c1b9ecee2" member_type: VOTER last_known_addr { host: "127.31.17.129" port: 45711 } } peers { permanent_uuid: "6ba2a9c02b534120bbf26e56a1e920ca" member_type: VOTER last_known_addr { host: "127.31.17.130" port: 41159 } } peers { permanent_uuid: "50f7c2247be24f3685d7fbca7b6c71e3" member_type: VOTER last_known_addr { host: "127.31.17.131" port: 36245 } }
I20260709 13:12:22.040253   675 ts_tablet_manager.cc:1434] T 82382f158074497a857b03f9f87f9e86 P 6ba2a9c02b534120bbf26e56a1e920ca: Time spent starting tablet: real 0.024s	user 0.007s	sys 0.000s
I20260709 13:12:22.040989   675 tablet_bootstrap.cc:492] T 0ea38de651624cd48fa0e7a5a85467d5 P 6ba2a9c02b534120bbf26e56a1e920ca: Bootstrap starting.
I20260709 13:12:22.043663   674 tablet_bootstrap.cc:492] T 3253e2dfadea481ea66147319ece61c5 P 3d6f5b2f91e54c8c95f7b19c1b9ecee2: No bootstrap required, opened a new log
I20260709 13:12:22.044103   674 ts_tablet_manager.cc:1403] T 3253e2dfadea481ea66147319ece61c5 P 3d6f5b2f91e54c8c95f7b19c1b9ecee2: Time spent bootstrapping tablet: real 0.085s	user 0.017s	sys 0.025s
I20260709 13:12:22.046362   675 tablet_bootstrap.cc:654] T 0ea38de651624cd48fa0e7a5a85467d5 P 6ba2a9c02b534120bbf26e56a1e920ca: Neither blocks nor log segments found. Creating new log.
I20260709 13:12:22.046711   674 raft_consensus.cc:359] T 3253e2dfadea481ea66147319ece61c5 P 3d6f5b2f91e54c8c95f7b19c1b9ecee2 [term 0 FOLLOWER]: Replica starting. Triggering 0 pending ops. Active config: opid_index: -1 OBSOLETE_local: false peers { permanent_uuid: "3d6f5b2f91e54c8c95f7b19c1b9ecee2" member_type: VOTER last_known_addr { host: "127.31.17.129" port: 45711 } } peers { permanent_uuid: "6ba2a9c02b534120bbf26e56a1e920ca" member_type: VOTER last_known_addr { host: "127.31.17.130" port: 41159 } } peers { permanent_uuid: "50f7c2247be24f3685d7fbca7b6c71e3" member_type: VOTER last_known_addr { host: "127.31.17.131" port: 36245 } }
I20260709 13:12:22.050452   673 tablet_bootstrap.cc:654] T 227b93e1b31e4b058d5ec1fc69bd6849 P 50f7c2247be24f3685d7fbca7b6c71e3: Neither blocks nor log segments found. Creating new log.
I20260709 13:12:22.050724   674 raft_consensus.cc:385] T 3253e2dfadea481ea66147319ece61c5 P 3d6f5b2f91e54c8c95f7b19c1b9ecee2 [term 0 FOLLOWER]: Consensus starting up: Expiring failure detector timer to make a prompt election more likely
I20260709 13:12:22.051016   674 raft_consensus.cc:740] T 3253e2dfadea481ea66147319ece61c5 P 3d6f5b2f91e54c8c95f7b19c1b9ecee2 [term 0 FOLLOWER]: Becoming Follower/Learner. State: Replica: 3d6f5b2f91e54c8c95f7b19c1b9ecee2, State: Initialized, Role: FOLLOWER
I20260709 13:12:22.051728   674 consensus_queue.cc:260] T 3253e2dfadea481ea66147319ece61c5 P 3d6f5b2f91e54c8c95f7b19c1b9ecee2 [NON_LEADER]: Queue going to NON_LEADER mode. State: All replicated index: 0, Majority replicated index: 0, Committed index: 0, Last appended: 0.0, Last appended by leader: 0, Current term: 0, Majority size: -1, State: 0, Mode: NON_LEADER, active raft config: opid_index: -1 OBSOLETE_local: false peers { permanent_uuid: "3d6f5b2f91e54c8c95f7b19c1b9ecee2" member_type: VOTER last_known_addr { host: "127.31.17.129" port: 45711 } } peers { permanent_uuid: "6ba2a9c02b534120bbf26e56a1e920ca" member_type: VOTER last_known_addr { host: "127.31.17.130" port: 41159 } } peers { permanent_uuid: "50f7c2247be24f3685d7fbca7b6c71e3" member_type: VOTER last_known_addr { host: "127.31.17.131" port: 36245 } }
I20260709 13:12:22.053766   674 ts_tablet_manager.cc:1434] T 3253e2dfadea481ea66147319ece61c5 P 3d6f5b2f91e54c8c95f7b19c1b9ecee2: Time spent starting tablet: real 0.009s	user 0.003s	sys 0.002s
I20260709 13:12:22.054800   674 tablet_bootstrap.cc:492] T 82382f158074497a857b03f9f87f9e86 P 3d6f5b2f91e54c8c95f7b19c1b9ecee2: Bootstrap starting.
I20260709 13:12:22.061812   674 tablet_bootstrap.cc:654] T 82382f158074497a857b03f9f87f9e86 P 3d6f5b2f91e54c8c95f7b19c1b9ecee2: Neither blocks nor log segments found. Creating new log.
I20260709 13:12:22.068606   726 raft_consensus.cc:493] T 227b93e1b31e4b058d5ec1fc69bd6849 P 3d6f5b2f91e54c8c95f7b19c1b9ecee2 [term 0 FOLLOWER]: Starting pre-election (no leader contacted us within the election timeout)
I20260709 13:12:22.069280   726 raft_consensus.cc:515] T 227b93e1b31e4b058d5ec1fc69bd6849 P 3d6f5b2f91e54c8c95f7b19c1b9ecee2 [term 0 FOLLOWER]: Starting pre-election with config: opid_index: -1 OBSOLETE_local: false peers { permanent_uuid: "3d6f5b2f91e54c8c95f7b19c1b9ecee2" member_type: VOTER last_known_addr { host: "127.31.17.129" port: 45711 } } peers { permanent_uuid: "6ba2a9c02b534120bbf26e56a1e920ca" member_type: VOTER last_known_addr { host: "127.31.17.130" port: 41159 } } peers { permanent_uuid: "50f7c2247be24f3685d7fbca7b6c71e3" member_type: VOTER last_known_addr { host: "127.31.17.131" port: 36245 } }
I20260709 13:12:22.072095   787 raft_consensus.cc:493] T 82382f158074497a857b03f9f87f9e86 P 6ba2a9c02b534120bbf26e56a1e920ca [term 0 FOLLOWER]: Starting pre-election (no leader contacted us within the election timeout)
I20260709 13:12:22.072719   787 raft_consensus.cc:515] T 82382f158074497a857b03f9f87f9e86 P 6ba2a9c02b534120bbf26e56a1e920ca [term 0 FOLLOWER]: Starting pre-election with config: opid_index: -1 OBSOLETE_local: false peers { permanent_uuid: "3d6f5b2f91e54c8c95f7b19c1b9ecee2" member_type: VOTER last_known_addr { host: "127.31.17.129" port: 45711 } } peers { permanent_uuid: "6ba2a9c02b534120bbf26e56a1e920ca" member_type: VOTER last_known_addr { host: "127.31.17.130" port: 41159 } } peers { permanent_uuid: "50f7c2247be24f3685d7fbca7b6c71e3" member_type: VOTER last_known_addr { host: "127.31.17.131" port: 36245 } }
I20260709 13:12:22.074222   633 tablet_service.cc:1917] Received RequestConsensusVote() RPC: tablet_id: "227b93e1b31e4b058d5ec1fc69bd6849" candidate_uuid: "3d6f5b2f91e54c8c95f7b19c1b9ecee2" candidate_term: 1 candidate_status { last_received { term: 0 index: 0 } } ignore_live_leader: false dest_uuid: "50f7c2247be24f3685d7fbca7b6c71e3" is_pre_election: true
I20260709 13:12:22.075707   554 tablet_service.cc:1917] Received RequestConsensusVote() RPC: tablet_id: "227b93e1b31e4b058d5ec1fc69bd6849" candidate_uuid: "3d6f5b2f91e54c8c95f7b19c1b9ecee2" candidate_term: 1 candidate_status { last_received { term: 0 index: 0 } } ignore_live_leader: false dest_uuid: "6ba2a9c02b534120bbf26e56a1e920ca" is_pre_election: true
W20260709 13:12:22.076057   447 leader_election.cc:343] T 227b93e1b31e4b058d5ec1fc69bd6849 P 3d6f5b2f91e54c8c95f7b19c1b9ecee2 [CANDIDATE]: Term 1 pre-election: Tablet error from VoteRequest() call to peer 50f7c2247be24f3685d7fbca7b6c71e3 (127.31.17.131:36245): Illegal state: must be running to vote when last-logged opid is not known
I20260709 13:12:22.076535   554 raft_consensus.cc:2468] T 227b93e1b31e4b058d5ec1fc69bd6849 P 6ba2a9c02b534120bbf26e56a1e920ca [term 0 FOLLOWER]: Leader pre-election vote request: Granting yes vote for candidate 3d6f5b2f91e54c8c95f7b19c1b9ecee2 in term 0.
I20260709 13:12:22.076851   726 leader_election.cc:290] T 227b93e1b31e4b058d5ec1fc69bd6849 P 3d6f5b2f91e54c8c95f7b19c1b9ecee2 [CANDIDATE]: Term 1 pre-election: Requested pre-vote from peers 6ba2a9c02b534120bbf26e56a1e920ca (127.31.17.130:41159), 50f7c2247be24f3685d7fbca7b6c71e3 (127.31.17.131:36245)
I20260709 13:12:22.079623   448 leader_election.cc:304] T 227b93e1b31e4b058d5ec1fc69bd6849 P 3d6f5b2f91e54c8c95f7b19c1b9ecee2 [CANDIDATE]: Term 1 pre-election: Election decided. Result: candidate won. Election summary: received 3 responses out of 3 voters: 2 yes votes; 1 no votes. yes voters: 3d6f5b2f91e54c8c95f7b19c1b9ecee2, 6ba2a9c02b534120bbf26e56a1e920ca; no voters: 50f7c2247be24f3685d7fbca7b6c71e3
I20260709 13:12:22.082482   480 tablet_service.cc:1917] Received RequestConsensusVote() RPC: tablet_id: "82382f158074497a857b03f9f87f9e86" candidate_uuid: "6ba2a9c02b534120bbf26e56a1e920ca" candidate_term: 1 candidate_status { last_received { term: 0 index: 0 } } ignore_live_leader: false dest_uuid: "3d6f5b2f91e54c8c95f7b19c1b9ecee2" is_pre_election: true
W20260709 13:12:22.084389   525 leader_election.cc:343] T 82382f158074497a857b03f9f87f9e86 P 6ba2a9c02b534120bbf26e56a1e920ca [CANDIDATE]: Term 1 pre-election: Tablet error from VoteRequest() call to peer 3d6f5b2f91e54c8c95f7b19c1b9ecee2 (127.31.17.129:45711): Illegal state: must be running to vote when last-logged opid is not known
I20260709 13:12:22.085779   787 leader_election.cc:290] T 82382f158074497a857b03f9f87f9e86 P 6ba2a9c02b534120bbf26e56a1e920ca [CANDIDATE]: Term 1 pre-election: Requested pre-vote from peers 3d6f5b2f91e54c8c95f7b19c1b9ecee2 (127.31.17.129:45711), 50f7c2247be24f3685d7fbca7b6c71e3 (127.31.17.131:36245)
I20260709 13:12:22.086424   726 raft_consensus.cc:2804] T 227b93e1b31e4b058d5ec1fc69bd6849 P 3d6f5b2f91e54c8c95f7b19c1b9ecee2 [term 0 FOLLOWER]: Leader pre-election won for term 1
I20260709 13:12:22.086618   633 tablet_service.cc:1917] Received RequestConsensusVote() RPC: tablet_id: "82382f158074497a857b03f9f87f9e86" candidate_uuid: "6ba2a9c02b534120bbf26e56a1e920ca" candidate_term: 1 candidate_status { last_received { term: 0 index: 0 } } ignore_live_leader: false dest_uuid: "50f7c2247be24f3685d7fbca7b6c71e3" is_pre_election: true
I20260709 13:12:22.087455   633 raft_consensus.cc:2468] T 82382f158074497a857b03f9f87f9e86 P 50f7c2247be24f3685d7fbca7b6c71e3 [term 0 FOLLOWER]: Leader pre-election vote request: Granting yes vote for candidate 6ba2a9c02b534120bbf26e56a1e920ca in term 0.
I20260709 13:12:22.089488   522 leader_election.cc:304] T 82382f158074497a857b03f9f87f9e86 P 6ba2a9c02b534120bbf26e56a1e920ca [CANDIDATE]: Term 1 pre-election: Election decided. Result: candidate won. Election summary: received 3 responses out of 3 voters: 2 yes votes; 1 no votes. yes voters: 50f7c2247be24f3685d7fbca7b6c71e3, 6ba2a9c02b534120bbf26e56a1e920ca; no voters: 3d6f5b2f91e54c8c95f7b19c1b9ecee2
I20260709 13:12:22.091457   786 raft_consensus.cc:2804] T 82382f158074497a857b03f9f87f9e86 P 6ba2a9c02b534120bbf26e56a1e920ca [term 0 FOLLOWER]: Leader pre-election won for term 1
I20260709 13:12:22.091807   786 raft_consensus.cc:493] T 82382f158074497a857b03f9f87f9e86 P 6ba2a9c02b534120bbf26e56a1e920ca [term 0 FOLLOWER]: Starting leader election (no leader contacted us within the election timeout)
I20260709 13:12:22.092116   786 raft_consensus.cc:3060] T 82382f158074497a857b03f9f87f9e86 P 6ba2a9c02b534120bbf26e56a1e920ca [term 0 FOLLOWER]: Advancing to term 1
I20260709 13:12:22.097947   726 raft_consensus.cc:493] T 227b93e1b31e4b058d5ec1fc69bd6849 P 3d6f5b2f91e54c8c95f7b19c1b9ecee2 [term 0 FOLLOWER]: Starting leader election (no leader contacted us within the election timeout)
I20260709 13:12:22.098433   726 raft_consensus.cc:3060] T 227b93e1b31e4b058d5ec1fc69bd6849 P 3d6f5b2f91e54c8c95f7b19c1b9ecee2 [term 0 FOLLOWER]: Advancing to term 1
I20260709 13:12:22.098915   786 raft_consensus.cc:515] T 82382f158074497a857b03f9f87f9e86 P 6ba2a9c02b534120bbf26e56a1e920ca [term 1 FOLLOWER]: Starting leader election with config: opid_index: -1 OBSOLETE_local: false peers { permanent_uuid: "3d6f5b2f91e54c8c95f7b19c1b9ecee2" member_type: VOTER last_known_addr { host: "127.31.17.129" port: 45711 } } peers { permanent_uuid: "6ba2a9c02b534120bbf26e56a1e920ca" member_type: VOTER last_known_addr { host: "127.31.17.130" port: 41159 } } peers { permanent_uuid: "50f7c2247be24f3685d7fbca7b6c71e3" member_type: VOTER last_known_addr { host: "127.31.17.131" port: 36245 } }
I20260709 13:12:22.101089   786 leader_election.cc:290] T 82382f158074497a857b03f9f87f9e86 P 6ba2a9c02b534120bbf26e56a1e920ca [CANDIDATE]: Term 1 election: Requested vote from peers 3d6f5b2f91e54c8c95f7b19c1b9ecee2 (127.31.17.129:45711), 50f7c2247be24f3685d7fbca7b6c71e3 (127.31.17.131:36245)
I20260709 13:12:22.101926   480 tablet_service.cc:1917] Received RequestConsensusVote() RPC: tablet_id: "82382f158074497a857b03f9f87f9e86" candidate_uuid: "6ba2a9c02b534120bbf26e56a1e920ca" candidate_term: 1 candidate_status { last_received { term: 0 index: 0 } } ignore_live_leader: false dest_uuid: "3d6f5b2f91e54c8c95f7b19c1b9ecee2"
W20260709 13:12:22.103575   525 leader_election.cc:343] T 82382f158074497a857b03f9f87f9e86 P 6ba2a9c02b534120bbf26e56a1e920ca [CANDIDATE]: Term 1 election: Tablet error from VoteRequest() call to peer 3d6f5b2f91e54c8c95f7b19c1b9ecee2 (127.31.17.129:45711): Illegal state: must be running to vote when last-logged opid is not known
I20260709 13:12:22.106830   633 tablet_service.cc:1917] Received RequestConsensusVote() RPC: tablet_id: "82382f158074497a857b03f9f87f9e86" candidate_uuid: "6ba2a9c02b534120bbf26e56a1e920ca" candidate_term: 1 candidate_status { last_received { term: 0 index: 0 } } ignore_live_leader: false dest_uuid: "50f7c2247be24f3685d7fbca7b6c71e3"
I20260709 13:12:22.107782   633 raft_consensus.cc:3060] T 82382f158074497a857b03f9f87f9e86 P 50f7c2247be24f3685d7fbca7b6c71e3 [term 0 FOLLOWER]: Advancing to term 1
I20260709 13:12:22.110891   675 tablet_bootstrap.cc:492] T 0ea38de651624cd48fa0e7a5a85467d5 P 6ba2a9c02b534120bbf26e56a1e920ca: No bootstrap required, opened a new log
I20260709 13:12:22.111354   675 ts_tablet_manager.cc:1403] T 0ea38de651624cd48fa0e7a5a85467d5 P 6ba2a9c02b534120bbf26e56a1e920ca: Time spent bootstrapping tablet: real 0.070s	user 0.029s	sys 0.032s
I20260709 13:12:22.113844   675 raft_consensus.cc:359] T 0ea38de651624cd48fa0e7a5a85467d5 P 6ba2a9c02b534120bbf26e56a1e920ca [term 0 FOLLOWER]: Replica starting. Triggering 0 pending ops. Active config: opid_index: -1 OBSOLETE_local: false peers { permanent_uuid: "3d6f5b2f91e54c8c95f7b19c1b9ecee2" member_type: VOTER last_known_addr { host: "127.31.17.129" port: 45711 } } peers { permanent_uuid: "6ba2a9c02b534120bbf26e56a1e920ca" member_type: VOTER last_known_addr { host: "127.31.17.130" port: 41159 } } peers { permanent_uuid: "50f7c2247be24f3685d7fbca7b6c71e3" member_type: VOTER last_known_addr { host: "127.31.17.131" port: 36245 } }
I20260709 13:12:22.114485   675 raft_consensus.cc:385] T 0ea38de651624cd48fa0e7a5a85467d5 P 6ba2a9c02b534120bbf26e56a1e920ca [term 0 FOLLOWER]: Consensus starting up: Expiring failure detector timer to make a prompt election more likely
I20260709 13:12:22.116623   675 raft_consensus.cc:740] T 0ea38de651624cd48fa0e7a5a85467d5 P 6ba2a9c02b534120bbf26e56a1e920ca [term 0 FOLLOWER]: Becoming Follower/Learner. State: Replica: 6ba2a9c02b534120bbf26e56a1e920ca, State: Initialized, Role: FOLLOWER
I20260709 13:12:22.117276   675 consensus_queue.cc:260] T 0ea38de651624cd48fa0e7a5a85467d5 P 6ba2a9c02b534120bbf26e56a1e920ca [NON_LEADER]: Queue going to NON_LEADER mode. State: All replicated index: 0, Majority replicated index: 0, Committed index: 0, Last appended: 0.0, Last appended by leader: 0, Current term: 0, Majority size: -1, State: 0, Mode: NON_LEADER, active raft config: opid_index: -1 OBSOLETE_local: false peers { permanent_uuid: "3d6f5b2f91e54c8c95f7b19c1b9ecee2" member_type: VOTER last_known_addr { host: "127.31.17.129" port: 45711 } } peers { permanent_uuid: "6ba2a9c02b534120bbf26e56a1e920ca" member_type: VOTER last_known_addr { host: "127.31.17.130" port: 41159 } } peers { permanent_uuid: "50f7c2247be24f3685d7fbca7b6c71e3" member_type: VOTER last_known_addr { host: "127.31.17.131" port: 36245 } }
I20260709 13:12:22.117847   633 raft_consensus.cc:2468] T 82382f158074497a857b03f9f87f9e86 P 50f7c2247be24f3685d7fbca7b6c71e3 [term 1 FOLLOWER]: Leader election vote request: Granting yes vote for candidate 6ba2a9c02b534120bbf26e56a1e920ca in term 1.
I20260709 13:12:22.118983   522 leader_election.cc:304] T 82382f158074497a857b03f9f87f9e86 P 6ba2a9c02b534120bbf26e56a1e920ca [CANDIDATE]: Term 1 election: Election decided. Result: candidate won. Election summary: received 3 responses out of 3 voters: 2 yes votes; 1 no votes. yes voters: 50f7c2247be24f3685d7fbca7b6c71e3, 6ba2a9c02b534120bbf26e56a1e920ca; no voters: 3d6f5b2f91e54c8c95f7b19c1b9ecee2
I20260709 13:12:22.119252   675 ts_tablet_manager.cc:1434] T 0ea38de651624cd48fa0e7a5a85467d5 P 6ba2a9c02b534120bbf26e56a1e920ca: Time spent starting tablet: real 0.008s	user 0.003s	sys 0.000s
I20260709 13:12:22.119868   786 raft_consensus.cc:2804] T 82382f158074497a857b03f9f87f9e86 P 6ba2a9c02b534120bbf26e56a1e920ca [term 1 FOLLOWER]: Leader election won for term 1
I20260709 13:12:22.119729   726 raft_consensus.cc:515] T 227b93e1b31e4b058d5ec1fc69bd6849 P 3d6f5b2f91e54c8c95f7b19c1b9ecee2 [term 1 FOLLOWER]: Starting leader election with config: opid_index: -1 OBSOLETE_local: false peers { permanent_uuid: "3d6f5b2f91e54c8c95f7b19c1b9ecee2" member_type: VOTER last_known_addr { host: "127.31.17.129" port: 45711 } } peers { permanent_uuid: "6ba2a9c02b534120bbf26e56a1e920ca" member_type: VOTER last_known_addr { host: "127.31.17.130" port: 41159 } } peers { permanent_uuid: "50f7c2247be24f3685d7fbca7b6c71e3" member_type: VOTER last_known_addr { host: "127.31.17.131" port: 36245 } }
I20260709 13:12:22.120328   675 tablet_bootstrap.cc:492] T d74f5d3a02ed490499ba666721531edc P 6ba2a9c02b534120bbf26e56a1e920ca: Bootstrap starting.
I20260709 13:12:22.120420   786 raft_consensus.cc:697] T 82382f158074497a857b03f9f87f9e86 P 6ba2a9c02b534120bbf26e56a1e920ca [term 1 LEADER]: Becoming Leader. State: Replica: 6ba2a9c02b534120bbf26e56a1e920ca, State: Running, Role: LEADER
I20260709 13:12:22.121199   786 consensus_queue.cc:237] T 82382f158074497a857b03f9f87f9e86 P 6ba2a9c02b534120bbf26e56a1e920ca [LEADER]: Queue going to LEADER mode. State: All replicated index: 0, Majority replicated index: 0, Committed index: 0, Last appended: 0.0, Last appended by leader: 0, Current term: 1, Majority size: 2, State: 0, Mode: LEADER, active raft config: opid_index: -1 OBSOLETE_local: false peers { permanent_uuid: "3d6f5b2f91e54c8c95f7b19c1b9ecee2" member_type: VOTER last_known_addr { host: "127.31.17.129" port: 45711 } } peers { permanent_uuid: "6ba2a9c02b534120bbf26e56a1e920ca" member_type: VOTER last_known_addr { host: "127.31.17.130" port: 41159 } } peers { permanent_uuid: "50f7c2247be24f3685d7fbca7b6c71e3" member_type: VOTER last_known_addr { host: "127.31.17.131" port: 36245 } }
I20260709 13:12:22.121798   726 leader_election.cc:290] T 227b93e1b31e4b058d5ec1fc69bd6849 P 3d6f5b2f91e54c8c95f7b19c1b9ecee2 [CANDIDATE]: Term 1 election: Requested vote from peers 6ba2a9c02b534120bbf26e56a1e920ca (127.31.17.130:41159), 50f7c2247be24f3685d7fbca7b6c71e3 (127.31.17.131:36245)
I20260709 13:12:22.124063   554 tablet_service.cc:1917] Received RequestConsensusVote() RPC: tablet_id: "227b93e1b31e4b058d5ec1fc69bd6849" candidate_uuid: "3d6f5b2f91e54c8c95f7b19c1b9ecee2" candidate_term: 1 candidate_status { last_received { term: 0 index: 0 } } ignore_live_leader: false dest_uuid: "6ba2a9c02b534120bbf26e56a1e920ca"
I20260709 13:12:22.124600   554 raft_consensus.cc:3060] T 227b93e1b31e4b058d5ec1fc69bd6849 P 6ba2a9c02b534120bbf26e56a1e920ca [term 0 FOLLOWER]: Advancing to term 1
I20260709 13:12:22.126374   675 tablet_bootstrap.cc:654] T d74f5d3a02ed490499ba666721531edc P 6ba2a9c02b534120bbf26e56a1e920ca: Neither blocks nor log segments found. Creating new log.
I20260709 13:12:22.116335   673 tablet_bootstrap.cc:492] T 227b93e1b31e4b058d5ec1fc69bd6849 P 50f7c2247be24f3685d7fbca7b6c71e3: No bootstrap required, opened a new log
I20260709 13:12:22.127671   673 ts_tablet_manager.cc:1403] T 227b93e1b31e4b058d5ec1fc69bd6849 P 50f7c2247be24f3685d7fbca7b6c71e3: Time spent bootstrapping tablet: real 0.090s	user 0.012s	sys 0.006s
I20260709 13:12:22.129280   674 tablet_bootstrap.cc:492] T 82382f158074497a857b03f9f87f9e86 P 3d6f5b2f91e54c8c95f7b19c1b9ecee2: No bootstrap required, opened a new log
I20260709 13:12:22.129709   674 ts_tablet_manager.cc:1403] T 82382f158074497a857b03f9f87f9e86 P 3d6f5b2f91e54c8c95f7b19c1b9ecee2: Time spent bootstrapping tablet: real 0.075s	user 0.028s	sys 0.024s
I20260709 13:12:22.130183   673 raft_consensus.cc:359] T 227b93e1b31e4b058d5ec1fc69bd6849 P 50f7c2247be24f3685d7fbca7b6c71e3 [term 0 FOLLOWER]: Replica starting. Triggering 0 pending ops. Active config: opid_index: -1 OBSOLETE_local: false peers { permanent_uuid: "3d6f5b2f91e54c8c95f7b19c1b9ecee2" member_type: VOTER last_known_addr { host: "127.31.17.129" port: 45711 } } peers { permanent_uuid: "6ba2a9c02b534120bbf26e56a1e920ca" member_type: VOTER last_known_addr { host: "127.31.17.130" port: 41159 } } peers { permanent_uuid: "50f7c2247be24f3685d7fbca7b6c71e3" member_type: VOTER last_known_addr { host: "127.31.17.131" port: 36245 } }
I20260709 13:12:22.130718   673 raft_consensus.cc:385] T 227b93e1b31e4b058d5ec1fc69bd6849 P 50f7c2247be24f3685d7fbca7b6c71e3 [term 0 FOLLOWER]: Consensus starting up: Expiring failure detector timer to make a prompt election more likely
I20260709 13:12:22.130884   673 raft_consensus.cc:740] T 227b93e1b31e4b058d5ec1fc69bd6849 P 50f7c2247be24f3685d7fbca7b6c71e3 [term 0 FOLLOWER]: Becoming Follower/Learner. State: Replica: 50f7c2247be24f3685d7fbca7b6c71e3, State: Initialized, Role: FOLLOWER
I20260709 13:12:22.131450   673 consensus_queue.cc:260] T 227b93e1b31e4b058d5ec1fc69bd6849 P 50f7c2247be24f3685d7fbca7b6c71e3 [NON_LEADER]: Queue going to NON_LEADER mode. State: All replicated index: 0, Majority replicated index: 0, Committed index: 0, Last appended: 0.0, Last appended by leader: 0, Current term: 0, Majority size: -1, State: 0, Mode: NON_LEADER, active raft config: opid_index: -1 OBSOLETE_local: false peers { permanent_uuid: "3d6f5b2f91e54c8c95f7b19c1b9ecee2" member_type: VOTER last_known_addr { host: "127.31.17.129" port: 45711 } } peers { permanent_uuid: "6ba2a9c02b534120bbf26e56a1e920ca" member_type: VOTER last_known_addr { host: "127.31.17.130" port: 41159 } } peers { permanent_uuid: "50f7c2247be24f3685d7fbca7b6c71e3" member_type: VOTER last_known_addr { host: "127.31.17.131" port: 36245 } }
I20260709 13:12:22.131718   554 raft_consensus.cc:2468] T 227b93e1b31e4b058d5ec1fc69bd6849 P 6ba2a9c02b534120bbf26e56a1e920ca [term 1 FOLLOWER]: Leader election vote request: Granting yes vote for candidate 3d6f5b2f91e54c8c95f7b19c1b9ecee2 in term 1.
I20260709 13:12:22.133414   448 leader_election.cc:304] T 227b93e1b31e4b058d5ec1fc69bd6849 P 3d6f5b2f91e54c8c95f7b19c1b9ecee2 [CANDIDATE]: Term 1 election: Election decided. Result: candidate won. Election summary: received 2 responses out of 3 voters: 2 yes votes; 0 no votes. yes voters: 3d6f5b2f91e54c8c95f7b19c1b9ecee2, 6ba2a9c02b534120bbf26e56a1e920ca; no voters: 
I20260709 13:12:22.134528   726 raft_consensus.cc:2804] T 227b93e1b31e4b058d5ec1fc69bd6849 P 3d6f5b2f91e54c8c95f7b19c1b9ecee2 [term 1 FOLLOWER]: Leader election won for term 1
I20260709 13:12:22.134982   726 raft_consensus.cc:697] T 227b93e1b31e4b058d5ec1fc69bd6849 P 3d6f5b2f91e54c8c95f7b19c1b9ecee2 [term 1 LEADER]: Becoming Leader. State: Replica: 3d6f5b2f91e54c8c95f7b19c1b9ecee2, State: Running, Role: LEADER
I20260709 13:12:22.135972   726 consensus_queue.cc:237] T 227b93e1b31e4b058d5ec1fc69bd6849 P 3d6f5b2f91e54c8c95f7b19c1b9ecee2 [LEADER]: Queue going to LEADER mode. State: All replicated index: 0, Majority replicated index: 0, Committed index: 0, Last appended: 0.0, Last appended by leader: 0, Current term: 1, Majority size: 2, State: 0, Mode: LEADER, active raft config: opid_index: -1 OBSOLETE_local: false peers { permanent_uuid: "3d6f5b2f91e54c8c95f7b19c1b9ecee2" member_type: VOTER last_known_addr { host: "127.31.17.129" port: 45711 } } peers { permanent_uuid: "6ba2a9c02b534120bbf26e56a1e920ca" member_type: VOTER last_known_addr { host: "127.31.17.130" port: 41159 } } peers { permanent_uuid: "50f7c2247be24f3685d7fbca7b6c71e3" member_type: VOTER last_known_addr { host: "127.31.17.131" port: 36245 } }
I20260709 13:12:22.136361   674 raft_consensus.cc:359] T 82382f158074497a857b03f9f87f9e86 P 3d6f5b2f91e54c8c95f7b19c1b9ecee2 [term 0 FOLLOWER]: Replica starting. Triggering 0 pending ops. Active config: opid_index: -1 OBSOLETE_local: false peers { permanent_uuid: "3d6f5b2f91e54c8c95f7b19c1b9ecee2" member_type: VOTER last_known_addr { host: "127.31.17.129" port: 45711 } } peers { permanent_uuid: "6ba2a9c02b534120bbf26e56a1e920ca" member_type: VOTER last_known_addr { host: "127.31.17.130" port: 41159 } } peers { permanent_uuid: "50f7c2247be24f3685d7fbca7b6c71e3" member_type: VOTER last_known_addr { host: "127.31.17.131" port: 36245 } }
I20260709 13:12:22.136979   674 raft_consensus.cc:385] T 82382f158074497a857b03f9f87f9e86 P 3d6f5b2f91e54c8c95f7b19c1b9ecee2 [term 0 FOLLOWER]: Consensus starting up: Expiring failure detector timer to make a prompt election more likely
I20260709 13:12:22.137243   674 raft_consensus.cc:740] T 82382f158074497a857b03f9f87f9e86 P 3d6f5b2f91e54c8c95f7b19c1b9ecee2 [term 0 FOLLOWER]: Becoming Follower/Learner. State: Replica: 3d6f5b2f91e54c8c95f7b19c1b9ecee2, State: Initialized, Role: FOLLOWER
I20260709 13:12:22.142517   633 tablet_service.cc:1917] Received RequestConsensusVote() RPC: tablet_id: "227b93e1b31e4b058d5ec1fc69bd6849" candidate_uuid: "3d6f5b2f91e54c8c95f7b19c1b9ecee2" candidate_term: 1 candidate_status { last_received { term: 0 index: 0 } } ignore_live_leader: false dest_uuid: "50f7c2247be24f3685d7fbca7b6c71e3"
I20260709 13:12:22.143894   633 raft_consensus.cc:3060] T 227b93e1b31e4b058d5ec1fc69bd6849 P 50f7c2247be24f3685d7fbca7b6c71e3 [term 0 FOLLOWER]: Advancing to term 1
I20260709 13:12:22.144130   673 ts_tablet_manager.cc:1434] T 227b93e1b31e4b058d5ec1fc69bd6849 P 50f7c2247be24f3685d7fbca7b6c71e3: Time spent starting tablet: real 0.016s	user 0.005s	sys 0.000s
I20260709 13:12:22.145798   673 tablet_bootstrap.cc:492] T d74f5d3a02ed490499ba666721531edc P 50f7c2247be24f3685d7fbca7b6c71e3: Bootstrap starting.
I20260709 13:12:22.139683   674 consensus_queue.cc:260] T 82382f158074497a857b03f9f87f9e86 P 3d6f5b2f91e54c8c95f7b19c1b9ecee2 [NON_LEADER]: Queue going to NON_LEADER mode. State: All replicated index: 0, Majority replicated index: 0, Committed index: 0, Last appended: 0.0, Last appended by leader: 0, Current term: 0, Majority size: -1, State: 0, Mode: NON_LEADER, active raft config: opid_index: -1 OBSOLETE_local: false peers { permanent_uuid: "3d6f5b2f91e54c8c95f7b19c1b9ecee2" member_type: VOTER last_known_addr { host: "127.31.17.129" port: 45711 } } peers { permanent_uuid: "6ba2a9c02b534120bbf26e56a1e920ca" member_type: VOTER last_known_addr { host: "127.31.17.130" port: 41159 } } peers { permanent_uuid: "50f7c2247be24f3685d7fbca7b6c71e3" member_type: VOTER last_known_addr { host: "127.31.17.131" port: 36245 } }
I20260709 13:12:22.156697   674 ts_tablet_manager.cc:1434] T 82382f158074497a857b03f9f87f9e86 P 3d6f5b2f91e54c8c95f7b19c1b9ecee2: Time spent starting tablet: real 0.027s	user 0.007s	sys 0.000s
I20260709 13:12:22.157522   380 catalog_manager.cc:5697] T 82382f158074497a857b03f9f87f9e86 P 6ba2a9c02b534120bbf26e56a1e920ca reported cstate change: term changed from 0 to 1, leader changed from <none> to 6ba2a9c02b534120bbf26e56a1e920ca (127.31.17.130). New cstate: current_term: 1 leader_uuid: "6ba2a9c02b534120bbf26e56a1e920ca" committed_config { opid_index: -1 OBSOLETE_local: false peers { permanent_uuid: "3d6f5b2f91e54c8c95f7b19c1b9ecee2" member_type: VOTER last_known_addr { host: "127.31.17.129" port: 45711 } health_report { overall_health: UNKNOWN } } peers { permanent_uuid: "6ba2a9c02b534120bbf26e56a1e920ca" member_type: VOTER last_known_addr { host: "127.31.17.130" port: 41159 } health_report { overall_health: HEALTHY } } peers { permanent_uuid: "50f7c2247be24f3685d7fbca7b6c71e3" member_type: VOTER last_known_addr { host: "127.31.17.131" port: 36245 } health_report { overall_health: UNKNOWN } } }
I20260709 13:12:22.158667   674 tablet_bootstrap.cc:492] T e4bd90dfa0b4483dae082de5ca5e77f0 P 3d6f5b2f91e54c8c95f7b19c1b9ecee2: Bootstrap starting.
I20260709 13:12:22.162370   633 raft_consensus.cc:2468] T 227b93e1b31e4b058d5ec1fc69bd6849 P 50f7c2247be24f3685d7fbca7b6c71e3 [term 1 FOLLOWER]: Leader election vote request: Granting yes vote for candidate 3d6f5b2f91e54c8c95f7b19c1b9ecee2 in term 1.
I20260709 13:12:22.162392   378 catalog_manager.cc:5697] T 227b93e1b31e4b058d5ec1fc69bd6849 P 3d6f5b2f91e54c8c95f7b19c1b9ecee2 reported cstate change: term changed from 0 to 1, leader changed from <none> to 3d6f5b2f91e54c8c95f7b19c1b9ecee2 (127.31.17.129). New cstate: current_term: 1 leader_uuid: "3d6f5b2f91e54c8c95f7b19c1b9ecee2" committed_config { opid_index: -1 OBSOLETE_local: false peers { permanent_uuid: "3d6f5b2f91e54c8c95f7b19c1b9ecee2" member_type: VOTER last_known_addr { host: "127.31.17.129" port: 45711 } health_report { overall_health: HEALTHY } } peers { permanent_uuid: "6ba2a9c02b534120bbf26e56a1e920ca" member_type: VOTER last_known_addr { host: "127.31.17.130" port: 41159 } health_report { overall_health: UNKNOWN } } peers { permanent_uuid: "50f7c2247be24f3685d7fbca7b6c71e3" member_type: VOTER last_known_addr { host: "127.31.17.131" port: 36245 } health_report { overall_health: UNKNOWN } } }
I20260709 13:12:22.165187   674 tablet_bootstrap.cc:654] T e4bd90dfa0b4483dae082de5ca5e77f0 P 3d6f5b2f91e54c8c95f7b19c1b9ecee2: Neither blocks nor log segments found. Creating new log.
I20260709 13:12:22.173169   673 tablet_bootstrap.cc:654] T d74f5d3a02ed490499ba666721531edc P 50f7c2247be24f3685d7fbca7b6c71e3: Neither blocks nor log segments found. Creating new log.
I20260709 13:12:22.173943   675 tablet_bootstrap.cc:492] T d74f5d3a02ed490499ba666721531edc P 6ba2a9c02b534120bbf26e56a1e920ca: No bootstrap required, opened a new log
I20260709 13:12:22.174492   675 ts_tablet_manager.cc:1403] T d74f5d3a02ed490499ba666721531edc P 6ba2a9c02b534120bbf26e56a1e920ca: Time spent bootstrapping tablet: real 0.054s	user 0.021s	sys 0.008s
I20260709 13:12:22.177420   675 raft_consensus.cc:359] T d74f5d3a02ed490499ba666721531edc P 6ba2a9c02b534120bbf26e56a1e920ca [term 0 FOLLOWER]: Replica starting. Triggering 0 pending ops. Active config: opid_index: -1 OBSOLETE_local: false peers { permanent_uuid: "3d6f5b2f91e54c8c95f7b19c1b9ecee2" member_type: VOTER last_known_addr { host: "127.31.17.129" port: 45711 } } peers { permanent_uuid: "6ba2a9c02b534120bbf26e56a1e920ca" member_type: VOTER last_known_addr { host: "127.31.17.130" port: 41159 } } peers { permanent_uuid: "50f7c2247be24f3685d7fbca7b6c71e3" member_type: VOTER last_known_addr { host: "127.31.17.131" port: 36245 } }
I20260709 13:12:22.178201   675 raft_consensus.cc:385] T d74f5d3a02ed490499ba666721531edc P 6ba2a9c02b534120bbf26e56a1e920ca [term 0 FOLLOWER]: Consensus starting up: Expiring failure detector timer to make a prompt election more likely
I20260709 13:12:22.178480   675 raft_consensus.cc:740] T d74f5d3a02ed490499ba666721531edc P 6ba2a9c02b534120bbf26e56a1e920ca [term 0 FOLLOWER]: Becoming Follower/Learner. State: Replica: 6ba2a9c02b534120bbf26e56a1e920ca, State: Initialized, Role: FOLLOWER
I20260709 13:12:22.180174   675 consensus_queue.cc:260] T d74f5d3a02ed490499ba666721531edc P 6ba2a9c02b534120bbf26e56a1e920ca [NON_LEADER]: Queue going to NON_LEADER mode. State: All replicated index: 0, Majority replicated index: 0, Committed index: 0, Last appended: 0.0, Last appended by leader: 0, Current term: 0, Majority size: -1, State: 0, Mode: NON_LEADER, active raft config: opid_index: -1 OBSOLETE_local: false peers { permanent_uuid: "3d6f5b2f91e54c8c95f7b19c1b9ecee2" member_type: VOTER last_known_addr { host: "127.31.17.129" port: 45711 } } peers { permanent_uuid: "6ba2a9c02b534120bbf26e56a1e920ca" member_type: VOTER last_known_addr { host: "127.31.17.130" port: 41159 } } peers { permanent_uuid: "50f7c2247be24f3685d7fbca7b6c71e3" member_type: VOTER last_known_addr { host: "127.31.17.131" port: 36245 } }
I20260709 13:12:22.183969   675 ts_tablet_manager.cc:1434] T d74f5d3a02ed490499ba666721531edc P 6ba2a9c02b534120bbf26e56a1e920ca: Time spent starting tablet: real 0.009s	user 0.007s	sys 0.000s
I20260709 13:12:22.185132   675 tablet_bootstrap.cc:492] T 3253e2dfadea481ea66147319ece61c5 P 6ba2a9c02b534120bbf26e56a1e920ca: Bootstrap starting.
I20260709 13:12:22.188959   786 consensus_queue.cc:1048] T 67e346d318734aba97a45543ff4ad474 P 6ba2a9c02b534120bbf26e56a1e920ca [LEADER]: Connected to new peer: Peer: permanent_uuid: "50f7c2247be24f3685d7fbca7b6c71e3" member_type: VOTER last_known_addr { host: "127.31.17.131" port: 36245 }, Status: LMP_MISMATCH, Last received: 0.0, Next index: 1, Last known committed idx: 0, Time since last communication: 0.000s
I20260709 13:12:22.192734   675 tablet_bootstrap.cc:654] T 3253e2dfadea481ea66147319ece61c5 P 6ba2a9c02b534120bbf26e56a1e920ca: Neither blocks nor log segments found. Creating new log.
I20260709 13:12:22.202548   674 tablet_bootstrap.cc:492] T e4bd90dfa0b4483dae082de5ca5e77f0 P 3d6f5b2f91e54c8c95f7b19c1b9ecee2: No bootstrap required, opened a new log
I20260709 13:12:22.202648   675 tablet_bootstrap.cc:492] T 3253e2dfadea481ea66147319ece61c5 P 6ba2a9c02b534120bbf26e56a1e920ca: No bootstrap required, opened a new log
I20260709 13:12:22.203152   675 ts_tablet_manager.cc:1403] T 3253e2dfadea481ea66147319ece61c5 P 6ba2a9c02b534120bbf26e56a1e920ca: Time spent bootstrapping tablet: real 0.018s	user 0.015s	sys 0.000s
I20260709 13:12:22.203152   674 ts_tablet_manager.cc:1403] T e4bd90dfa0b4483dae082de5ca5e77f0 P 3d6f5b2f91e54c8c95f7b19c1b9ecee2: Time spent bootstrapping tablet: real 0.045s	user 0.026s	sys 0.013s
I20260709 13:12:22.206372   675 raft_consensus.cc:359] T 3253e2dfadea481ea66147319ece61c5 P 6ba2a9c02b534120bbf26e56a1e920ca [term 0 FOLLOWER]: Replica starting. Triggering 0 pending ops. Active config: opid_index: -1 OBSOLETE_local: false peers { permanent_uuid: "3d6f5b2f91e54c8c95f7b19c1b9ecee2" member_type: VOTER last_known_addr { host: "127.31.17.129" port: 45711 } } peers { permanent_uuid: "6ba2a9c02b534120bbf26e56a1e920ca" member_type: VOTER last_known_addr { host: "127.31.17.130" port: 41159 } } peers { permanent_uuid: "50f7c2247be24f3685d7fbca7b6c71e3" member_type: VOTER last_known_addr { host: "127.31.17.131" port: 36245 } }
I20260709 13:12:22.207084   675 raft_consensus.cc:385] T 3253e2dfadea481ea66147319ece61c5 P 6ba2a9c02b534120bbf26e56a1e920ca [term 0 FOLLOWER]: Consensus starting up: Expiring failure detector timer to make a prompt election more likely
I20260709 13:12:22.207444   675 raft_consensus.cc:740] T 3253e2dfadea481ea66147319ece61c5 P 6ba2a9c02b534120bbf26e56a1e920ca [term 0 FOLLOWER]: Becoming Follower/Learner. State: Replica: 6ba2a9c02b534120bbf26e56a1e920ca, State: Initialized, Role: FOLLOWER
I20260709 13:12:22.208297   675 consensus_queue.cc:260] T 3253e2dfadea481ea66147319ece61c5 P 6ba2a9c02b534120bbf26e56a1e920ca [NON_LEADER]: Queue going to NON_LEADER mode. State: All replicated index: 0, Majority replicated index: 0, Committed index: 0, Last appended: 0.0, Last appended by leader: 0, Current term: 0, Majority size: -1, State: 0, Mode: NON_LEADER, active raft config: opid_index: -1 OBSOLETE_local: false peers { permanent_uuid: "3d6f5b2f91e54c8c95f7b19c1b9ecee2" member_type: VOTER last_known_addr { host: "127.31.17.129" port: 45711 } } peers { permanent_uuid: "6ba2a9c02b534120bbf26e56a1e920ca" member_type: VOTER last_known_addr { host: "127.31.17.130" port: 41159 } } peers { permanent_uuid: "50f7c2247be24f3685d7fbca7b6c71e3" member_type: VOTER last_known_addr { host: "127.31.17.131" port: 36245 } }
I20260709 13:12:22.209563   674 raft_consensus.cc:359] T e4bd90dfa0b4483dae082de5ca5e77f0 P 3d6f5b2f91e54c8c95f7b19c1b9ecee2 [term 0 FOLLOWER]: Replica starting. Triggering 0 pending ops. Active config: opid_index: -1 OBSOLETE_local: false peers { permanent_uuid: "3d6f5b2f91e54c8c95f7b19c1b9ecee2" member_type: VOTER last_known_addr { host: "127.31.17.129" port: 45711 } } peers { permanent_uuid: "6ba2a9c02b534120bbf26e56a1e920ca" member_type: VOTER last_known_addr { host: "127.31.17.130" port: 41159 } } peers { permanent_uuid: "50f7c2247be24f3685d7fbca7b6c71e3" member_type: VOTER last_known_addr { host: "127.31.17.131" port: 36245 } }
I20260709 13:12:22.210204   674 raft_consensus.cc:385] T e4bd90dfa0b4483dae082de5ca5e77f0 P 3d6f5b2f91e54c8c95f7b19c1b9ecee2 [term 0 FOLLOWER]: Consensus starting up: Expiring failure detector timer to make a prompt election more likely
I20260709 13:12:22.210309   675 ts_tablet_manager.cc:1434] T 3253e2dfadea481ea66147319ece61c5 P 6ba2a9c02b534120bbf26e56a1e920ca: Time spent starting tablet: real 0.007s	user 0.007s	sys 0.000s
I20260709 13:12:22.210500   674 raft_consensus.cc:740] T e4bd90dfa0b4483dae082de5ca5e77f0 P 3d6f5b2f91e54c8c95f7b19c1b9ecee2 [term 0 FOLLOWER]: Becoming Follower/Learner. State: Replica: 3d6f5b2f91e54c8c95f7b19c1b9ecee2, State: Initialized, Role: FOLLOWER
I20260709 13:12:22.212064   674 consensus_queue.cc:260] T e4bd90dfa0b4483dae082de5ca5e77f0 P 3d6f5b2f91e54c8c95f7b19c1b9ecee2 [NON_LEADER]: Queue going to NON_LEADER mode. State: All replicated index: 0, Majority replicated index: 0, Committed index: 0, Last appended: 0.0, Last appended by leader: 0, Current term: 0, Majority size: -1, State: 0, Mode: NON_LEADER, active raft config: opid_index: -1 OBSOLETE_local: false peers { permanent_uuid: "3d6f5b2f91e54c8c95f7b19c1b9ecee2" member_type: VOTER last_known_addr { host: "127.31.17.129" port: 45711 } } peers { permanent_uuid: "6ba2a9c02b534120bbf26e56a1e920ca" member_type: VOTER last_known_addr { host: "127.31.17.130" port: 41159 } } peers { permanent_uuid: "50f7c2247be24f3685d7fbca7b6c71e3" member_type: VOTER last_known_addr { host: "127.31.17.131" port: 36245 } }
I20260709 13:12:22.213110   675 tablet_bootstrap.cc:492] T 99b1684e65e840ce8bcb13346b86d204 P 6ba2a9c02b534120bbf26e56a1e920ca: Bootstrap starting.
I20260709 13:12:22.213323   786 consensus_queue.cc:1048] T 67e346d318734aba97a45543ff4ad474 P 6ba2a9c02b534120bbf26e56a1e920ca [LEADER]: Connected to new peer: Peer: permanent_uuid: "3d6f5b2f91e54c8c95f7b19c1b9ecee2" member_type: VOTER last_known_addr { host: "127.31.17.129" port: 45711 }, Status: LMP_MISMATCH, Last received: 0.0, Next index: 1, Last known committed idx: 0, Time since last communication: 0.000s
I20260709 13:12:22.226982   675 tablet_bootstrap.cc:654] T 99b1684e65e840ce8bcb13346b86d204 P 6ba2a9c02b534120bbf26e56a1e920ca: Neither blocks nor log segments found. Creating new log.
I20260709 13:12:22.229336   674 ts_tablet_manager.cc:1434] T e4bd90dfa0b4483dae082de5ca5e77f0 P 3d6f5b2f91e54c8c95f7b19c1b9ecee2: Time spent starting tablet: real 0.023s	user 0.002s	sys 0.005s
I20260709 13:12:22.230268   674 tablet_bootstrap.cc:492] T 0a36746135a640a4916e9d4d974ce2b3 P 3d6f5b2f91e54c8c95f7b19c1b9ecee2: Bootstrap starting.
I20260709 13:12:22.245903   781 raft_consensus.cc:493] T 4ac2ec9819fa4c2193431a046e90dd6e P 3d6f5b2f91e54c8c95f7b19c1b9ecee2 [term 0 FOLLOWER]: Starting pre-election (no leader contacted us within the election timeout)
I20260709 13:12:22.248468   781 raft_consensus.cc:515] T 4ac2ec9819fa4c2193431a046e90dd6e P 3d6f5b2f91e54c8c95f7b19c1b9ecee2 [term 0 FOLLOWER]: Starting pre-election with config: opid_index: -1 OBSOLETE_local: false peers { permanent_uuid: "3d6f5b2f91e54c8c95f7b19c1b9ecee2" member_type: VOTER last_known_addr { host: "127.31.17.129" port: 45711 } } peers { permanent_uuid: "6ba2a9c02b534120bbf26e56a1e920ca" member_type: VOTER last_known_addr { host: "127.31.17.130" port: 41159 } } peers { permanent_uuid: "50f7c2247be24f3685d7fbca7b6c71e3" member_type: VOTER last_known_addr { host: "127.31.17.131" port: 36245 } }
I20260709 13:12:22.250526   781 leader_election.cc:290] T 4ac2ec9819fa4c2193431a046e90dd6e P 3d6f5b2f91e54c8c95f7b19c1b9ecee2 [CANDIDATE]: Term 1 pre-election: Requested pre-vote from peers 6ba2a9c02b534120bbf26e56a1e920ca (127.31.17.130:41159), 50f7c2247be24f3685d7fbca7b6c71e3 (127.31.17.131:36245)
I20260709 13:12:22.251434   554 tablet_service.cc:1917] Received RequestConsensusVote() RPC: tablet_id: "4ac2ec9819fa4c2193431a046e90dd6e" candidate_uuid: "3d6f5b2f91e54c8c95f7b19c1b9ecee2" candidate_term: 1 candidate_status { last_received { term: 0 index: 0 } } ignore_live_leader: false dest_uuid: "6ba2a9c02b534120bbf26e56a1e920ca" is_pre_election: true
I20260709 13:12:22.247884   674 tablet_bootstrap.cc:654] T 0a36746135a640a4916e9d4d974ce2b3 P 3d6f5b2f91e54c8c95f7b19c1b9ecee2: Neither blocks nor log segments found. Creating new log.
I20260709 13:12:22.241034   673 tablet_bootstrap.cc:492] T d74f5d3a02ed490499ba666721531edc P 50f7c2247be24f3685d7fbca7b6c71e3: No bootstrap required, opened a new log
I20260709 13:12:22.252501   673 ts_tablet_manager.cc:1403] T d74f5d3a02ed490499ba666721531edc P 50f7c2247be24f3685d7fbca7b6c71e3: Time spent bootstrapping tablet: real 0.107s	user 0.013s	sys 0.026s
W20260709 13:12:22.253129   448 leader_election.cc:343] T 4ac2ec9819fa4c2193431a046e90dd6e P 3d6f5b2f91e54c8c95f7b19c1b9ecee2 [CANDIDATE]: Term 1 pre-election: Tablet error from VoteRequest() call to peer 6ba2a9c02b534120bbf26e56a1e920ca (127.31.17.130:41159): Illegal state: must be running to vote when last-logged opid is not known
I20260709 13:12:22.254649   633 tablet_service.cc:1917] Received RequestConsensusVote() RPC: tablet_id: "4ac2ec9819fa4c2193431a046e90dd6e" candidate_uuid: "3d6f5b2f91e54c8c95f7b19c1b9ecee2" candidate_term: 1 candidate_status { last_received { term: 0 index: 0 } } ignore_live_leader: false dest_uuid: "50f7c2247be24f3685d7fbca7b6c71e3" is_pre_election: true
I20260709 13:12:22.255501   673 raft_consensus.cc:359] T d74f5d3a02ed490499ba666721531edc P 50f7c2247be24f3685d7fbca7b6c71e3 [term 0 FOLLOWER]: Replica starting. Triggering 0 pending ops. Active config: opid_index: -1 OBSOLETE_local: false peers { permanent_uuid: "3d6f5b2f91e54c8c95f7b19c1b9ecee2" member_type: VOTER last_known_addr { host: "127.31.17.129" port: 45711 } } peers { permanent_uuid: "6ba2a9c02b534120bbf26e56a1e920ca" member_type: VOTER last_known_addr { host: "127.31.17.130" port: 41159 } } peers { permanent_uuid: "50f7c2247be24f3685d7fbca7b6c71e3" member_type: VOTER last_known_addr { host: "127.31.17.131" port: 36245 } }
W20260709 13:12:22.256620   447 leader_election.cc:343] T 4ac2ec9819fa4c2193431a046e90dd6e P 3d6f5b2f91e54c8c95f7b19c1b9ecee2 [CANDIDATE]: Term 1 pre-election: Tablet error from VoteRequest() call to peer 50f7c2247be24f3685d7fbca7b6c71e3 (127.31.17.131:36245): Illegal state: must be running to vote when last-logged opid is not known
I20260709 13:12:22.256805   673 raft_consensus.cc:385] T d74f5d3a02ed490499ba666721531edc P 50f7c2247be24f3685d7fbca7b6c71e3 [term 0 FOLLOWER]: Consensus starting up: Expiring failure detector timer to make a prompt election more likely
I20260709 13:12:22.257184   673 raft_consensus.cc:740] T d74f5d3a02ed490499ba666721531edc P 50f7c2247be24f3685d7fbca7b6c71e3 [term 0 FOLLOWER]: Becoming Follower/Learner. State: Replica: 50f7c2247be24f3685d7fbca7b6c71e3, State: Initialized, Role: FOLLOWER
