I20260709 13:12:16.161711  1246 raft_consensus.cc:515] T 8d5212a0698f4c368cbe79aecf9e9280 P 2d266b20c4ac4bd3afcf0d1daff8404f [term 0 FOLLOWER]: Starting pre-election with config: opid_index: -1 OBSOLETE_local: false peers { permanent_uuid: "c8225bde3bea48518d94e87778d48333" member_type: VOTER last_known_addr { host: "127.31.156.193" port: 45543 } } peers { permanent_uuid: "62147ce8d619441db70317521ecac4e7" member_type: VOTER last_known_addr { host: "127.31.156.194" port: 42305 } } peers { permanent_uuid: "2d266b20c4ac4bd3afcf0d1daff8404f" member_type: VOTER last_known_addr { host: "127.31.156.195" port: 39635 } }
I20260709 13:12:16.163728  1246 leader_election.cc:290] T 8d5212a0698f4c368cbe79aecf9e9280 P 2d266b20c4ac4bd3afcf0d1daff8404f [CANDIDATE]: Term 1 pre-election: Requested pre-vote from peers c8225bde3bea48518d94e87778d48333 (127.31.156.193:45543), 62147ce8d619441db70317521ecac4e7 (127.31.156.194:42305)
I20260709 13:12:16.165964  1003 tablet_service.cc:1917] Received RequestConsensusVote() RPC: tablet_id: "8d5212a0698f4c368cbe79aecf9e9280" candidate_uuid: "2d266b20c4ac4bd3afcf0d1daff8404f" candidate_term: 1 candidate_status { last_received { term: 0 index: 0 } } ignore_live_leader: false dest_uuid: "c8225bde3bea48518d94e87778d48333" is_pre_election: true
I20260709 13:12:16.166601  1003 raft_consensus.cc:2468] T 8d5212a0698f4c368cbe79aecf9e9280 P c8225bde3bea48518d94e87778d48333 [term 0 FOLLOWER]: Leader pre-election vote request: Granting yes vote for candidate 2d266b20c4ac4bd3afcf0d1daff8404f in term 0.
I20260709 13:12:16.147459  1272 leader_election.cc:290] T baf0e0bbfb0b4520abc1d12ac599603d P 62147ce8d619441db70317521ecac4e7 [CANDIDATE]: Term 1 election: Requested vote from peers c8225bde3bea48518d94e87778d48333 (127.31.156.193:45543), 2d266b20c4ac4bd3afcf0d1daff8404f (127.31.156.195:39635)
I20260709 13:12:16.167236  1042 leader_election.cc:304] T baf0e0bbfb0b4520abc1d12ac599603d P 62147ce8d619441db70317521ecac4e7 [CANDIDATE]: Term 1 election: Election decided. Result: candidate won. Election summary: received 2 responses out of 3 voters: 2 yes votes; 0 no votes. yes voters: 62147ce8d619441db70317521ecac4e7, c8225bde3bea48518d94e87778d48333; no voters: 
I20260709 13:12:16.167598  1079 tablet_service.cc:1917] Received RequestConsensusVote() RPC: tablet_id: "8d5212a0698f4c368cbe79aecf9e9280" candidate_uuid: "2d266b20c4ac4bd3afcf0d1daff8404f" candidate_term: 1 candidate_status { last_received { term: 0 index: 0 } } ignore_live_leader: false dest_uuid: "62147ce8d619441db70317521ecac4e7" is_pre_election: true
I20260709 13:12:16.143394  1266 consensus_queue.cc:237] T 5040affc676b4d03a6e1b8a20b4e0a96 P c8225bde3bea48518d94e87778d48333 [LEADER]: Queue going to LEADER mode. State: All replicated index: 0, Majority replicated index: 0, Committed index: 0, Last appended: 0.0, Last appended by leader: 0, Current term: 1, Majority size: 2, State: 0, Mode: LEADER, active raft config: opid_index: -1 OBSOLETE_local: false peers { permanent_uuid: "c8225bde3bea48518d94e87778d48333" member_type: VOTER last_known_addr { host: "127.31.156.193" port: 45543 } } peers { permanent_uuid: "62147ce8d619441db70317521ecac4e7" member_type: VOTER last_known_addr { host: "127.31.156.194" port: 42305 } } peers { permanent_uuid: "2d266b20c4ac4bd3afcf0d1daff8404f" member_type: VOTER last_known_addr { host: "127.31.156.195" port: 39635 } }
I20260709 13:12:16.171249   901 catalog_manager.cc:5697] T 26a541f6502944de971d9a76cbc04470 P 2d266b20c4ac4bd3afcf0d1daff8404f reported cstate change: term changed from 0 to 1, leader changed from <none> to 2d266b20c4ac4bd3afcf0d1daff8404f (127.31.156.195). New cstate: current_term: 1 leader_uuid: "2d266b20c4ac4bd3afcf0d1daff8404f" committed_config { opid_index: -1 OBSOLETE_local: false peers { permanent_uuid: "c8225bde3bea48518d94e87778d48333" member_type: VOTER last_known_addr { host: "127.31.156.193" port: 45543 } health_report { overall_health: UNKNOWN } } peers { permanent_uuid: "62147ce8d619441db70317521ecac4e7" member_type: VOTER last_known_addr { host: "127.31.156.194" port: 42305 } health_report { overall_health: UNKNOWN } } peers { permanent_uuid: "2d266b20c4ac4bd3afcf0d1daff8404f" member_type: VOTER last_known_addr { host: "127.31.156.195" port: 39635 } health_report { overall_health: HEALTHY } } }
I20260709 13:12:16.178150  1116 leader_election.cc:304] T 8d5212a0698f4c368cbe79aecf9e9280 P 2d266b20c4ac4bd3afcf0d1daff8404f [CANDIDATE]: Term 1 pre-election: Election decided. Result: candidate won. Election summary: received 2 responses out of 3 voters: 2 yes votes; 0 no votes. yes voters: 2d266b20c4ac4bd3afcf0d1daff8404f, c8225bde3bea48518d94e87778d48333; no voters: 
W20260709 13:12:16.185077  1117 leader_election.cc:343] T 8d5212a0698f4c368cbe79aecf9e9280 P 2d266b20c4ac4bd3afcf0d1daff8404f [CANDIDATE]: Term 1 pre-election: Tablet error from VoteRequest() call to peer 62147ce8d619441db70317521ecac4e7 (127.31.156.194:42305): Illegal state: must be running to vote when last-logged opid is not known
I20260709 13:12:16.186331  1246 raft_consensus.cc:2804] T 8d5212a0698f4c368cbe79aecf9e9280 P 2d266b20c4ac4bd3afcf0d1daff8404f [term 0 FOLLOWER]: Leader pre-election won for term 1
I20260709 13:12:16.186811  1246 raft_consensus.cc:493] T 8d5212a0698f4c368cbe79aecf9e9280 P 2d266b20c4ac4bd3afcf0d1daff8404f [term 0 FOLLOWER]: Starting leader election (no leader contacted us within the election timeout)
I20260709 13:12:16.187188  1246 raft_consensus.cc:3060] T 8d5212a0698f4c368cbe79aecf9e9280 P 2d266b20c4ac4bd3afcf0d1daff8404f [term 0 FOLLOWER]: Advancing to term 1
W20260709 13:12:16.193967  1042 outbound_call.cc:321] RPC callback for RPC call kudu.consensus.ConsensusService.RequestConsensusVote -> {remote=127.31.156.193:45543, user_credentials={real_user=slave}} blocked reactor thread for 45788.7us
I20260709 13:12:16.194877  1272 raft_consensus.cc:2804] T baf0e0bbfb0b4520abc1d12ac599603d P 62147ce8d619441db70317521ecac4e7 [term 1 FOLLOWER]: Leader election won for term 1
I20260709 13:12:16.195403  1272 raft_consensus.cc:697] T baf0e0bbfb0b4520abc1d12ac599603d P 62147ce8d619441db70317521ecac4e7 [term 1 LEADER]: Becoming Leader. State: Replica: 62147ce8d619441db70317521ecac4e7, State: Running, Role: LEADER
I20260709 13:12:16.196235  1272 consensus_queue.cc:237] T baf0e0bbfb0b4520abc1d12ac599603d P 62147ce8d619441db70317521ecac4e7 [LEADER]: Queue going to LEADER mode. State: All replicated index: 0, Majority replicated index: 0, Committed index: 0, Last appended: 0.0, Last appended by leader: 0, Current term: 1, Majority size: 2, State: 0, Mode: LEADER, active raft config: opid_index: -1 OBSOLETE_local: false peers { permanent_uuid: "c8225bde3bea48518d94e87778d48333" member_type: VOTER last_known_addr { host: "127.31.156.193" port: 45543 } } peers { permanent_uuid: "62147ce8d619441db70317521ecac4e7" member_type: VOTER last_known_addr { host: "127.31.156.194" port: 42305 } } peers { permanent_uuid: "2d266b20c4ac4bd3afcf0d1daff8404f" member_type: VOTER last_known_addr { host: "127.31.156.195" port: 39635 } }
I20260709 13:12:16.196954  1246 raft_consensus.cc:515] T 8d5212a0698f4c368cbe79aecf9e9280 P 2d266b20c4ac4bd3afcf0d1daff8404f [term 1 FOLLOWER]: Starting leader election with config: opid_index: -1 OBSOLETE_local: false peers { permanent_uuid: "c8225bde3bea48518d94e87778d48333" member_type: VOTER last_known_addr { host: "127.31.156.193" port: 45543 } } peers { permanent_uuid: "62147ce8d619441db70317521ecac4e7" member_type: VOTER last_known_addr { host: "127.31.156.194" port: 42305 } } peers { permanent_uuid: "2d266b20c4ac4bd3afcf0d1daff8404f" member_type: VOTER last_known_addr { host: "127.31.156.195" port: 39635 } }
I20260709 13:12:16.200644  1231 raft_consensus.cc:493] T 3ec6a89339e6469cab6d564cddf6a54e P 62147ce8d619441db70317521ecac4e7 [term 0 FOLLOWER]: Starting pre-election (no leader contacted us within the election timeout)
I20260709 13:12:16.200721  1003 tablet_service.cc:1917] Received RequestConsensusVote() RPC: tablet_id: "8d5212a0698f4c368cbe79aecf9e9280" candidate_uuid: "2d266b20c4ac4bd3afcf0d1daff8404f" candidate_term: 1 candidate_status { last_received { term: 0 index: 0 } } ignore_live_leader: false dest_uuid: "c8225bde3bea48518d94e87778d48333"
I20260709 13:12:16.201344  1003 raft_consensus.cc:3060] T 8d5212a0698f4c368cbe79aecf9e9280 P c8225bde3bea48518d94e87778d48333 [term 0 FOLLOWER]: Advancing to term 1
I20260709 13:12:16.201264  1231 raft_consensus.cc:515] T 3ec6a89339e6469cab6d564cddf6a54e P 62147ce8d619441db70317521ecac4e7 [term 0 FOLLOWER]: Starting pre-election with config: opid_index: -1 OBSOLETE_local: false peers { permanent_uuid: "c8225bde3bea48518d94e87778d48333" member_type: VOTER last_known_addr { host: "127.31.156.193" port: 45543 } } peers { permanent_uuid: "62147ce8d619441db70317521ecac4e7" member_type: VOTER last_known_addr { host: "127.31.156.194" port: 42305 } } peers { permanent_uuid: "2d266b20c4ac4bd3afcf0d1daff8404f" member_type: VOTER last_known_addr { host: "127.31.156.195" port: 39635 } }
I20260709 13:12:16.208254  1248 consensus_queue.cc:1048] T f7a4500108cc418ba89e2dcc55444175 P 2d266b20c4ac4bd3afcf0d1daff8404f [LEADER]: Connected to new peer: Peer: permanent_uuid: "c8225bde3bea48518d94e87778d48333" member_type: VOTER last_known_addr { host: "127.31.156.193" port: 45543 }, Status: LMP_MISMATCH, Last received: 0.0, Next index: 1, Last known committed idx: 0, Time since last communication: 0.000s
I20260709 13:12:16.206710  1079 tablet_service.cc:1917] Received RequestConsensusVote() RPC: tablet_id: "8d5212a0698f4c368cbe79aecf9e9280" candidate_uuid: "2d266b20c4ac4bd3afcf0d1daff8404f" candidate_term: 1 candidate_status { last_received { term: 0 index: 0 } } ignore_live_leader: false dest_uuid: "62147ce8d619441db70317521ecac4e7"
I20260709 13:12:16.205781  1246 leader_election.cc:290] T 8d5212a0698f4c368cbe79aecf9e9280 P 2d266b20c4ac4bd3afcf0d1daff8404f [CANDIDATE]: Term 1 election: Requested vote from peers c8225bde3bea48518d94e87778d48333 (127.31.156.193:45543), 62147ce8d619441db70317521ecac4e7 (127.31.156.194:42305)
W20260709 13:12:16.216684  1117 leader_election.cc:343] T 8d5212a0698f4c368cbe79aecf9e9280 P 2d266b20c4ac4bd3afcf0d1daff8404f [CANDIDATE]: Term 1 election: Tablet error from VoteRequest() call to peer 62147ce8d619441db70317521ecac4e7 (127.31.156.194:42305): Illegal state: must be running to vote when last-logged opid is not known
I20260709 13:12:16.245975  1152 raft_consensus.cc:2468] T 28393d8e62cb416eacca7ca6cdb17f74 P 2d266b20c4ac4bd3afcf0d1daff8404f [term 1 FOLLOWER]: Leader election vote request: Granting yes vote for candidate 62147ce8d619441db70317521ecac4e7 in term 1.
I20260709 13:12:16.246157  1246 raft_consensus.cc:493] T 6d8f3174d00848eb95fee5b9d2cb2148 P 2d266b20c4ac4bd3afcf0d1daff8404f [term 0 FOLLOWER]: Starting pre-election (no leader contacted us within the election timeout)
I20260709 13:12:16.246616  1246 raft_consensus.cc:515] T 6d8f3174d00848eb95fee5b9d2cb2148 P 2d266b20c4ac4bd3afcf0d1daff8404f [term 0 FOLLOWER]: Starting pre-election with config: opid_index: -1 OBSOLETE_local: false peers { permanent_uuid: "c8225bde3bea48518d94e87778d48333" member_type: VOTER last_known_addr { host: "127.31.156.193" port: 45543 } } peers { permanent_uuid: "62147ce8d619441db70317521ecac4e7" member_type: VOTER last_known_addr { host: "127.31.156.194" port: 42305 } } peers { permanent_uuid: "2d266b20c4ac4bd3afcf0d1daff8404f" member_type: VOTER last_known_addr { host: "127.31.156.195" port: 39635 } }
I20260709 13:12:16.247661  1149 raft_consensus.cc:2468] T baf0e0bbfb0b4520abc1d12ac599603d P 2d266b20c4ac4bd3afcf0d1daff8404f [term 1 FOLLOWER]: Leader election vote request: Granting yes vote for candidate 62147ce8d619441db70317521ecac4e7 in term 1.
I20260709 13:12:16.246699  1003 raft_consensus.cc:2468] T 8d5212a0698f4c368cbe79aecf9e9280 P c8225bde3bea48518d94e87778d48333 [term 1 FOLLOWER]: Leader election vote request: Granting yes vote for candidate 2d266b20c4ac4bd3afcf0d1daff8404f in term 1.
I20260709 13:12:16.248598  1203 consensus_queue.cc:1048] T 678cc15b00924681bdac833bc8dfc399 P 62147ce8d619441db70317521ecac4e7 [LEADER]: Connected to new peer: Peer: permanent_uuid: "c8225bde3bea48518d94e87778d48333" member_type: VOTER last_known_addr { host: "127.31.156.193" port: 45543 }, Status: LMP_MISMATCH, Last received: 0.0, Next index: 1, Last known committed idx: 0, Time since last communication: 0.003s
I20260709 13:12:16.251969  1004 tablet_service.cc:1917] Received RequestConsensusVote() RPC: tablet_id: "3ec6a89339e6469cab6d564cddf6a54e" candidate_uuid: "62147ce8d619441db70317521ecac4e7" candidate_term: 1 candidate_status { last_received { term: 0 index: 0 } } ignore_live_leader: false dest_uuid: "c8225bde3bea48518d94e87778d48333" is_pre_election: true
I20260709 13:12:16.252615  1004 raft_consensus.cc:2468] T 3ec6a89339e6469cab6d564cddf6a54e P c8225bde3bea48518d94e87778d48333 [term 0 FOLLOWER]: Leader pre-election vote request: Granting yes vote for candidate 62147ce8d619441db70317521ecac4e7 in term 0.
I20260709 13:12:16.253834  1042 leader_election.cc:304] T 3ec6a89339e6469cab6d564cddf6a54e P 62147ce8d619441db70317521ecac4e7 [CANDIDATE]: Term 1 pre-election: Election decided. Result: candidate won. Election summary: received 2 responses out of 3 voters: 2 yes votes; 0 no votes. yes voters: 62147ce8d619441db70317521ecac4e7, c8225bde3bea48518d94e87778d48333; no voters: 
I20260709 13:12:16.260528  1116 leader_election.cc:304] T 8d5212a0698f4c368cbe79aecf9e9280 P 2d266b20c4ac4bd3afcf0d1daff8404f [CANDIDATE]: Term 1 election: Election decided. Result: candidate won. Election summary: received 3 responses out of 3 voters: 2 yes votes; 1 no votes. yes voters: 2d266b20c4ac4bd3afcf0d1daff8404f, c8225bde3bea48518d94e87778d48333; no voters: 62147ce8d619441db70317521ecac4e7
I20260709 13:12:16.261679  1248 raft_consensus.cc:2804] T 8d5212a0698f4c368cbe79aecf9e9280 P 2d266b20c4ac4bd3afcf0d1daff8404f [term 1 FOLLOWER]: Leader election won for term 1
I20260709 13:12:16.262151  1248 raft_consensus.cc:697] T 8d5212a0698f4c368cbe79aecf9e9280 P 2d266b20c4ac4bd3afcf0d1daff8404f [term 1 LEADER]: Becoming Leader. State: Replica: 2d266b20c4ac4bd3afcf0d1daff8404f, State: Running, Role: LEADER
I20260709 13:12:16.242590  1231 leader_election.cc:290] T 3ec6a89339e6469cab6d564cddf6a54e P 62147ce8d619441db70317521ecac4e7 [CANDIDATE]: Term 1 pre-election: Requested pre-vote from peers c8225bde3bea48518d94e87778d48333 (127.31.156.193:45543), 2d266b20c4ac4bd3afcf0d1daff8404f (127.31.156.195:39635)
I20260709 13:12:16.263013  1248 consensus_queue.cc:237] T 8d5212a0698f4c368cbe79aecf9e9280 P 2d266b20c4ac4bd3afcf0d1daff8404f [LEADER]: Queue going to LEADER mode. State: All replicated index: 0, Majority replicated index: 0, Committed index: 0, Last appended: 0.0, Last appended by leader: 0, Current term: 1, Majority size: 2, State: 0, Mode: LEADER, active raft config: opid_index: -1 OBSOLETE_local: false peers { permanent_uuid: "c8225bde3bea48518d94e87778d48333" member_type: VOTER last_known_addr { host: "127.31.156.193" port: 45543 } } peers { permanent_uuid: "62147ce8d619441db70317521ecac4e7" member_type: VOTER last_known_addr { host: "127.31.156.194" port: 42305 } } peers { permanent_uuid: "2d266b20c4ac4bd3afcf0d1daff8404f" member_type: VOTER last_known_addr { host: "127.31.156.195" port: 39635 } }
I20260709 13:12:16.266011  1004 tablet_service.cc:1917] Received RequestConsensusVote() RPC: tablet_id: "6d8f3174d00848eb95fee5b9d2cb2148" candidate_uuid: "2d266b20c4ac4bd3afcf0d1daff8404f" candidate_term: 1 candidate_status { last_received { term: 0 index: 0 } } ignore_live_leader: false dest_uuid: "c8225bde3bea48518d94e87778d48333" is_pre_election: true
I20260709 13:12:16.266757  1004 raft_consensus.cc:2468] T 6d8f3174d00848eb95fee5b9d2cb2148 P c8225bde3bea48518d94e87778d48333 [term 0 FOLLOWER]: Leader pre-election vote request: Granting yes vote for candidate 2d266b20c4ac4bd3afcf0d1daff8404f in term 0.
I20260709 13:12:16.263402  1203 consensus_queue.cc:1048] T 678cc15b00924681bdac833bc8dfc399 P 62147ce8d619441db70317521ecac4e7 [LEADER]: Connected to new peer: Peer: permanent_uuid: "2d266b20c4ac4bd3afcf0d1daff8404f" member_type: VOTER last_known_addr { host: "127.31.156.195" port: 39635 }, Status: LMP_MISMATCH, Last received: 0.0, Next index: 1, Last known committed idx: 0, Time since last communication: 0.000s
I20260709 13:12:16.276018  1195 tablet_bootstrap.cc:492] T 3ec6a89339e6469cab6d564cddf6a54e P 2d266b20c4ac4bd3afcf0d1daff8404f: No bootstrap required, opened a new log
I20260709 13:12:16.276556  1195 ts_tablet_manager.cc:1403] T 3ec6a89339e6469cab6d564cddf6a54e P 2d266b20c4ac4bd3afcf0d1daff8404f: Time spent bootstrapping tablet: real 0.196s	user 0.049s	sys 0.026s
I20260709 13:12:16.268745  1200 raft_consensus.cc:2804] T 3ec6a89339e6469cab6d564cddf6a54e P 62147ce8d619441db70317521ecac4e7 [term 0 FOLLOWER]: Leader pre-election won for term 1
I20260709 13:12:16.279881  1200 raft_consensus.cc:493] T 3ec6a89339e6469cab6d564cddf6a54e P 62147ce8d619441db70317521ecac4e7 [term 0 FOLLOWER]: Starting leader election (no leader contacted us within the election timeout)
I20260709 13:12:16.280771  1079 tablet_service.cc:1917] Received RequestConsensusVote() RPC: tablet_id: "6d8f3174d00848eb95fee5b9d2cb2148" candidate_uuid: "2d266b20c4ac4bd3afcf0d1daff8404f" candidate_term: 1 candidate_status { last_received { term: 0 index: 0 } } ignore_live_leader: false dest_uuid: "62147ce8d619441db70317521ecac4e7" is_pre_election: true
W20260709 13:12:16.286226   968 consensus_peers.cc:597] T acdf3b0789c94ec5b34d6e2a50855b63 P c8225bde3bea48518d94e87778d48333 -> Peer 2d266b20c4ac4bd3afcf0d1daff8404f (127.31.156.195:39635): Couldn't send request to peer 2d266b20c4ac4bd3afcf0d1daff8404f. Error code: TABLET_NOT_RUNNING (12). Status: Illegal state: Tablet not RUNNING: INITIALIZED. This is attempt 1: this message will repeat every 5th retry.
I20260709 13:12:16.274530  1246 leader_election.cc:290] T 6d8f3174d00848eb95fee5b9d2cb2148 P 2d266b20c4ac4bd3afcf0d1daff8404f [CANDIDATE]: Term 1 pre-election: Requested pre-vote from peers c8225bde3bea48518d94e87778d48333 (127.31.156.193:45543), 62147ce8d619441db70317521ecac4e7 (127.31.156.194:42305)
I20260709 13:12:16.278115  1116 leader_election.cc:304] T 6d8f3174d00848eb95fee5b9d2cb2148 P 2d266b20c4ac4bd3afcf0d1daff8404f [CANDIDATE]: Term 1 pre-election: Election decided. Result: candidate won. Election summary: received 2 responses out of 3 voters: 2 yes votes; 0 no votes. yes voters: 2d266b20c4ac4bd3afcf0d1daff8404f, c8225bde3bea48518d94e87778d48333; no voters: 
I20260709 13:12:16.291787  1202 raft_consensus.cc:2804] T 6d8f3174d00848eb95fee5b9d2cb2148 P 2d266b20c4ac4bd3afcf0d1daff8404f [term 0 FOLLOWER]: Leader pre-election won for term 1
I20260709 13:12:16.292155  1202 raft_consensus.cc:493] T 6d8f3174d00848eb95fee5b9d2cb2148 P 2d266b20c4ac4bd3afcf0d1daff8404f [term 0 FOLLOWER]: Starting leader election (no leader contacted us within the election timeout)
I20260709 13:12:16.292486  1202 raft_consensus.cc:3060] T 6d8f3174d00848eb95fee5b9d2cb2148 P 2d266b20c4ac4bd3afcf0d1daff8404f [term 0 FOLLOWER]: Advancing to term 1
W20260709 13:12:16.294919  1117 leader_election.cc:343] T 6d8f3174d00848eb95fee5b9d2cb2148 P 2d266b20c4ac4bd3afcf0d1daff8404f [CANDIDATE]: Term 1 pre-election: Tablet error from VoteRequest() call to peer 62147ce8d619441db70317521ecac4e7 (127.31.156.194:42305): Illegal state: must be running to vote when last-logged opid is not known
I20260709 13:12:16.280551  1200 raft_consensus.cc:3060] T 3ec6a89339e6469cab6d564cddf6a54e P 62147ce8d619441db70317521ecac4e7 [term 0 FOLLOWER]: Advancing to term 1
I20260709 13:12:16.273098  1153 tablet_service.cc:1917] Received RequestConsensusVote() RPC: tablet_id: "3ec6a89339e6469cab6d564cddf6a54e" candidate_uuid: "62147ce8d619441db70317521ecac4e7" candidate_term: 1 candidate_status { last_received { term: 0 index: 0 } } ignore_live_leader: false dest_uuid: "2d266b20c4ac4bd3afcf0d1daff8404f" is_pre_election: true
I20260709 13:12:16.301136  1193 tablet_bootstrap.cc:492] T 1b64122beb864eed944b20c720d91882 P c8225bde3bea48518d94e87778d48333: No bootstrap required, opened a new log
I20260709 13:12:16.301697  1193 ts_tablet_manager.cc:1403] T 1b64122beb864eed944b20c720d91882 P c8225bde3bea48518d94e87778d48333: Time spent bootstrapping tablet: real 0.247s	user 0.031s	sys 0.024s
I20260709 13:12:16.290704   901 catalog_manager.cc:5697] T 28393d8e62cb416eacca7ca6cdb17f74 P 62147ce8d619441db70317521ecac4e7 reported cstate change: term changed from 0 to 1, leader changed from <none> to 62147ce8d619441db70317521ecac4e7 (127.31.156.194). New cstate: current_term: 1 leader_uuid: "62147ce8d619441db70317521ecac4e7" committed_config { opid_index: -1 OBSOLETE_local: false peers { permanent_uuid: "c8225bde3bea48518d94e87778d48333" member_type: VOTER last_known_addr { host: "127.31.156.193" port: 45543 } health_report { overall_health: UNKNOWN } } peers { permanent_uuid: "62147ce8d619441db70317521ecac4e7" member_type: VOTER last_known_addr { host: "127.31.156.194" port: 42305 } health_report { overall_health: HEALTHY } } peers { permanent_uuid: "2d266b20c4ac4bd3afcf0d1daff8404f" member_type: VOTER last_known_addr { host: "127.31.156.195" port: 39635 } health_report { overall_health: UNKNOWN } } }
I20260709 13:12:16.310035  1193 raft_consensus.cc:359] T 1b64122beb864eed944b20c720d91882 P c8225bde3bea48518d94e87778d48333 [term 0 FOLLOWER]: Replica starting. Triggering 0 pending ops. Active config: opid_index: -1 OBSOLETE_local: false peers { permanent_uuid: "c8225bde3bea48518d94e87778d48333" member_type: VOTER last_known_addr { host: "127.31.156.193" port: 45543 } } peers { permanent_uuid: "62147ce8d619441db70317521ecac4e7" member_type: VOTER last_known_addr { host: "127.31.156.194" port: 42305 } } peers { permanent_uuid: "2d266b20c4ac4bd3afcf0d1daff8404f" member_type: VOTER last_known_addr { host: "127.31.156.195" port: 39635 } }
I20260709 13:12:16.310819  1193 raft_consensus.cc:385] T 1b64122beb864eed944b20c720d91882 P c8225bde3bea48518d94e87778d48333 [term 0 FOLLOWER]: Consensus starting up: Expiring failure detector timer to make a prompt election more likely
I20260709 13:12:16.311193  1193 raft_consensus.cc:740] T 1b64122beb864eed944b20c720d91882 P c8225bde3bea48518d94e87778d48333 [term 0 FOLLOWER]: Becoming Follower/Learner. State: Replica: c8225bde3bea48518d94e87778d48333, State: Initialized, Role: FOLLOWER
I20260709 13:12:16.319588  1194 tablet_bootstrap.cc:654] T 245c48de4a3248f08e8376dd34f980c7 P 62147ce8d619441db70317521ecac4e7: Neither blocks nor log segments found. Creating new log.
I20260709 13:12:16.319190  1195 raft_consensus.cc:359] T 3ec6a89339e6469cab6d564cddf6a54e P 2d266b20c4ac4bd3afcf0d1daff8404f [term 0 FOLLOWER]: Replica starting. Triggering 0 pending ops. Active config: opid_index: -1 OBSOLETE_local: false peers { permanent_uuid: "c8225bde3bea48518d94e87778d48333" member_type: VOTER last_known_addr { host: "127.31.156.193" port: 45543 } } peers { permanent_uuid: "62147ce8d619441db70317521ecac4e7" member_type: VOTER last_known_addr { host: "127.31.156.194" port: 42305 } } peers { permanent_uuid: "2d266b20c4ac4bd3afcf0d1daff8404f" member_type: VOTER last_known_addr { host: "127.31.156.195" port: 39635 } }
I20260709 13:12:16.321908   902 catalog_manager.cc:5697] T 5040affc676b4d03a6e1b8a20b4e0a96 P c8225bde3bea48518d94e87778d48333 reported cstate change: term changed from 0 to 1, leader changed from <none> to c8225bde3bea48518d94e87778d48333 (127.31.156.193). New cstate: current_term: 1 leader_uuid: "c8225bde3bea48518d94e87778d48333" committed_config { opid_index: -1 OBSOLETE_local: false peers { permanent_uuid: "c8225bde3bea48518d94e87778d48333" member_type: VOTER last_known_addr { host: "127.31.156.193" port: 45543 } health_report { overall_health: HEALTHY } } peers { permanent_uuid: "62147ce8d619441db70317521ecac4e7" member_type: VOTER last_known_addr { host: "127.31.156.194" port: 42305 } health_report { overall_health: UNKNOWN } } peers { permanent_uuid: "2d266b20c4ac4bd3afcf0d1daff8404f" member_type: VOTER last_known_addr { host: "127.31.156.195" port: 39635 } health_report { overall_health: UNKNOWN } } }
I20260709 13:12:16.323463  1195 raft_consensus.cc:385] T 3ec6a89339e6469cab6d564cddf6a54e P 2d266b20c4ac4bd3afcf0d1daff8404f [term 0 FOLLOWER]: Consensus starting up: Expiring failure detector timer to make a prompt election more likely
I20260709 13:12:16.326315  1195 raft_consensus.cc:740] T 3ec6a89339e6469cab6d564cddf6a54e P 2d266b20c4ac4bd3afcf0d1daff8404f [term 0 FOLLOWER]: Becoming Follower/Learner. State: Replica: 2d266b20c4ac4bd3afcf0d1daff8404f, State: Initialized, Role: FOLLOWER
I20260709 13:12:16.328089  1195 consensus_queue.cc:260] T 3ec6a89339e6469cab6d564cddf6a54e P 2d266b20c4ac4bd3afcf0d1daff8404f [NON_LEADER]: Queue going to NON_LEADER mode. State: All replicated index: 0, Majority replicated index: 0, Committed index: 0, Last appended: 0.0, Last appended by leader: 0, Current term: 0, Majority size: -1, State: 0, Mode: NON_LEADER, active raft config: opid_index: -1 OBSOLETE_local: false peers { permanent_uuid: "c8225bde3bea48518d94e87778d48333" member_type: VOTER last_known_addr { host: "127.31.156.193" port: 45543 } } peers { permanent_uuid: "62147ce8d619441db70317521ecac4e7" member_type: VOTER last_known_addr { host: "127.31.156.194" port: 42305 } } peers { permanent_uuid: "2d266b20c4ac4bd3afcf0d1daff8404f" member_type: VOTER last_known_addr { host: "127.31.156.195" port: 39635 } }
I20260709 13:12:16.324409  1193 consensus_queue.cc:260] T 1b64122beb864eed944b20c720d91882 P c8225bde3bea48518d94e87778d48333 [NON_LEADER]: Queue going to NON_LEADER mode. State: All replicated index: 0, Majority replicated index: 0, Committed index: 0, Last appended: 0.0, Last appended by leader: 0, Current term: 0, Majority size: -1, State: 0, Mode: NON_LEADER, active raft config: opid_index: -1 OBSOLETE_local: false peers { permanent_uuid: "c8225bde3bea48518d94e87778d48333" member_type: VOTER last_known_addr { host: "127.31.156.193" port: 45543 } } peers { permanent_uuid: "62147ce8d619441db70317521ecac4e7" member_type: VOTER last_known_addr { host: "127.31.156.194" port: 42305 } } peers { permanent_uuid: "2d266b20c4ac4bd3afcf0d1daff8404f" member_type: VOTER last_known_addr { host: "127.31.156.195" port: 39635 } }
I20260709 13:12:16.324697  1202 raft_consensus.cc:515] T 6d8f3174d00848eb95fee5b9d2cb2148 P 2d266b20c4ac4bd3afcf0d1daff8404f [term 1 FOLLOWER]: Starting leader election with config: opid_index: -1 OBSOLETE_local: false peers { permanent_uuid: "c8225bde3bea48518d94e87778d48333" member_type: VOTER last_known_addr { host: "127.31.156.193" port: 45543 } } peers { permanent_uuid: "62147ce8d619441db70317521ecac4e7" member_type: VOTER last_known_addr { host: "127.31.156.194" port: 42305 } } peers { permanent_uuid: "2d266b20c4ac4bd3afcf0d1daff8404f" member_type: VOTER last_known_addr { host: "127.31.156.195" port: 39635 } }
I20260709 13:12:16.331775  1193 ts_tablet_manager.cc:1434] T 1b64122beb864eed944b20c720d91882 P c8225bde3bea48518d94e87778d48333: Time spent starting tablet: real 0.030s	user 0.007s	sys 0.001s
I20260709 13:12:16.332485  1193 tablet_bootstrap.cc:492] T c1773e8e56bd4434bf0e624e95d038bf P c8225bde3bea48518d94e87778d48333: Bootstrap starting.
I20260709 13:12:16.333549  1195 ts_tablet_manager.cc:1434] T 3ec6a89339e6469cab6d564cddf6a54e P 2d266b20c4ac4bd3afcf0d1daff8404f: Time spent starting tablet: real 0.057s	user 0.006s	sys 0.001s
I20260709 13:12:16.334415  1195 tablet_bootstrap.cc:492] T 41630291c72d42699a84f00068f973c1 P 2d266b20c4ac4bd3afcf0d1daff8404f: Bootstrap starting.
I20260709 13:12:16.337064  1200 raft_consensus.cc:515] T 3ec6a89339e6469cab6d564cddf6a54e P 62147ce8d619441db70317521ecac4e7 [term 1 FOLLOWER]: Starting leader election with config: opid_index: -1 OBSOLETE_local: false peers { permanent_uuid: "c8225bde3bea48518d94e87778d48333" member_type: VOTER last_known_addr { host: "127.31.156.193" port: 45543 } } peers { permanent_uuid: "62147ce8d619441db70317521ecac4e7" member_type: VOTER last_known_addr { host: "127.31.156.194" port: 42305 } } peers { permanent_uuid: "2d266b20c4ac4bd3afcf0d1daff8404f" member_type: VOTER last_known_addr { host: "127.31.156.195" port: 39635 } }
I20260709 13:12:16.329963  1153 raft_consensus.cc:2468] T 3ec6a89339e6469cab6d564cddf6a54e P 2d266b20c4ac4bd3afcf0d1daff8404f [term 0 FOLLOWER]: Leader pre-election vote request: Granting yes vote for candidate 62147ce8d619441db70317521ecac4e7 in term 0.
I20260709 13:12:16.340440  1001 tablet_service.cc:1917] Received RequestConsensusVote() RPC: tablet_id: "3ec6a89339e6469cab6d564cddf6a54e" candidate_uuid: "62147ce8d619441db70317521ecac4e7" candidate_term: 1 candidate_status { last_received { term: 0 index: 0 } } ignore_live_leader: false dest_uuid: "c8225bde3bea48518d94e87778d48333"
I20260709 13:12:16.341084  1001 raft_consensus.cc:3060] T 3ec6a89339e6469cab6d564cddf6a54e P c8225bde3bea48518d94e87778d48333 [term 0 FOLLOWER]: Advancing to term 1
I20260709 13:12:16.346976  1079 tablet_service.cc:1917] Received RequestConsensusVote() RPC: tablet_id: "6d8f3174d00848eb95fee5b9d2cb2148" candidate_uuid: "2d266b20c4ac4bd3afcf0d1daff8404f" candidate_term: 1 candidate_status { last_received { term: 0 index: 0 } } ignore_live_leader: false dest_uuid: "62147ce8d619441db70317521ecac4e7"
W20260709 13:12:16.349006  1117 leader_election.cc:343] T 6d8f3174d00848eb95fee5b9d2cb2148 P 2d266b20c4ac4bd3afcf0d1daff8404f [CANDIDATE]: Term 1 election: Tablet error from VoteRequest() call to peer 62147ce8d619441db70317521ecac4e7 (127.31.156.194:42305): Illegal state: must be running to vote when last-logged opid is not known
I20260709 13:12:16.352527  1200 leader_election.cc:290] T 3ec6a89339e6469cab6d564cddf6a54e P 62147ce8d619441db70317521ecac4e7 [CANDIDATE]: Term 1 election: Requested vote from peers c8225bde3bea48518d94e87778d48333 (127.31.156.193:45543), 2d266b20c4ac4bd3afcf0d1daff8404f (127.31.156.195:39635)
I20260709 13:12:16.353186  1004 tablet_service.cc:1917] Received RequestConsensusVote() RPC: tablet_id: "6d8f3174d00848eb95fee5b9d2cb2148" candidate_uuid: "2d266b20c4ac4bd3afcf0d1daff8404f" candidate_term: 1 candidate_status { last_received { term: 0 index: 0 } } ignore_live_leader: false dest_uuid: "c8225bde3bea48518d94e87778d48333"
I20260709 13:12:16.353780  1004 raft_consensus.cc:3060] T 6d8f3174d00848eb95fee5b9d2cb2148 P c8225bde3bea48518d94e87778d48333 [term 0 FOLLOWER]: Advancing to term 1
I20260709 13:12:16.355471   901 catalog_manager.cc:5697] T 8d5212a0698f4c368cbe79aecf9e9280 P 2d266b20c4ac4bd3afcf0d1daff8404f reported cstate change: term changed from 0 to 1, leader changed from <none> to 2d266b20c4ac4bd3afcf0d1daff8404f (127.31.156.195). New cstate: current_term: 1 leader_uuid: "2d266b20c4ac4bd3afcf0d1daff8404f" committed_config { opid_index: -1 OBSOLETE_local: false peers { permanent_uuid: "c8225bde3bea48518d94e87778d48333" member_type: VOTER last_known_addr { host: "127.31.156.193" port: 45543 } health_report { overall_health: UNKNOWN } } peers { permanent_uuid: "62147ce8d619441db70317521ecac4e7" member_type: VOTER last_known_addr { host: "127.31.156.194" port: 42305 } health_report { overall_health: UNKNOWN } } peers { permanent_uuid: "2d266b20c4ac4bd3afcf0d1daff8404f" member_type: VOTER last_known_addr { host: "127.31.156.195" port: 39635 } health_report { overall_health: HEALTHY } } }
I20260709 13:12:16.357978  1195 tablet_bootstrap.cc:654] T 41630291c72d42699a84f00068f973c1 P 2d266b20c4ac4bd3afcf0d1daff8404f: Neither blocks nor log segments found. Creating new log.
I20260709 13:12:16.344290  1202 leader_election.cc:290] T 6d8f3174d00848eb95fee5b9d2cb2148 P 2d266b20c4ac4bd3afcf0d1daff8404f [CANDIDATE]: Term 1 election: Requested vote from peers c8225bde3bea48518d94e87778d48333 (127.31.156.193:45543), 62147ce8d619441db70317521ecac4e7 (127.31.156.194:42305)
I20260709 13:12:16.363333  1004 raft_consensus.cc:2468] T 6d8f3174d00848eb95fee5b9d2cb2148 P c8225bde3bea48518d94e87778d48333 [term 1 FOLLOWER]: Leader election vote request: Granting yes vote for candidate 2d266b20c4ac4bd3afcf0d1daff8404f in term 1.
I20260709 13:12:16.366806  1116 leader_election.cc:304] T 6d8f3174d00848eb95fee5b9d2cb2148 P 2d266b20c4ac4bd3afcf0d1daff8404f [CANDIDATE]: Term 1 election: Election decided. Result: candidate won. Election summary: received 3 responses out of 3 voters: 2 yes votes; 1 no votes. yes voters: 2d266b20c4ac4bd3afcf0d1daff8404f, c8225bde3bea48518d94e87778d48333; no voters: 62147ce8d619441db70317521ecac4e7
I20260709 13:12:16.368230  1001 raft_consensus.cc:2468] T 3ec6a89339e6469cab6d564cddf6a54e P c8225bde3bea48518d94e87778d48333 [term 1 FOLLOWER]: Leader election vote request: Granting yes vote for candidate 62147ce8d619441db70317521ecac4e7 in term 1.
I20260709 13:12:16.361685   902 catalog_manager.cc:5697] T baf0e0bbfb0b4520abc1d12ac599603d P 62147ce8d619441db70317521ecac4e7 reported cstate change: term changed from 0 to 1, leader changed from <none> to 62147ce8d619441db70317521ecac4e7 (127.31.156.194). New cstate: current_term: 1 leader_uuid: "62147ce8d619441db70317521ecac4e7" committed_config { opid_index: -1 OBSOLETE_local: false peers { permanent_uuid: "c8225bde3bea48518d94e87778d48333" member_type: VOTER last_known_addr { host: "127.31.156.193" port: 45543 } health_report { overall_health: UNKNOWN } } peers { permanent_uuid: "62147ce8d619441db70317521ecac4e7" member_type: VOTER last_known_addr { host: "127.31.156.194" port: 42305 } health_report { overall_health: HEALTHY } } peers { permanent_uuid: "2d266b20c4ac4bd3afcf0d1daff8404f" member_type: VOTER last_known_addr { host: "127.31.156.195" port: 39635 } health_report { overall_health: UNKNOWN } } }
I20260709 13:12:16.374616  1193 tablet_bootstrap.cc:654] T c1773e8e56bd4434bf0e624e95d038bf P c8225bde3bea48518d94e87778d48333: Neither blocks nor log segments found. Creating new log.
I20260709 13:12:16.375351  1042 leader_election.cc:304] T 3ec6a89339e6469cab6d564cddf6a54e P 62147ce8d619441db70317521ecac4e7 [CANDIDATE]: Term 1 election: Election decided. Result: candidate won. Election summary: received 2 responses out of 3 voters: 2 yes votes; 0 no votes. yes voters: 62147ce8d619441db70317521ecac4e7, c8225bde3bea48518d94e87778d48333; no voters: 
I20260709 13:12:16.369709  1153 tablet_service.cc:1917] Received RequestConsensusVote() RPC: tablet_id: "3ec6a89339e6469cab6d564cddf6a54e" candidate_uuid: "62147ce8d619441db70317521ecac4e7" candidate_term: 1 candidate_status { last_received { term: 0 index: 0 } } ignore_live_leader: false dest_uuid: "2d266b20c4ac4bd3afcf0d1daff8404f"
I20260709 13:12:16.382246  1153 raft_consensus.cc:3060] T 3ec6a89339e6469cab6d564cddf6a54e P 2d266b20c4ac4bd3afcf0d1daff8404f [term 0 FOLLOWER]: Advancing to term 1
I20260709 13:12:16.387029  1293 raft_consensus.cc:2804] T 3ec6a89339e6469cab6d564cddf6a54e P 62147ce8d619441db70317521ecac4e7 [term 1 FOLLOWER]: Leader election won for term 1
I20260709 13:12:16.387573  1293 raft_consensus.cc:697] T 3ec6a89339e6469cab6d564cddf6a54e P 62147ce8d619441db70317521ecac4e7 [term 1 LEADER]: Becoming Leader. State: Replica: 62147ce8d619441db70317521ecac4e7, State: Running, Role: LEADER
I20260709 13:12:16.388839  1293 consensus_queue.cc:237] T 3ec6a89339e6469cab6d564cddf6a54e P 62147ce8d619441db70317521ecac4e7 [LEADER]: Queue going to LEADER mode. State: All replicated index: 0, Majority replicated index: 0, Committed index: 0, Last appended: 0.0, Last appended by leader: 0, Current term: 1, Majority size: 2, State: 0, Mode: LEADER, active raft config: opid_index: -1 OBSOLETE_local: false peers { permanent_uuid: "c8225bde3bea48518d94e87778d48333" member_type: VOTER last_known_addr { host: "127.31.156.193" port: 45543 } } peers { permanent_uuid: "62147ce8d619441db70317521ecac4e7" member_type: VOTER last_known_addr { host: "127.31.156.194" port: 42305 } } peers { permanent_uuid: "2d266b20c4ac4bd3afcf0d1daff8404f" member_type: VOTER last_known_addr { host: "127.31.156.195" port: 39635 } }
I20260709 13:12:16.374931  1202 raft_consensus.cc:2804] T 6d8f3174d00848eb95fee5b9d2cb2148 P 2d266b20c4ac4bd3afcf0d1daff8404f [term 1 FOLLOWER]: Leader election won for term 1
I20260709 13:12:16.390590  1202 raft_consensus.cc:697] T 6d8f3174d00848eb95fee5b9d2cb2148 P 2d266b20c4ac4bd3afcf0d1daff8404f [term 1 LEADER]: Becoming Leader. State: Replica: 2d266b20c4ac4bd3afcf0d1daff8404f, State: Running, Role: LEADER
I20260709 13:12:16.393272  1202 consensus_queue.cc:237] T 6d8f3174d00848eb95fee5b9d2cb2148 P 2d266b20c4ac4bd3afcf0d1daff8404f [LEADER]: Queue going to LEADER mode. State: All replicated index: 0, Majority replicated index: 0, Committed index: 0, Last appended: 0.0, Last appended by leader: 0, Current term: 1, Majority size: 2, State: 0, Mode: LEADER, active raft config: opid_index: -1 OBSOLETE_local: false peers { permanent_uuid: "c8225bde3bea48518d94e87778d48333" member_type: VOTER last_known_addr { host: "127.31.156.193" port: 45543 } } peers { permanent_uuid: "62147ce8d619441db70317521ecac4e7" member_type: VOTER last_known_addr { host: "127.31.156.194" port: 42305 } } peers { permanent_uuid: "2d266b20c4ac4bd3afcf0d1daff8404f" member_type: VOTER last_known_addr { host: "127.31.156.195" port: 39635 } }
I20260709 13:12:16.399649  1203 consensus_queue.cc:1048] T e3d21a4dab504530b6342b06d44fc2a7 P 62147ce8d619441db70317521ecac4e7 [LEADER]: Connected to new peer: Peer: permanent_uuid: "2d266b20c4ac4bd3afcf0d1daff8404f" member_type: VOTER last_known_addr { host: "127.31.156.195" port: 39635 }, Status: LMP_MISMATCH, Last received: 0.0, Next index: 1, Last known committed idx: 0, Time since last communication: 0.000s
I20260709 13:12:16.403530  1203 consensus_queue.cc:1048] T e3d21a4dab504530b6342b06d44fc2a7 P 62147ce8d619441db70317521ecac4e7 [LEADER]: Connected to new peer: Peer: permanent_uuid: "c8225bde3bea48518d94e87778d48333" member_type: VOTER last_known_addr { host: "127.31.156.193" port: 45543 }, Status: LMP_MISMATCH, Last received: 0.0, Next index: 1, Last known committed idx: 0, Time since last communication: 0.005s
I20260709 13:12:16.428768  1266 consensus_queue.cc:1048] T acdf3b0789c94ec5b34d6e2a50855b63 P c8225bde3bea48518d94e87778d48333 [LEADER]: Connected to new peer: Peer: permanent_uuid: "62147ce8d619441db70317521ecac4e7" member_type: VOTER last_known_addr { host: "127.31.156.194" port: 42305 }, Status: LMP_MISMATCH, Last received: 0.0, Next index: 1, Last known committed idx: 0, Time since last communication: 0.001s
I20260709 13:12:16.439394   900 catalog_manager.cc:5697] T 3ec6a89339e6469cab6d564cddf6a54e P 62147ce8d619441db70317521ecac4e7 reported cstate change: term changed from 0 to 1, leader changed from <none> to 62147ce8d619441db70317521ecac4e7 (127.31.156.194). New cstate: current_term: 1 leader_uuid: "62147ce8d619441db70317521ecac4e7" committed_config { opid_index: -1 OBSOLETE_local: false peers { permanent_uuid: "c8225bde3bea48518d94e87778d48333" member_type: VOTER last_known_addr { host: "127.31.156.193" port: 45543 } health_report { overall_health: UNKNOWN } } peers { permanent_uuid: "62147ce8d619441db70317521ecac4e7" member_type: VOTER last_known_addr { host: "127.31.156.194" port: 42305 } health_report { overall_health: HEALTHY } } peers { permanent_uuid: "2d266b20c4ac4bd3afcf0d1daff8404f" member_type: VOTER last_known_addr { host: "127.31.156.195" port: 39635 } health_report { overall_health: UNKNOWN } } }
I20260709 13:12:16.442696  1195 tablet_bootstrap.cc:492] T 41630291c72d42699a84f00068f973c1 P 2d266b20c4ac4bd3afcf0d1daff8404f: No bootstrap required, opened a new log
I20260709 13:12:16.443197  1195 ts_tablet_manager.cc:1403] T 41630291c72d42699a84f00068f973c1 P 2d266b20c4ac4bd3afcf0d1daff8404f: Time spent bootstrapping tablet: real 0.109s	user 0.010s	sys 0.002s
I20260709 13:12:16.446545  1194 tablet_bootstrap.cc:492] T 245c48de4a3248f08e8376dd34f980c7 P 62147ce8d619441db70317521ecac4e7: No bootstrap required, opened a new log
I20260709 13:12:16.447017  1194 ts_tablet_manager.cc:1403] T 245c48de4a3248f08e8376dd34f980c7 P 62147ce8d619441db70317521ecac4e7: Time spent bootstrapping tablet: real 0.287s	user 0.009s	sys 0.013s
I20260709 13:12:16.446904  1195 raft_consensus.cc:359] T 41630291c72d42699a84f00068f973c1 P 2d266b20c4ac4bd3afcf0d1daff8404f [term 0 FOLLOWER]: Replica starting. Triggering 0 pending ops. Active config: opid_index: -1 OBSOLETE_local: false peers { permanent_uuid: "c8225bde3bea48518d94e87778d48333" member_type: VOTER last_known_addr { host: "127.31.156.193" port: 45543 } } peers { permanent_uuid: "62147ce8d619441db70317521ecac4e7" member_type: VOTER last_known_addr { host: "127.31.156.194" port: 42305 } } peers { permanent_uuid: "2d266b20c4ac4bd3afcf0d1daff8404f" member_type: VOTER last_known_addr { host: "127.31.156.195" port: 39635 } }
I20260709 13:12:16.447589  1195 raft_consensus.cc:385] T 41630291c72d42699a84f00068f973c1 P 2d266b20c4ac4bd3afcf0d1daff8404f [term 0 FOLLOWER]: Consensus starting up: Expiring failure detector timer to make a prompt election more likely
I20260709 13:12:16.447860  1195 raft_consensus.cc:740] T 41630291c72d42699a84f00068f973c1 P 2d266b20c4ac4bd3afcf0d1daff8404f [term 0 FOLLOWER]: Becoming Follower/Learner. State: Replica: 2d266b20c4ac4bd3afcf0d1daff8404f, State: Initialized, Role: FOLLOWER
I20260709 13:12:16.448519  1195 consensus_queue.cc:260] T 41630291c72d42699a84f00068f973c1 P 2d266b20c4ac4bd3afcf0d1daff8404f [NON_LEADER]: Queue going to NON_LEADER mode. State: All replicated index: 0, Majority replicated index: 0, Committed index: 0, Last appended: 0.0, Last appended by leader: 0, Current term: 0, Majority size: -1, State: 0, Mode: NON_LEADER, active raft config: opid_index: -1 OBSOLETE_local: false peers { permanent_uuid: "c8225bde3bea48518d94e87778d48333" member_type: VOTER last_known_addr { host: "127.31.156.193" port: 45543 } } peers { permanent_uuid: "62147ce8d619441db70317521ecac4e7" member_type: VOTER last_known_addr { host: "127.31.156.194" port: 42305 } } peers { permanent_uuid: "2d266b20c4ac4bd3afcf0d1daff8404f" member_type: VOTER last_known_addr { host: "127.31.156.195" port: 39635 } }
I20260709 13:12:16.449453  1194 raft_consensus.cc:359] T 245c48de4a3248f08e8376dd34f980c7 P 62147ce8d619441db70317521ecac4e7 [term 0 FOLLOWER]: Replica starting. Triggering 0 pending ops. Active config: opid_index: -1 OBSOLETE_local: false peers { permanent_uuid: "c8225bde3bea48518d94e87778d48333" member_type: VOTER last_known_addr { host: "127.31.156.193" port: 45543 } } peers { permanent_uuid: "62147ce8d619441db70317521ecac4e7" member_type: VOTER last_known_addr { host: "127.31.156.194" port: 42305 } } peers { permanent_uuid: "2d266b20c4ac4bd3afcf0d1daff8404f" member_type: VOTER last_known_addr { host: "127.31.156.195" port: 39635 } }
I20260709 13:12:16.450091  1194 raft_consensus.cc:385] T 245c48de4a3248f08e8376dd34f980c7 P 62147ce8d619441db70317521ecac4e7 [term 0 FOLLOWER]: Consensus starting up: Expiring failure detector timer to make a prompt election more likely
I20260709 13:12:16.450336  1194 raft_consensus.cc:740] T 245c48de4a3248f08e8376dd34f980c7 P 62147ce8d619441db70317521ecac4e7 [term 0 FOLLOWER]: Becoming Follower/Learner. State: Replica: 62147ce8d619441db70317521ecac4e7, State: Initialized, Role: FOLLOWER
I20260709 13:12:16.450441  1195 ts_tablet_manager.cc:1434] T 41630291c72d42699a84f00068f973c1 P 2d266b20c4ac4bd3afcf0d1daff8404f: Time spent starting tablet: real 0.007s	user 0.003s	sys 0.000s
I20260709 13:12:16.451531  1195 tablet_bootstrap.cc:492] T cbe0876d164847c187919a133b541b54 P 2d266b20c4ac4bd3afcf0d1daff8404f: Bootstrap starting.
I20260709 13:12:16.451116  1194 consensus_queue.cc:260] T 245c48de4a3248f08e8376dd34f980c7 P 62147ce8d619441db70317521ecac4e7 [NON_LEADER]: Queue going to NON_LEADER mode. State: All replicated index: 0, Majority replicated index: 0, Committed index: 0, Last appended: 0.0, Last appended by leader: 0, Current term: 0, Majority size: -1, State: 0, Mode: NON_LEADER, active raft config: opid_index: -1 OBSOLETE_local: false peers { permanent_uuid: "c8225bde3bea48518d94e87778d48333" member_type: VOTER last_known_addr { host: "127.31.156.193" port: 45543 } } peers { permanent_uuid: "62147ce8d619441db70317521ecac4e7" member_type: VOTER last_known_addr { host: "127.31.156.194" port: 42305 } } peers { permanent_uuid: "2d266b20c4ac4bd3afcf0d1daff8404f" member_type: VOTER last_known_addr { host: "127.31.156.195" port: 39635 } }
I20260709 13:12:16.455119  1194 ts_tablet_manager.cc:1434] T 245c48de4a3248f08e8376dd34f980c7 P 62147ce8d619441db70317521ecac4e7: Time spent starting tablet: real 0.008s	user 0.005s	sys 0.002s
I20260709 13:12:16.455904  1194 tablet_bootstrap.cc:492] T f7a4500108cc418ba89e2dcc55444175 P 62147ce8d619441db70317521ecac4e7: Bootstrap starting.
I20260709 13:12:16.456945  1153 raft_consensus.cc:2468] T 3ec6a89339e6469cab6d564cddf6a54e P 2d266b20c4ac4bd3afcf0d1daff8404f [term 1 FOLLOWER]: Leader election vote request: Granting yes vote for candidate 62147ce8d619441db70317521ecac4e7 in term 1.
I20260709 13:12:16.465387  1193 tablet_bootstrap.cc:492] T c1773e8e56bd4434bf0e624e95d038bf P c8225bde3bea48518d94e87778d48333: No bootstrap required, opened a new log
I20260709 13:12:16.465795  1193 ts_tablet_manager.cc:1403] T c1773e8e56bd4434bf0e624e95d038bf P c8225bde3bea48518d94e87778d48333: Time spent bootstrapping tablet: real 0.133s	user 0.018s	sys 0.013s
I20260709 13:12:16.468323  1266 consensus_queue.cc:1048] T 7e4a5dbfab1c4184b90ab2db597a13ba P c8225bde3bea48518d94e87778d48333 [LEADER]: Connected to new peer: Peer: permanent_uuid: "62147ce8d619441db70317521ecac4e7" member_type: VOTER last_known_addr { host: "127.31.156.194" port: 42305 }, Status: LMP_MISMATCH, Last received: 0.0, Next index: 1, Last known committed idx: 0, Time since last communication: 0.001s
I20260709 13:12:16.472491  1202 consensus_queue.cc:1048] T 26a541f6502944de971d9a76cbc04470 P 2d266b20c4ac4bd3afcf0d1daff8404f [LEADER]: Connected to new peer: Peer: permanent_uuid: "62147ce8d619441db70317521ecac4e7" member_type: VOTER last_known_addr { host: "127.31.156.194" port: 42305 }, Status: LMP_MISMATCH, Last received: 0.0, Next index: 1, Last known committed idx: 0, Time since last communication: 0.001s
I20260709 13:12:16.472905  1193 raft_consensus.cc:359] T c1773e8e56bd4434bf0e624e95d038bf P c8225bde3bea48518d94e87778d48333 [term 0 FOLLOWER]: Replica starting. Triggering 0 pending ops. Active config: opid_index: -1 OBSOLETE_local: false peers { permanent_uuid: "c8225bde3bea48518d94e87778d48333" member_type: VOTER last_known_addr { host: "127.31.156.193" port: 45543 } } peers { permanent_uuid: "62147ce8d619441db70317521ecac4e7" member_type: VOTER last_known_addr { host: "127.31.156.194" port: 42305 } } peers { permanent_uuid: "2d266b20c4ac4bd3afcf0d1daff8404f" member_type: VOTER last_known_addr { host: "127.31.156.195" port: 39635 } }
I20260709 13:12:16.473664  1193 raft_consensus.cc:385] T c1773e8e56bd4434bf0e624e95d038bf P c8225bde3bea48518d94e87778d48333 [term 0 FOLLOWER]: Consensus starting up: Expiring failure detector timer to make a prompt election more likely
I20260709 13:12:16.473934  1193 raft_consensus.cc:740] T c1773e8e56bd4434bf0e624e95d038bf P c8225bde3bea48518d94e87778d48333 [term 0 FOLLOWER]: Becoming Follower/Learner. State: Replica: c8225bde3bea48518d94e87778d48333, State: Initialized, Role: FOLLOWER
I20260709 13:12:16.474542  1193 consensus_queue.cc:260] T c1773e8e56bd4434bf0e624e95d038bf P c8225bde3bea48518d94e87778d48333 [NON_LEADER]: Queue going to NON_LEADER mode. State: All replicated index: 0, Majority replicated index: 0, Committed index: 0, Last appended: 0.0, Last appended by leader: 0, Current term: 0, Majority size: -1, State: 0, Mode: NON_LEADER, active raft config: opid_index: -1 OBSOLETE_local: false peers { permanent_uuid: "c8225bde3bea48518d94e87778d48333" member_type: VOTER last_known_addr { host: "127.31.156.193" port: 45543 } } peers { permanent_uuid: "62147ce8d619441db70317521ecac4e7" member_type: VOTER last_known_addr { host: "127.31.156.194" port: 42305 } } peers { permanent_uuid: "2d266b20c4ac4bd3afcf0d1daff8404f" member_type: VOTER last_known_addr { host: "127.31.156.195" port: 39635 } }
I20260709 13:12:16.478305  1193 ts_tablet_manager.cc:1434] T c1773e8e56bd4434bf0e624e95d038bf P c8225bde3bea48518d94e87778d48333: Time spent starting tablet: real 0.012s	user 0.006s	sys 0.001s
I20260709 13:12:16.480464  1193 tablet_bootstrap.cc:492] T d480eaddd410461eafad1b08cfecf075 P c8225bde3bea48518d94e87778d48333: Bootstrap starting.
I20260709 13:12:16.481029   902 catalog_manager.cc:5697] T 6d8f3174d00848eb95fee5b9d2cb2148 P 2d266b20c4ac4bd3afcf0d1daff8404f reported cstate change: term changed from 0 to 1, leader changed from <none> to 2d266b20c4ac4bd3afcf0d1daff8404f (127.31.156.195). New cstate: current_term: 1 leader_uuid: "2d266b20c4ac4bd3afcf0d1daff8404f" committed_config { opid_index: -1 OBSOLETE_local: false peers { permanent_uuid: "c8225bde3bea48518d94e87778d48333" member_type: VOTER last_known_addr { host: "127.31.156.193" port: 45543 } health_report { overall_health: UNKNOWN } } peers { permanent_uuid: "62147ce8d619441db70317521ecac4e7" member_type: VOTER last_known_addr { host: "127.31.156.194" port: 42305 } health_report { overall_health: UNKNOWN } } peers { permanent_uuid: "2d266b20c4ac4bd3afcf0d1daff8404f" member_type: VOTER last_known_addr { host: "127.31.156.195" port: 39635 } health_report { overall_health: HEALTHY } } }
I20260709 13:12:16.496042  1202 raft_consensus.cc:493] T 41630291c72d42699a84f00068f973c1 P 2d266b20c4ac4bd3afcf0d1daff8404f [term 0 FOLLOWER]: Starting pre-election (no leader contacted us within the election timeout)
