I20260709 13:12:14.874797   992 tablet_service.cc:1511] Processing CreateTablet for tablet 4fce2a2f75364395b8f520dc30876965 (DEFAULT_TABLE table=test-workload [id=7be0a09495fb41369ba91c9272b4d218]), partition=RANGE (key) PARTITION 2038289512 <= VALUES < 2074687539
I20260709 13:12:14.847280  1202 leader_election.cc:290] T 4bab06bd579347d9973380482c537dd9 P 2d266b20c4ac4bd3afcf0d1daff8404f [CANDIDATE]: Term 1 pre-election: Requested pre-vote from peers c8225bde3bea48518d94e87778d48333 (127.31.156.193:45543), 62147ce8d619441db70317521ecac4e7 (127.31.156.194:42305)
I20260709 13:12:14.880911   988 tablet_service.cc:1511] Processing CreateTablet for tablet e83d24ee919540e29631a3305d3e7d32 (DEFAULT_TABLE table=test-workload [id=7be0a09495fb41369ba91c9272b4d218]), partition=RANGE (key) PARTITION 1965493458 <= VALUES < 2001891485
I20260709 13:12:14.881031  1061 tablet_service.cc:1511] Processing CreateTablet for tablet 7d9e6d21b84048a2b6c6bae3ecd4c40b (DEFAULT_TABLE table=test-workload [id=7be0a09495fb41369ba91c9272b4d218]), partition=RANGE (key) PARTITION 1747105296 <= VALUES < 1783503323
I20260709 13:12:14.882169  1139 tablet_service.cc:1511] Processing CreateTablet for tablet 1f339cdef38949fe8c34ef5a8d2ffc78 (DEFAULT_TABLE table=test-workload [id=7be0a09495fb41369ba91c9272b4d218]), partition=RANGE (key) PARTITION 1674309242 <= VALUES < 1710707269
I20260709 13:12:14.883714  1135 tablet_service.cc:1511] Processing CreateTablet for tablet 57548ae011ad4eafa0d90be3c2317deb (DEFAULT_TABLE table=test-workload [id=7be0a09495fb41369ba91c9272b4d218]), partition=RANGE (key) PARTITION 1710707269 <= VALUES < 1747105296
I20260709 13:12:14.862444  1062 data_dirs.cc:400] Could only allocate 1 dirs of requested 3 for tablet 9bb11ef1b6804031b1d62e7ca45de383. 1 dirs total, 0 dirs full, 0 dirs failed
I20260709 13:12:14.885779  1136 tablet_service.cc:1511] Processing CreateTablet for tablet f775828fd07c4fcfaf3b9c86b05487a0 (DEFAULT_TABLE table=test-workload [id=7be0a09495fb41369ba91c9272b4d218]), partition=RANGE (key) PARTITION 1819901350 <= VALUES < 1856299377
I20260709 13:12:14.890157  1141 data_dirs.cc:400] Could only allocate 1 dirs of requested 3 for tablet 7d9e6d21b84048a2b6c6bae3ecd4c40b. 1 dirs total, 0 dirs full, 0 dirs failed
I20260709 13:12:14.889046   993 tablet_service.cc:1511] Processing CreateTablet for tablet 3e2d7ec536634cb4a312340c31f5337d (DEFAULT_TABLE table=test-workload [id=7be0a09495fb41369ba91c9272b4d218]), partition=RANGE (key) PARTITION 2111085566 <= VALUES
I20260709 13:12:14.912331  1195 tablet_bootstrap.cc:492] T 5040affc676b4d03a6e1b8a20b4e0a96 P 2d266b20c4ac4bd3afcf0d1daff8404f: No bootstrap required, opened a new log
I20260709 13:12:14.912853  1195 ts_tablet_manager.cc:1403] T 5040affc676b4d03a6e1b8a20b4e0a96 P 2d266b20c4ac4bd3afcf0d1daff8404f: Time spent bootstrapping tablet: real 0.195s	user 0.019s	sys 0.022s
I20260709 13:12:14.916370  1140 tablet_service.cc:1511] Processing CreateTablet for tablet f9d4edd5c1f34bdb8af368c34b94645f (DEFAULT_TABLE table=test-workload [id=7be0a09495fb41369ba91c9272b4d218]), partition=RANGE (key) PARTITION 1783503323 <= VALUES < 1819901350
I20260709 13:12:14.923765  1193 tablet_bootstrap.cc:654] T 4bab06bd579347d9973380482c537dd9 P c8225bde3bea48518d94e87778d48333: Neither blocks nor log segments found. Creating new log.
I20260709 13:12:14.885288   994 tablet_service.cc:1511] Processing CreateTablet for tablet bfb4a575cb204624a6d170c62719c2c0 (DEFAULT_TABLE table=test-workload [id=7be0a09495fb41369ba91c9272b4d218]), partition=RANGE (key) PARTITION 2074687539 <= VALUES < 2111085566
I20260709 13:12:14.931392  1063 rpcz_store.cc:275] Call kudu.tserver.TabletServerAdminService.CreateTablet from 127.0.0.1:54850 (request call id 37) took 1043 ms. Trace:
I20260709 13:12:14.931864  1063 rpcz_store.cc:276] 0709 13:12:13.888330 (+     0us) service_pool.cc:167] Inserting onto call queue
0709 13:12:14.619764 (+731434us) service_pool.cc:224] Handling call
0709 13:12:14.719035 (+ 99271us) ts_tablet_manager.cc:669] Acquired tablet manager lock
0709 13:12:14.719118 (+    83us) ts_tablet_manager.cc:682] Creating new metadata...
0709 13:12:14.797993 (+ 78875us) tablet_metadata.cc:665] Metadata flushed
0709 13:12:14.930921 (+132928us) tablet_replica.cc:206] Creating consensus instance
0709 13:12:14.931331 (+   410us) inbound_call.cc:177] Queueing success response
Metrics: {}
I20260709 13:12:14.934152  1063 tablet_service.cc:1511] Processing CreateTablet for tablet f9d4edd5c1f34bdb8af368c34b94645f (DEFAULT_TABLE table=test-workload [id=7be0a09495fb41369ba91c9272b4d218]), partition=RANGE (key) PARTITION 1783503323 <= VALUES < 1819901350
I20260709 13:12:14.893132  1069 tablet_service.cc:1511] Processing CreateTablet for tablet 57548ae011ad4eafa0d90be3c2317deb (DEFAULT_TABLE table=test-workload [id=7be0a09495fb41369ba91c9272b4d218]), partition=RANGE (key) PARTITION 1710707269 <= VALUES < 1747105296
I20260709 13:12:14.936049  1195 raft_consensus.cc:359] T 5040affc676b4d03a6e1b8a20b4e0a96 P 2d266b20c4ac4bd3afcf0d1daff8404f [term 0 FOLLOWER]: Replica starting. Triggering 0 pending ops. Active config: opid_index: -1 OBSOLETE_local: false peers { permanent_uuid: "c8225bde3bea48518d94e87778d48333" member_type: VOTER last_known_addr { host: "127.31.156.193" port: 45543 } } peers { permanent_uuid: "62147ce8d619441db70317521ecac4e7" member_type: VOTER last_known_addr { host: "127.31.156.194" port: 42305 } } peers { permanent_uuid: "2d266b20c4ac4bd3afcf0d1daff8404f" member_type: VOTER last_known_addr { host: "127.31.156.195" port: 39635 } }
I20260709 13:12:14.936794  1195 raft_consensus.cc:385] T 5040affc676b4d03a6e1b8a20b4e0a96 P 2d266b20c4ac4bd3afcf0d1daff8404f [term 0 FOLLOWER]: Consensus starting up: Expiring failure detector timer to make a prompt election more likely
I20260709 13:12:14.937089  1195 raft_consensus.cc:740] T 5040affc676b4d03a6e1b8a20b4e0a96 P 2d266b20c4ac4bd3afcf0d1daff8404f [term 0 FOLLOWER]: Becoming Follower/Learner. State: Replica: 2d266b20c4ac4bd3afcf0d1daff8404f, State: Initialized, Role: FOLLOWER
I20260709 13:12:14.937765  1195 consensus_queue.cc:260] T 5040affc676b4d03a6e1b8a20b4e0a96 P 2d266b20c4ac4bd3afcf0d1daff8404f [NON_LEADER]: Queue going to NON_LEADER mode. State: All replicated index: 0, Majority replicated index: 0, Committed index: 0, Last appended: 0.0, Last appended by leader: 0, Current term: 0, Majority size: -1, State: 0, Mode: NON_LEADER, active raft config: opid_index: -1 OBSOLETE_local: false peers { permanent_uuid: "c8225bde3bea48518d94e87778d48333" member_type: VOTER last_known_addr { host: "127.31.156.193" port: 45543 } } peers { permanent_uuid: "62147ce8d619441db70317521ecac4e7" member_type: VOTER last_known_addr { host: "127.31.156.194" port: 42305 } } peers { permanent_uuid: "2d266b20c4ac4bd3afcf0d1daff8404f" member_type: VOTER last_known_addr { host: "127.31.156.195" port: 39635 } }
I20260709 13:12:14.943538  1067 data_dirs.cc:400] Could only allocate 1 dirs of requested 3 for tablet 1f8d2d1414da4e83a9e1c15b2dd8db86. 1 dirs total, 0 dirs full, 0 dirs failed
I20260709 13:12:14.944895  1069 data_dirs.cc:400] Could only allocate 1 dirs of requested 3 for tablet 57548ae011ad4eafa0d90be3c2317deb. 1 dirs total, 0 dirs full, 0 dirs failed
I20260709 13:12:14.948091  1195 ts_tablet_manager.cc:1434] T 5040affc676b4d03a6e1b8a20b4e0a96 P 2d266b20c4ac4bd3afcf0d1daff8404f: Time spent starting tablet: real 0.035s	user 0.006s	sys 0.001s
I20260709 13:12:14.952131  1060 tablet_service.cc:1511] Processing CreateTablet for tablet f775828fd07c4fcfaf3b9c86b05487a0 (DEFAULT_TABLE table=test-workload [id=7be0a09495fb41369ba91c9272b4d218]), partition=RANGE (key) PARTITION 1819901350 <= VALUES < 1856299377
I20260709 13:12:14.955430   988 data_dirs.cc:400] Could only allocate 1 dirs of requested 3 for tablet e83d24ee919540e29631a3305d3e7d32. 1 dirs total, 0 dirs full, 0 dirs failed
I20260709 13:12:14.955974  1003 tablet_service.cc:1917] Received RequestConsensusVote() RPC: tablet_id: "4bab06bd579347d9973380482c537dd9" candidate_uuid: "2d266b20c4ac4bd3afcf0d1daff8404f" candidate_term: 1 candidate_status { last_received { term: 0 index: 0 } } ignore_live_leader: false dest_uuid: "c8225bde3bea48518d94e87778d48333" is_pre_election: true
I20260709 13:12:14.963629  1060 data_dirs.cc:400] Could only allocate 1 dirs of requested 3 for tablet f775828fd07c4fcfaf3b9c86b05487a0. 1 dirs total, 0 dirs full, 0 dirs failed
I20260709 13:12:14.967015  1194 tablet_bootstrap.cc:492] T 056c20783c7a49c08b57db6c580132b5 P 62147ce8d619441db70317521ecac4e7: No bootstrap required, opened a new log
W20260709 13:12:14.957818  1116 leader_election.cc:343] T 4bab06bd579347d9973380482c537dd9 P 2d266b20c4ac4bd3afcf0d1daff8404f [CANDIDATE]: Term 1 pre-election: Tablet error from VoteRequest() call to peer c8225bde3bea48518d94e87778d48333 (127.31.156.193:45543): Illegal state: must be running to vote when last-logged opid is not known
I20260709 13:12:14.967546  1194 ts_tablet_manager.cc:1403] T 056c20783c7a49c08b57db6c580132b5 P 62147ce8d619441db70317521ecac4e7: Time spent bootstrapping tablet: real 0.308s	user 0.032s	sys 0.014s
I20260709 13:12:14.969609  1079 tablet_service.cc:1917] Received RequestConsensusVote() RPC: tablet_id: "0e26e052ab4c4f87b705f2053fb8faf4" candidate_uuid: "c8225bde3bea48518d94e87778d48333" candidate_term: 1 candidate_status { last_received { term: 0 index: 0 } } ignore_live_leader: false dest_uuid: "62147ce8d619441db70317521ecac4e7" is_pre_election: true
I20260709 13:12:14.971204   968 leader_election.cc:304] T 0e26e052ab4c4f87b705f2053fb8faf4 P c8225bde3bea48518d94e87778d48333 [CANDIDATE]: Term 1 pre-election: Election decided. Result: candidate lost. Election summary: received 3 responses out of 3 voters: 1 yes votes; 2 no votes. yes voters: c8225bde3bea48518d94e87778d48333; no voters: 2d266b20c4ac4bd3afcf0d1daff8404f, 62147ce8d619441db70317521ecac4e7
I20260709 13:12:14.971976  1198 raft_consensus.cc:2749] T 0e26e052ab4c4f87b705f2053fb8faf4 P c8225bde3bea48518d94e87778d48333 [term 1 FOLLOWER]: Leader pre-election lost for term 1. Reason: could not achieve majority
I20260709 13:12:14.972733  1078 tablet_service.cc:1917] Received RequestConsensusVote() RPC: tablet_id: "41c7cc8ad290415198ac373d4f32f06f" candidate_uuid: "c8225bde3bea48518d94e87778d48333" candidate_term: 1 candidate_status { last_received { term: 0 index: 0 } } ignore_live_leader: false dest_uuid: "62147ce8d619441db70317521ecac4e7" is_pre_election: true
I20260709 13:12:14.974408  1137 rpcz_store.cc:275] Call kudu.tserver.TabletServerAdminService.CreateTablet from 127.0.0.1:44968 (request call id 38) took 1010 ms. Trace:
I20260709 13:12:14.974804  1137 rpcz_store.cc:276] 0709 13:12:13.964315 (+     0us) service_pool.cc:167] Inserting onto call queue
0709 13:12:14.690726 (+726411us) service_pool.cc:224] Handling call
0709 13:12:14.718443 (+ 27717us) ts_tablet_manager.cc:669] Acquired tablet manager lock
0709 13:12:14.718589 (+   146us) ts_tablet_manager.cc:682] Creating new metadata...
0709 13:12:14.750314 (+ 31725us) tablet_metadata.cc:665] Metadata flushed
0709 13:12:14.930259 (+179945us) tablet_replica.cc:206] Creating consensus instance
0709 13:12:14.974351 (+ 44092us) inbound_call.cc:177] Queueing success response
Metrics: {"spinlock_wait_cycles":7424}
I20260709 13:12:14.977751  1195 tablet_bootstrap.cc:492] T 056c20783c7a49c08b57db6c580132b5 P 2d266b20c4ac4bd3afcf0d1daff8404f: Bootstrap starting.
I20260709 13:12:14.980068  1137 tablet_service.cc:1511] Processing CreateTablet for tablet 28fad38869b54a9d82aa51c10bd48024 (DEFAULT_TABLE table=test-workload [id=7be0a09495fb41369ba91c9272b4d218]), partition=RANGE (key) PARTITION 1929095431 <= VALUES < 1965493458
I20260709 13:12:14.981298   990 rpcz_store.cc:275] Call kudu.tserver.TabletServerAdminService.CreateTablet from 127.0.0.1:40318 (request call id 41) took 1022 ms. Trace:
I20260709 13:12:14.981675   990 rpcz_store.cc:276] 0709 13:12:13.959125 (+     0us) service_pool.cc:167] Inserting onto call queue
0709 13:12:14.399884 (+440759us) service_pool.cc:224] Handling call
0709 13:12:14.401571 (+  1687us) ts_tablet_manager.cc:669] Acquired tablet manager lock
0709 13:12:14.401662 (+    91us) ts_tablet_manager.cc:682] Creating new metadata...
0709 13:12:14.695708 (+294046us) tablet_metadata.cc:665] Metadata flushed
0709 13:12:14.863850 (+168142us) tablet_replica.cc:206] Creating consensus instance
0709 13:12:14.981240 (+117390us) inbound_call.cc:177] Queueing success response
Metrics: {}
I20260709 13:12:14.983598  1143 tablet_service.cc:1511] Processing CreateTablet for tablet 34f85ee4ce554e59b6560c61afc62b9c (DEFAULT_TABLE table=test-workload [id=7be0a09495fb41369ba91c9272b4d218]), partition=RANGE (key) PARTITION 1856299377 <= VALUES < 1892697404
W20260709 13:12:14.991106   968 leader_election.cc:343] T 41c7cc8ad290415198ac373d4f32f06f P c8225bde3bea48518d94e87778d48333 [CANDIDATE]: Term 1 pre-election: Tablet error from VoteRequest() call to peer 62147ce8d619441db70317521ecac4e7 (127.31.156.194:42305): Illegal state: must be running to vote when last-logged opid is not known
I20260709 13:12:14.991569   968 leader_election.cc:304] T 41c7cc8ad290415198ac373d4f32f06f P c8225bde3bea48518d94e87778d48333 [CANDIDATE]: Term 1 pre-election: Election decided. Result: candidate lost. Election summary: received 3 responses out of 3 voters: 1 yes votes; 2 no votes. yes voters: c8225bde3bea48518d94e87778d48333; no voters: 2d266b20c4ac4bd3afcf0d1daff8404f, 62147ce8d619441db70317521ecac4e7
I20260709 13:12:14.992296  1198 raft_consensus.cc:2749] T 41c7cc8ad290415198ac373d4f32f06f P c8225bde3bea48518d94e87778d48333 [term 0 FOLLOWER]: Leader pre-election lost for term 1. Reason: could not achieve majority
I20260709 13:12:14.992882  1200 raft_consensus.cc:493] T acdf3b0789c94ec5b34d6e2a50855b63 P 62147ce8d619441db70317521ecac4e7 [term 0 FOLLOWER]: Starting pre-election (no leader contacted us within the election timeout)
I20260709 13:12:14.993233   989 data_dirs.cc:400] Could only allocate 1 dirs of requested 3 for tablet 18ca6ca1a1054d09b7e6cdeaf48fe9ea. 1 dirs total, 0 dirs full, 0 dirs failed
I20260709 13:12:14.993326  1200 raft_consensus.cc:515] T acdf3b0789c94ec5b34d6e2a50855b63 P 62147ce8d619441db70317521ecac4e7 [term 0 FOLLOWER]: Starting pre-election with config: opid_index: -1 OBSOLETE_local: false peers { permanent_uuid: "c8225bde3bea48518d94e87778d48333" member_type: VOTER last_known_addr { host: "127.31.156.193" port: 45543 } } peers { permanent_uuid: "62147ce8d619441db70317521ecac4e7" member_type: VOTER last_known_addr { host: "127.31.156.194" port: 42305 } } peers { permanent_uuid: "2d266b20c4ac4bd3afcf0d1daff8404f" member_type: VOTER last_known_addr { host: "127.31.156.195" port: 39635 } }
I20260709 13:12:14.995456  1200 leader_election.cc:290] T acdf3b0789c94ec5b34d6e2a50855b63 P 62147ce8d619441db70317521ecac4e7 [CANDIDATE]: Term 1 pre-election: Requested pre-vote from peers c8225bde3bea48518d94e87778d48333 (127.31.156.193:45543), 2d266b20c4ac4bd3afcf0d1daff8404f (127.31.156.195:39635)
I20260709 13:12:14.996963  1003 tablet_service.cc:1917] Received RequestConsensusVote() RPC: tablet_id: "acdf3b0789c94ec5b34d6e2a50855b63" candidate_uuid: "62147ce8d619441db70317521ecac4e7" candidate_term: 1 candidate_status { last_received { term: 0 index: 0 } } ignore_live_leader: false dest_uuid: "c8225bde3bea48518d94e87778d48333" is_pre_election: true
I20260709 13:12:14.993233  1063 data_dirs.cc:400] Could only allocate 1 dirs of requested 3 for tablet f9d4edd5c1f34bdb8af368c34b94645f. 1 dirs total, 0 dirs full, 0 dirs failed
I20260709 13:12:14.976577  1139 data_dirs.cc:400] Could only allocate 1 dirs of requested 3 for tablet 1f339cdef38949fe8c34ef5a8d2ffc78. 1 dirs total, 0 dirs full, 0 dirs failed
W20260709 13:12:14.999296  1042 leader_election.cc:343] T acdf3b0789c94ec5b34d6e2a50855b63 P 62147ce8d619441db70317521ecac4e7 [CANDIDATE]: Term 1 pre-election: Tablet error from VoteRequest() call to peer c8225bde3bea48518d94e87778d48333 (127.31.156.193:45543): Illegal state: must be running to vote when last-logged opid is not known
I20260709 13:12:15.001042   992 data_dirs.cc:400] Could only allocate 1 dirs of requested 3 for tablet 4fce2a2f75364395b8f520dc30876965. 1 dirs total, 0 dirs full, 0 dirs failed
I20260709 13:12:15.000859  1078 tablet_service.cc:1917] Received RequestConsensusVote() RPC: tablet_id: "4bab06bd579347d9973380482c537dd9" candidate_uuid: "2d266b20c4ac4bd3afcf0d1daff8404f" candidate_term: 1 candidate_status { last_received { term: 0 index: 0 } } ignore_live_leader: false dest_uuid: "62147ce8d619441db70317521ecac4e7" is_pre_election: true
I20260709 13:12:15.001549  1061 data_dirs.cc:400] Could only allocate 1 dirs of requested 3 for tablet 7d9e6d21b84048a2b6c6bae3ecd4c40b. 1 dirs total, 0 dirs full, 0 dirs failed
I20260709 13:12:15.002180  1068 data_dirs.cc:400] Could only allocate 1 dirs of requested 3 for tablet 1f339cdef38949fe8c34ef5a8d2ffc78. 1 dirs total, 0 dirs full, 0 dirs failed
I20260709 13:12:15.002540   993 data_dirs.cc:400] Could only allocate 1 dirs of requested 3 for tablet 3e2d7ec536634cb4a312340c31f5337d. 1 dirs total, 0 dirs full, 0 dirs failed
I20260709 13:12:15.004477  1140 data_dirs.cc:400] Could only allocate 1 dirs of requested 3 for tablet f9d4edd5c1f34bdb8af368c34b94645f. 1 dirs total, 0 dirs full, 0 dirs failed
W20260709 13:12:15.007285  1117 leader_election.cc:343] T 4bab06bd579347d9973380482c537dd9 P 2d266b20c4ac4bd3afcf0d1daff8404f [CANDIDATE]: Term 1 pre-election: Tablet error from VoteRequest() call to peer 62147ce8d619441db70317521ecac4e7 (127.31.156.194:42305): Illegal state: must be running to vote when last-logged opid is not known
I20260709 13:12:15.007761  1117 leader_election.cc:304] T 4bab06bd579347d9973380482c537dd9 P 2d266b20c4ac4bd3afcf0d1daff8404f [CANDIDATE]: Term 1 pre-election: Election decided. Result: candidate lost. Election summary: received 3 responses out of 3 voters: 1 yes votes; 2 no votes. yes voters: 2d266b20c4ac4bd3afcf0d1daff8404f; no voters: 62147ce8d619441db70317521ecac4e7, c8225bde3bea48518d94e87778d48333
I20260709 13:12:14.972985  1194 raft_consensus.cc:359] T 056c20783c7a49c08b57db6c580132b5 P 62147ce8d619441db70317521ecac4e7 [term 0 FOLLOWER]: Replica starting. Triggering 0 pending ops. Active config: opid_index: -1 OBSOLETE_local: false peers { permanent_uuid: "c8225bde3bea48518d94e87778d48333" member_type: VOTER last_known_addr { host: "127.31.156.193" port: 45543 } } peers { permanent_uuid: "62147ce8d619441db70317521ecac4e7" member_type: VOTER last_known_addr { host: "127.31.156.194" port: 42305 } } peers { permanent_uuid: "2d266b20c4ac4bd3afcf0d1daff8404f" member_type: VOTER last_known_addr { host: "127.31.156.195" port: 39635 } }
I20260709 13:12:14.998407  1062 tablet_service.cc:1511] Processing CreateTablet for tablet 34f85ee4ce554e59b6560c61afc62b9c (DEFAULT_TABLE table=test-workload [id=7be0a09495fb41369ba91c9272b4d218]), partition=RANGE (key) PARTITION 1856299377 <= VALUES < 1892697404
I20260709 13:12:15.015484  1194 raft_consensus.cc:385] T 056c20783c7a49c08b57db6c580132b5 P 62147ce8d619441db70317521ecac4e7 [term 0 FOLLOWER]: Consensus starting up: Expiring failure detector timer to make a prompt election more likely
I20260709 13:12:15.015937  1194 raft_consensus.cc:740] T 056c20783c7a49c08b57db6c580132b5 P 62147ce8d619441db70317521ecac4e7 [term 0 FOLLOWER]: Becoming Follower/Learner. State: Replica: 62147ce8d619441db70317521ecac4e7, State: Initialized, Role: FOLLOWER
I20260709 13:12:15.016316  1062 data_dirs.cc:400] Could only allocate 1 dirs of requested 3 for tablet 34f85ee4ce554e59b6560c61afc62b9c. 1 dirs total, 0 dirs full, 0 dirs failed
I20260709 13:12:15.015137  1137 data_dirs.cc:400] Could only allocate 1 dirs of requested 3 for tablet 28fad38869b54a9d82aa51c10bd48024. 1 dirs total, 0 dirs full, 0 dirs failed
I20260709 13:12:15.016995  1202 raft_consensus.cc:2749] T 4bab06bd579347d9973380482c537dd9 P 2d266b20c4ac4bd3afcf0d1daff8404f [term 0 FOLLOWER]: Leader pre-election lost for term 1. Reason: could not achieve majority
I20260709 13:12:15.019943   994 data_dirs.cc:400] Could only allocate 1 dirs of requested 3 for tablet bfb4a575cb204624a6d170c62719c2c0. 1 dirs total, 0 dirs full, 0 dirs failed
I20260709 13:12:15.020366  1066 rpcz_store.cc:275] Call kudu.tserver.TabletServerAdminService.CreateTablet from 127.0.0.1:54850 (request call id 45) took 1003 ms. Trace:
I20260709 13:12:15.020730  1066 rpcz_store.cc:276] 0709 13:12:14.016801 (+     0us) service_pool.cc:167] Inserting onto call queue
0709 13:12:14.835456 (+818655us) service_pool.cc:224] Handling call
0709 13:12:14.837383 (+  1927us) ts_tablet_manager.cc:669] Acquired tablet manager lock
0709 13:12:14.837485 (+   102us) ts_tablet_manager.cc:682] Creating new metadata...
0709 13:12:14.942488 (+105003us) tablet_metadata.cc:665] Metadata flushed
0709 13:12:15.019860 (+ 77372us) tablet_replica.cc:206] Creating consensus instance
0709 13:12:15.020307 (+   447us) inbound_call.cc:177] Queueing success response
Metrics: {}
I20260709 13:12:15.028012  1153 tablet_service.cc:1917] Received RequestConsensusVote() RPC: tablet_id: "acdf3b0789c94ec5b34d6e2a50855b63" candidate_uuid: "62147ce8d619441db70317521ecac4e7" candidate_term: 1 candidate_status { last_received { term: 0 index: 0 } } ignore_live_leader: false dest_uuid: "2d266b20c4ac4bd3afcf0d1daff8404f" is_pre_election: true
I20260709 13:12:15.029748  1134 rpcz_store.cc:275] Call kudu.tserver.TabletServerAdminService.CreateTablet from 127.0.0.1:44968 (request call id 44) took 1014 ms. Trace:
I20260709 13:12:15.030153  1134 rpcz_store.cc:276] 0709 13:12:14.015475 (+     0us) service_pool.cc:167] Inserting onto call queue
0709 13:12:14.803043 (+787568us) service_pool.cc:224] Handling call
0709 13:12:14.817702 (+ 14659us) ts_tablet_manager.cc:669] Acquired tablet manager lock
0709 13:12:14.817793 (+    91us) ts_tablet_manager.cc:682] Creating new metadata...
0709 13:12:14.947955 (+130162us) tablet_metadata.cc:665] Metadata flushed
0709 13:12:15.009501 (+ 61546us) tablet_replica.cc:206] Creating consensus instance
0709 13:12:15.029689 (+ 20188us) inbound_call.cc:177] Queueing success response
Metrics: {}
I20260709 13:12:15.032028  1134 tablet_service.cc:1511] Processing CreateTablet for tablet d56546c9ec9a49c7b54a67e98bd96d19 (DEFAULT_TABLE table=test-workload [id=7be0a09495fb41369ba91c9272b4d218]), partition=RANGE (key) PARTITION 1892697404 <= VALUES < 1929095431
I20260709 13:12:15.032315  1064 rpcz_store.cc:275] Call kudu.tserver.TabletServerAdminService.CreateTablet from 127.0.0.1:54850 (request call id 44) took 1017 ms. Trace:
I20260709 13:12:15.032824  1064 rpcz_store.cc:276] 0709 13:12:14.014818 (+     0us) service_pool.cc:167] Inserting onto call queue
0709 13:12:14.824117 (+809299us) service_pool.cc:224] Handling call
0709 13:12:14.825814 (+  1697us) ts_tablet_manager.cc:669] Acquired tablet manager lock
0709 13:12:14.825904 (+    90us) ts_tablet_manager.cc:682] Creating new metadata...
0709 13:12:14.891592 (+ 65688us) tablet_metadata.cc:665] Metadata flushed
0709 13:12:15.031832 (+140240us) tablet_replica.cc:206] Creating consensus instance
0709 13:12:15.032255 (+   423us) inbound_call.cc:177] Queueing success response
Metrics: {}
I20260709 13:12:15.034688  1064 tablet_service.cc:1511] Processing CreateTablet for tablet d56546c9ec9a49c7b54a67e98bd96d19 (DEFAULT_TABLE table=test-workload [id=7be0a09495fb41369ba91c9272b4d218]), partition=RANGE (key) PARTITION 1892697404 <= VALUES < 1929095431
W20260709 13:12:15.029925  1043 leader_election.cc:343] T acdf3b0789c94ec5b34d6e2a50855b63 P 62147ce8d619441db70317521ecac4e7 [CANDIDATE]: Term 1 pre-election: Tablet error from VoteRequest() call to peer 2d266b20c4ac4bd3afcf0d1daff8404f (127.31.156.195:39635): Illegal state: must be running to vote when last-logged opid is not known
I20260709 13:12:15.010751  1195 tablet_bootstrap.cc:654] T 056c20783c7a49c08b57db6c580132b5 P 2d266b20c4ac4bd3afcf0d1daff8404f: Neither blocks nor log segments found. Creating new log.
I20260709 13:12:15.039040  1043 leader_election.cc:304] T acdf3b0789c94ec5b34d6e2a50855b63 P 62147ce8d619441db70317521ecac4e7 [CANDIDATE]: Term 1 pre-election: Election decided. Result: candidate lost. Election summary: received 3 responses out of 3 voters: 1 yes votes; 2 no votes. yes voters: 62147ce8d619441db70317521ecac4e7; no voters: 2d266b20c4ac4bd3afcf0d1daff8404f, c8225bde3bea48518d94e87778d48333
I20260709 13:12:15.039891  1138 rpcz_store.cc:275] Call kudu.tserver.TabletServerAdminService.CreateTablet from 127.0.0.1:44968 (request call id 45) took 1015 ms. Trace:
I20260709 13:12:15.040144  1200 raft_consensus.cc:2749] T acdf3b0789c94ec5b34d6e2a50855b63 P 62147ce8d619441db70317521ecac4e7 [term 0 FOLLOWER]: Leader pre-election lost for term 1. Reason: could not achieve majority
I20260709 13:12:15.040246  1138 rpcz_store.cc:276] 0709 13:12:14.024823 (+     0us) service_pool.cc:167] Inserting onto call queue
0709 13:12:14.809513 (+784690us) service_pool.cc:224] Handling call
0709 13:12:14.819934 (+ 10421us) ts_tablet_manager.cc:669] Acquired tablet manager lock
0709 13:12:14.820016 (+    82us) ts_tablet_manager.cc:682] Creating new metadata...
0709 13:12:15.013267 (+193251us) tablet_metadata.cc:665] Metadata flushed
0709 13:12:15.039426 (+ 26159us) tablet_replica.cc:206] Creating consensus instance
0709 13:12:15.039835 (+   409us) inbound_call.cc:177] Queueing success response
Metrics: {}
I20260709 13:12:15.042145  1138 tablet_service.cc:1511] Processing CreateTablet for tablet e83d24ee919540e29631a3305d3e7d32 (DEFAULT_TABLE table=test-workload [id=7be0a09495fb41369ba91c9272b4d218]), partition=RANGE (key) PARTITION 1965493458 <= VALUES < 2001891485
I20260709 13:12:15.035899  1065 rpcz_store.cc:275] Call kudu.tserver.TabletServerAdminService.CreateTablet from 127.0.0.1:54850 (request call id 40) took 1081 ms. Trace:
I20260709 13:12:15.047041  1065 rpcz_store.cc:276] 0709 13:12:13.954648 (+     0us) service_pool.cc:167] Inserting onto call queue
0709 13:12:14.729246 (+774598us) service_pool.cc:224] Handling call
0709 13:12:14.731128 (+  1882us) ts_tablet_manager.cc:669] Acquired tablet manager lock
0709 13:12:14.731219 (+    91us) ts_tablet_manager.cc:682] Creating new metadata...
0709 13:12:14.910341 (+179122us) tablet_metadata.cc:665] Metadata flushed
0709 13:12:14.985775 (+ 75434us) tablet_replica.cc:206] Creating consensus instance
0709 13:12:15.035842 (+ 50067us) inbound_call.cc:177] Queueing success response
Metrics: {}
I20260709 13:12:15.037591  1142 rpcz_store.cc:275] Call kudu.tserver.TabletServerAdminService.CreateTablet from 127.0.0.1:44968 (request call id 43) took 1023 ms. Trace:
I20260709 13:12:15.055630  1142 rpcz_store.cc:276] 0709 13:12:14.014578 (+     0us) service_pool.cc:167] Inserting onto call queue
0709 13:12:14.793000 (+778422us) service_pool.cc:224] Handling call
0709 13:12:14.811103 (+ 18103us) ts_tablet_manager.cc:669] Acquired tablet manager lock
0709 13:12:14.811196 (+    93us) ts_tablet_manager.cc:682] Creating new metadata...
0709 13:12:14.935180 (+123984us) tablet_metadata.cc:665] Metadata flushed
0709 13:12:15.037069 (+101889us) tablet_replica.cc:206] Creating consensus instance
0709 13:12:15.037535 (+   466us) inbound_call.cc:177] Queueing success response
Metrics: {}
I20260709 13:12:15.057566  1142 tablet_service.cc:1511] Processing CreateTablet for tablet 18ca6ca1a1054d09b7e6cdeaf48fe9ea (DEFAULT_TABLE table=test-workload [id=7be0a09495fb41369ba91c9272b4d218]), partition=RANGE (key) PARTITION 2001891485 <= VALUES < 2038289512
I20260709 13:12:15.063010  1064 data_dirs.cc:400] Could only allocate 1 dirs of requested 3 for tablet d56546c9ec9a49c7b54a67e98bd96d19. 1 dirs total, 0 dirs full, 0 dirs failed
I20260709 13:12:15.063863  1061 rpcz_store.cc:275] Call kudu.tserver.TabletServerAdminService.CreateTablet from 127.0.0.1:54850 (request call id 48) took 1031 ms. Trace:
I20260709 13:12:15.064244  1061 rpcz_store.cc:276] 0709 13:12:14.032305 (+     0us) service_pool.cc:167] Inserting onto call queue
0709 13:12:14.875495 (+843190us) service_pool.cc:224] Handling call
0709 13:12:14.901427 (+ 25932us) ts_tablet_manager.cc:669] Acquired tablet manager lock
0709 13:12:14.905358 (+  3931us) ts_tablet_manager.cc:682] Creating new metadata...
0709 13:12:15.044751 (+139393us) tablet_metadata.cc:665] Metadata flushed
0709 13:12:15.063269 (+ 18518us) tablet_replica.cc:206] Creating consensus instance
0709 13:12:15.063804 (+   535us) inbound_call.cc:177] Queueing success response
Metrics: {}
I20260709 13:12:15.038515  1069 rpcz_store.cc:275] Call kudu.tserver.TabletServerAdminService.CreateTablet from 127.0.0.1:54850 (request call id 47) took 1007 ms. Trace:
I20260709 13:12:15.038128  1194 consensus_queue.cc:260] T 056c20783c7a49c08b57db6c580132b5 P 62147ce8d619441db70317521ecac4e7 [NON_LEADER]: Queue going to NON_LEADER mode. State: All replicated index: 0, Majority replicated index: 0, Committed index: 0, Last appended: 0.0, Last appended by leader: 0, Current term: 0, Majority size: -1, State: 0, Mode: NON_LEADER, active raft config: opid_index: -1 OBSOLETE_local: false peers { permanent_uuid: "c8225bde3bea48518d94e87778d48333" member_type: VOTER last_known_addr { host: "127.31.156.193" port: 45543 } } peers { permanent_uuid: "62147ce8d619441db70317521ecac4e7" member_type: VOTER last_known_addr { host: "127.31.156.194" port: 42305 } } peers { permanent_uuid: "2d266b20c4ac4bd3afcf0d1daff8404f" member_type: VOTER last_known_addr { host: "127.31.156.195" port: 39635 } }
I20260709 13:12:15.049540  1065 tablet_service.cc:1511] Processing CreateTablet for tablet e83d24ee919540e29631a3305d3e7d32 (DEFAULT_TABLE table=test-workload [id=7be0a09495fb41369ba91c9272b4d218]), partition=RANGE (key) PARTITION 1965493458 <= VALUES < 2001891485
I20260709 13:12:15.037660  1063 rpcz_store.cc:275] Call kudu.tserver.TabletServerAdminService.CreateTablet from 127.0.0.1:54850 (request call id 49) took 1001 ms. Trace:
I20260709 13:12:15.049540  1066 tablet_service.cc:1511] Processing CreateTablet for tablet 28fad38869b54a9d82aa51c10bd48024 (DEFAULT_TABLE table=test-workload [id=7be0a09495fb41369ba91c9272b4d218]), partition=RANGE (key) PARTITION 1929095431 <= VALUES < 1965493458
I20260709 13:12:15.055190  1134 data_dirs.cc:400] Could only allocate 1 dirs of requested 3 for tablet d56546c9ec9a49c7b54a67e98bd96d19. 1 dirs total, 0 dirs full, 0 dirs failed
I20260709 13:12:15.066928  1061 tablet_service.cc:1511] Processing CreateTablet for tablet 18ca6ca1a1054d09b7e6cdeaf48fe9ea (DEFAULT_TABLE table=test-workload [id=7be0a09495fb41369ba91c9272b4d218]), partition=RANGE (key) PARTITION 2001891485 <= VALUES < 2038289512
I20260709 13:12:15.078619  1194 ts_tablet_manager.cc:1434] T 056c20783c7a49c08b57db6c580132b5 P 62147ce8d619441db70317521ecac4e7: Time spent starting tablet: real 0.110s	user 0.003s	sys 0.004s
I20260709 13:12:15.085706  1194 tablet_bootstrap.cc:492] T 678cc15b00924681bdac833bc8dfc399 P 62147ce8d619441db70317521ecac4e7: Bootstrap starting.
I20260709 13:12:15.087229  1142 data_dirs.cc:400] Could only allocate 1 dirs of requested 3 for tablet 18ca6ca1a1054d09b7e6cdeaf48fe9ea. 1 dirs total, 0 dirs full, 0 dirs failed
I20260709 13:12:15.088647  1140 rpcz_store.cc:275] Call kudu.tserver.TabletServerAdminService.CreateTablet from 127.0.0.1:44968 (request call id 49) took 1050 ms. Trace:
I20260709 13:12:15.089073  1140 rpcz_store.cc:276] 0709 13:12:14.038681 (+     0us) service_pool.cc:167] Inserting onto call queue
0709 13:12:14.882823 (+844142us) service_pool.cc:224] Handling call
0709 13:12:14.978126 (+ 95303us) ts_tablet_manager.cc:669] Acquired tablet manager lock
0709 13:12:14.978247 (+   121us) ts_tablet_manager.cc:682] Creating new metadata...
0709 13:12:15.026333 (+ 48086us) tablet_metadata.cc:665] Metadata flushed
0709 13:12:15.088065 (+ 61732us) tablet_replica.cc:206] Creating consensus instance
0709 13:12:15.088589 (+   524us) inbound_call.cc:177] Queueing success response
Metrics: {}
I20260709 13:12:15.071704  1063 rpcz_store.cc:276] 0709 13:12:14.036691 (+     0us) service_pool.cc:167] Inserting onto call queue
0709 13:12:14.933267 (+896576us) service_pool.cc:224] Handling call
0709 13:12:14.942906 (+  9639us) ts_tablet_manager.cc:669] Acquired tablet manager lock
0709 13:12:14.943779 (+   873us) ts_tablet_manager.cc:682] Creating new metadata...
0709 13:12:15.024291 (+ 80512us) tablet_metadata.cc:665] Metadata flushed
0709 13:12:15.037158 (+ 12867us) tablet_replica.cc:206] Creating consensus instance
0709 13:12:15.037602 (+   444us) inbound_call.cc:177] Queueing success response
Metrics: {"spinlock_wait_cycles":23424}
I20260709 13:12:15.093695  1063 tablet_service.cc:1511] Processing CreateTablet for tablet 4fce2a2f75364395b8f520dc30876965 (DEFAULT_TABLE table=test-workload [id=7be0a09495fb41369ba91c9272b4d218]), partition=RANGE (key) PARTITION 2038289512 <= VALUES < 2074687539
I20260709 13:12:15.097307  1136 data_dirs.cc:400] Could only allocate 1 dirs of requested 3 for tablet f775828fd07c4fcfaf3b9c86b05487a0. 1 dirs total, 0 dirs full, 0 dirs failed
I20260709 13:12:15.073719  1061 data_dirs.cc:400] Could only allocate 1 dirs of requested 3 for tablet 18ca6ca1a1054d09b7e6cdeaf48fe9ea. 1 dirs total, 0 dirs full, 0 dirs failed
W20260709 13:12:15.100816   950 auto_rebalancer.cc:288] Could not retrieve cluster info: Service unavailable: Tablet not running
I20260709 13:12:15.101269  1135 data_dirs.cc:400] Could only allocate 1 dirs of requested 3 for tablet 57548ae011ad4eafa0d90be3c2317deb. 1 dirs total, 0 dirs full, 0 dirs failed
I20260709 13:12:15.107426  1200 consensus_queue.cc:1048] T 0e26e052ab4c4f87b705f2053fb8faf4 P 62147ce8d619441db70317521ecac4e7 [LEADER]: Connected to new peer: Peer: permanent_uuid: "2d266b20c4ac4bd3afcf0d1daff8404f" member_type: VOTER last_known_addr { host: "127.31.156.195" port: 39635 }, Status: LMP_MISMATCH, Last received: 0.0, Next index: 1, Last known committed idx: 0, Time since last communication: 0.000s
I20260709 13:12:15.114931  1134 rpcz_store.cc:275] Call kudu.tserver.TabletServerAdminService.CreateTablet from 127.0.0.1:44968 (request call id 52) took 1065 ms. Trace:
I20260709 13:12:15.115371  1134 rpcz_store.cc:276] 0709 13:12:14.049613 (+     0us) service_pool.cc:167] Inserting onto call queue
0709 13:12:15.031095 (+981482us) service_pool.cc:224] Handling call
0709 13:12:15.032835 (+  1740us) ts_tablet_manager.cc:669] Acquired tablet manager lock
0709 13:12:15.032921 (+    86us) ts_tablet_manager.cc:682] Creating new metadata...
0709 13:12:15.107415 (+ 74494us) tablet_metadata.cc:665] Metadata flushed
0709 13:12:15.114376 (+  6961us) tablet_replica.cc:206] Creating consensus instance
0709 13:12:15.114858 (+   482us) inbound_call.cc:177] Queueing success response
Metrics: {}
I20260709 13:12:15.072003  1141 rpcz_store.cc:275] Call kudu.tserver.TabletServerAdminService.CreateTablet from 127.0.0.1:44968 (request call id 48) took 1036 ms. Trace:
I20260709 13:12:15.117722  1134 tablet_service.cc:1511] Processing CreateTablet for tablet bfb4a575cb204624a6d170c62719c2c0 (DEFAULT_TABLE table=test-workload [id=7be0a09495fb41369ba91c9272b4d218]), partition=RANGE (key) PARTITION 2074687539 <= VALUES < 2111085566
I20260709 13:12:15.119210  1134 data_dirs.cc:400] Could only allocate 1 dirs of requested 3 for tablet bfb4a575cb204624a6d170c62719c2c0. 1 dirs total, 0 dirs full, 0 dirs failed
I20260709 13:12:15.118252  1141 rpcz_store.cc:276] 0709 13:12:14.036067 (+     0us) service_pool.cc:167] Inserting onto call queue
0709 13:12:14.856784 (+820717us) service_pool.cc:224] Handling call
0709 13:12:14.872836 (+ 16052us) ts_tablet_manager.cc:669] Acquired tablet manager lock
0709 13:12:14.873804 (+   968us) ts_tablet_manager.cc:682] Creating new metadata...
0709 13:12:14.950137 (+ 76333us) tablet_metadata.cc:665] Metadata flushed
0709 13:12:15.010393 (+ 60256us) tablet_replica.cc:206] Creating consensus instance
0709 13:12:15.068313 (+ 57920us) inbound_call.cc:177] Queueing success response
Metrics: {}
I20260709 13:12:15.121243  1067 rpcz_store.cc:275] Call kudu.tserver.TabletServerAdminService.CreateTablet from 127.0.0.1:54850 (request call id 43) took 1107 ms. Trace:
I20260709 13:12:15.121655  1067 rpcz_store.cc:276] 0709 13:12:14.013903 (+     0us) service_pool.cc:167] Inserting onto call queue
0709 13:12:14.820746 (+806843us) service_pool.cc:224] Handling call
0709 13:12:14.846125 (+ 25379us) ts_tablet_manager.cc:669] Acquired tablet manager lock
0709 13:12:14.847066 (+   941us) ts_tablet_manager.cc:682] Creating new metadata...
0709 13:12:15.041478 (+194412us) tablet_metadata.cc:665] Metadata flushed
0709 13:12:15.072189 (+ 30711us) tablet_replica.cc:206] Creating consensus instance
0709 13:12:15.121184 (+ 48995us) inbound_call.cc:177] Queueing success response
Metrics: {}
I20260709 13:12:15.123535  1067 tablet_service.cc:1511] Processing CreateTablet for tablet bfb4a575cb204624a6d170c62719c2c0 (DEFAULT_TABLE table=test-workload [id=7be0a09495fb41369ba91c9272b4d218]), partition=RANGE (key) PARTITION 2074687539 <= VALUES < 2111085566
I20260709 13:12:15.067092  1069 rpcz_store.cc:276] 0709 13:12:14.031392 (+     0us) service_pool.cc:167] Inserting onto call queue
0709 13:12:14.870744 (+839352us) service_pool.cc:224] Handling call
0709 13:12:14.942473 (+ 71729us) ts_tablet_manager.cc:669] Acquired tablet manager lock
0709 13:12:14.942604 (+   131us) ts_tablet_manager.cc:682] Creating new metadata...
0709 13:12:14.985328 (+ 42724us) tablet_metadata.cc:665] Metadata flushed
0709 13:12:15.037981 (+ 52653us) tablet_replica.cc:206] Creating consensus instance
0709 13:12:15.038460 (+   479us) inbound_call.cc:177] Queueing success response
Metrics: {}
I20260709 13:12:15.128566  1060 rpcz_store.cc:275] Call kudu.tserver.TabletServerAdminService.CreateTablet from 127.0.0.1:54850 (request call id 50) took 1090 ms. Trace:
I20260709 13:12:15.129364  1141 tablet_service.cc:1511] Processing CreateTablet for tablet 3e2d7ec536634cb4a312340c31f5337d (DEFAULT_TABLE table=test-workload [id=7be0a09495fb41369ba91c9272b4d218]), partition=RANGE (key) PARTITION 2111085566 <= VALUES
I20260709 13:12:15.102380   992 rpcz_store.cc:275] Call kudu.tserver.TabletServerAdminService.CreateTablet from 127.0.0.1:40318 (request call id 56) took 1033 ms. Trace:
I20260709 13:12:15.130026  1068 rpcz_store.cc:275] Call kudu.tserver.TabletServerAdminService.CreateTablet from 127.0.0.1:54850 (request call id 46) took 1105 ms. Trace:
I20260709 13:12:15.130625  1138 data_dirs.cc:400] Could only allocate 1 dirs of requested 3 for tablet e83d24ee919540e29631a3305d3e7d32. 1 dirs total, 0 dirs full, 0 dirs failed
I20260709 13:12:15.136423  1060 rpcz_store.cc:276] 0709 13:12:14.038655 (+     0us) service_pool.cc:167] Inserting onto call queue
0709 13:12:14.951171 (+912516us) service_pool.cc:224] Handling call
0709 13:12:14.952993 (+  1822us) ts_tablet_manager.cc:669] Acquired tablet manager lock
0709 13:12:14.953192 (+   199us) ts_tablet_manager.cc:682] Creating new metadata...
0709 13:12:14.990626 (+ 37434us) tablet_metadata.cc:665] Metadata flushed
0709 13:12:15.072138 (+ 81512us) tablet_replica.cc:206] Creating consensus instance
0709 13:12:15.128507 (+ 56369us) inbound_call.cc:177] Queueing success response
Metrics: {"mutex_wait_us":5224}
I20260709 13:12:15.142976  1065 data_dirs.cc:400] Could only allocate 1 dirs of requested 3 for tablet e83d24ee919540e29631a3305d3e7d32. 1 dirs total, 0 dirs full, 0 dirs failed
I20260709 13:12:15.143384  1143 data_dirs.cc:400] Could only allocate 1 dirs of requested 3 for tablet 34f85ee4ce554e59b6560c61afc62b9c. 1 dirs total, 0 dirs full, 0 dirs failed
I20260709 13:12:15.144904  1066 data_dirs.cc:400] Could only allocate 1 dirs of requested 3 for tablet 28fad38869b54a9d82aa51c10bd48024. 1 dirs total, 0 dirs full, 0 dirs failed
I20260709 13:12:15.146773  1063 data_dirs.cc:400] Could only allocate 1 dirs of requested 3 for tablet 4fce2a2f75364395b8f520dc30876965. 1 dirs total, 0 dirs full, 0 dirs failed
I20260709 13:12:15.151305  1067 data_dirs.cc:400] Could only allocate 1 dirs of requested 3 for tablet bfb4a575cb204624a6d170c62719c2c0. 1 dirs total, 0 dirs full, 0 dirs failed
I20260709 13:12:15.151636  1141 data_dirs.cc:400] Could only allocate 1 dirs of requested 3 for tablet 3e2d7ec536634cb4a312340c31f5337d. 1 dirs total, 0 dirs full, 0 dirs failed
I20260709 13:12:15.156780  1193 tablet_bootstrap.cc:492] T 4bab06bd579347d9973380482c537dd9 P c8225bde3bea48518d94e87778d48333: No bootstrap required, opened a new log
I20260709 13:12:15.157306  1193 ts_tablet_manager.cc:1403] T 4bab06bd579347d9973380482c537dd9 P c8225bde3bea48518d94e87778d48333: Time spent bootstrapping tablet: real 0.465s	user 0.014s	sys 0.008s
I20260709 13:12:15.140101  1068 rpcz_store.cc:276] 0709 13:12:14.025038 (+     0us) service_pool.cc:167] Inserting onto call queue
0709 13:12:14.865345 (+840307us) service_pool.cc:224] Handling call
0709 13:12:14.967721 (+102376us) spinlock_profiling.cc:243] Waited 1.91 ms on lock 0x7b58001cc598. stack: 00007fe0eb5dd343 00007fe0eb5dd240 00007fe0eaf6c1d4 00007fe0f4caa304 00007fe0f4caa299 00007fe0eb497db1 00007fe0eb5d7b71 00007fe0eb5d81a2 00007fe0f4519bb9 00007fe0f364ad88 00007fe0f370db80 00007fe0f36bc400 00007fe0ecb41af4 00007fe0ecb41a82 00007fe0ecb419b1 00007fe0ecb4192c
0709 13:12:14.976779 (+  9058us) ts_tablet_manager.cc:669] Acquired tablet manager lock
0709 13:12:14.987187 (+ 10408us) ts_tablet_manager.cc:682] Creating new metadata...
0709 13:12:15.052770 (+ 65583us) tablet_metadata.cc:665] Metadata flushed
0709 13:12:15.129515 (+ 76745us) tablet_replica.cc:206] Creating consensus instance
0709 13:12:15.129971 (+   456us) inbound_call.cc:177] Queueing success response
Metrics: {"spinlock_wait_cycles":4383488}
I20260709 13:12:15.169770   994 rpcz_store.cc:275] Call kudu.tserver.TabletServerAdminService.CreateTablet from 127.0.0.1:40318 (request call id 57) took 1063 ms. Trace:
I20260709 13:12:15.173527   994 rpcz_store.cc:276] 0709 13:12:14.106491 (+     0us) service_pool.cc:167] Inserting onto call queue
0709 13:12:14.884390 (+777899us) service_pool.cc:224] Handling call
0709 13:12:14.976260 (+ 91870us) ts_tablet_manager.cc:669] Acquired tablet manager lock
0709 13:12:14.985041 (+  8781us) ts_tablet_manager.cc:682] Creating new metadata...
0709 13:12:15.139923 (+154882us) tablet_metadata.cc:665] Metadata flushed
0709 13:12:15.169195 (+ 29272us) tablet_replica.cc:206] Creating consensus instance
0709 13:12:15.169698 (+   503us) inbound_call.cc:177] Queueing success response
Metrics: {}
I20260709 13:12:15.182014  1064 rpcz_store.cc:275] Call kudu.tserver.TabletServerAdminService.CreateTablet from 127.0.0.1:54850 (request call id 52) took 1133 ms. Trace:
I20260709 13:12:15.159181   989 rpcz_store.cc:275] Call kudu.tserver.TabletServerAdminService.CreateTablet from 127.0.0.1:40318 (request call id 55) took 1098 ms. Trace:
I20260709 13:12:15.101564  1140 tablet_service.cc:1511] Processing CreateTablet for tablet 4fce2a2f75364395b8f520dc30876965 (DEFAULT_TABLE table=test-workload [id=7be0a09495fb41369ba91c9272b4d218]), partition=RANGE (key) PARTITION 2038289512 <= VALUES < 2074687539
I20260709 13:12:15.200920   993 rpcz_store.cc:275] Call kudu.tserver.TabletServerAdminService.CreateTablet from 127.0.0.1:40318 (request call id 58) took 1085 ms. Trace:
I20260709 13:12:15.201401   993 rpcz_store.cc:276] 0709 13:12:14.115951 (+     0us) service_pool.cc:167] Inserting onto call queue
0709 13:12:14.888151 (+772200us) service_pool.cc:224] Handling call
0709 13:12:14.972659 (+ 84508us) ts_tablet_manager.cc:669] Acquired tablet manager lock
0709 13:12:14.972768 (+   109us) ts_tablet_manager.cc:682] Creating new metadata...
0709 13:12:15.054473 (+ 81705us) tablet_metadata.cc:665] Metadata flushed
0709 13:12:15.160144 (+105671us) tablet_replica.cc:206] Creating consensus instance
0709 13:12:15.200846 (+ 40702us) inbound_call.cc:177] Queueing success response
Metrics: {}
I20260709 13:12:15.203369  1062 rpcz_store.cc:275] Call kudu.tserver.TabletServerAdminService.CreateTablet from 127.0.0.1:54850 (request call id 51) took 1155 ms. Trace:
I20260709 13:12:15.203812  1062 rpcz_store.cc:276] 0709 13:12:14.047534 (+     0us) service_pool.cc:167] Inserting onto call queue
0709 13:12:14.997493 (+949959us) service_pool.cc:224] Handling call
0709 13:12:15.015853 (+ 18360us) ts_tablet_manager.cc:669] Acquired tablet manager lock
0709 13:12:15.015958 (+   105us) ts_tablet_manager.cc:682] Creating new metadata...
0709 13:12:15.059465 (+ 43507us) tablet_metadata.cc:665] Metadata flushed
0709 13:12:15.202761 (+143296us) tablet_replica.cc:206] Creating consensus instance
0709 13:12:15.203296 (+   535us) inbound_call.cc:177] Queueing success response
Metrics: {}
I20260709 13:12:15.196764  1137 rpcz_store.cc:275] Call kudu.tserver.TabletServerAdminService.CreateTablet from 127.0.0.1:44968 (request call id 53) took 1144 ms. Trace:
I20260709 13:12:15.205116  1137 rpcz_store.cc:276] 0709 13:12:14.052139 (+     0us) service_pool.cc:167] Inserting onto call queue
0709 13:12:14.979166 (+927027us) service_pool.cc:224] Handling call
0709 13:12:14.981567 (+  2401us) ts_tablet_manager.cc:669] Acquired tablet manager lock
0709 13:12:14.981677 (+   110us) ts_tablet_manager.cc:682] Creating new metadata...
0709 13:12:15.153559 (+171882us) tablet_metadata.cc:665] Metadata flushed
0709 13:12:15.170506 (+ 16947us) tablet_replica.cc:206] Creating consensus instance
0709 13:12:15.193575 (+ 23069us) inbound_call.cc:177] Queueing success response
Metrics: {"spinlock_wait_cycles":13568}
I20260709 13:12:15.208178  1066 rpcz_store.cc:275] Call kudu.tserver.TabletServerAdminService.CreateTablet from 127.0.0.1:54850 (request call id 53) took 1157 ms. Trace:
I20260709 13:12:15.208761  1066 rpcz_store.cc:276] 0709 13:12:14.050365 (+     0us) service_pool.cc:167] Inserting onto call queue
0709 13:12:15.048286 (+997921us) service_pool.cc:224] Handling call
0709 13:12:15.079578 (+ 31292us) ts_tablet_manager.cc:669] Acquired tablet manager lock
0709 13:12:15.079678 (+   100us) ts_tablet_manager.cc:682] Creating new metadata...
0709 13:12:15.186960 (+107282us) tablet_metadata.cc:665] Metadata flushed
0709 13:12:15.207420 (+ 20460us) tablet_replica.cc:206] Creating consensus instance
0709 13:12:15.208074 (+   654us) inbound_call.cc:177] Queueing success response
Metrics: {}
I20260709 13:12:15.190534  1134 rpcz_store.cc:275] Call kudu.tserver.TabletServerAdminService.CreateTablet from 127.0.0.1:44968 (request call id 57) took 1079 ms. Trace:
I20260709 13:12:15.212514  1134 rpcz_store.cc:276] 0709 13:12:14.110943 (+     0us) service_pool.cc:167] Inserting onto call queue
0709 13:12:15.116683 (+1005740us) service_pool.cc:224] Handling call
0709 13:12:15.118665 (+  1982us) ts_tablet_manager.cc:669] Acquired tablet manager lock
0709 13:12:15.118768 (+   103us) ts_tablet_manager.cc:682] Creating new metadata...
0709 13:12:15.127332 (+  8564us) tablet_metadata.cc:665] Metadata flushed
0709 13:12:15.189899 (+ 62567us) tablet_replica.cc:206] Creating consensus instance
0709 13:12:15.190459 (+   560us) inbound_call.cc:177] Queueing success response
Metrics: {}
I20260709 13:12:15.215452  1195 tablet_bootstrap.cc:492] T 056c20783c7a49c08b57db6c580132b5 P 2d266b20c4ac4bd3afcf0d1daff8404f: No bootstrap required, opened a new log
I20260709 13:12:15.215922  1195 ts_tablet_manager.cc:1403] T 056c20783c7a49c08b57db6c580132b5 P 2d266b20c4ac4bd3afcf0d1daff8404f: Time spent bootstrapping tablet: real 0.238s	user 0.031s	sys 0.039s
I20260709 13:12:15.216374  1194 tablet_bootstrap.cc:654] T 678cc15b00924681bdac833bc8dfc399 P 62147ce8d619441db70317521ecac4e7: Neither blocks nor log segments found. Creating new log.
I20260709 13:12:15.220259  1195 raft_consensus.cc:359] T 056c20783c7a49c08b57db6c580132b5 P 2d266b20c4ac4bd3afcf0d1daff8404f [term 0 FOLLOWER]: Replica starting. Triggering 0 pending ops. Active config: opid_index: -1 OBSOLETE_local: false peers { permanent_uuid: "c8225bde3bea48518d94e87778d48333" member_type: VOTER last_known_addr { host: "127.31.156.193" port: 45543 } } peers { permanent_uuid: "62147ce8d619441db70317521ecac4e7" member_type: VOTER last_known_addr { host: "127.31.156.194" port: 42305 } } peers { permanent_uuid: "2d266b20c4ac4bd3afcf0d1daff8404f" member_type: VOTER last_known_addr { host: "127.31.156.195" port: 39635 } }
I20260709 13:12:15.221182  1195 raft_consensus.cc:385] T 056c20783c7a49c08b57db6c580132b5 P 2d266b20c4ac4bd3afcf0d1daff8404f [term 0 FOLLOWER]: Consensus starting up: Expiring failure detector timer to make a prompt election more likely
I20260709 13:12:15.221490  1195 raft_consensus.cc:740] T 056c20783c7a49c08b57db6c580132b5 P 2d266b20c4ac4bd3afcf0d1daff8404f [term 0 FOLLOWER]: Becoming Follower/Learner. State: Replica: 2d266b20c4ac4bd3afcf0d1daff8404f, State: Initialized, Role: FOLLOWER
I20260709 13:12:15.222172  1193 raft_consensus.cc:359] T 4bab06bd579347d9973380482c537dd9 P c8225bde3bea48518d94e87778d48333 [term 0 FOLLOWER]: Replica starting. Triggering 0 pending ops. Active config: opid_index: -1 OBSOLETE_local: false peers { permanent_uuid: "c8225bde3bea48518d94e87778d48333" member_type: VOTER last_known_addr { host: "127.31.156.193" port: 45543 } } peers { permanent_uuid: "62147ce8d619441db70317521ecac4e7" member_type: VOTER last_known_addr { host: "127.31.156.194" port: 42305 } } peers { permanent_uuid: "2d266b20c4ac4bd3afcf0d1daff8404f" member_type: VOTER last_known_addr { host: "127.31.156.195" port: 39635 } }
