I20260709 13:11:48.183944  4897 tablet_service.cc:1917] Received RequestConsensusVote() RPC: tablet_id: "d48a1d766ee54a079bc639e07b588adc" candidate_uuid: "c2193570eb2d4a29a218caf904a30c5d" candidate_term: 1 candidate_status { last_received { term: 0 index: 0 } } ignore_live_leader: false dest_uuid: "cd7633d2403f4da4a0500ee11fdd882e"
I20260709 13:11:48.184893  5089 tablet_bootstrap.cc:654] T c2629482a791485baa580dc53ea2c5c8 P b238c93c0b724cf49e5a83055fd8ca5e: Neither blocks nor log segments found. Creating new log.
W20260709 13:11:48.185619  5011 leader_election.cc:343] T d48a1d766ee54a079bc639e07b588adc P c2193570eb2d4a29a218caf904a30c5d [CANDIDATE]: Term 1 pre-election: Tablet error from VoteRequest() call to peer cd7633d2403f4da4a0500ee11fdd882e (127.4.166.129:44359): Illegal state: must be running to vote when last-logged opid is not known
I20260709 13:11:48.185529  5119 consensus_queue.cc:237] T ebc54f7be2264e3182bfeb5c02d9485c P cd7633d2403f4da4a0500ee11fdd882e [LEADER]: Queue going to LEADER mode. State: All replicated index: 0, Majority replicated index: 0, Committed index: 0, Last appended: 0.0, Last appended by leader: 0, Current term: 1, Majority size: 2, State: 0, Mode: LEADER, active raft config: opid_index: -1 OBSOLETE_local: false peers { permanent_uuid: "cd7633d2403f4da4a0500ee11fdd882e" member_type: VOTER last_known_addr { host: "127.4.166.129" port: 44359 } } peers { permanent_uuid: "b238c93c0b724cf49e5a83055fd8ca5e" member_type: VOTER last_known_addr { host: "127.4.166.130" port: 42791 } } peers { permanent_uuid: "c2193570eb2d4a29a218caf904a30c5d" member_type: VOTER last_known_addr { host: "127.4.166.131" port: 46245 } }
I20260709 13:11:48.185724  5045 tablet_service.cc:1917] Received RequestConsensusVote() RPC: tablet_id: "c9a47fbd853943d0b1add26240f2de84" candidate_uuid: "cd7633d2403f4da4a0500ee11fdd882e" candidate_term: 1 candidate_status { last_received { term: 0 index: 0 } } ignore_live_leader: false dest_uuid: "c2193570eb2d4a29a218caf904a30c5d"
W20260709 13:11:48.188997  5011 leader_election.cc:343] T d48a1d766ee54a079bc639e07b588adc P c2193570eb2d4a29a218caf904a30c5d [CANDIDATE]: Term 1 election: Tablet error from VoteRequest() call to peer cd7633d2403f4da4a0500ee11fdd882e (127.4.166.129:44359): Illegal state: must be running to vote when last-logged opid is not known
I20260709 13:11:48.181727  5098 leader_election.cc:290] T c9a47fbd853943d0b1add26240f2de84 P cd7633d2403f4da4a0500ee11fdd882e [CANDIDATE]: Term 1 election: Requested vote from peers b238c93c0b724cf49e5a83055fd8ca5e (127.4.166.130:42791), c2193570eb2d4a29a218caf904a30c5d (127.4.166.131:46245)
W20260709 13:11:48.192293  4861 leader_election.cc:343] T c9a47fbd853943d0b1add26240f2de84 P cd7633d2403f4da4a0500ee11fdd882e [CANDIDATE]: Term 1 election: Tablet error from VoteRequest() call to peer c2193570eb2d4a29a218caf904a30c5d (127.4.166.131:46245): Illegal state: must be running to vote when last-logged opid is not known
I20260709 13:11:48.182358  5129 consensus_queue.cc:237] T 48798d2014c444efbc6f5315f8e7ec7f P cd7633d2403f4da4a0500ee11fdd882e [LEADER]: Queue going to LEADER mode. State: All replicated index: 0, Majority replicated index: 0, Committed index: 0, Last appended: 0.0, Last appended by leader: 0, Current term: 1, Majority size: 2, State: 0, Mode: LEADER, active raft config: opid_index: -1 OBSOLETE_local: false peers { permanent_uuid: "cd7633d2403f4da4a0500ee11fdd882e" member_type: VOTER last_known_addr { host: "127.4.166.129" port: 44359 } } peers { permanent_uuid: "b238c93c0b724cf49e5a83055fd8ca5e" member_type: VOTER last_known_addr { host: "127.4.166.130" port: 42791 } } peers { permanent_uuid: "c2193570eb2d4a29a218caf904a30c5d" member_type: VOTER last_known_addr { host: "127.4.166.131" port: 46245 } }
I20260709 13:11:48.196259  4970 raft_consensus.cc:2468] T c9a47fbd853943d0b1add26240f2de84 P b238c93c0b724cf49e5a83055fd8ca5e [term 1 FOLLOWER]: Leader election vote request: Granting yes vote for candidate cd7633d2403f4da4a0500ee11fdd882e in term 1.
I20260709 13:11:48.198436  4972 raft_consensus.cc:2468] T d48a1d766ee54a079bc639e07b588adc P b238c93c0b724cf49e5a83055fd8ca5e [term 1 FOLLOWER]: Leader election vote request: Granting yes vote for candidate c2193570eb2d4a29a218caf904a30c5d in term 1.
I20260709 13:11:48.196750  5046 raft_consensus.cc:2468] T ebc54f7be2264e3182bfeb5c02d9485c P c2193570eb2d4a29a218caf904a30c5d [term 1 FOLLOWER]: Leader election vote request: Granting yes vote for candidate cd7633d2403f4da4a0500ee11fdd882e in term 1.
I20260709 13:11:48.201327  4863 leader_election.cc:304] T c9a47fbd853943d0b1add26240f2de84 P cd7633d2403f4da4a0500ee11fdd882e [CANDIDATE]: Term 1 election: Election decided. Result: candidate won. Election summary: received 3 responses out of 3 voters: 2 yes votes; 1 no votes. yes voters: b238c93c0b724cf49e5a83055fd8ca5e, cd7633d2403f4da4a0500ee11fdd882e; no voters: c2193570eb2d4a29a218caf904a30c5d
I20260709 13:11:48.202589  5098 raft_consensus.cc:2804] T c9a47fbd853943d0b1add26240f2de84 P cd7633d2403f4da4a0500ee11fdd882e [term 1 FOLLOWER]: Leader election won for term 1
I20260709 13:11:48.202706  5091 tablet_bootstrap.cc:492] T f2b8545280ab4de5855e3efe63b6317e P c2193570eb2d4a29a218caf904a30c5d: No bootstrap required, opened a new log
I20260709 13:11:48.203092  5098 raft_consensus.cc:697] T c9a47fbd853943d0b1add26240f2de84 P cd7633d2403f4da4a0500ee11fdd882e [term 1 LEADER]: Becoming Leader. State: Replica: cd7633d2403f4da4a0500ee11fdd882e, State: Running, Role: LEADER
I20260709 13:11:48.211205  5091 ts_tablet_manager.cc:1403] T f2b8545280ab4de5855e3efe63b6317e P c2193570eb2d4a29a218caf904a30c5d: Time spent bootstrapping tablet: real 0.114s	user 0.014s	sys 0.002s
I20260709 13:11:48.209702  5012 leader_election.cc:304] T d48a1d766ee54a079bc639e07b588adc P c2193570eb2d4a29a218caf904a30c5d [CANDIDATE]: Term 1 election: Election decided. Result: candidate won. Election summary: received 3 responses out of 3 voters: 2 yes votes; 1 no votes. yes voters: b238c93c0b724cf49e5a83055fd8ca5e, c2193570eb2d4a29a218caf904a30c5d; no voters: cd7633d2403f4da4a0500ee11fdd882e
I20260709 13:11:48.217031  5096 raft_consensus.cc:2804] T d48a1d766ee54a079bc639e07b588adc P c2193570eb2d4a29a218caf904a30c5d [term 1 FOLLOWER]: Leader election won for term 1
I20260709 13:11:48.212842  5098 consensus_queue.cc:237] T c9a47fbd853943d0b1add26240f2de84 P cd7633d2403f4da4a0500ee11fdd882e [LEADER]: Queue going to LEADER mode. State: All replicated index: 0, Majority replicated index: 0, Committed index: 0, Last appended: 0.0, Last appended by leader: 0, Current term: 1, Majority size: 2, State: 0, Mode: LEADER, active raft config: opid_index: -1 OBSOLETE_local: false peers { permanent_uuid: "cd7633d2403f4da4a0500ee11fdd882e" member_type: VOTER last_known_addr { host: "127.4.166.129" port: 44359 } } peers { permanent_uuid: "b238c93c0b724cf49e5a83055fd8ca5e" member_type: VOTER last_known_addr { host: "127.4.166.130" port: 42791 } } peers { permanent_uuid: "c2193570eb2d4a29a218caf904a30c5d" member_type: VOTER last_known_addr { host: "127.4.166.131" port: 46245 } }
I20260709 13:11:48.218997  5096 raft_consensus.cc:697] T d48a1d766ee54a079bc639e07b588adc P c2193570eb2d4a29a218caf904a30c5d [term 1 LEADER]: Becoming Leader. State: Replica: c2193570eb2d4a29a218caf904a30c5d, State: Running, Role: LEADER
I20260709 13:11:48.221014  5090 tablet_bootstrap.cc:492] T 769407c5ccd24bb9946ea611f9d00b4c P cd7633d2403f4da4a0500ee11fdd882e: No bootstrap required, opened a new log
I20260709 13:11:48.221442  5090 ts_tablet_manager.cc:1403] T 769407c5ccd24bb9946ea611f9d00b4c P cd7633d2403f4da4a0500ee11fdd882e: Time spent bootstrapping tablet: real 0.170s	user 0.012s	sys 0.011s
I20260709 13:11:48.222712  5091 raft_consensus.cc:359] T f2b8545280ab4de5855e3efe63b6317e P c2193570eb2d4a29a218caf904a30c5d [term 0 FOLLOWER]: Replica starting. Triggering 0 pending ops. Active config: opid_index: -1 OBSOLETE_local: false peers { permanent_uuid: "c2193570eb2d4a29a218caf904a30c5d" member_type: VOTER last_known_addr { host: "127.4.166.131" port: 46245 } } peers { permanent_uuid: "cd7633d2403f4da4a0500ee11fdd882e" member_type: VOTER last_known_addr { host: "127.4.166.129" port: 44359 } } peers { permanent_uuid: "b238c93c0b724cf49e5a83055fd8ca5e" member_type: VOTER last_known_addr { host: "127.4.166.130" port: 42791 } }
I20260709 13:11:48.220723  5096 consensus_queue.cc:237] T d48a1d766ee54a079bc639e07b588adc P c2193570eb2d4a29a218caf904a30c5d [LEADER]: Queue going to LEADER mode. State: All replicated index: 0, Majority replicated index: 0, Committed index: 0, Last appended: 0.0, Last appended by leader: 0, Current term: 1, Majority size: 2, State: 0, Mode: LEADER, active raft config: opid_index: -1 OBSOLETE_local: false peers { permanent_uuid: "cd7633d2403f4da4a0500ee11fdd882e" member_type: VOTER last_known_addr { host: "127.4.166.129" port: 44359 } } peers { permanent_uuid: "b238c93c0b724cf49e5a83055fd8ca5e" member_type: VOTER last_known_addr { host: "127.4.166.130" port: 42791 } } peers { permanent_uuid: "c2193570eb2d4a29a218caf904a30c5d" member_type: VOTER last_known_addr { host: "127.4.166.131" port: 46245 } }
I20260709 13:11:48.223611  5091 raft_consensus.cc:385] T f2b8545280ab4de5855e3efe63b6317e P c2193570eb2d4a29a218caf904a30c5d [term 0 FOLLOWER]: Consensus starting up: Expiring failure detector timer to make a prompt election more likely
I20260709 13:11:48.228291  5130 raft_consensus.cc:515] T f2b8545280ab4de5855e3efe63b6317e P cd7633d2403f4da4a0500ee11fdd882e [term 1 FOLLOWER]: Starting leader election with config: opid_index: -1 OBSOLETE_local: false peers { permanent_uuid: "c2193570eb2d4a29a218caf904a30c5d" member_type: VOTER last_known_addr { host: "127.4.166.131" port: 46245 } } peers { permanent_uuid: "cd7633d2403f4da4a0500ee11fdd882e" member_type: VOTER last_known_addr { host: "127.4.166.129" port: 44359 } } peers { permanent_uuid: "b238c93c0b724cf49e5a83055fd8ca5e" member_type: VOTER last_known_addr { host: "127.4.166.130" port: 42791 } }
I20260709 13:11:48.229480  5091 raft_consensus.cc:740] T f2b8545280ab4de5855e3efe63b6317e P c2193570eb2d4a29a218caf904a30c5d [term 0 FOLLOWER]: Becoming Follower/Learner. State: Replica: c2193570eb2d4a29a218caf904a30c5d, State: Initialized, Role: FOLLOWER
I20260709 13:11:48.234525  5089 tablet_bootstrap.cc:492] T c2629482a791485baa580dc53ea2c5c8 P b238c93c0b724cf49e5a83055fd8ca5e: No bootstrap required, opened a new log
I20260709 13:11:48.234892  5089 ts_tablet_manager.cc:1403] T c2629482a791485baa580dc53ea2c5c8 P b238c93c0b724cf49e5a83055fd8ca5e: Time spent bootstrapping tablet: real 0.122s	user 0.016s	sys 0.015s
I20260709 13:11:48.238839  5046 tablet_service.cc:1917] Received RequestConsensusVote() RPC: tablet_id: "f2b8545280ab4de5855e3efe63b6317e" candidate_uuid: "cd7633d2403f4da4a0500ee11fdd882e" candidate_term: 1 candidate_status { last_received { term: 0 index: 0 } } ignore_live_leader: false dest_uuid: "c2193570eb2d4a29a218caf904a30c5d"
I20260709 13:11:48.233430  5090 raft_consensus.cc:359] T 769407c5ccd24bb9946ea611f9d00b4c P cd7633d2403f4da4a0500ee11fdd882e [term 0 FOLLOWER]: Replica starting. Triggering 0 pending ops. Active config: opid_index: -1 OBSOLETE_local: false peers { permanent_uuid: "cd7633d2403f4da4a0500ee11fdd882e" member_type: VOTER last_known_addr { host: "127.4.166.129" port: 44359 } } peers { permanent_uuid: "b238c93c0b724cf49e5a83055fd8ca5e" member_type: VOTER last_known_addr { host: "127.4.166.130" port: 42791 } } peers { permanent_uuid: "c2193570eb2d4a29a218caf904a30c5d" member_type: VOTER last_known_addr { host: "127.4.166.131" port: 46245 } }
I20260709 13:11:48.240794  5090 raft_consensus.cc:385] T 769407c5ccd24bb9946ea611f9d00b4c P cd7633d2403f4da4a0500ee11fdd882e [term 0 FOLLOWER]: Consensus starting up: Expiring failure detector timer to make a prompt election more likely
I20260709 13:11:48.240978  5130 leader_election.cc:290] T f2b8545280ab4de5855e3efe63b6317e P cd7633d2403f4da4a0500ee11fdd882e [CANDIDATE]: Term 1 election: Requested vote from peers c2193570eb2d4a29a218caf904a30c5d (127.4.166.131:46245), b238c93c0b724cf49e5a83055fd8ca5e (127.4.166.130:42791)
I20260709 13:11:48.236282  5091 consensus_queue.cc:260] T f2b8545280ab4de5855e3efe63b6317e P c2193570eb2d4a29a218caf904a30c5d [NON_LEADER]: Queue going to NON_LEADER mode. State: All replicated index: 0, Majority replicated index: 0, Committed index: 0, Last appended: 0.0, Last appended by leader: 0, Current term: 0, Majority size: -1, State: 0, Mode: NON_LEADER, active raft config: opid_index: -1 OBSOLETE_local: false peers { permanent_uuid: "c2193570eb2d4a29a218caf904a30c5d" member_type: VOTER last_known_addr { host: "127.4.166.131" port: 46245 } } peers { permanent_uuid: "cd7633d2403f4da4a0500ee11fdd882e" member_type: VOTER last_known_addr { host: "127.4.166.129" port: 44359 } } peers { permanent_uuid: "b238c93c0b724cf49e5a83055fd8ca5e" member_type: VOTER last_known_addr { host: "127.4.166.130" port: 42791 } }
I20260709 13:11:48.241169  5090 raft_consensus.cc:740] T 769407c5ccd24bb9946ea611f9d00b4c P cd7633d2403f4da4a0500ee11fdd882e [term 0 FOLLOWER]: Becoming Follower/Learner. State: Replica: cd7633d2403f4da4a0500ee11fdd882e, State: Initialized, Role: FOLLOWER
I20260709 13:11:48.245060  4972 tablet_service.cc:1917] Received RequestConsensusVote() RPC: tablet_id: "f2b8545280ab4de5855e3efe63b6317e" candidate_uuid: "cd7633d2403f4da4a0500ee11fdd882e" candidate_term: 1 candidate_status { last_received { term: 0 index: 0 } } ignore_live_leader: false dest_uuid: "b238c93c0b724cf49e5a83055fd8ca5e"
I20260709 13:11:48.245985  4972 raft_consensus.cc:3060] T f2b8545280ab4de5855e3efe63b6317e P b238c93c0b724cf49e5a83055fd8ca5e [term 0 FOLLOWER]: Advancing to term 1
I20260709 13:11:48.244549  5046 raft_consensus.cc:3060] T f2b8545280ab4de5855e3efe63b6317e P c2193570eb2d4a29a218caf904a30c5d [term 0 FOLLOWER]: Advancing to term 1
I20260709 13:11:48.284031  5046 raft_consensus.cc:2468] T f2b8545280ab4de5855e3efe63b6317e P c2193570eb2d4a29a218caf904a30c5d [term 1 FOLLOWER]: Leader election vote request: Granting yes vote for candidate cd7633d2403f4da4a0500ee11fdd882e in term 1.
I20260709 13:11:48.301440  4861 leader_election.cc:304] T f2b8545280ab4de5855e3efe63b6317e P cd7633d2403f4da4a0500ee11fdd882e [CANDIDATE]: Term 1 election: Election decided. Result: candidate won. Election summary: received 2 responses out of 3 voters: 2 yes votes; 0 no votes. yes voters: c2193570eb2d4a29a218caf904a30c5d, cd7633d2403f4da4a0500ee11fdd882e; no voters: 
I20260709 13:11:48.302453  5130 raft_consensus.cc:2804] T f2b8545280ab4de5855e3efe63b6317e P cd7633d2403f4da4a0500ee11fdd882e [term 1 FOLLOWER]: Leader election won for term 1
I20260709 13:11:48.303300  5130 raft_consensus.cc:697] T f2b8545280ab4de5855e3efe63b6317e P cd7633d2403f4da4a0500ee11fdd882e [term 1 LEADER]: Becoming Leader. State: Replica: cd7633d2403f4da4a0500ee11fdd882e, State: Running, Role: LEADER
I20260709 13:11:48.307837  5091 ts_tablet_manager.cc:1434] T f2b8545280ab4de5855e3efe63b6317e P c2193570eb2d4a29a218caf904a30c5d: Time spent starting tablet: real 0.094s	user 0.007s	sys 0.001s
I20260709 13:11:48.307442  5130 consensus_queue.cc:237] T f2b8545280ab4de5855e3efe63b6317e P cd7633d2403f4da4a0500ee11fdd882e [LEADER]: Queue going to LEADER mode. State: All replicated index: 0, Majority replicated index: 0, Committed index: 0, Last appended: 0.0, Last appended by leader: 0, Current term: 1, Majority size: 2, State: 0, Mode: LEADER, active raft config: opid_index: -1 OBSOLETE_local: false peers { permanent_uuid: "c2193570eb2d4a29a218caf904a30c5d" member_type: VOTER last_known_addr { host: "127.4.166.131" port: 46245 } } peers { permanent_uuid: "cd7633d2403f4da4a0500ee11fdd882e" member_type: VOTER last_known_addr { host: "127.4.166.129" port: 44359 } } peers { permanent_uuid: "b238c93c0b724cf49e5a83055fd8ca5e" member_type: VOTER last_known_addr { host: "127.4.166.130" port: 42791 } }
I20260709 13:11:48.308842  5091 tablet_bootstrap.cc:492] T 45944b7f2b87437fa5b46c7dc1c94a3a P c2193570eb2d4a29a218caf904a30c5d: Bootstrap starting.
I20260709 13:11:48.309851  5089 raft_consensus.cc:359] T c2629482a791485baa580dc53ea2c5c8 P b238c93c0b724cf49e5a83055fd8ca5e [term 0 FOLLOWER]: Replica starting. Triggering 0 pending ops. Active config: opid_index: -1 OBSOLETE_local: false peers { permanent_uuid: "cd7633d2403f4da4a0500ee11fdd882e" member_type: VOTER last_known_addr { host: "127.4.166.129" port: 44359 } } peers { permanent_uuid: "b238c93c0b724cf49e5a83055fd8ca5e" member_type: VOTER last_known_addr { host: "127.4.166.130" port: 42791 } } peers { permanent_uuid: "c2193570eb2d4a29a218caf904a30c5d" member_type: VOTER last_known_addr { host: "127.4.166.131" port: 46245 } }
I20260709 13:11:48.310314  5089 raft_consensus.cc:385] T c2629482a791485baa580dc53ea2c5c8 P b238c93c0b724cf49e5a83055fd8ca5e [term 0 FOLLOWER]: Consensus starting up: Expiring failure detector timer to make a prompt election more likely
I20260709 13:11:48.310559  5089 raft_consensus.cc:740] T c2629482a791485baa580dc53ea2c5c8 P b238c93c0b724cf49e5a83055fd8ca5e [term 0 FOLLOWER]: Becoming Follower/Learner. State: Replica: b238c93c0b724cf49e5a83055fd8ca5e, State: Initialized, Role: FOLLOWER
I20260709 13:11:48.311362  5089 consensus_queue.cc:260] T c2629482a791485baa580dc53ea2c5c8 P b238c93c0b724cf49e5a83055fd8ca5e [NON_LEADER]: Queue going to NON_LEADER mode. State: All replicated index: 0, Majority replicated index: 0, Committed index: 0, Last appended: 0.0, Last appended by leader: 0, Current term: 0, Majority size: -1, State: 0, Mode: NON_LEADER, active raft config: opid_index: -1 OBSOLETE_local: false peers { permanent_uuid: "cd7633d2403f4da4a0500ee11fdd882e" member_type: VOTER last_known_addr { host: "127.4.166.129" port: 44359 } } peers { permanent_uuid: "b238c93c0b724cf49e5a83055fd8ca5e" member_type: VOTER last_known_addr { host: "127.4.166.130" port: 42791 } } peers { permanent_uuid: "c2193570eb2d4a29a218caf904a30c5d" member_type: VOTER last_known_addr { host: "127.4.166.131" port: 46245 } }
I20260709 13:11:48.316218  5089 ts_tablet_manager.cc:1434] T c2629482a791485baa580dc53ea2c5c8 P b238c93c0b724cf49e5a83055fd8ca5e: Time spent starting tablet: real 0.081s	user 0.006s	sys 0.005s
I20260709 13:11:48.309216  5090 consensus_queue.cc:260] T 769407c5ccd24bb9946ea611f9d00b4c P cd7633d2403f4da4a0500ee11fdd882e [NON_LEADER]: Queue going to NON_LEADER mode. State: All replicated index: 0, Majority replicated index: 0, Committed index: 0, Last appended: 0.0, Last appended by leader: 0, Current term: 0, Majority size: -1, State: 0, Mode: NON_LEADER, active raft config: opid_index: -1 OBSOLETE_local: false peers { permanent_uuid: "cd7633d2403f4da4a0500ee11fdd882e" member_type: VOTER last_known_addr { host: "127.4.166.129" port: 44359 } } peers { permanent_uuid: "b238c93c0b724cf49e5a83055fd8ca5e" member_type: VOTER last_known_addr { host: "127.4.166.130" port: 42791 } } peers { permanent_uuid: "c2193570eb2d4a29a218caf904a30c5d" member_type: VOTER last_known_addr { host: "127.4.166.131" port: 46245 } }
I20260709 13:11:48.319545  5129 raft_consensus.cc:493] T 769407c5ccd24bb9946ea611f9d00b4c P cd7633d2403f4da4a0500ee11fdd882e [term 0 FOLLOWER]: Starting pre-election (no leader contacted us within the election timeout)
I20260709 13:11:48.321516  5129 raft_consensus.cc:515] T 769407c5ccd24bb9946ea611f9d00b4c P cd7633d2403f4da4a0500ee11fdd882e [term 0 FOLLOWER]: Starting pre-election with config: opid_index: -1 OBSOLETE_local: false peers { permanent_uuid: "cd7633d2403f4da4a0500ee11fdd882e" member_type: VOTER last_known_addr { host: "127.4.166.129" port: 44359 } } peers { permanent_uuid: "b238c93c0b724cf49e5a83055fd8ca5e" member_type: VOTER last_known_addr { host: "127.4.166.130" port: 42791 } } peers { permanent_uuid: "c2193570eb2d4a29a218caf904a30c5d" member_type: VOTER last_known_addr { host: "127.4.166.131" port: 46245 } }
I20260709 13:11:48.323101  4972 raft_consensus.cc:2468] T f2b8545280ab4de5855e3efe63b6317e P b238c93c0b724cf49e5a83055fd8ca5e [term 1 FOLLOWER]: Leader election vote request: Granting yes vote for candidate cd7633d2403f4da4a0500ee11fdd882e in term 1.
I20260709 13:11:48.331619  5090 ts_tablet_manager.cc:1434] T 769407c5ccd24bb9946ea611f9d00b4c P cd7633d2403f4da4a0500ee11fdd882e: Time spent starting tablet: real 0.110s	user 0.020s	sys 0.017s
I20260709 13:11:48.333621  5090 tablet_bootstrap.cc:492] T d48a1d766ee54a079bc639e07b588adc P cd7633d2403f4da4a0500ee11fdd882e: Bootstrap starting.
I20260709 13:11:48.340966  5091 tablet_bootstrap.cc:654] T 45944b7f2b87437fa5b46c7dc1c94a3a P c2193570eb2d4a29a218caf904a30c5d: Neither blocks nor log segments found. Creating new log.
I20260709 13:11:48.342485  5090 tablet_bootstrap.cc:654] T d48a1d766ee54a079bc639e07b588adc P cd7633d2403f4da4a0500ee11fdd882e: Neither blocks nor log segments found. Creating new log.
I20260709 13:11:48.347611  5129 leader_election.cc:290] T 769407c5ccd24bb9946ea611f9d00b4c P cd7633d2403f4da4a0500ee11fdd882e [CANDIDATE]: Term 1 pre-election: Requested pre-vote from peers b238c93c0b724cf49e5a83055fd8ca5e (127.4.166.130:42791), c2193570eb2d4a29a218caf904a30c5d (127.4.166.131:46245)
I20260709 13:11:48.350414  5046 tablet_service.cc:1917] Received RequestConsensusVote() RPC: tablet_id: "769407c5ccd24bb9946ea611f9d00b4c" candidate_uuid: "cd7633d2403f4da4a0500ee11fdd882e" candidate_term: 1 candidate_status { last_received { term: 0 index: 0 } } ignore_live_leader: false dest_uuid: "c2193570eb2d4a29a218caf904a30c5d" is_pre_election: true
I20260709 13:11:48.351049  5090 tablet_bootstrap.cc:492] T d48a1d766ee54a079bc639e07b588adc P cd7633d2403f4da4a0500ee11fdd882e: No bootstrap required, opened a new log
I20260709 13:11:48.351316  5046 raft_consensus.cc:2393] T 769407c5ccd24bb9946ea611f9d00b4c P c2193570eb2d4a29a218caf904a30c5d [term 1 FOLLOWER]: Leader pre-election vote request: Denying vote to candidate cd7633d2403f4da4a0500ee11fdd882e in current term 1: Already voted for candidate b238c93c0b724cf49e5a83055fd8ca5e in this term.
I20260709 13:11:48.351511  5090 ts_tablet_manager.cc:1403] T d48a1d766ee54a079bc639e07b588adc P cd7633d2403f4da4a0500ee11fdd882e: Time spent bootstrapping tablet: real 0.018s	user 0.010s	sys 0.005s
I20260709 13:11:48.353119  4972 tablet_service.cc:1917] Received RequestConsensusVote() RPC: tablet_id: "769407c5ccd24bb9946ea611f9d00b4c" candidate_uuid: "cd7633d2403f4da4a0500ee11fdd882e" candidate_term: 1 candidate_status { last_received { term: 0 index: 0 } } ignore_live_leader: false dest_uuid: "b238c93c0b724cf49e5a83055fd8ca5e" is_pre_election: true
I20260709 13:11:48.354609  5090 raft_consensus.cc:359] T d48a1d766ee54a079bc639e07b588adc P cd7633d2403f4da4a0500ee11fdd882e [term 0 FOLLOWER]: Replica starting. Triggering 0 pending ops. Active config: opid_index: -1 OBSOLETE_local: false peers { permanent_uuid: "cd7633d2403f4da4a0500ee11fdd882e" member_type: VOTER last_known_addr { host: "127.4.166.129" port: 44359 } } peers { permanent_uuid: "b238c93c0b724cf49e5a83055fd8ca5e" member_type: VOTER last_known_addr { host: "127.4.166.130" port: 42791 } } peers { permanent_uuid: "c2193570eb2d4a29a218caf904a30c5d" member_type: VOTER last_known_addr { host: "127.4.166.131" port: 46245 } }
I20260709 13:11:48.355335  5090 raft_consensus.cc:385] T d48a1d766ee54a079bc639e07b588adc P cd7633d2403f4da4a0500ee11fdd882e [term 0 FOLLOWER]: Consensus starting up: Expiring failure detector timer to make a prompt election more likely
I20260709 13:11:48.355618  5090 raft_consensus.cc:740] T d48a1d766ee54a079bc639e07b588adc P cd7633d2403f4da4a0500ee11fdd882e [term 0 FOLLOWER]: Becoming Follower/Learner. State: Replica: cd7633d2403f4da4a0500ee11fdd882e, State: Initialized, Role: FOLLOWER
I20260709 13:11:48.355849  4863 leader_election.cc:304] T 769407c5ccd24bb9946ea611f9d00b4c P cd7633d2403f4da4a0500ee11fdd882e [CANDIDATE]: Term 1 pre-election: Election decided. Result: candidate lost. Election summary: received 3 responses out of 3 voters: 1 yes votes; 2 no votes. yes voters: cd7633d2403f4da4a0500ee11fdd882e; no voters: b238c93c0b724cf49e5a83055fd8ca5e, c2193570eb2d4a29a218caf904a30c5d
I20260709 13:11:48.356616  4792 catalog_manager.cc:5697] T 48798d2014c444efbc6f5315f8e7ec7f P cd7633d2403f4da4a0500ee11fdd882e reported cstate change: term changed from 0 to 1, leader changed from <none> to cd7633d2403f4da4a0500ee11fdd882e (127.4.166.129). New cstate: current_term: 1 leader_uuid: "cd7633d2403f4da4a0500ee11fdd882e" committed_config { opid_index: -1 OBSOLETE_local: false peers { permanent_uuid: "cd7633d2403f4da4a0500ee11fdd882e" member_type: VOTER last_known_addr { host: "127.4.166.129" port: 44359 } health_report { overall_health: HEALTHY } } peers { permanent_uuid: "b238c93c0b724cf49e5a83055fd8ca5e" member_type: VOTER last_known_addr { host: "127.4.166.130" port: 42791 } health_report { overall_health: UNKNOWN } } peers { permanent_uuid: "c2193570eb2d4a29a218caf904a30c5d" member_type: VOTER last_known_addr { host: "127.4.166.131" port: 46245 } health_report { overall_health: UNKNOWN } } }
I20260709 13:11:48.356384  5090 consensus_queue.cc:260] T d48a1d766ee54a079bc639e07b588adc P cd7633d2403f4da4a0500ee11fdd882e [NON_LEADER]: Queue going to NON_LEADER mode. State: All replicated index: 0, Majority replicated index: 0, Committed index: 0, Last appended: 0.0, Last appended by leader: 0, Current term: 0, Majority size: -1, State: 0, Mode: NON_LEADER, active raft config: opid_index: -1 OBSOLETE_local: false peers { permanent_uuid: "cd7633d2403f4da4a0500ee11fdd882e" member_type: VOTER last_known_addr { host: "127.4.166.129" port: 44359 } } peers { permanent_uuid: "b238c93c0b724cf49e5a83055fd8ca5e" member_type: VOTER last_known_addr { host: "127.4.166.130" port: 42791 } } peers { permanent_uuid: "c2193570eb2d4a29a218caf904a30c5d" member_type: VOTER last_known_addr { host: "127.4.166.131" port: 46245 } }
I20260709 13:11:48.358726  5129 raft_consensus.cc:3060] T 769407c5ccd24bb9946ea611f9d00b4c P cd7633d2403f4da4a0500ee11fdd882e [term 0 FOLLOWER]: Advancing to term 1
I20260709 13:11:48.359361  5091 tablet_bootstrap.cc:492] T 45944b7f2b87437fa5b46c7dc1c94a3a P c2193570eb2d4a29a218caf904a30c5d: No bootstrap required, opened a new log
I20260709 13:11:48.358608  4792 catalog_manager.cc:5697] T ebc54f7be2264e3182bfeb5c02d9485c P cd7633d2403f4da4a0500ee11fdd882e reported cstate change: term changed from 0 to 1, leader changed from <none> to cd7633d2403f4da4a0500ee11fdd882e (127.4.166.129). New cstate: current_term: 1 leader_uuid: "cd7633d2403f4da4a0500ee11fdd882e" committed_config { opid_index: -1 OBSOLETE_local: false peers { permanent_uuid: "cd7633d2403f4da4a0500ee11fdd882e" member_type: VOTER last_known_addr { host: "127.4.166.129" port: 44359 } health_report { overall_health: HEALTHY } } peers { permanent_uuid: "b238c93c0b724cf49e5a83055fd8ca5e" member_type: VOTER last_known_addr { host: "127.4.166.130" port: 42791 } health_report { overall_health: UNKNOWN } } peers { permanent_uuid: "c2193570eb2d4a29a218caf904a30c5d" member_type: VOTER last_known_addr { host: "127.4.166.131" port: 46245 } health_report { overall_health: UNKNOWN } } }
I20260709 13:11:48.359944  5091 ts_tablet_manager.cc:1403] T 45944b7f2b87437fa5b46c7dc1c94a3a P c2193570eb2d4a29a218caf904a30c5d: Time spent bootstrapping tablet: real 0.051s	user 0.018s	sys 0.000s
I20260709 13:11:48.359900  5090 ts_tablet_manager.cc:1434] T d48a1d766ee54a079bc639e07b588adc P cd7633d2403f4da4a0500ee11fdd882e: Time spent starting tablet: real 0.008s	user 0.007s	sys 0.000s
I20260709 13:11:48.361255  5090 tablet_bootstrap.cc:492] T c2629482a791485baa580dc53ea2c5c8 P cd7633d2403f4da4a0500ee11fdd882e: Bootstrap starting.
I20260709 13:11:48.364097  5091 raft_consensus.cc:359] T 45944b7f2b87437fa5b46c7dc1c94a3a P c2193570eb2d4a29a218caf904a30c5d [term 0 FOLLOWER]: Replica starting. Triggering 0 pending ops. Active config: opid_index: -1 OBSOLETE_local: false peers { permanent_uuid: "cd7633d2403f4da4a0500ee11fdd882e" member_type: VOTER last_known_addr { host: "127.4.166.129" port: 44359 } } peers { permanent_uuid: "b238c93c0b724cf49e5a83055fd8ca5e" member_type: VOTER last_known_addr { host: "127.4.166.130" port: 42791 } } peers { permanent_uuid: "c2193570eb2d4a29a218caf904a30c5d" member_type: VOTER last_known_addr { host: "127.4.166.131" port: 46245 } }
I20260709 13:11:48.365145  5091 raft_consensus.cc:385] T 45944b7f2b87437fa5b46c7dc1c94a3a P c2193570eb2d4a29a218caf904a30c5d [term 0 FOLLOWER]: Consensus starting up: Expiring failure detector timer to make a prompt election more likely
I20260709 13:11:48.365545  5091 raft_consensus.cc:740] T 45944b7f2b87437fa5b46c7dc1c94a3a P c2193570eb2d4a29a218caf904a30c5d [term 0 FOLLOWER]: Becoming Follower/Learner. State: Replica: c2193570eb2d4a29a218caf904a30c5d, State: Initialized, Role: FOLLOWER
I20260709 13:11:48.370131  5090 tablet_bootstrap.cc:654] T c2629482a791485baa580dc53ea2c5c8 P cd7633d2403f4da4a0500ee11fdd882e: Neither blocks nor log segments found. Creating new log.
I20260709 13:11:48.368398  5091 consensus_queue.cc:260] T 45944b7f2b87437fa5b46c7dc1c94a3a P c2193570eb2d4a29a218caf904a30c5d [NON_LEADER]: Queue going to NON_LEADER mode. State: All replicated index: 0, Majority replicated index: 0, Committed index: 0, Last appended: 0.0, Last appended by leader: 0, Current term: 0, Majority size: -1, State: 0, Mode: NON_LEADER, active raft config: opid_index: -1 OBSOLETE_local: false peers { permanent_uuid: "cd7633d2403f4da4a0500ee11fdd882e" member_type: VOTER last_known_addr { host: "127.4.166.129" port: 44359 } } peers { permanent_uuid: "b238c93c0b724cf49e5a83055fd8ca5e" member_type: VOTER last_known_addr { host: "127.4.166.130" port: 42791 } } peers { permanent_uuid: "c2193570eb2d4a29a218caf904a30c5d" member_type: VOTER last_known_addr { host: "127.4.166.131" port: 46245 } }
I20260709 13:11:48.375072  5129 raft_consensus.cc:2749] T 769407c5ccd24bb9946ea611f9d00b4c P cd7633d2403f4da4a0500ee11fdd882e [term 1 FOLLOWER]: Leader pre-election lost for term 1. Reason: could not achieve majority
I20260709 13:11:48.374394  4791 catalog_manager.cc:5697] T d48a1d766ee54a079bc639e07b588adc P c2193570eb2d4a29a218caf904a30c5d reported cstate change: term changed from 0 to 1, leader changed from <none> to c2193570eb2d4a29a218caf904a30c5d (127.4.166.131). New cstate: current_term: 1 leader_uuid: "c2193570eb2d4a29a218caf904a30c5d" committed_config { opid_index: -1 OBSOLETE_local: false peers { permanent_uuid: "cd7633d2403f4da4a0500ee11fdd882e" member_type: VOTER last_known_addr { host: "127.4.166.129" port: 44359 } health_report { overall_health: UNKNOWN } } peers { permanent_uuid: "b238c93c0b724cf49e5a83055fd8ca5e" member_type: VOTER last_known_addr { host: "127.4.166.130" port: 42791 } health_report { overall_health: UNKNOWN } } peers { permanent_uuid: "c2193570eb2d4a29a218caf904a30c5d" member_type: VOTER last_known_addr { host: "127.4.166.131" port: 46245 } health_report { overall_health: HEALTHY } } }
I20260709 13:11:48.379079  5091 ts_tablet_manager.cc:1434] T 45944b7f2b87437fa5b46c7dc1c94a3a P c2193570eb2d4a29a218caf904a30c5d: Time spent starting tablet: real 0.019s	user 0.003s	sys 0.009s
I20260709 13:11:48.380429  5091 tablet_bootstrap.cc:492] T c9a47fbd853943d0b1add26240f2de84 P c2193570eb2d4a29a218caf904a30c5d: Bootstrap starting.
I20260709 13:11:48.390079  5090 tablet_bootstrap.cc:492] T c2629482a791485baa580dc53ea2c5c8 P cd7633d2403f4da4a0500ee11fdd882e: No bootstrap required, opened a new log
I20260709 13:11:48.390542  5090 ts_tablet_manager.cc:1403] T c2629482a791485baa580dc53ea2c5c8 P cd7633d2403f4da4a0500ee11fdd882e: Time spent bootstrapping tablet: real 0.030s	user 0.010s	sys 0.013s
I20260709 13:11:48.391989  4792 catalog_manager.cc:5697] T f2b8545280ab4de5855e3efe63b6317e P cd7633d2403f4da4a0500ee11fdd882e reported cstate change: term changed from 0 to 1, leader changed from <none> to cd7633d2403f4da4a0500ee11fdd882e (127.4.166.129). New cstate: current_term: 1 leader_uuid: "cd7633d2403f4da4a0500ee11fdd882e" committed_config { opid_index: -1 OBSOLETE_local: false peers { permanent_uuid: "c2193570eb2d4a29a218caf904a30c5d" member_type: VOTER last_known_addr { host: "127.4.166.131" port: 46245 } health_report { overall_health: UNKNOWN } } peers { permanent_uuid: "cd7633d2403f4da4a0500ee11fdd882e" member_type: VOTER last_known_addr { host: "127.4.166.129" port: 44359 } health_report { overall_health: HEALTHY } } peers { permanent_uuid: "b238c93c0b724cf49e5a83055fd8ca5e" member_type: VOTER last_known_addr { host: "127.4.166.130" port: 42791 } health_report { overall_health: UNKNOWN } } }
I20260709 13:11:48.393119  5090 raft_consensus.cc:359] T c2629482a791485baa580dc53ea2c5c8 P cd7633d2403f4da4a0500ee11fdd882e [term 0 FOLLOWER]: Replica starting. Triggering 0 pending ops. Active config: opid_index: -1 OBSOLETE_local: false peers { permanent_uuid: "cd7633d2403f4da4a0500ee11fdd882e" member_type: VOTER last_known_addr { host: "127.4.166.129" port: 44359 } } peers { permanent_uuid: "b238c93c0b724cf49e5a83055fd8ca5e" member_type: VOTER last_known_addr { host: "127.4.166.130" port: 42791 } } peers { permanent_uuid: "c2193570eb2d4a29a218caf904a30c5d" member_type: VOTER last_known_addr { host: "127.4.166.131" port: 46245 } }
I20260709 13:11:48.393865  5090 raft_consensus.cc:385] T c2629482a791485baa580dc53ea2c5c8 P cd7633d2403f4da4a0500ee11fdd882e [term 0 FOLLOWER]: Consensus starting up: Expiring failure detector timer to make a prompt election more likely
I20260709 13:11:48.393996  4792 catalog_manager.cc:5697] T c9a47fbd853943d0b1add26240f2de84 P cd7633d2403f4da4a0500ee11fdd882e reported cstate change: term changed from 0 to 1, leader changed from <none> to cd7633d2403f4da4a0500ee11fdd882e (127.4.166.129). New cstate: current_term: 1 leader_uuid: "cd7633d2403f4da4a0500ee11fdd882e" committed_config { opid_index: -1 OBSOLETE_local: false peers { permanent_uuid: "cd7633d2403f4da4a0500ee11fdd882e" member_type: VOTER last_known_addr { host: "127.4.166.129" port: 44359 } health_report { overall_health: HEALTHY } } peers { permanent_uuid: "b238c93c0b724cf49e5a83055fd8ca5e" member_type: VOTER last_known_addr { host: "127.4.166.130" port: 42791 } health_report { overall_health: UNKNOWN } } peers { permanent_uuid: "c2193570eb2d4a29a218caf904a30c5d" member_type: VOTER last_known_addr { host: "127.4.166.131" port: 46245 } health_report { overall_health: UNKNOWN } } }
I20260709 13:11:48.394467  5090 raft_consensus.cc:740] T c2629482a791485baa580dc53ea2c5c8 P cd7633d2403f4da4a0500ee11fdd882e [term 0 FOLLOWER]: Becoming Follower/Learner. State: Replica: cd7633d2403f4da4a0500ee11fdd882e, State: Initialized, Role: FOLLOWER
I20260709 13:11:48.395916  5090 consensus_queue.cc:260] T c2629482a791485baa580dc53ea2c5c8 P cd7633d2403f4da4a0500ee11fdd882e [NON_LEADER]: Queue going to NON_LEADER mode. State: All replicated index: 0, Majority replicated index: 0, Committed index: 0, Last appended: 0.0, Last appended by leader: 0, Current term: 0, Majority size: -1, State: 0, Mode: NON_LEADER, active raft config: opid_index: -1 OBSOLETE_local: false peers { permanent_uuid: "cd7633d2403f4da4a0500ee11fdd882e" member_type: VOTER last_known_addr { host: "127.4.166.129" port: 44359 } } peers { permanent_uuid: "b238c93c0b724cf49e5a83055fd8ca5e" member_type: VOTER last_known_addr { host: "127.4.166.130" port: 42791 } } peers { permanent_uuid: "c2193570eb2d4a29a218caf904a30c5d" member_type: VOTER last_known_addr { host: "127.4.166.131" port: 46245 } }
I20260709 13:11:48.397377  5091 tablet_bootstrap.cc:654] T c9a47fbd853943d0b1add26240f2de84 P c2193570eb2d4a29a218caf904a30c5d: Neither blocks nor log segments found. Creating new log.
I20260709 13:11:48.397924  5090 ts_tablet_manager.cc:1434] T c2629482a791485baa580dc53ea2c5c8 P cd7633d2403f4da4a0500ee11fdd882e: Time spent starting tablet: real 0.007s	user 0.005s	sys 0.002s
I20260709 13:11:48.398859  5090 tablet_bootstrap.cc:492] T 45944b7f2b87437fa5b46c7dc1c94a3a P cd7633d2403f4da4a0500ee11fdd882e: Bootstrap starting.
I20260709 13:11:48.404534  5091 tablet_bootstrap.cc:492] T c9a47fbd853943d0b1add26240f2de84 P c2193570eb2d4a29a218caf904a30c5d: No bootstrap required, opened a new log
I20260709 13:11:48.404980  5091 ts_tablet_manager.cc:1403] T c9a47fbd853943d0b1add26240f2de84 P c2193570eb2d4a29a218caf904a30c5d: Time spent bootstrapping tablet: real 0.025s	user 0.010s	sys 0.004s
I20260709 13:11:48.405154  5090 tablet_bootstrap.cc:654] T 45944b7f2b87437fa5b46c7dc1c94a3a P cd7633d2403f4da4a0500ee11fdd882e: Neither blocks nor log segments found. Creating new log.
I20260709 13:11:48.407725  5091 raft_consensus.cc:359] T c9a47fbd853943d0b1add26240f2de84 P c2193570eb2d4a29a218caf904a30c5d [term 0 FOLLOWER]: Replica starting. Triggering 0 pending ops. Active config: opid_index: -1 OBSOLETE_local: false peers { permanent_uuid: "cd7633d2403f4da4a0500ee11fdd882e" member_type: VOTER last_known_addr { host: "127.4.166.129" port: 44359 } } peers { permanent_uuid: "b238c93c0b724cf49e5a83055fd8ca5e" member_type: VOTER last_known_addr { host: "127.4.166.130" port: 42791 } } peers { permanent_uuid: "c2193570eb2d4a29a218caf904a30c5d" member_type: VOTER last_known_addr { host: "127.4.166.131" port: 46245 } }
I20260709 13:11:48.408594  5091 raft_consensus.cc:385] T c9a47fbd853943d0b1add26240f2de84 P c2193570eb2d4a29a218caf904a30c5d [term 0 FOLLOWER]: Consensus starting up: Expiring failure detector timer to make a prompt election more likely
I20260709 13:11:48.408985  5091 raft_consensus.cc:740] T c9a47fbd853943d0b1add26240f2de84 P c2193570eb2d4a29a218caf904a30c5d [term 0 FOLLOWER]: Becoming Follower/Learner. State: Replica: c2193570eb2d4a29a218caf904a30c5d, State: Initialized, Role: FOLLOWER
I20260709 13:11:48.410293  5091 consensus_queue.cc:260] T c9a47fbd853943d0b1add26240f2de84 P c2193570eb2d4a29a218caf904a30c5d [NON_LEADER]: Queue going to NON_LEADER mode. State: All replicated index: 0, Majority replicated index: 0, Committed index: 0, Last appended: 0.0, Last appended by leader: 0, Current term: 0, Majority size: -1, State: 0, Mode: NON_LEADER, active raft config: opid_index: -1 OBSOLETE_local: false peers { permanent_uuid: "cd7633d2403f4da4a0500ee11fdd882e" member_type: VOTER last_known_addr { host: "127.4.166.129" port: 44359 } } peers { permanent_uuid: "b238c93c0b724cf49e5a83055fd8ca5e" member_type: VOTER last_known_addr { host: "127.4.166.130" port: 42791 } } peers { permanent_uuid: "c2193570eb2d4a29a218caf904a30c5d" member_type: VOTER last_known_addr { host: "127.4.166.131" port: 46245 } }
I20260709 13:11:48.416522  5091 ts_tablet_manager.cc:1434] T c9a47fbd853943d0b1add26240f2de84 P c2193570eb2d4a29a218caf904a30c5d: Time spent starting tablet: real 0.011s	user 0.007s	sys 0.000s
I20260709 13:11:48.417114  5090 tablet_bootstrap.cc:492] T 45944b7f2b87437fa5b46c7dc1c94a3a P cd7633d2403f4da4a0500ee11fdd882e: No bootstrap required, opened a new log
I20260709 13:11:48.417466  5091 tablet_bootstrap.cc:492] T c2629482a791485baa580dc53ea2c5c8 P c2193570eb2d4a29a218caf904a30c5d: Bootstrap starting.
I20260709 13:11:48.417548  5090 ts_tablet_manager.cc:1403] T 45944b7f2b87437fa5b46c7dc1c94a3a P cd7633d2403f4da4a0500ee11fdd882e: Time spent bootstrapping tablet: real 0.019s	user 0.016s	sys 0.000s
I20260709 13:11:48.423580  5090 raft_consensus.cc:359] T 45944b7f2b87437fa5b46c7dc1c94a3a P cd7633d2403f4da4a0500ee11fdd882e [term 0 FOLLOWER]: Replica starting. Triggering 0 pending ops. Active config: opid_index: -1 OBSOLETE_local: false peers { permanent_uuid: "cd7633d2403f4da4a0500ee11fdd882e" member_type: VOTER last_known_addr { host: "127.4.166.129" port: 44359 } } peers { permanent_uuid: "b238c93c0b724cf49e5a83055fd8ca5e" member_type: VOTER last_known_addr { host: "127.4.166.130" port: 42791 } } peers { permanent_uuid: "c2193570eb2d4a29a218caf904a30c5d" member_type: VOTER last_known_addr { host: "127.4.166.131" port: 46245 } }
I20260709 13:11:48.424434  5090 raft_consensus.cc:385] T 45944b7f2b87437fa5b46c7dc1c94a3a P cd7633d2403f4da4a0500ee11fdd882e [term 0 FOLLOWER]: Consensus starting up: Expiring failure detector timer to make a prompt election more likely
I20260709 13:11:48.424755  5090 raft_consensus.cc:740] T 45944b7f2b87437fa5b46c7dc1c94a3a P cd7633d2403f4da4a0500ee11fdd882e [term 0 FOLLOWER]: Becoming Follower/Learner. State: Replica: cd7633d2403f4da4a0500ee11fdd882e, State: Initialized, Role: FOLLOWER
I20260709 13:11:48.425590  5090 consensus_queue.cc:260] T 45944b7f2b87437fa5b46c7dc1c94a3a P cd7633d2403f4da4a0500ee11fdd882e [NON_LEADER]: Queue going to NON_LEADER mode. State: All replicated index: 0, Majority replicated index: 0, Committed index: 0, Last appended: 0.0, Last appended by leader: 0, Current term: 0, Majority size: -1, State: 0, Mode: NON_LEADER, active raft config: opid_index: -1 OBSOLETE_local: false peers { permanent_uuid: "cd7633d2403f4da4a0500ee11fdd882e" member_type: VOTER last_known_addr { host: "127.4.166.129" port: 44359 } } peers { permanent_uuid: "b238c93c0b724cf49e5a83055fd8ca5e" member_type: VOTER last_known_addr { host: "127.4.166.130" port: 42791 } } peers { permanent_uuid: "c2193570eb2d4a29a218caf904a30c5d" member_type: VOTER last_known_addr { host: "127.4.166.131" port: 46245 } }
I20260709 13:11:48.427625  5090 ts_tablet_manager.cc:1434] T 45944b7f2b87437fa5b46c7dc1c94a3a P cd7633d2403f4da4a0500ee11fdd882e: Time spent starting tablet: real 0.006s	user 0.004s	sys 0.000s
I20260709 13:11:48.428265  5091 tablet_bootstrap.cc:654] T c2629482a791485baa580dc53ea2c5c8 P c2193570eb2d4a29a218caf904a30c5d: Neither blocks nor log segments found. Creating new log.
I20260709 13:11:48.433244  5091 tablet_bootstrap.cc:492] T c2629482a791485baa580dc53ea2c5c8 P c2193570eb2d4a29a218caf904a30c5d: No bootstrap required, opened a new log
I20260709 13:11:48.433560  5091 ts_tablet_manager.cc:1403] T c2629482a791485baa580dc53ea2c5c8 P c2193570eb2d4a29a218caf904a30c5d: Time spent bootstrapping tablet: real 0.016s	user 0.010s	sys 0.000s
I20260709 13:11:48.435869  5091 raft_consensus.cc:359] T c2629482a791485baa580dc53ea2c5c8 P c2193570eb2d4a29a218caf904a30c5d [term 0 FOLLOWER]: Replica starting. Triggering 0 pending ops. Active config: opid_index: -1 OBSOLETE_local: false peers { permanent_uuid: "cd7633d2403f4da4a0500ee11fdd882e" member_type: VOTER last_known_addr { host: "127.4.166.129" port: 44359 } } peers { permanent_uuid: "b238c93c0b724cf49e5a83055fd8ca5e" member_type: VOTER last_known_addr { host: "127.4.166.130" port: 42791 } } peers { permanent_uuid: "c2193570eb2d4a29a218caf904a30c5d" member_type: VOTER last_known_addr { host: "127.4.166.131" port: 46245 } }
I20260709 13:11:48.436355  5091 raft_consensus.cc:385] T c2629482a791485baa580dc53ea2c5c8 P c2193570eb2d4a29a218caf904a30c5d [term 0 FOLLOWER]: Consensus starting up: Expiring failure detector timer to make a prompt election more likely
I20260709 13:11:48.436527  5091 raft_consensus.cc:740] T c2629482a791485baa580dc53ea2c5c8 P c2193570eb2d4a29a218caf904a30c5d [term 0 FOLLOWER]: Becoming Follower/Learner. State: Replica: c2193570eb2d4a29a218caf904a30c5d, State: Initialized, Role: FOLLOWER
I20260709 13:11:48.437252  5091 consensus_queue.cc:260] T c2629482a791485baa580dc53ea2c5c8 P c2193570eb2d4a29a218caf904a30c5d [NON_LEADER]: Queue going to NON_LEADER mode. State: All replicated index: 0, Majority replicated index: 0, Committed index: 0, Last appended: 0.0, Last appended by leader: 0, Current term: 0, Majority size: -1, State: 0, Mode: NON_LEADER, active raft config: opid_index: -1 OBSOLETE_local: false peers { permanent_uuid: "cd7633d2403f4da4a0500ee11fdd882e" member_type: VOTER last_known_addr { host: "127.4.166.129" port: 44359 } } peers { permanent_uuid: "b238c93c0b724cf49e5a83055fd8ca5e" member_type: VOTER last_known_addr { host: "127.4.166.130" port: 42791 } } peers { permanent_uuid: "c2193570eb2d4a29a218caf904a30c5d" member_type: VOTER last_known_addr { host: "127.4.166.131" port: 46245 } }
I20260709 13:11:48.441066  5091 ts_tablet_manager.cc:1434] T c2629482a791485baa580dc53ea2c5c8 P c2193570eb2d4a29a218caf904a30c5d: Time spent starting tablet: real 0.007s	user 0.006s	sys 0.000s
I20260709 13:11:48.444727  5098 raft_consensus.cc:493] T d48a1d766ee54a079bc639e07b588adc P cd7633d2403f4da4a0500ee11fdd882e [term 0 FOLLOWER]: Starting pre-election (no leader contacted us within the election timeout)
I20260709 13:11:48.445266  5098 raft_consensus.cc:515] T d48a1d766ee54a079bc639e07b588adc P cd7633d2403f4da4a0500ee11fdd882e [term 0 FOLLOWER]: Starting pre-election with config: opid_index: -1 OBSOLETE_local: false peers { permanent_uuid: "cd7633d2403f4da4a0500ee11fdd882e" member_type: VOTER last_known_addr { host: "127.4.166.129" port: 44359 } } peers { permanent_uuid: "b238c93c0b724cf49e5a83055fd8ca5e" member_type: VOTER last_known_addr { host: "127.4.166.130" port: 42791 } } peers { permanent_uuid: "c2193570eb2d4a29a218caf904a30c5d" member_type: VOTER last_known_addr { host: "127.4.166.131" port: 46245 } }
I20260709 13:11:48.447527  5098 leader_election.cc:290] T d48a1d766ee54a079bc639e07b588adc P cd7633d2403f4da4a0500ee11fdd882e [CANDIDATE]: Term 1 pre-election: Requested pre-vote from peers b238c93c0b724cf49e5a83055fd8ca5e (127.4.166.130:42791), c2193570eb2d4a29a218caf904a30c5d (127.4.166.131:46245)
I20260709 13:11:48.448312  4972 tablet_service.cc:1917] Received RequestConsensusVote() RPC: tablet_id: "d48a1d766ee54a079bc639e07b588adc" candidate_uuid: "cd7633d2403f4da4a0500ee11fdd882e" candidate_term: 1 candidate_status { last_received { term: 0 index: 0 } } ignore_live_leader: false dest_uuid: "b238c93c0b724cf49e5a83055fd8ca5e" is_pre_election: true
I20260709 13:11:48.449147  4972 raft_consensus.cc:2393] T d48a1d766ee54a079bc639e07b588adc P b238c93c0b724cf49e5a83055fd8ca5e [term 1 FOLLOWER]: Leader pre-election vote request: Denying vote to candidate cd7633d2403f4da4a0500ee11fdd882e in current term 1: Already voted for candidate c2193570eb2d4a29a218caf904a30c5d in this term.
I20260709 13:11:48.449144  5046 tablet_service.cc:1917] Received RequestConsensusVote() RPC: tablet_id: "d48a1d766ee54a079bc639e07b588adc" candidate_uuid: "cd7633d2403f4da4a0500ee11fdd882e" candidate_term: 1 candidate_status { last_received { term: 0 index: 0 } } ignore_live_leader: false dest_uuid: "c2193570eb2d4a29a218caf904a30c5d" is_pre_election: true
I20260709 13:11:48.450781  4861 leader_election.cc:304] T d48a1d766ee54a079bc639e07b588adc P cd7633d2403f4da4a0500ee11fdd882e [CANDIDATE]: Term 1 pre-election: Election decided. Result: candidate lost. Election summary: received 3 responses out of 3 voters: 1 yes votes; 2 no votes. yes voters: cd7633d2403f4da4a0500ee11fdd882e; no voters: b238c93c0b724cf49e5a83055fd8ca5e, c2193570eb2d4a29a218caf904a30c5d
I20260709 13:11:48.451450  5098 raft_consensus.cc:3060] T d48a1d766ee54a079bc639e07b588adc P cd7633d2403f4da4a0500ee11fdd882e [term 0 FOLLOWER]: Advancing to term 1
W20260709 13:11:48.453374  4841 auto_rebalancer.cc:288] Could not retrieve cluster info: Service unavailable: Tablet not running
I20260709 13:11:48.457271  5098 raft_consensus.cc:2749] T d48a1d766ee54a079bc639e07b588adc P cd7633d2403f4da4a0500ee11fdd882e [term 1 FOLLOWER]: Leader pre-election lost for term 1. Reason: could not achieve majority
I20260709 13:11:48.472407  5128 raft_consensus.cc:493] T c2629482a791485baa580dc53ea2c5c8 P c2193570eb2d4a29a218caf904a30c5d [term 0 FOLLOWER]: Starting pre-election (no leader contacted us within the election timeout)
I20260709 13:11:48.472887  5128 raft_consensus.cc:515] T c2629482a791485baa580dc53ea2c5c8 P c2193570eb2d4a29a218caf904a30c5d [term 0 FOLLOWER]: Starting pre-election with config: opid_index: -1 OBSOLETE_local: false peers { permanent_uuid: "cd7633d2403f4da4a0500ee11fdd882e" member_type: VOTER last_known_addr { host: "127.4.166.129" port: 44359 } } peers { permanent_uuid: "b238c93c0b724cf49e5a83055fd8ca5e" member_type: VOTER last_known_addr { host: "127.4.166.130" port: 42791 } } peers { permanent_uuid: "c2193570eb2d4a29a218caf904a30c5d" member_type: VOTER last_known_addr { host: "127.4.166.131" port: 46245 } }
I20260709 13:11:48.474618  5128 leader_election.cc:290] T c2629482a791485baa580dc53ea2c5c8 P c2193570eb2d4a29a218caf904a30c5d [CANDIDATE]: Term 1 pre-election: Requested pre-vote from peers cd7633d2403f4da4a0500ee11fdd882e (127.4.166.129:44359), b238c93c0b724cf49e5a83055fd8ca5e (127.4.166.130:42791)
I20260709 13:11:48.475416  4897 tablet_service.cc:1917] Received RequestConsensusVote() RPC: tablet_id: "c2629482a791485baa580dc53ea2c5c8" candidate_uuid: "c2193570eb2d4a29a218caf904a30c5d" candidate_term: 1 candidate_status { last_received { term: 0 index: 0 } } ignore_live_leader: false dest_uuid: "cd7633d2403f4da4a0500ee11fdd882e" is_pre_election: true
I20260709 13:11:48.475751  4972 tablet_service.cc:1917] Received RequestConsensusVote() RPC: tablet_id: "c2629482a791485baa580dc53ea2c5c8" candidate_uuid: "c2193570eb2d4a29a218caf904a30c5d" candidate_term: 1 candidate_status { last_received { term: 0 index: 0 } } ignore_live_leader: false dest_uuid: "b238c93c0b724cf49e5a83055fd8ca5e" is_pre_election: true
I20260709 13:11:48.475943  4897 raft_consensus.cc:2468] T c2629482a791485baa580dc53ea2c5c8 P cd7633d2403f4da4a0500ee11fdd882e [term 0 FOLLOWER]: Leader pre-election vote request: Granting yes vote for candidate c2193570eb2d4a29a218caf904a30c5d in term 0.
I20260709 13:11:48.476348  4972 raft_consensus.cc:2468] T c2629482a791485baa580dc53ea2c5c8 P b238c93c0b724cf49e5a83055fd8ca5e [term 0 FOLLOWER]: Leader pre-election vote request: Granting yes vote for candidate c2193570eb2d4a29a218caf904a30c5d in term 0.
I20260709 13:11:48.476949  5011 leader_election.cc:304] T c2629482a791485baa580dc53ea2c5c8 P c2193570eb2d4a29a218caf904a30c5d [CANDIDATE]: Term 1 pre-election: Election decided. Result: candidate won. Election summary: received 2 responses out of 3 voters: 2 yes votes; 0 no votes. yes voters: c2193570eb2d4a29a218caf904a30c5d, cd7633d2403f4da4a0500ee11fdd882e; no voters: 
