I20260709 13:12:14.739651   605 raft_consensus.cc:515] T 14207aa47cef48a28effa16922dc558e P 94605dee84f744f99b70673fe5e79647 [term 1 FOLLOWER]: Starting leader election with config: opid_index: -1 OBSOLETE_local: false peers { permanent_uuid: "1147a4bf815745faac141346917517c9" member_type: VOTER last_known_addr { host: "127.30.250.65" port: 40391 } } peers { permanent_uuid: "9d80daf33afe4c12b3548144bba43128" member_type: VOTER last_known_addr { host: "127.30.250.66" port: 44545 } } peers { permanent_uuid: "94605dee84f744f99b70673fe5e79647" member_type: VOTER last_known_addr { host: "127.30.250.67" port: 38727 } }
W20260709 13:12:14.812582   347 auto_rebalancer.cc:288] Could not retrieve cluster info: Service unavailable: Tablet not running
W20260709 13:12:14.744369   366 leader_election.cc:343] T c7daeb8f47b94f5499015a09ef42253f P 1147a4bf815745faac141346917517c9 [CANDIDATE]: Term 1 pre-election: Tablet error from VoteRequest() call to peer 94605dee84f744f99b70673fe5e79647 (127.30.250.67:38727): Illegal state: must be running to vote when last-logged opid is not known
W20260709 13:12:14.818068   366 outbound_call.cc:321] RPC callback for RPC call kudu.consensus.ConsensusService.RequestConsensusVote -> {remote=127.30.250.67:38727, user_credentials={real_user=slave}} blocked reactor thread for 79171.7us
I20260709 13:12:14.821870   477 tablet_service.cc:1917] Received RequestConsensusVote() RPC: tablet_id: "c7daeb8f47b94f5499015a09ef42253f" candidate_uuid: "1147a4bf815745faac141346917517c9" candidate_term: 1 candidate_status { last_received { term: 0 index: 0 } } ignore_live_leader: false dest_uuid: "9d80daf33afe4c12b3548144bba43128" is_pre_election: true
I20260709 13:12:14.825042   592 tablet_bootstrap.cc:492] T 95638ac652cf4c3ab203c14b5fa7d7ba P 1147a4bf815745faac141346917517c9: No bootstrap required, opened a new log
I20260709 13:12:14.826438   592 ts_tablet_manager.cc:1403] T 95638ac652cf4c3ab203c14b5fa7d7ba P 1147a4bf815745faac141346917517c9: Time spent bootstrapping tablet: real 0.144s	user 0.034s	sys 0.034s
I20260709 13:12:14.829351   476 tablet_service.cc:1917] Received RequestConsensusVote() RPC: tablet_id: "d465a33543b44d15b42ff5a86504ede5" candidate_uuid: "1147a4bf815745faac141346917517c9" candidate_term: 1 candidate_status { last_received { term: 0 index: 0 } } ignore_live_leader: false dest_uuid: "9d80daf33afe4c12b3548144bba43128"
I20260709 13:12:14.830472   476 raft_consensus.cc:3060] T d465a33543b44d15b42ff5a86504ede5 P 9d80daf33afe4c12b3548144bba43128 [term 0 FOLLOWER]: Advancing to term 1
I20260709 13:12:14.779431   614 leader_election.cc:290] T d465a33543b44d15b42ff5a86504ede5 P 1147a4bf815745faac141346917517c9 [CANDIDATE]: Term 1 election: Requested vote from peers 9d80daf33afe4c12b3548144bba43128 (127.30.250.66:44545), 94605dee84f744f99b70673fe5e79647 (127.30.250.67:38727)
I20260709 13:12:14.837607   606 raft_consensus.cc:515] T 9c641c9c9aaa4bab98a44bb2df85bcc2 P 1147a4bf815745faac141346917517c9 [term 1 FOLLOWER]: Starting leader election with config: opid_index: -1 OBSOLETE_local: false peers { permanent_uuid: "1147a4bf815745faac141346917517c9" member_type: VOTER last_known_addr { host: "127.30.250.65" port: 40391 } } peers { permanent_uuid: "9d80daf33afe4c12b3548144bba43128" member_type: VOTER last_known_addr { host: "127.30.250.66" port: 44545 } } peers { permanent_uuid: "94605dee84f744f99b70673fe5e79647" member_type: VOTER last_known_addr { host: "127.30.250.67" port: 38727 } }
I20260709 13:12:14.765847   550 tablet_service.cc:1917] Received RequestConsensusVote() RPC: tablet_id: "14207aa47cef48a28effa16922dc558e" candidate_uuid: "9d80daf33afe4c12b3548144bba43128" candidate_term: 1 candidate_status { last_received { term: 0 index: 0 } } ignore_live_leader: false dest_uuid: "94605dee84f744f99b70673fe5e79647"
I20260709 13:12:14.843269   599 raft_consensus.cc:493] T 52a5dcec040f48929efd2a53613c9349 P 1147a4bf815745faac141346917517c9 [term 0 FOLLOWER]: Starting pre-election (no leader contacted us within the election timeout)
I20260709 13:12:14.845093   599 raft_consensus.cc:515] T 52a5dcec040f48929efd2a53613c9349 P 1147a4bf815745faac141346917517c9 [term 0 FOLLOWER]: Starting pre-election with config: opid_index: -1 OBSOLETE_local: false peers { permanent_uuid: "1147a4bf815745faac141346917517c9" member_type: VOTER last_known_addr { host: "127.30.250.65" port: 40391 } } peers { permanent_uuid: "9d80daf33afe4c12b3548144bba43128" member_type: VOTER last_known_addr { host: "127.30.250.66" port: 44545 } } peers { permanent_uuid: "94605dee84f744f99b70673fe5e79647" member_type: VOTER last_known_addr { host: "127.30.250.67" port: 38727 } }
W20260709 13:12:14.852768   364 leader_election.cc:343] T c7daeb8f47b94f5499015a09ef42253f P 1147a4bf815745faac141346917517c9 [CANDIDATE]: Term 1 pre-election: Tablet error from VoteRequest() call to peer 9d80daf33afe4c12b3548144bba43128 (127.30.250.66:44545): Illegal state: must be running to vote when last-logged opid is not known
I20260709 13:12:14.853480   364 leader_election.cc:304] T c7daeb8f47b94f5499015a09ef42253f P 1147a4bf815745faac141346917517c9 [CANDIDATE]: Term 1 pre-election: Election decided. Result: candidate lost. Election summary: received 3 responses out of 3 voters: 1 yes votes; 2 no votes. yes voters: 1147a4bf815745faac141346917517c9; no voters: 94605dee84f744f99b70673fe5e79647, 9d80daf33afe4c12b3548144bba43128
I20260709 13:12:14.855312   614 raft_consensus.cc:2749] T c7daeb8f47b94f5499015a09ef42253f P 1147a4bf815745faac141346917517c9 [term 0 FOLLOWER]: Leader pre-election lost for term 1. Reason: could not achieve majority
I20260709 13:12:14.856983   550 raft_consensus.cc:2393] T 14207aa47cef48a28effa16922dc558e P 94605dee84f744f99b70673fe5e79647 [term 1 FOLLOWER]: Leader election vote request: Denying vote to candidate 9d80daf33afe4c12b3548144bba43128 in current term 1: Already voted for candidate 94605dee84f744f99b70673fe5e79647 in this term.
I20260709 13:12:14.858855   599 leader_election.cc:290] T 52a5dcec040f48929efd2a53613c9349 P 1147a4bf815745faac141346917517c9 [CANDIDATE]: Term 1 pre-election: Requested pre-vote from peers 9d80daf33afe4c12b3548144bba43128 (127.30.250.66:44545), 94605dee84f744f99b70673fe5e79647 (127.30.250.67:38727)
I20260709 13:12:14.863171   605 leader_election.cc:290] T 14207aa47cef48a28effa16922dc558e P 94605dee84f744f99b70673fe5e79647 [CANDIDATE]: Term 1 election: Requested vote from peers 1147a4bf815745faac141346917517c9 (127.30.250.65:40391), 9d80daf33afe4c12b3548144bba43128 (127.30.250.66:44545)
I20260709 13:12:14.864068   605 consensus_queue.cc:1048] T e9d53fd5869b4fadbdeec899bcd3ddb3 P 94605dee84f744f99b70673fe5e79647 [LEADER]: Connected to new peer: Peer: permanent_uuid: "1147a4bf815745faac141346917517c9" member_type: VOTER last_known_addr { host: "127.30.250.65" port: 40391 }, Status: LMP_MISMATCH, Last received: 0.0, Next index: 1, Last known committed idx: 0, Time since last communication: 0.001s
I20260709 13:12:14.864522   401 tablet_service.cc:1917] Received RequestConsensusVote() RPC: tablet_id: "14207aa47cef48a28effa16922dc558e" candidate_uuid: "94605dee84f744f99b70673fe5e79647" candidate_term: 1 candidate_status { last_received { term: 0 index: 0 } } ignore_live_leader: false dest_uuid: "1147a4bf815745faac141346917517c9"
I20260709 13:12:14.865278   660 raft_consensus.cc:493] T c7daeb8f47b94f5499015a09ef42253f P 94605dee84f744f99b70673fe5e79647 [term 0 FOLLOWER]: Starting pre-election (no leader contacted us within the election timeout)
I20260709 13:12:14.866058   660 raft_consensus.cc:515] T c7daeb8f47b94f5499015a09ef42253f P 94605dee84f744f99b70673fe5e79647 [term 0 FOLLOWER]: Starting pre-election with config: opid_index: -1 OBSOLETE_local: false peers { permanent_uuid: "1147a4bf815745faac141346917517c9" member_type: VOTER last_known_addr { host: "127.30.250.65" port: 40391 } } peers { permanent_uuid: "9d80daf33afe4c12b3548144bba43128" member_type: VOTER last_known_addr { host: "127.30.250.66" port: 44545 } } peers { permanent_uuid: "94605dee84f744f99b70673fe5e79647" member_type: VOTER last_known_addr { host: "127.30.250.67" port: 38727 } }
I20260709 13:12:14.868479   660 leader_election.cc:290] T c7daeb8f47b94f5499015a09ef42253f P 94605dee84f744f99b70673fe5e79647 [CANDIDATE]: Term 1 pre-election: Requested pre-vote from peers 1147a4bf815745faac141346917517c9 (127.30.250.65:40391), 9d80daf33afe4c12b3548144bba43128 (127.30.250.66:44545)
I20260709 13:12:14.871353   477 tablet_service.cc:1917] Received RequestConsensusVote() RPC: tablet_id: "14207aa47cef48a28effa16922dc558e" candidate_uuid: "94605dee84f744f99b70673fe5e79647" candidate_term: 1 candidate_status { last_received { term: 0 index: 0 } } ignore_live_leader: false dest_uuid: "9d80daf33afe4c12b3548144bba43128"
I20260709 13:12:14.872321   475 tablet_service.cc:1917] Received RequestConsensusVote() RPC: tablet_id: "52a5dcec040f48929efd2a53613c9349" candidate_uuid: "1147a4bf815745faac141346917517c9" candidate_term: 1 candidate_status { last_received { term: 0 index: 0 } } ignore_live_leader: false dest_uuid: "9d80daf33afe4c12b3548144bba43128" is_pre_election: true
I20260709 13:12:14.870548   474 tablet_service.cc:1917] Received RequestConsensusVote() RPC: tablet_id: "c7daeb8f47b94f5499015a09ef42253f" candidate_uuid: "94605dee84f744f99b70673fe5e79647" candidate_term: 1 candidate_status { last_received { term: 0 index: 0 } } ignore_live_leader: false dest_uuid: "9d80daf33afe4c12b3548144bba43128" is_pre_election: true
I20260709 13:12:14.876299   401 raft_consensus.cc:2393] T 14207aa47cef48a28effa16922dc558e P 1147a4bf815745faac141346917517c9 [term 1 FOLLOWER]: Leader election vote request: Denying vote to candidate 94605dee84f744f99b70673fe5e79647 in current term 1: Already voted for candidate 9d80daf33afe4c12b3548144bba43128 in this term.
I20260709 13:12:14.885818   591 tablet_bootstrap.cc:654] T c7daeb8f47b94f5499015a09ef42253f P 9d80daf33afe4c12b3548144bba43128: Neither blocks nor log segments found. Creating new log.
I20260709 13:12:14.890894   550 tablet_service.cc:1917] Received RequestConsensusVote() RPC: tablet_id: "52a5dcec040f48929efd2a53613c9349" candidate_uuid: "1147a4bf815745faac141346917517c9" candidate_term: 1 candidate_status { last_received { term: 0 index: 0 } } ignore_live_leader: false dest_uuid: "94605dee84f744f99b70673fe5e79647" is_pre_election: true
I20260709 13:12:14.892062   606 leader_election.cc:290] T 9c641c9c9aaa4bab98a44bb2df85bcc2 P 1147a4bf815745faac141346917517c9 [CANDIDATE]: Term 1 election: Requested vote from peers 9d80daf33afe4c12b3548144bba43128 (127.30.250.66:44545), 94605dee84f744f99b70673fe5e79647 (127.30.250.67:38727)
I20260709 13:12:14.897269   399 tablet_service.cc:1917] Received RequestConsensusVote() RPC: tablet_id: "c7daeb8f47b94f5499015a09ef42253f" candidate_uuid: "94605dee84f744f99b70673fe5e79647" candidate_term: 1 candidate_status { last_received { term: 0 index: 0 } } ignore_live_leader: false dest_uuid: "1147a4bf815745faac141346917517c9" is_pre_election: true
I20260709 13:12:14.898372   399 raft_consensus.cc:2468] T c7daeb8f47b94f5499015a09ef42253f P 1147a4bf815745faac141346917517c9 [term 0 FOLLOWER]: Leader pre-election vote request: Granting yes vote for candidate 94605dee84f744f99b70673fe5e79647 in term 0.
I20260709 13:12:14.903448   696 consensus_queue.cc:1048] T 2f06b2601155429b86f9f011e28b48ee P 9d80daf33afe4c12b3548144bba43128 [LEADER]: Connected to new peer: Peer: permanent_uuid: "94605dee84f744f99b70673fe5e79647" member_type: VOTER last_known_addr { host: "127.30.250.67" port: 38727 }, Status: LMP_MISMATCH, Last received: 0.0, Next index: 1, Last known committed idx: 0, Time since last communication: 0.001s
W20260709 13:12:14.906723   514 leader_election.cc:343] T c7daeb8f47b94f5499015a09ef42253f P 94605dee84f744f99b70673fe5e79647 [CANDIDATE]: Term 1 pre-election: Tablet error from VoteRequest() call to peer 9d80daf33afe4c12b3548144bba43128 (127.30.250.66:44545): Illegal state: must be running to vote when last-logged opid is not known
I20260709 13:12:14.876466   549 tablet_service.cc:1917] Received RequestConsensusVote() RPC: tablet_id: "d465a33543b44d15b42ff5a86504ede5" candidate_uuid: "1147a4bf815745faac141346917517c9" candidate_term: 1 candidate_status { last_received { term: 0 index: 0 } } ignore_live_leader: false dest_uuid: "94605dee84f744f99b70673fe5e79647"
W20260709 13:12:14.916476   366 leader_election.cc:343] T 52a5dcec040f48929efd2a53613c9349 P 1147a4bf815745faac141346917517c9 [CANDIDATE]: Term 1 pre-election: Tablet error from VoteRequest() call to peer 94605dee84f744f99b70673fe5e79647 (127.30.250.67:38727): Illegal state: must be running to vote when last-logged opid is not known
I20260709 13:12:14.920229   693 consensus_queue.cc:1048] T e9d53fd5869b4fadbdeec899bcd3ddb3 P 94605dee84f744f99b70673fe5e79647 [LEADER]: Connected to new peer: Peer: permanent_uuid: "9d80daf33afe4c12b3548144bba43128" member_type: VOTER last_known_addr { host: "127.30.250.66" port: 44545 }, Status: LMP_MISMATCH, Last received: 0.0, Next index: 1, Last known committed idx: 0, Time since last communication: 0.001s
I20260709 13:12:14.921911   695 consensus_queue.cc:1048] T 66bc5b972c0446bfb2f8c5ff15119ac5 P 9d80daf33afe4c12b3548144bba43128 [LEADER]: Connected to new peer: Peer: permanent_uuid: "1147a4bf815745faac141346917517c9" member_type: VOTER last_known_addr { host: "127.30.250.65" port: 40391 }, Status: LMP_MISMATCH, Last received: 0.0, Next index: 1, Last known committed idx: 0, Time since last communication: 0.014s
I20260709 13:12:14.873109   592 raft_consensus.cc:359] T 95638ac652cf4c3ab203c14b5fa7d7ba P 1147a4bf815745faac141346917517c9 [term 0 FOLLOWER]: Replica starting. Triggering 0 pending ops. Active config: opid_index: -1 OBSOLETE_local: false peers { permanent_uuid: "1147a4bf815745faac141346917517c9" member_type: VOTER last_known_addr { host: "127.30.250.65" port: 40391 } } peers { permanent_uuid: "9d80daf33afe4c12b3548144bba43128" member_type: VOTER last_known_addr { host: "127.30.250.66" port: 44545 } } peers { permanent_uuid: "94605dee84f744f99b70673fe5e79647" member_type: VOTER last_known_addr { host: "127.30.250.67" port: 38727 } }
W20260709 13:12:14.944243   366 leader_election.cc:343] T d465a33543b44d15b42ff5a86504ede5 P 1147a4bf815745faac141346917517c9 [CANDIDATE]: Term 1 election: Tablet error from VoteRequest() call to peer 94605dee84f744f99b70673fe5e79647 (127.30.250.67:38727): Illegal state: must be running to vote when last-logged opid is not known
I20260709 13:12:14.945611   549 tablet_service.cc:1917] Received RequestConsensusVote() RPC: tablet_id: "9c641c9c9aaa4bab98a44bb2df85bcc2" candidate_uuid: "1147a4bf815745faac141346917517c9" candidate_term: 1 candidate_status { last_received { term: 0 index: 0 } } ignore_live_leader: false dest_uuid: "94605dee84f744f99b70673fe5e79647"
I20260709 13:12:14.946631   549 raft_consensus.cc:3060] T 9c641c9c9aaa4bab98a44bb2df85bcc2 P 94605dee84f744f99b70673fe5e79647 [term 0 FOLLOWER]: Advancing to term 1
I20260709 13:12:14.922932   515 leader_election.cc:304] T 14207aa47cef48a28effa16922dc558e P 94605dee84f744f99b70673fe5e79647 [CANDIDATE]: Term 1 election: Election decided. Result: candidate lost. Election summary: received 3 responses out of 3 voters: 1 yes votes; 2 no votes. yes voters: 94605dee84f744f99b70673fe5e79647; no voters: 1147a4bf815745faac141346917517c9, 9d80daf33afe4c12b3548144bba43128
I20260709 13:12:14.930750   592 raft_consensus.cc:385] T 95638ac652cf4c3ab203c14b5fa7d7ba P 1147a4bf815745faac141346917517c9 [term 0 FOLLOWER]: Consensus starting up: Expiring failure detector timer to make a prompt election more likely
I20260709 13:12:14.957405   475 tablet_service.cc:1917] Received RequestConsensusVote() RPC: tablet_id: "9c641c9c9aaa4bab98a44bb2df85bcc2" candidate_uuid: "1147a4bf815745faac141346917517c9" candidate_term: 1 candidate_status { last_received { term: 0 index: 0 } } ignore_live_leader: false dest_uuid: "9d80daf33afe4c12b3548144bba43128"
I20260709 13:12:14.957175 32764 catalog_manager.cc:5697] T 1bd73ee09eaa4eae86f87c2606b5c7a6 P 94605dee84f744f99b70673fe5e79647 reported cstate change: term changed from 0 to 1, leader changed from <none> to 94605dee84f744f99b70673fe5e79647 (127.30.250.67). New cstate: current_term: 1 leader_uuid: "94605dee84f744f99b70673fe5e79647" committed_config { opid_index: -1 OBSOLETE_local: false peers { permanent_uuid: "1147a4bf815745faac141346917517c9" member_type: VOTER last_known_addr { host: "127.30.250.65" port: 40391 } health_report { overall_health: UNKNOWN } } peers { permanent_uuid: "9d80daf33afe4c12b3548144bba43128" member_type: VOTER last_known_addr { host: "127.30.250.66" port: 44545 } health_report { overall_health: UNKNOWN } } peers { permanent_uuid: "94605dee84f744f99b70673fe5e79647" member_type: VOTER last_known_addr { host: "127.30.250.67" port: 38727 } health_report { overall_health: HEALTHY } } }
I20260709 13:12:14.985466   693 raft_consensus.cc:2749] T 14207aa47cef48a28effa16922dc558e P 94605dee84f744f99b70673fe5e79647 [term 1 FOLLOWER]: Leader election lost for term 1. Reason: could not achieve majority
I20260709 13:12:14.960377   592 raft_consensus.cc:740] T 95638ac652cf4c3ab203c14b5fa7d7ba P 1147a4bf815745faac141346917517c9 [term 0 FOLLOWER]: Becoming Follower/Learner. State: Replica: 1147a4bf815745faac141346917517c9, State: Initialized, Role: FOLLOWER
I20260709 13:12:15.008172   592 consensus_queue.cc:260] T 95638ac652cf4c3ab203c14b5fa7d7ba P 1147a4bf815745faac141346917517c9 [NON_LEADER]: Queue going to NON_LEADER mode. State: All replicated index: 0, Majority replicated index: 0, Committed index: 0, Last appended: 0.0, Last appended by leader: 0, Current term: 0, Majority size: -1, State: 0, Mode: NON_LEADER, active raft config: opid_index: -1 OBSOLETE_local: false peers { permanent_uuid: "1147a4bf815745faac141346917517c9" member_type: VOTER last_known_addr { host: "127.30.250.65" port: 40391 } } peers { permanent_uuid: "9d80daf33afe4c12b3548144bba43128" member_type: VOTER last_known_addr { host: "127.30.250.66" port: 44545 } } peers { permanent_uuid: "94605dee84f744f99b70673fe5e79647" member_type: VOTER last_known_addr { host: "127.30.250.67" port: 38727 } }
I20260709 13:12:15.009459   596 ts_tablet_manager.cc:1434] T c7daeb8f47b94f5499015a09ef42253f P 94605dee84f744f99b70673fe5e79647: Time spent starting tablet: real 0.292s	user 0.039s	sys 0.059s
I20260709 13:12:15.011463   592 ts_tablet_manager.cc:1434] T 95638ac652cf4c3ab203c14b5fa7d7ba P 1147a4bf815745faac141346917517c9: Time spent starting tablet: real 0.184s	user 0.011s	sys 0.004s
W20260709 13:12:15.019129   515 outbound_call.cc:321] RPC callback for RPC call kudu.consensus.ConsensusService.RequestConsensusVote -> {remote=127.30.250.65:40391, user_credentials={real_user=slave}} blocked reactor thread for 107629us
I20260709 13:12:15.020248   515 leader_election.cc:304] T c7daeb8f47b94f5499015a09ef42253f P 94605dee84f744f99b70673fe5e79647 [CANDIDATE]: Term 1 pre-election: Election decided. Result: candidate won. Election summary: received 3 responses out of 3 voters: 2 yes votes; 1 no votes. yes voters: 1147a4bf815745faac141346917517c9, 94605dee84f744f99b70673fe5e79647; no voters: 9d80daf33afe4c12b3548144bba43128
I20260709 13:12:15.019088   592 tablet_bootstrap.cc:492] T 0ddd87f590914373bdc223876b1eaf46 P 1147a4bf815745faac141346917517c9: Bootstrap starting.
I20260709 13:12:15.050101   596 tablet_bootstrap.cc:492] T 52a5dcec040f48929efd2a53613c9349 P 94605dee84f744f99b70673fe5e79647: Bootstrap starting.
I20260709 13:12:15.035252   693 raft_consensus.cc:2804] T c7daeb8f47b94f5499015a09ef42253f P 94605dee84f744f99b70673fe5e79647 [term 0 FOLLOWER]: Leader pre-election won for term 1
I20260709 13:12:15.056237   693 raft_consensus.cc:493] T c7daeb8f47b94f5499015a09ef42253f P 94605dee84f744f99b70673fe5e79647 [term 0 FOLLOWER]: Starting leader election (no leader contacted us within the election timeout)
I20260709 13:12:15.061296   693 raft_consensus.cc:3060] T c7daeb8f47b94f5499015a09ef42253f P 94605dee84f744f99b70673fe5e79647 [term 0 FOLLOWER]: Advancing to term 1
I20260709 13:12:15.097031   596 tablet_bootstrap.cc:654] T 52a5dcec040f48929efd2a53613c9349 P 94605dee84f744f99b70673fe5e79647: Neither blocks nor log segments found. Creating new log.
I20260709 13:12:15.100723   693 raft_consensus.cc:515] T c7daeb8f47b94f5499015a09ef42253f P 94605dee84f744f99b70673fe5e79647 [term 1 FOLLOWER]: Starting leader election with config: opid_index: -1 OBSOLETE_local: false peers { permanent_uuid: "1147a4bf815745faac141346917517c9" member_type: VOTER last_known_addr { host: "127.30.250.65" port: 40391 } } peers { permanent_uuid: "9d80daf33afe4c12b3548144bba43128" member_type: VOTER last_known_addr { host: "127.30.250.66" port: 44545 } } peers { permanent_uuid: "94605dee84f744f99b70673fe5e79647" member_type: VOTER last_known_addr { host: "127.30.250.67" port: 38727 } }
I20260709 13:12:15.102164   596 tablet_bootstrap.cc:492] T 52a5dcec040f48929efd2a53613c9349 P 94605dee84f744f99b70673fe5e79647: No bootstrap required, opened a new log
I20260709 13:12:15.102690   596 ts_tablet_manager.cc:1403] T 52a5dcec040f48929efd2a53613c9349 P 94605dee84f744f99b70673fe5e79647: Time spent bootstrapping tablet: real 0.068s	user 0.002s	sys 0.010s
I20260709 13:12:15.103780   693 leader_election.cc:290] T c7daeb8f47b94f5499015a09ef42253f P 94605dee84f744f99b70673fe5e79647 [CANDIDATE]: Term 1 election: Requested vote from peers 1147a4bf815745faac141346917517c9 (127.30.250.65:40391), 9d80daf33afe4c12b3548144bba43128 (127.30.250.66:44545)
I20260709 13:12:15.105834   549 raft_consensus.cc:2468] T 9c641c9c9aaa4bab98a44bb2df85bcc2 P 94605dee84f744f99b70673fe5e79647 [term 1 FOLLOWER]: Leader election vote request: Granting yes vote for candidate 1147a4bf815745faac141346917517c9 in term 1.
I20260709 13:12:15.106567   596 raft_consensus.cc:359] T 52a5dcec040f48929efd2a53613c9349 P 94605dee84f744f99b70673fe5e79647 [term 0 FOLLOWER]: Replica starting. Triggering 0 pending ops. Active config: opid_index: -1 OBSOLETE_local: false peers { permanent_uuid: "1147a4bf815745faac141346917517c9" member_type: VOTER last_known_addr { host: "127.30.250.65" port: 40391 } } peers { permanent_uuid: "9d80daf33afe4c12b3548144bba43128" member_type: VOTER last_known_addr { host: "127.30.250.66" port: 44545 } } peers { permanent_uuid: "94605dee84f744f99b70673fe5e79647" member_type: VOTER last_known_addr { host: "127.30.250.67" port: 38727 } }
I20260709 13:12:15.107282   596 raft_consensus.cc:385] T 52a5dcec040f48929efd2a53613c9349 P 94605dee84f744f99b70673fe5e79647 [term 0 FOLLOWER]: Consensus starting up: Expiring failure detector timer to make a prompt election more likely
I20260709 13:12:15.107263   366 leader_election.cc:304] T 9c641c9c9aaa4bab98a44bb2df85bcc2 P 1147a4bf815745faac141346917517c9 [CANDIDATE]: Term 1 election: Election decided. Result: candidate won. Election summary: received 2 responses out of 3 voters: 2 yes votes; 0 no votes. yes voters: 1147a4bf815745faac141346917517c9, 94605dee84f744f99b70673fe5e79647; no voters: 
I20260709 13:12:15.107762   596 raft_consensus.cc:740] T 52a5dcec040f48929efd2a53613c9349 P 94605dee84f744f99b70673fe5e79647 [term 0 FOLLOWER]: Becoming Follower/Learner. State: Replica: 94605dee84f744f99b70673fe5e79647, State: Initialized, Role: FOLLOWER
I20260709 13:12:15.108263   599 raft_consensus.cc:2804] T 9c641c9c9aaa4bab98a44bb2df85bcc2 P 1147a4bf815745faac141346917517c9 [term 1 FOLLOWER]: Leader election won for term 1
I20260709 13:12:15.108773   599 raft_consensus.cc:697] T 9c641c9c9aaa4bab98a44bb2df85bcc2 P 1147a4bf815745faac141346917517c9 [term 1 LEADER]: Becoming Leader. State: Replica: 1147a4bf815745faac141346917517c9, State: Running, Role: LEADER
I20260709 13:12:15.108660   596 consensus_queue.cc:260] T 52a5dcec040f48929efd2a53613c9349 P 94605dee84f744f99b70673fe5e79647 [NON_LEADER]: Queue going to NON_LEADER mode. State: All replicated index: 0, Majority replicated index: 0, Committed index: 0, Last appended: 0.0, Last appended by leader: 0, Current term: 0, Majority size: -1, State: 0, Mode: NON_LEADER, active raft config: opid_index: -1 OBSOLETE_local: false peers { permanent_uuid: "1147a4bf815745faac141346917517c9" member_type: VOTER last_known_addr { host: "127.30.250.65" port: 40391 } } peers { permanent_uuid: "9d80daf33afe4c12b3548144bba43128" member_type: VOTER last_known_addr { host: "127.30.250.66" port: 44545 } } peers { permanent_uuid: "94605dee84f744f99b70673fe5e79647" member_type: VOTER last_known_addr { host: "127.30.250.67" port: 38727 } }
I20260709 13:12:15.109742   599 consensus_queue.cc:237] T 9c641c9c9aaa4bab98a44bb2df85bcc2 P 1147a4bf815745faac141346917517c9 [LEADER]: Queue going to LEADER mode. State: All replicated index: 0, Majority replicated index: 0, Committed index: 0, Last appended: 0.0, Last appended by leader: 0, Current term: 1, Majority size: 2, State: 0, Mode: LEADER, active raft config: opid_index: -1 OBSOLETE_local: false peers { permanent_uuid: "1147a4bf815745faac141346917517c9" member_type: VOTER last_known_addr { host: "127.30.250.65" port: 40391 } } peers { permanent_uuid: "9d80daf33afe4c12b3548144bba43128" member_type: VOTER last_known_addr { host: "127.30.250.66" port: 44545 } } peers { permanent_uuid: "94605dee84f744f99b70673fe5e79647" member_type: VOTER last_known_addr { host: "127.30.250.67" port: 38727 } }
I20260709 13:12:15.107863   591 tablet_bootstrap.cc:492] T c7daeb8f47b94f5499015a09ef42253f P 9d80daf33afe4c12b3548144bba43128: No bootstrap required, opened a new log
I20260709 13:12:15.111131   596 ts_tablet_manager.cc:1434] T 52a5dcec040f48929efd2a53613c9349 P 94605dee84f744f99b70673fe5e79647: Time spent starting tablet: real 0.008s	user 0.007s	sys 0.000s
I20260709 13:12:15.111436   591 ts_tablet_manager.cc:1403] T c7daeb8f47b94f5499015a09ef42253f P 9d80daf33afe4c12b3548144bba43128: Time spent bootstrapping tablet: real 0.406s	user 0.011s	sys 0.016s
I20260709 13:12:15.112316   596 tablet_bootstrap.cc:492] T d465a33543b44d15b42ff5a86504ede5 P 94605dee84f744f99b70673fe5e79647: Bootstrap starting.
I20260709 13:12:15.110842   592 tablet_bootstrap.cc:654] T 0ddd87f590914373bdc223876b1eaf46 P 1147a4bf815745faac141346917517c9: Neither blocks nor log segments found. Creating new log.
I20260709 13:12:15.120572   596 tablet_bootstrap.cc:654] T d465a33543b44d15b42ff5a86504ede5 P 94605dee84f744f99b70673fe5e79647: Neither blocks nor log segments found. Creating new log.
I20260709 13:12:15.125159   592 tablet_bootstrap.cc:492] T 0ddd87f590914373bdc223876b1eaf46 P 1147a4bf815745faac141346917517c9: No bootstrap required, opened a new log
I20260709 13:12:15.126096   592 ts_tablet_manager.cc:1403] T 0ddd87f590914373bdc223876b1eaf46 P 1147a4bf815745faac141346917517c9: Time spent bootstrapping tablet: real 0.113s	user 0.018s	sys 0.001s
I20260709 13:12:15.127521   693 raft_consensus.cc:493] T 52a5dcec040f48929efd2a53613c9349 P 94605dee84f744f99b70673fe5e79647 [term 0 FOLLOWER]: Starting pre-election (no leader contacted us within the election timeout)
I20260709 13:12:15.128145   693 raft_consensus.cc:515] T 52a5dcec040f48929efd2a53613c9349 P 94605dee84f744f99b70673fe5e79647 [term 0 FOLLOWER]: Starting pre-election with config: opid_index: -1 OBSOLETE_local: false peers { permanent_uuid: "1147a4bf815745faac141346917517c9" member_type: VOTER last_known_addr { host: "127.30.250.65" port: 40391 } } peers { permanent_uuid: "9d80daf33afe4c12b3548144bba43128" member_type: VOTER last_known_addr { host: "127.30.250.66" port: 44545 } } peers { permanent_uuid: "94605dee84f744f99b70673fe5e79647" member_type: VOTER last_known_addr { host: "127.30.250.67" port: 38727 } }
I20260709 13:12:15.129478   596 tablet_bootstrap.cc:492] T d465a33543b44d15b42ff5a86504ede5 P 94605dee84f744f99b70673fe5e79647: No bootstrap required, opened a new log
I20260709 13:12:15.129112   592 raft_consensus.cc:359] T 0ddd87f590914373bdc223876b1eaf46 P 1147a4bf815745faac141346917517c9 [term 0 FOLLOWER]: Replica starting. Triggering 0 pending ops. Active config: opid_index: -1 OBSOLETE_local: false peers { permanent_uuid: "1147a4bf815745faac141346917517c9" member_type: VOTER last_known_addr { host: "127.30.250.65" port: 40391 } } peers { permanent_uuid: "9d80daf33afe4c12b3548144bba43128" member_type: VOTER last_known_addr { host: "127.30.250.66" port: 44545 } } peers { permanent_uuid: "94605dee84f744f99b70673fe5e79647" member_type: VOTER last_known_addr { host: "127.30.250.67" port: 38727 } }
I20260709 13:12:15.129863   592 raft_consensus.cc:385] T 0ddd87f590914373bdc223876b1eaf46 P 1147a4bf815745faac141346917517c9 [term 0 FOLLOWER]: Consensus starting up: Expiring failure detector timer to make a prompt election more likely
I20260709 13:12:15.129958   596 ts_tablet_manager.cc:1403] T d465a33543b44d15b42ff5a86504ede5 P 94605dee84f744f99b70673fe5e79647: Time spent bootstrapping tablet: real 0.018s	user 0.012s	sys 0.001s
I20260709 13:12:15.130146   592 raft_consensus.cc:740] T 0ddd87f590914373bdc223876b1eaf46 P 1147a4bf815745faac141346917517c9 [term 0 FOLLOWER]: Becoming Follower/Learner. State: Replica: 1147a4bf815745faac141346917517c9, State: Initialized, Role: FOLLOWER
I20260709 13:12:15.131196   693 leader_election.cc:290] T 52a5dcec040f48929efd2a53613c9349 P 94605dee84f744f99b70673fe5e79647 [CANDIDATE]: Term 1 pre-election: Requested pre-vote from peers 1147a4bf815745faac141346917517c9 (127.30.250.65:40391), 9d80daf33afe4c12b3548144bba43128 (127.30.250.66:44545)
I20260709 13:12:15.131924   592 consensus_queue.cc:260] T 0ddd87f590914373bdc223876b1eaf46 P 1147a4bf815745faac141346917517c9 [NON_LEADER]: Queue going to NON_LEADER mode. State: All replicated index: 0, Majority replicated index: 0, Committed index: 0, Last appended: 0.0, Last appended by leader: 0, Current term: 0, Majority size: -1, State: 0, Mode: NON_LEADER, active raft config: opid_index: -1 OBSOLETE_local: false peers { permanent_uuid: "1147a4bf815745faac141346917517c9" member_type: VOTER last_known_addr { host: "127.30.250.65" port: 40391 } } peers { permanent_uuid: "9d80daf33afe4c12b3548144bba43128" member_type: VOTER last_known_addr { host: "127.30.250.66" port: 44545 } } peers { permanent_uuid: "94605dee84f744f99b70673fe5e79647" member_type: VOTER last_known_addr { host: "127.30.250.67" port: 38727 } }
I20260709 13:12:15.132727   596 raft_consensus.cc:359] T d465a33543b44d15b42ff5a86504ede5 P 94605dee84f744f99b70673fe5e79647 [term 0 FOLLOWER]: Replica starting. Triggering 0 pending ops. Active config: opid_index: -1 OBSOLETE_local: false peers { permanent_uuid: "1147a4bf815745faac141346917517c9" member_type: VOTER last_known_addr { host: "127.30.250.65" port: 40391 } } peers { permanent_uuid: "9d80daf33afe4c12b3548144bba43128" member_type: VOTER last_known_addr { host: "127.30.250.66" port: 44545 } } peers { permanent_uuid: "94605dee84f744f99b70673fe5e79647" member_type: VOTER last_known_addr { host: "127.30.250.67" port: 38727 } }
I20260709 13:12:15.133391   596 raft_consensus.cc:385] T d465a33543b44d15b42ff5a86504ede5 P 94605dee84f744f99b70673fe5e79647 [term 0 FOLLOWER]: Consensus starting up: Expiring failure detector timer to make a prompt election more likely
I20260709 13:12:15.133641   596 raft_consensus.cc:740] T d465a33543b44d15b42ff5a86504ede5 P 94605dee84f744f99b70673fe5e79647 [term 0 FOLLOWER]: Becoming Follower/Learner. State: Replica: 94605dee84f744f99b70673fe5e79647, State: Initialized, Role: FOLLOWER
I20260709 13:12:15.134335   592 ts_tablet_manager.cc:1434] T 0ddd87f590914373bdc223876b1eaf46 P 1147a4bf815745faac141346917517c9: Time spent starting tablet: real 0.008s	user 0.002s	sys 0.003s
I20260709 13:12:15.134292   596 consensus_queue.cc:260] T d465a33543b44d15b42ff5a86504ede5 P 94605dee84f744f99b70673fe5e79647 [NON_LEADER]: Queue going to NON_LEADER mode. State: All replicated index: 0, Majority replicated index: 0, Committed index: 0, Last appended: 0.0, Last appended by leader: 0, Current term: 0, Majority size: -1, State: 0, Mode: NON_LEADER, active raft config: opid_index: -1 OBSOLETE_local: false peers { permanent_uuid: "1147a4bf815745faac141346917517c9" member_type: VOTER last_known_addr { host: "127.30.250.65" port: 40391 } } peers { permanent_uuid: "9d80daf33afe4c12b3548144bba43128" member_type: VOTER last_known_addr { host: "127.30.250.66" port: 44545 } } peers { permanent_uuid: "94605dee84f744f99b70673fe5e79647" member_type: VOTER last_known_addr { host: "127.30.250.67" port: 38727 } }
I20260709 13:12:15.135737   592 tablet_bootstrap.cc:492] T 78bc5e05aae24b068e02efe1db2ff7f9 P 1147a4bf815745faac141346917517c9: Bootstrap starting.
I20260709 13:12:15.136427   596 ts_tablet_manager.cc:1434] T d465a33543b44d15b42ff5a86504ede5 P 94605dee84f744f99b70673fe5e79647: Time spent starting tablet: real 0.006s	user 0.007s	sys 0.000s
I20260709 13:12:15.137576   596 tablet_bootstrap.cc:492] T 057bc7fcba80448fb2f9d128acf58fce P 94605dee84f744f99b70673fe5e79647: Bootstrap starting.
I20260709 13:12:15.143016   477 tablet_service.cc:1917] Received RequestConsensusVote() RPC: tablet_id: "c7daeb8f47b94f5499015a09ef42253f" candidate_uuid: "94605dee84f744f99b70673fe5e79647" candidate_term: 1 candidate_status { last_received { term: 0 index: 0 } } ignore_live_leader: false dest_uuid: "9d80daf33afe4c12b3548144bba43128"
I20260709 13:12:15.143327   592 tablet_bootstrap.cc:654] T 78bc5e05aae24b068e02efe1db2ff7f9 P 1147a4bf815745faac141346917517c9: Neither blocks nor log segments found. Creating new log.
I20260709 13:12:15.144172   596 tablet_bootstrap.cc:654] T 057bc7fcba80448fb2f9d128acf58fce P 94605dee84f744f99b70673fe5e79647: Neither blocks nor log segments found. Creating new log.
I20260709 13:12:15.148952   596 tablet_bootstrap.cc:492] T 057bc7fcba80448fb2f9d128acf58fce P 94605dee84f744f99b70673fe5e79647: No bootstrap required, opened a new log
W20260709 13:12:15.148763   514 leader_election.cc:343] T c7daeb8f47b94f5499015a09ef42253f P 94605dee84f744f99b70673fe5e79647 [CANDIDATE]: Term 1 election: Tablet error from VoteRequest() call to peer 9d80daf33afe4c12b3548144bba43128 (127.30.250.66:44545): Illegal state: must be running to vote when last-logged opid is not known
I20260709 13:12:15.149499   596 ts_tablet_manager.cc:1403] T 057bc7fcba80448fb2f9d128acf58fce P 94605dee84f744f99b70673fe5e79647: Time spent bootstrapping tablet: real 0.012s	user 0.010s	sys 0.001s
I20260709 13:12:15.150672   592 tablet_bootstrap.cc:492] T 78bc5e05aae24b068e02efe1db2ff7f9 P 1147a4bf815745faac141346917517c9: No bootstrap required, opened a new log
I20260709 13:12:15.151180   592 ts_tablet_manager.cc:1403] T 78bc5e05aae24b068e02efe1db2ff7f9 P 1147a4bf815745faac141346917517c9: Time spent bootstrapping tablet: real 0.016s	user 0.006s	sys 0.008s
I20260709 13:12:15.152122   596 raft_consensus.cc:359] T 057bc7fcba80448fb2f9d128acf58fce P 94605dee84f744f99b70673fe5e79647 [term 0 FOLLOWER]: Replica starting. Triggering 0 pending ops. Active config: opid_index: -1 OBSOLETE_local: false peers { permanent_uuid: "1147a4bf815745faac141346917517c9" member_type: VOTER last_known_addr { host: "127.30.250.65" port: 40391 } } peers { permanent_uuid: "9d80daf33afe4c12b3548144bba43128" member_type: VOTER last_known_addr { host: "127.30.250.66" port: 44545 } } peers { permanent_uuid: "94605dee84f744f99b70673fe5e79647" member_type: VOTER last_known_addr { host: "127.30.250.67" port: 38727 } }
I20260709 13:12:15.152806   596 raft_consensus.cc:385] T 057bc7fcba80448fb2f9d128acf58fce P 94605dee84f744f99b70673fe5e79647 [term 0 FOLLOWER]: Consensus starting up: Expiring failure detector timer to make a prompt election more likely
I20260709 13:12:15.153069   596 raft_consensus.cc:740] T 057bc7fcba80448fb2f9d128acf58fce P 94605dee84f744f99b70673fe5e79647 [term 0 FOLLOWER]: Becoming Follower/Learner. State: Replica: 94605dee84f744f99b70673fe5e79647, State: Initialized, Role: FOLLOWER
I20260709 13:12:15.153707   592 raft_consensus.cc:359] T 78bc5e05aae24b068e02efe1db2ff7f9 P 1147a4bf815745faac141346917517c9 [term 0 FOLLOWER]: Replica starting. Triggering 0 pending ops. Active config: opid_index: -1 OBSOLETE_local: false peers { permanent_uuid: "1147a4bf815745faac141346917517c9" member_type: VOTER last_known_addr { host: "127.30.250.65" port: 40391 } } peers { permanent_uuid: "9d80daf33afe4c12b3548144bba43128" member_type: VOTER last_known_addr { host: "127.30.250.66" port: 44545 } } peers { permanent_uuid: "94605dee84f744f99b70673fe5e79647" member_type: VOTER last_known_addr { host: "127.30.250.67" port: 38727 } }
I20260709 13:12:15.154188   592 raft_consensus.cc:385] T 78bc5e05aae24b068e02efe1db2ff7f9 P 1147a4bf815745faac141346917517c9 [term 0 FOLLOWER]: Consensus starting up: Expiring failure detector timer to make a prompt election more likely
I20260709 13:12:15.153779   596 consensus_queue.cc:260] T 057bc7fcba80448fb2f9d128acf58fce P 94605dee84f744f99b70673fe5e79647 [NON_LEADER]: Queue going to NON_LEADER mode. State: All replicated index: 0, Majority replicated index: 0, Committed index: 0, Last appended: 0.0, Last appended by leader: 0, Current term: 0, Majority size: -1, State: 0, Mode: NON_LEADER, active raft config: opid_index: -1 OBSOLETE_local: false peers { permanent_uuid: "1147a4bf815745faac141346917517c9" member_type: VOTER last_known_addr { host: "127.30.250.65" port: 40391 } } peers { permanent_uuid: "9d80daf33afe4c12b3548144bba43128" member_type: VOTER last_known_addr { host: "127.30.250.66" port: 44545 } } peers { permanent_uuid: "94605dee84f744f99b70673fe5e79647" member_type: VOTER last_known_addr { host: "127.30.250.67" port: 38727 } }
I20260709 13:12:15.154407   592 raft_consensus.cc:740] T 78bc5e05aae24b068e02efe1db2ff7f9 P 1147a4bf815745faac141346917517c9 [term 0 FOLLOWER]: Becoming Follower/Learner. State: Replica: 1147a4bf815745faac141346917517c9, State: Initialized, Role: FOLLOWER
I20260709 13:12:15.155617   592 consensus_queue.cc:260] T 78bc5e05aae24b068e02efe1db2ff7f9 P 1147a4bf815745faac141346917517c9 [NON_LEADER]: Queue going to NON_LEADER mode. State: All replicated index: 0, Majority replicated index: 0, Committed index: 0, Last appended: 0.0, Last appended by leader: 0, Current term: 0, Majority size: -1, State: 0, Mode: NON_LEADER, active raft config: opid_index: -1 OBSOLETE_local: false peers { permanent_uuid: "1147a4bf815745faac141346917517c9" member_type: VOTER last_known_addr { host: "127.30.250.65" port: 40391 } } peers { permanent_uuid: "9d80daf33afe4c12b3548144bba43128" member_type: VOTER last_known_addr { host: "127.30.250.66" port: 44545 } } peers { permanent_uuid: "94605dee84f744f99b70673fe5e79647" member_type: VOTER last_known_addr { host: "127.30.250.67" port: 38727 } }
I20260709 13:12:15.156178   596 ts_tablet_manager.cc:1434] T 057bc7fcba80448fb2f9d128acf58fce P 94605dee84f744f99b70673fe5e79647: Time spent starting tablet: real 0.006s	user 0.005s	sys 0.000s
I20260709 13:12:15.157169   596 tablet_bootstrap.cc:492] T 0ddd87f590914373bdc223876b1eaf46 P 94605dee84f744f99b70673fe5e79647: Bootstrap starting.
I20260709 13:12:15.158027   592 ts_tablet_manager.cc:1434] T 78bc5e05aae24b068e02efe1db2ff7f9 P 1147a4bf815745faac141346917517c9: Time spent starting tablet: real 0.007s	user 0.002s	sys 0.004s
I20260709 13:12:15.159273   592 tablet_bootstrap.cc:492] T 057bc7fcba80448fb2f9d128acf58fce P 1147a4bf815745faac141346917517c9: Bootstrap starting.
I20260709 13:12:15.163487   596 tablet_bootstrap.cc:654] T 0ddd87f590914373bdc223876b1eaf46 P 94605dee84f744f99b70673fe5e79647: Neither blocks nor log segments found. Creating new log.
I20260709 13:12:15.165498   592 tablet_bootstrap.cc:654] T 057bc7fcba80448fb2f9d128acf58fce P 1147a4bf815745faac141346917517c9: Neither blocks nor log segments found. Creating new log.
I20260709 13:12:15.170326   596 tablet_bootstrap.cc:492] T 0ddd87f590914373bdc223876b1eaf46 P 94605dee84f744f99b70673fe5e79647: No bootstrap required, opened a new log
I20260709 13:12:15.170877   596 ts_tablet_manager.cc:1403] T 0ddd87f590914373bdc223876b1eaf46 P 94605dee84f744f99b70673fe5e79647: Time spent bootstrapping tablet: real 0.014s	user 0.009s	sys 0.004s
I20260709 13:12:15.171198   592 tablet_bootstrap.cc:492] T 057bc7fcba80448fb2f9d128acf58fce P 1147a4bf815745faac141346917517c9: No bootstrap required, opened a new log
I20260709 13:12:15.171614   592 ts_tablet_manager.cc:1403] T 057bc7fcba80448fb2f9d128acf58fce P 1147a4bf815745faac141346917517c9: Time spent bootstrapping tablet: real 0.013s	user 0.012s	sys 0.000s
I20260709 13:12:15.173619   596 raft_consensus.cc:359] T 0ddd87f590914373bdc223876b1eaf46 P 94605dee84f744f99b70673fe5e79647 [term 0 FOLLOWER]: Replica starting. Triggering 0 pending ops. Active config: opid_index: -1 OBSOLETE_local: false peers { permanent_uuid: "1147a4bf815745faac141346917517c9" member_type: VOTER last_known_addr { host: "127.30.250.65" port: 40391 } } peers { permanent_uuid: "9d80daf33afe4c12b3548144bba43128" member_type: VOTER last_known_addr { host: "127.30.250.66" port: 44545 } } peers { permanent_uuid: "94605dee84f744f99b70673fe5e79647" member_type: VOTER last_known_addr { host: "127.30.250.67" port: 38727 } }
I20260709 13:12:15.174341   596 raft_consensus.cc:385] T 0ddd87f590914373bdc223876b1eaf46 P 94605dee84f744f99b70673fe5e79647 [term 0 FOLLOWER]: Consensus starting up: Expiring failure detector timer to make a prompt election more likely
I20260709 13:12:15.174178   592 raft_consensus.cc:359] T 057bc7fcba80448fb2f9d128acf58fce P 1147a4bf815745faac141346917517c9 [term 0 FOLLOWER]: Replica starting. Triggering 0 pending ops. Active config: opid_index: -1 OBSOLETE_local: false peers { permanent_uuid: "1147a4bf815745faac141346917517c9" member_type: VOTER last_known_addr { host: "127.30.250.65" port: 40391 } } peers { permanent_uuid: "9d80daf33afe4c12b3548144bba43128" member_type: VOTER last_known_addr { host: "127.30.250.66" port: 44545 } } peers { permanent_uuid: "94605dee84f744f99b70673fe5e79647" member_type: VOTER last_known_addr { host: "127.30.250.67" port: 38727 } }
I20260709 13:12:15.174340   475 tablet_service.cc:1917] Received RequestConsensusVote() RPC: tablet_id: "52a5dcec040f48929efd2a53613c9349" candidate_uuid: "94605dee84f744f99b70673fe5e79647" candidate_term: 1 candidate_status { last_received { term: 0 index: 0 } } ignore_live_leader: false dest_uuid: "9d80daf33afe4c12b3548144bba43128" is_pre_election: true
I20260709 13:12:15.174742   596 raft_consensus.cc:740] T 0ddd87f590914373bdc223876b1eaf46 P 94605dee84f744f99b70673fe5e79647 [term 0 FOLLOWER]: Becoming Follower/Learner. State: Replica: 94605dee84f744f99b70673fe5e79647, State: Initialized, Role: FOLLOWER
I20260709 13:12:15.174954   592 raft_consensus.cc:385] T 057bc7fcba80448fb2f9d128acf58fce P 1147a4bf815745faac141346917517c9 [term 0 FOLLOWER]: Consensus starting up: Expiring failure detector timer to make a prompt election more likely
I20260709 13:12:15.175303   592 raft_consensus.cc:740] T 057bc7fcba80448fb2f9d128acf58fce P 1147a4bf815745faac141346917517c9 [term 0 FOLLOWER]: Becoming Follower/Learner. State: Replica: 1147a4bf815745faac141346917517c9, State: Initialized, Role: FOLLOWER
I20260709 13:12:15.175441   596 consensus_queue.cc:260] T 0ddd87f590914373bdc223876b1eaf46 P 94605dee84f744f99b70673fe5e79647 [NON_LEADER]: Queue going to NON_LEADER mode. State: All replicated index: 0, Majority replicated index: 0, Committed index: 0, Last appended: 0.0, Last appended by leader: 0, Current term: 0, Majority size: -1, State: 0, Mode: NON_LEADER, active raft config: opid_index: -1 OBSOLETE_local: false peers { permanent_uuid: "1147a4bf815745faac141346917517c9" member_type: VOTER last_known_addr { host: "127.30.250.65" port: 40391 } } peers { permanent_uuid: "9d80daf33afe4c12b3548144bba43128" member_type: VOTER last_known_addr { host: "127.30.250.66" port: 44545 } } peers { permanent_uuid: "94605dee84f744f99b70673fe5e79647" member_type: VOTER last_known_addr { host: "127.30.250.67" port: 38727 } }
I20260709 13:12:15.176149   592 consensus_queue.cc:260] T 057bc7fcba80448fb2f9d128acf58fce P 1147a4bf815745faac141346917517c9 [NON_LEADER]: Queue going to NON_LEADER mode. State: All replicated index: 0, Majority replicated index: 0, Committed index: 0, Last appended: 0.0, Last appended by leader: 0, Current term: 0, Majority size: -1, State: 0, Mode: NON_LEADER, active raft config: opid_index: -1 OBSOLETE_local: false peers { permanent_uuid: "1147a4bf815745faac141346917517c9" member_type: VOTER last_known_addr { host: "127.30.250.65" port: 40391 } } peers { permanent_uuid: "9d80daf33afe4c12b3548144bba43128" member_type: VOTER last_known_addr { host: "127.30.250.66" port: 44545 } } peers { permanent_uuid: "94605dee84f744f99b70673fe5e79647" member_type: VOTER last_known_addr { host: "127.30.250.67" port: 38727 } }
I20260709 13:12:15.177666   596 ts_tablet_manager.cc:1434] T 0ddd87f590914373bdc223876b1eaf46 P 94605dee84f744f99b70673fe5e79647: Time spent starting tablet: real 0.006s	user 0.001s	sys 0.003s
W20260709 13:12:15.177974   514 leader_election.cc:343] T 52a5dcec040f48929efd2a53613c9349 P 94605dee84f744f99b70673fe5e79647 [CANDIDATE]: Term 1 pre-election: Tablet error from VoteRequest() call to peer 9d80daf33afe4c12b3548144bba43128 (127.30.250.66:44545): Illegal state: must be running to vote when last-logged opid is not known
I20260709 13:12:15.178292   592 ts_tablet_manager.cc:1434] T 057bc7fcba80448fb2f9d128acf58fce P 1147a4bf815745faac141346917517c9: Time spent starting tablet: real 0.006s	user 0.002s	sys 0.003s
I20260709 13:12:15.178874   596 tablet_bootstrap.cc:492] T 4f9ce2256219478f87c4548597cc7c72 P 94605dee84f744f99b70673fe5e79647: Bootstrap starting.
I20260709 13:12:15.179626   592 tablet_bootstrap.cc:492] T 93b7735894954487a974636bb3ba1c4d P 1147a4bf815745faac141346917517c9: Bootstrap starting.
I20260709 13:12:15.187039   592 tablet_bootstrap.cc:654] T 93b7735894954487a974636bb3ba1c4d P 1147a4bf815745faac141346917517c9: Neither blocks nor log segments found. Creating new log.
I20260709 13:12:15.187389   474 raft_consensus.cc:3060] T 1bd73ee09eaa4eae86f87c2606b5c7a6 P 9d80daf33afe4c12b3548144bba43128 [term 0 FOLLOWER]: Advancing to term 1
I20260709 13:12:15.200481   596 tablet_bootstrap.cc:654] T 4f9ce2256219478f87c4548597cc7c72 P 94605dee84f744f99b70673fe5e79647: Neither blocks nor log segments found. Creating new log.
I20260709 13:12:15.202539   401 tablet_service.cc:1917] Received RequestConsensusVote() RPC: tablet_id: "52a5dcec040f48929efd2a53613c9349" candidate_uuid: "94605dee84f744f99b70673fe5e79647" candidate_term: 1 candidate_status { last_received { term: 0 index: 0 } } ignore_live_leader: false dest_uuid: "1147a4bf815745faac141346917517c9" is_pre_election: true
I20260709 13:12:15.209862   401 raft_consensus.cc:2468] T 52a5dcec040f48929efd2a53613c9349 P 1147a4bf815745faac141346917517c9 [term 0 FOLLOWER]: Leader pre-election vote request: Granting yes vote for candidate 94605dee84f744f99b70673fe5e79647 in term 0.
I20260709 13:12:15.220515   515 leader_election.cc:304] T 52a5dcec040f48929efd2a53613c9349 P 94605dee84f744f99b70673fe5e79647 [CANDIDATE]: Term 1 pre-election: Election decided. Result: candidate won. Election summary: received 3 responses out of 3 voters: 2 yes votes; 1 no votes. yes voters: 1147a4bf815745faac141346917517c9, 94605dee84f744f99b70673fe5e79647; no voters: 9d80daf33afe4c12b3548144bba43128
I20260709 13:12:15.222895   693 raft_consensus.cc:2804] T 52a5dcec040f48929efd2a53613c9349 P 94605dee84f744f99b70673fe5e79647 [term 0 FOLLOWER]: Leader pre-election won for term 1
I20260709 13:12:15.226687   693 raft_consensus.cc:493] T 52a5dcec040f48929efd2a53613c9349 P 94605dee84f744f99b70673fe5e79647 [term 0 FOLLOWER]: Starting leader election (no leader contacted us within the election timeout)
I20260709 13:12:15.227245   693 raft_consensus.cc:3060] T 52a5dcec040f48929efd2a53613c9349 P 94605dee84f744f99b70673fe5e79647 [term 0 FOLLOWER]: Advancing to term 1
W20260709 13:12:14.983657   364 leader_election.cc:343] T 52a5dcec040f48929efd2a53613c9349 P 1147a4bf815745faac141346917517c9 [CANDIDATE]: Term 1 pre-election: Tablet error from VoteRequest() call to peer 9d80daf33afe4c12b3548144bba43128 (127.30.250.66:44545): Illegal state: must be running to vote when last-logged opid is not known
I20260709 13:12:15.233345   364 leader_election.cc:304] T 52a5dcec040f48929efd2a53613c9349 P 1147a4bf815745faac141346917517c9 [CANDIDATE]: Term 1 pre-election: Election decided. Result: candidate lost. Election summary: received 3 responses out of 3 voters: 1 yes votes; 2 no votes. yes voters: 1147a4bf815745faac141346917517c9; no voters: 94605dee84f744f99b70673fe5e79647, 9d80daf33afe4c12b3548144bba43128
W20260709 13:12:15.234629   364 outbound_call.cc:321] RPC callback for RPC call kudu.consensus.ConsensusService.RequestConsensusVote -> {remote=127.30.250.66:44545, user_credentials={real_user=slave}} blocked reactor thread for 269674us
W20260709 13:12:15.236109   364 leader_election.cc:343] T 9c641c9c9aaa4bab98a44bb2df85bcc2 P 1147a4bf815745faac141346917517c9 [CANDIDATE]: Term 1 election: Tablet error from VoteRequest() call to peer 9d80daf33afe4c12b3548144bba43128 (127.30.250.66:44545): Illegal state: must be running to vote when last-logged opid is not known
I20260709 13:12:15.220552   398 tablet_service.cc:1917] Received RequestConsensusVote() RPC: tablet_id: "c7daeb8f47b94f5499015a09ef42253f" candidate_uuid: "94605dee84f744f99b70673fe5e79647" candidate_term: 1 candidate_status { last_received { term: 0 index: 0 } } ignore_live_leader: false dest_uuid: "1147a4bf815745faac141346917517c9"
I20260709 13:12:15.243937   398 raft_consensus.cc:3060] T c7daeb8f47b94f5499015a09ef42253f P 1147a4bf815745faac141346917517c9 [term 0 FOLLOWER]: Advancing to term 1
