I20260709 13:12:09.549986  2492 consensus_queue.cc:237] T ad4c96c912914d91b1140d0bbdde4266 P 4cd6d4027d3740309614c5f19dca3f5c [LEADER]: Queue going to LEADER mode. State: All replicated index: 0, Majority replicated index: 0, Committed index: 0, Last appended: 0.0, Last appended by leader: 0, Current term: 1, Majority size: 2, State: 0, Mode: LEADER, active raft config: opid_index: -1 OBSOLETE_local: false peers { permanent_uuid: "4cd6d4027d3740309614c5f19dca3f5c" member_type: VOTER last_known_addr { host: "127.1.15.129" port: 46565 } } peers { permanent_uuid: "b27a0a521ded4a4d9e6b394240222494" member_type: VOTER last_known_addr { host: "127.1.15.130" port: 43765 } } peers { permanent_uuid: "79416ed97b0c4188a92bc61798fd447b" member_type: VOTER last_known_addr { host: "127.1.15.131" port: 46187 } }
I20260709 13:12:09.550889  2427 tablet_bootstrap.cc:654] T 6c845c97964a496b8d87728669171f20 P b27a0a521ded4a4d9e6b394240222494: Neither blocks nor log segments found. Creating new log.
I20260709 13:12:09.553872  2429 tablet_bootstrap.cc:654] T ef44cc0cf4314910883cb957c7a4b969 P 4cd6d4027d3740309614c5f19dca3f5c: Neither blocks nor log segments found. Creating new log.
I20260709 13:12:09.560892  2430 raft_consensus.cc:493] T a5bf95a172a14b51bba2be976f385cc9 P b27a0a521ded4a4d9e6b394240222494 [term 0 FOLLOWER]: Starting pre-election (no leader contacted us within the election timeout)
I20260709 13:12:09.561923  2427 tablet_bootstrap.cc:492] T 6c845c97964a496b8d87728669171f20 P b27a0a521ded4a4d9e6b394240222494: No bootstrap required, opened a new log
I20260709 13:12:09.561450  2430 raft_consensus.cc:515] T a5bf95a172a14b51bba2be976f385cc9 P b27a0a521ded4a4d9e6b394240222494 [term 0 FOLLOWER]: Starting pre-election with config: opid_index: -1 OBSOLETE_local: false peers { permanent_uuid: "4cd6d4027d3740309614c5f19dca3f5c" member_type: VOTER last_known_addr { host: "127.1.15.129" port: 46565 } } peers { permanent_uuid: "b27a0a521ded4a4d9e6b394240222494" member_type: VOTER last_known_addr { host: "127.1.15.130" port: 43765 } } peers { permanent_uuid: "79416ed97b0c4188a92bc61798fd447b" member_type: VOTER last_known_addr { host: "127.1.15.131" port: 46187 } }
I20260709 13:12:09.562567  2427 ts_tablet_manager.cc:1403] T 6c845c97964a496b8d87728669171f20 P b27a0a521ded4a4d9e6b394240222494: Time spent bootstrapping tablet: real 0.029s	user 0.014s	sys 0.001s
I20260709 13:12:09.581322  2238 tablet_service.cc:1917] Received RequestConsensusVote() RPC: tablet_id: "a5bf95a172a14b51bba2be976f385cc9" candidate_uuid: "b27a0a521ded4a4d9e6b394240222494" candidate_term: 1 candidate_status { last_received { term: 0 index: 0 } } ignore_live_leader: false dest_uuid: "4cd6d4027d3740309614c5f19dca3f5c" is_pre_election: true
I20260709 13:12:09.582125  2461 raft_consensus.cc:493] T 6ae586f10a6b4789a2cd7dc18251c42b P 79416ed97b0c4188a92bc61798fd447b [term 0 FOLLOWER]: Starting pre-election (no leader contacted us within the election timeout)
I20260709 13:12:09.582145  2238 raft_consensus.cc:2468] T a5bf95a172a14b51bba2be976f385cc9 P 4cd6d4027d3740309614c5f19dca3f5c [term 0 FOLLOWER]: Leader pre-election vote request: Granting yes vote for candidate b27a0a521ded4a4d9e6b394240222494 in term 0.
I20260709 13:12:09.583020  2461 raft_consensus.cc:515] T 6ae586f10a6b4789a2cd7dc18251c42b P 79416ed97b0c4188a92bc61798fd447b [term 0 FOLLOWER]: Starting pre-election with config: opid_index: -1 OBSOLETE_local: false peers { permanent_uuid: "4cd6d4027d3740309614c5f19dca3f5c" member_type: VOTER last_known_addr { host: "127.1.15.129" port: 46565 } } peers { permanent_uuid: "b27a0a521ded4a4d9e6b394240222494" member_type: VOTER last_known_addr { host: "127.1.15.130" port: 43765 } } peers { permanent_uuid: "79416ed97b0c4188a92bc61798fd447b" member_type: VOTER last_known_addr { host: "127.1.15.131" port: 46187 } }
I20260709 13:12:09.583905  2278 leader_election.cc:304] T a5bf95a172a14b51bba2be976f385cc9 P b27a0a521ded4a4d9e6b394240222494 [CANDIDATE]: Term 1 pre-election: Election decided. Result: candidate won. Election summary: received 2 responses out of 3 voters: 2 yes votes; 0 no votes. yes voters: 4cd6d4027d3740309614c5f19dca3f5c, b27a0a521ded4a4d9e6b394240222494; no voters: 
I20260709 13:12:09.585872  2461 leader_election.cc:290] T 6ae586f10a6b4789a2cd7dc18251c42b P 79416ed97b0c4188a92bc61798fd447b [CANDIDATE]: Term 1 pre-election: Requested pre-vote from peers 4cd6d4027d3740309614c5f19dca3f5c (127.1.15.129:46565), b27a0a521ded4a4d9e6b394240222494 (127.1.15.130:43765)
I20260709 13:12:09.589005  2427 raft_consensus.cc:359] T 6c845c97964a496b8d87728669171f20 P b27a0a521ded4a4d9e6b394240222494 [term 0 FOLLOWER]: Replica starting. Triggering 0 pending ops. Active config: opid_index: -1 OBSOLETE_local: false peers { permanent_uuid: "4cd6d4027d3740309614c5f19dca3f5c" member_type: VOTER last_known_addr { host: "127.1.15.129" port: 46565 } } peers { permanent_uuid: "b27a0a521ded4a4d9e6b394240222494" member_type: VOTER last_known_addr { host: "127.1.15.130" port: 43765 } } peers { permanent_uuid: "79416ed97b0c4188a92bc61798fd447b" member_type: VOTER last_known_addr { host: "127.1.15.131" port: 46187 } }
I20260709 13:12:09.589660  2313 tablet_service.cc:1917] Received RequestConsensusVote() RPC: tablet_id: "6ae586f10a6b4789a2cd7dc18251c42b" candidate_uuid: "79416ed97b0c4188a92bc61798fd447b" candidate_term: 1 candidate_status { last_received { term: 0 index: 0 } } ignore_live_leader: false dest_uuid: "b27a0a521ded4a4d9e6b394240222494" is_pre_election: true
I20260709 13:12:09.589654  2238 tablet_service.cc:1917] Received RequestConsensusVote() RPC: tablet_id: "6ae586f10a6b4789a2cd7dc18251c42b" candidate_uuid: "79416ed97b0c4188a92bc61798fd447b" candidate_term: 1 candidate_status { last_received { term: 0 index: 0 } } ignore_live_leader: false dest_uuid: "4cd6d4027d3740309614c5f19dca3f5c" is_pre_election: true
I20260709 13:12:09.590178  2427 raft_consensus.cc:385] T 6c845c97964a496b8d87728669171f20 P b27a0a521ded4a4d9e6b394240222494 [term 0 FOLLOWER]: Consensus starting up: Expiring failure detector timer to make a prompt election more likely
I20260709 13:12:09.590890  2427 raft_consensus.cc:740] T 6c845c97964a496b8d87728669171f20 P b27a0a521ded4a4d9e6b394240222494 [term 0 FOLLOWER]: Becoming Follower/Learner. State: Replica: b27a0a521ded4a4d9e6b394240222494, State: Initialized, Role: FOLLOWER
W20260709 13:12:09.591754  2352 leader_election.cc:343] T 6ae586f10a6b4789a2cd7dc18251c42b P 79416ed97b0c4188a92bc61798fd447b [CANDIDATE]: Term 1 pre-election: Tablet error from VoteRequest() call to peer 4cd6d4027d3740309614c5f19dca3f5c (127.1.15.129:46565): Illegal state: must be running to vote when last-logged opid is not known
I20260709 13:12:09.590422  2313 raft_consensus.cc:2468] T 6ae586f10a6b4789a2cd7dc18251c42b P b27a0a521ded4a4d9e6b394240222494 [term 0 FOLLOWER]: Leader pre-election vote request: Granting yes vote for candidate 79416ed97b0c4188a92bc61798fd447b in term 0.
I20260709 13:12:09.593662  2352 leader_election.cc:304] T 6ae586f10a6b4789a2cd7dc18251c42b P 79416ed97b0c4188a92bc61798fd447b [CANDIDATE]: Term 1 pre-election: Election decided. Result: candidate won. Election summary: received 3 responses out of 3 voters: 2 yes votes; 1 no votes. yes voters: 79416ed97b0c4188a92bc61798fd447b, b27a0a521ded4a4d9e6b394240222494; no voters: 4cd6d4027d3740309614c5f19dca3f5c
I20260709 13:12:09.594043  2430 leader_election.cc:290] T a5bf95a172a14b51bba2be976f385cc9 P b27a0a521ded4a4d9e6b394240222494 [CANDIDATE]: Term 1 pre-election: Requested pre-vote from peers 4cd6d4027d3740309614c5f19dca3f5c (127.1.15.129:46565), 79416ed97b0c4188a92bc61798fd447b (127.1.15.131:46187)
I20260709 13:12:09.594754  2461 raft_consensus.cc:2804] T 6ae586f10a6b4789a2cd7dc18251c42b P 79416ed97b0c4188a92bc61798fd447b [term 0 FOLLOWER]: Leader pre-election won for term 1
I20260709 13:12:09.595183  2461 raft_consensus.cc:493] T 6ae586f10a6b4789a2cd7dc18251c42b P 79416ed97b0c4188a92bc61798fd447b [term 0 FOLLOWER]: Starting leader election (no leader contacted us within the election timeout)
I20260709 13:12:09.594020  2427 consensus_queue.cc:260] T 6c845c97964a496b8d87728669171f20 P b27a0a521ded4a4d9e6b394240222494 [NON_LEADER]: Queue going to NON_LEADER mode. State: All replicated index: 0, Majority replicated index: 0, Committed index: 0, Last appended: 0.0, Last appended by leader: 0, Current term: 0, Majority size: -1, State: 0, Mode: NON_LEADER, active raft config: opid_index: -1 OBSOLETE_local: false peers { permanent_uuid: "4cd6d4027d3740309614c5f19dca3f5c" member_type: VOTER last_known_addr { host: "127.1.15.129" port: 46565 } } peers { permanent_uuid: "b27a0a521ded4a4d9e6b394240222494" member_type: VOTER last_known_addr { host: "127.1.15.130" port: 43765 } } peers { permanent_uuid: "79416ed97b0c4188a92bc61798fd447b" member_type: VOTER last_known_addr { host: "127.1.15.131" port: 46187 } }
I20260709 13:12:09.595417  2430 raft_consensus.cc:2804] T a5bf95a172a14b51bba2be976f385cc9 P b27a0a521ded4a4d9e6b394240222494 [term 0 FOLLOWER]: Leader pre-election won for term 1
I20260709 13:12:09.595616  2461 raft_consensus.cc:3060] T 6ae586f10a6b4789a2cd7dc18251c42b P 79416ed97b0c4188a92bc61798fd447b [term 0 FOLLOWER]: Advancing to term 1
I20260709 13:12:09.596283  2430 raft_consensus.cc:493] T a5bf95a172a14b51bba2be976f385cc9 P b27a0a521ded4a4d9e6b394240222494 [term 0 FOLLOWER]: Starting leader election (no leader contacted us within the election timeout)
I20260709 13:12:09.597170  2430 raft_consensus.cc:3060] T a5bf95a172a14b51bba2be976f385cc9 P b27a0a521ded4a4d9e6b394240222494 [term 0 FOLLOWER]: Advancing to term 1
I20260709 13:12:09.599042  2427 ts_tablet_manager.cc:1434] T 6c845c97964a496b8d87728669171f20 P b27a0a521ded4a4d9e6b394240222494: Time spent starting tablet: real 0.036s	user 0.011s	sys 0.001s
I20260709 13:12:09.601701  2385 tablet_service.cc:1917] Received RequestConsensusVote() RPC: tablet_id: "a5bf95a172a14b51bba2be976f385cc9" candidate_uuid: "b27a0a521ded4a4d9e6b394240222494" candidate_term: 1 candidate_status { last_received { term: 0 index: 0 } } ignore_live_leader: false dest_uuid: "79416ed97b0c4188a92bc61798fd447b" is_pre_election: true
I20260709 13:12:09.602373  2385 raft_consensus.cc:2468] T a5bf95a172a14b51bba2be976f385cc9 P 79416ed97b0c4188a92bc61798fd447b [term 0 FOLLOWER]: Leader pre-election vote request: Granting yes vote for candidate b27a0a521ded4a4d9e6b394240222494 in term 0.
I20260709 13:12:09.606357  2461 raft_consensus.cc:515] T 6ae586f10a6b4789a2cd7dc18251c42b P 79416ed97b0c4188a92bc61798fd447b [term 1 FOLLOWER]: Starting leader election with config: opid_index: -1 OBSOLETE_local: false peers { permanent_uuid: "4cd6d4027d3740309614c5f19dca3f5c" member_type: VOTER last_known_addr { host: "127.1.15.129" port: 46565 } } peers { permanent_uuid: "b27a0a521ded4a4d9e6b394240222494" member_type: VOTER last_known_addr { host: "127.1.15.130" port: 43765 } } peers { permanent_uuid: "79416ed97b0c4188a92bc61798fd447b" member_type: VOTER last_known_addr { host: "127.1.15.131" port: 46187 } }
I20260709 13:12:09.607050  2429 tablet_bootstrap.cc:492] T ef44cc0cf4314910883cb957c7a4b969 P 4cd6d4027d3740309614c5f19dca3f5c: No bootstrap required, opened a new log
I20260709 13:12:09.607676  2429 ts_tablet_manager.cc:1403] T ef44cc0cf4314910883cb957c7a4b969 P 4cd6d4027d3740309614c5f19dca3f5c: Time spent bootstrapping tablet: real 0.063s	user 0.011s	sys 0.009s
I20260709 13:12:09.609227  2238 tablet_service.cc:1917] Received RequestConsensusVote() RPC: tablet_id: "6ae586f10a6b4789a2cd7dc18251c42b" candidate_uuid: "79416ed97b0c4188a92bc61798fd447b" candidate_term: 1 candidate_status { last_received { term: 0 index: 0 } } ignore_live_leader: false dest_uuid: "4cd6d4027d3740309614c5f19dca3f5c"
W20260709 13:12:09.611060  2352 leader_election.cc:343] T 6ae586f10a6b4789a2cd7dc18251c42b P 79416ed97b0c4188a92bc61798fd447b [CANDIDATE]: Term 1 election: Tablet error from VoteRequest() call to peer 4cd6d4027d3740309614c5f19dca3f5c (127.1.15.129:46565): Illegal state: must be running to vote when last-logged opid is not known
I20260709 13:12:09.611168  2429 raft_consensus.cc:359] T ef44cc0cf4314910883cb957c7a4b969 P 4cd6d4027d3740309614c5f19dca3f5c [term 0 FOLLOWER]: Replica starting. Triggering 0 pending ops. Active config: opid_index: -1 OBSOLETE_local: false peers { permanent_uuid: "4cd6d4027d3740309614c5f19dca3f5c" member_type: VOTER last_known_addr { host: "127.1.15.129" port: 46565 } } peers { permanent_uuid: "b27a0a521ded4a4d9e6b394240222494" member_type: VOTER last_known_addr { host: "127.1.15.130" port: 43765 } } peers { permanent_uuid: "79416ed97b0c4188a92bc61798fd447b" member_type: VOTER last_known_addr { host: "127.1.15.131" port: 46187 } }
I20260709 13:12:09.612313  2429 raft_consensus.cc:385] T ef44cc0cf4314910883cb957c7a4b969 P 4cd6d4027d3740309614c5f19dca3f5c [term 0 FOLLOWER]: Consensus starting up: Expiring failure detector timer to make a prompt election more likely
I20260709 13:12:09.612658  2429 raft_consensus.cc:740] T ef44cc0cf4314910883cb957c7a4b969 P 4cd6d4027d3740309614c5f19dca3f5c [term 0 FOLLOWER]: Becoming Follower/Learner. State: Replica: 4cd6d4027d3740309614c5f19dca3f5c, State: Initialized, Role: FOLLOWER
W20260709 13:12:09.616447  2278 consensus_peers.cc:597] T f5dcba0de19e4eef8053d476be08b0cc P b27a0a521ded4a4d9e6b394240222494 -> Peer 79416ed97b0c4188a92bc61798fd447b (127.1.15.131:46187): Couldn't send request to peer 79416ed97b0c4188a92bc61798fd447b. Error code: TABLET_NOT_RUNNING (12). Status: Illegal state: Tablet not RUNNING: INITIALIZED. This is attempt 1: this message will repeat every 5th retry.
I20260709 13:12:09.616513  2429 consensus_queue.cc:260] T ef44cc0cf4314910883cb957c7a4b969 P 4cd6d4027d3740309614c5f19dca3f5c [NON_LEADER]: Queue going to NON_LEADER mode. State: All replicated index: 0, Majority replicated index: 0, Committed index: 0, Last appended: 0.0, Last appended by leader: 0, Current term: 0, Majority size: -1, State: 0, Mode: NON_LEADER, active raft config: opid_index: -1 OBSOLETE_local: false peers { permanent_uuid: "4cd6d4027d3740309614c5f19dca3f5c" member_type: VOTER last_known_addr { host: "127.1.15.129" port: 46565 } } peers { permanent_uuid: "b27a0a521ded4a4d9e6b394240222494" member_type: VOTER last_known_addr { host: "127.1.15.130" port: 43765 } } peers { permanent_uuid: "79416ed97b0c4188a92bc61798fd447b" member_type: VOTER last_known_addr { host: "127.1.15.131" port: 46187 } }
I20260709 13:12:09.617336  2387 raft_consensus.cc:2468] T ad4c96c912914d91b1140d0bbdde4266 P 79416ed97b0c4188a92bc61798fd447b [term 1 FOLLOWER]: Leader election vote request: Granting yes vote for candidate 4cd6d4027d3740309614c5f19dca3f5c in term 1.
I20260709 13:12:09.619567  2429 ts_tablet_manager.cc:1434] T ef44cc0cf4314910883cb957c7a4b969 P 4cd6d4027d3740309614c5f19dca3f5c: Time spent starting tablet: real 0.012s	user 0.009s	sys 0.000s
I20260709 13:12:09.621017  2429 tablet_bootstrap.cc:492] T f5cd681667e649b094264fc5e2bace94 P 4cd6d4027d3740309614c5f19dca3f5c: Bootstrap starting.
I20260709 13:12:09.623340  2313 tablet_service.cc:1917] Received RequestConsensusVote() RPC: tablet_id: "6ae586f10a6b4789a2cd7dc18251c42b" candidate_uuid: "79416ed97b0c4188a92bc61798fd447b" candidate_term: 1 candidate_status { last_received { term: 0 index: 0 } } ignore_live_leader: false dest_uuid: "b27a0a521ded4a4d9e6b394240222494"
I20260709 13:12:09.623977  2313 raft_consensus.cc:3060] T 6ae586f10a6b4789a2cd7dc18251c42b P b27a0a521ded4a4d9e6b394240222494 [term 0 FOLLOWER]: Advancing to term 1
I20260709 13:12:09.624161  2427 tablet_bootstrap.cc:492] T 36c272c9a29a4b0ba76d80dfdeb8f7f6 P b27a0a521ded4a4d9e6b394240222494: Bootstrap starting.
I20260709 13:12:09.626711  2136 catalog_manager.cc:5697] T 371323cbbb3648e98d1b3e38996a9b91 P 4cd6d4027d3740309614c5f19dca3f5c reported cstate change: term changed from 0 to 1, leader changed from <none> to 4cd6d4027d3740309614c5f19dca3f5c (127.1.15.129). New cstate: current_term: 1 leader_uuid: "4cd6d4027d3740309614c5f19dca3f5c" committed_config { opid_index: -1 OBSOLETE_local: false peers { permanent_uuid: "4cd6d4027d3740309614c5f19dca3f5c" member_type: VOTER last_known_addr { host: "127.1.15.129" port: 46565 } health_report { overall_health: HEALTHY } } peers { permanent_uuid: "b27a0a521ded4a4d9e6b394240222494" member_type: VOTER last_known_addr { host: "127.1.15.130" port: 43765 } health_report { overall_health: UNKNOWN } } peers { permanent_uuid: "79416ed97b0c4188a92bc61798fd447b" member_type: VOTER last_known_addr { host: "127.1.15.131" port: 46187 } health_report { overall_health: UNKNOWN } } }
I20260709 13:12:09.632103  2430 raft_consensus.cc:515] T a5bf95a172a14b51bba2be976f385cc9 P b27a0a521ded4a4d9e6b394240222494 [term 1 FOLLOWER]: Starting leader election with config: opid_index: -1 OBSOLETE_local: false peers { permanent_uuid: "4cd6d4027d3740309614c5f19dca3f5c" member_type: VOTER last_known_addr { host: "127.1.15.129" port: 46565 } } peers { permanent_uuid: "b27a0a521ded4a4d9e6b394240222494" member_type: VOTER last_known_addr { host: "127.1.15.130" port: 43765 } } peers { permanent_uuid: "79416ed97b0c4188a92bc61798fd447b" member_type: VOTER last_known_addr { host: "127.1.15.131" port: 46187 } }
I20260709 13:12:09.633122  2499 consensus_queue.cc:1048] T f5dcba0de19e4eef8053d476be08b0cc P b27a0a521ded4a4d9e6b394240222494 [LEADER]: Connected to new peer: Peer: permanent_uuid: "4cd6d4027d3740309614c5f19dca3f5c" member_type: VOTER last_known_addr { host: "127.1.15.129" port: 46565 }, Status: LMP_MISMATCH, Last received: 0.0, Next index: 1, Last known committed idx: 0, Time since last communication: 0.000s
I20260709 13:12:09.636775  2427 tablet_bootstrap.cc:654] T 36c272c9a29a4b0ba76d80dfdeb8f7f6 P b27a0a521ded4a4d9e6b394240222494: Neither blocks nor log segments found. Creating new log.
I20260709 13:12:09.638789  2313 raft_consensus.cc:2468] T 6ae586f10a6b4789a2cd7dc18251c42b P b27a0a521ded4a4d9e6b394240222494 [term 1 FOLLOWER]: Leader election vote request: Granting yes vote for candidate 79416ed97b0c4188a92bc61798fd447b in term 1.
I20260709 13:12:09.640568  2352 leader_election.cc:304] T 6ae586f10a6b4789a2cd7dc18251c42b P 79416ed97b0c4188a92bc61798fd447b [CANDIDATE]: Term 1 election: Election decided. Result: candidate won. Election summary: received 3 responses out of 3 voters: 2 yes votes; 1 no votes. yes voters: 79416ed97b0c4188a92bc61798fd447b, b27a0a521ded4a4d9e6b394240222494; no voters: 4cd6d4027d3740309614c5f19dca3f5c
I20260709 13:12:09.646484  2429 tablet_bootstrap.cc:654] T f5cd681667e649b094264fc5e2bace94 P 4cd6d4027d3740309614c5f19dca3f5c: Neither blocks nor log segments found. Creating new log.
I20260709 13:12:09.648057  2462 raft_consensus.cc:2804] T 6ae586f10a6b4789a2cd7dc18251c42b P 79416ed97b0c4188a92bc61798fd447b [term 1 FOLLOWER]: Leader election won for term 1
I20260709 13:12:09.652122  2462 raft_consensus.cc:697] T 6ae586f10a6b4789a2cd7dc18251c42b P 79416ed97b0c4188a92bc61798fd447b [term 1 LEADER]: Becoming Leader. State: Replica: 79416ed97b0c4188a92bc61798fd447b, State: Running, Role: LEADER
I20260709 13:12:09.653012  2427 tablet_bootstrap.cc:492] T 36c272c9a29a4b0ba76d80dfdeb8f7f6 P b27a0a521ded4a4d9e6b394240222494: No bootstrap required, opened a new log
I20260709 13:12:09.654155  2427 ts_tablet_manager.cc:1403] T 36c272c9a29a4b0ba76d80dfdeb8f7f6 P b27a0a521ded4a4d9e6b394240222494: Time spent bootstrapping tablet: real 0.030s	user 0.012s	sys 0.003s
I20260709 13:12:09.656968  2237 tablet_service.cc:1917] Received RequestConsensusVote() RPC: tablet_id: "a5bf95a172a14b51bba2be976f385cc9" candidate_uuid: "b27a0a521ded4a4d9e6b394240222494" candidate_term: 1 candidate_status { last_received { term: 0 index: 0 } } ignore_live_leader: false dest_uuid: "4cd6d4027d3740309614c5f19dca3f5c"
I20260709 13:12:09.658046  2427 raft_consensus.cc:359] T 36c272c9a29a4b0ba76d80dfdeb8f7f6 P b27a0a521ded4a4d9e6b394240222494 [term 0 FOLLOWER]: Replica starting. Triggering 0 pending ops. Active config: opid_index: -1 OBSOLETE_local: false peers { permanent_uuid: "4cd6d4027d3740309614c5f19dca3f5c" member_type: VOTER last_known_addr { host: "127.1.15.129" port: 46565 } } peers { permanent_uuid: "b27a0a521ded4a4d9e6b394240222494" member_type: VOTER last_known_addr { host: "127.1.15.130" port: 43765 } } peers { permanent_uuid: "79416ed97b0c4188a92bc61798fd447b" member_type: VOTER last_known_addr { host: "127.1.15.131" port: 46187 } }
I20260709 13:12:09.658999  2427 raft_consensus.cc:385] T 36c272c9a29a4b0ba76d80dfdeb8f7f6 P b27a0a521ded4a4d9e6b394240222494 [term 0 FOLLOWER]: Consensus starting up: Expiring failure detector timer to make a prompt election more likely
I20260709 13:12:09.659373  2427 raft_consensus.cc:740] T 36c272c9a29a4b0ba76d80dfdeb8f7f6 P b27a0a521ded4a4d9e6b394240222494 [term 0 FOLLOWER]: Becoming Follower/Learner. State: Replica: b27a0a521ded4a4d9e6b394240222494, State: Initialized, Role: FOLLOWER
I20260709 13:12:09.657774  2237 raft_consensus.cc:3060] T a5bf95a172a14b51bba2be976f385cc9 P 4cd6d4027d3740309614c5f19dca3f5c [term 0 FOLLOWER]: Advancing to term 1
I20260709 13:12:09.660953  2135 catalog_manager.cc:5697] T 14960714dc37499686c2e16e8b2e88a2 P 79416ed97b0c4188a92bc61798fd447b reported cstate change: term changed from 0 to 1, leader changed from <none> to 79416ed97b0c4188a92bc61798fd447b (127.1.15.131). New cstate: current_term: 1 leader_uuid: "79416ed97b0c4188a92bc61798fd447b" committed_config { opid_index: -1 OBSOLETE_local: false peers { permanent_uuid: "4cd6d4027d3740309614c5f19dca3f5c" member_type: VOTER last_known_addr { host: "127.1.15.129" port: 46565 } health_report { overall_health: UNKNOWN } } peers { permanent_uuid: "b27a0a521ded4a4d9e6b394240222494" member_type: VOTER last_known_addr { host: "127.1.15.130" port: 43765 } health_report { overall_health: UNKNOWN } } peers { permanent_uuid: "79416ed97b0c4188a92bc61798fd447b" member_type: VOTER last_known_addr { host: "127.1.15.131" port: 46187 } health_report { overall_health: HEALTHY } } }
I20260709 13:12:09.663810  2462 consensus_queue.cc:237] T 6ae586f10a6b4789a2cd7dc18251c42b P 79416ed97b0c4188a92bc61798fd447b [LEADER]: Queue going to LEADER mode. State: All replicated index: 0, Majority replicated index: 0, Committed index: 0, Last appended: 0.0, Last appended by leader: 0, Current term: 1, Majority size: 2, State: 0, Mode: LEADER, active raft config: opid_index: -1 OBSOLETE_local: false peers { permanent_uuid: "4cd6d4027d3740309614c5f19dca3f5c" member_type: VOTER last_known_addr { host: "127.1.15.129" port: 46565 } } peers { permanent_uuid: "b27a0a521ded4a4d9e6b394240222494" member_type: VOTER last_known_addr { host: "127.1.15.130" port: 43765 } } peers { permanent_uuid: "79416ed97b0c4188a92bc61798fd447b" member_type: VOTER last_known_addr { host: "127.1.15.131" port: 46187 } }
I20260709 13:12:09.668224  2461 leader_election.cc:290] T 6ae586f10a6b4789a2cd7dc18251c42b P 79416ed97b0c4188a92bc61798fd447b [CANDIDATE]: Term 1 election: Requested vote from peers 4cd6d4027d3740309614c5f19dca3f5c (127.1.15.129:46565), b27a0a521ded4a4d9e6b394240222494 (127.1.15.130:43765)
I20260709 13:12:09.660616  2430 leader_election.cc:290] T a5bf95a172a14b51bba2be976f385cc9 P b27a0a521ded4a4d9e6b394240222494 [CANDIDATE]: Term 1 election: Requested vote from peers 4cd6d4027d3740309614c5f19dca3f5c (127.1.15.129:46565), 79416ed97b0c4188a92bc61798fd447b (127.1.15.131:46187)
I20260709 13:12:09.672358  2427 consensus_queue.cc:260] T 36c272c9a29a4b0ba76d80dfdeb8f7f6 P b27a0a521ded4a4d9e6b394240222494 [NON_LEADER]: Queue going to NON_LEADER mode. State: All replicated index: 0, Majority replicated index: 0, Committed index: 0, Last appended: 0.0, Last appended by leader: 0, Current term: 0, Majority size: -1, State: 0, Mode: NON_LEADER, active raft config: opid_index: -1 OBSOLETE_local: false peers { permanent_uuid: "4cd6d4027d3740309614c5f19dca3f5c" member_type: VOTER last_known_addr { host: "127.1.15.129" port: 46565 } } peers { permanent_uuid: "b27a0a521ded4a4d9e6b394240222494" member_type: VOTER last_known_addr { host: "127.1.15.130" port: 43765 } } peers { permanent_uuid: "79416ed97b0c4188a92bc61798fd447b" member_type: VOTER last_known_addr { host: "127.1.15.131" port: 46187 } }
I20260709 13:12:09.680759  2429 tablet_bootstrap.cc:492] T f5cd681667e649b094264fc5e2bace94 P 4cd6d4027d3740309614c5f19dca3f5c: No bootstrap required, opened a new log
I20260709 13:12:09.681394  2429 ts_tablet_manager.cc:1403] T f5cd681667e649b094264fc5e2bace94 P 4cd6d4027d3740309614c5f19dca3f5c: Time spent bootstrapping tablet: real 0.061s	user 0.016s	sys 0.000s
I20260709 13:12:09.674309  2499 raft_consensus.cc:493] T 36c272c9a29a4b0ba76d80dfdeb8f7f6 P b27a0a521ded4a4d9e6b394240222494 [term 0 FOLLOWER]: Starting pre-election (no leader contacted us within the election timeout)
I20260709 13:12:09.682376  2499 raft_consensus.cc:515] T 36c272c9a29a4b0ba76d80dfdeb8f7f6 P b27a0a521ded4a4d9e6b394240222494 [term 0 FOLLOWER]: Starting pre-election with config: opid_index: -1 OBSOLETE_local: false peers { permanent_uuid: "4cd6d4027d3740309614c5f19dca3f5c" member_type: VOTER last_known_addr { host: "127.1.15.129" port: 46565 } } peers { permanent_uuid: "b27a0a521ded4a4d9e6b394240222494" member_type: VOTER last_known_addr { host: "127.1.15.130" port: 43765 } } peers { permanent_uuid: "79416ed97b0c4188a92bc61798fd447b" member_type: VOTER last_known_addr { host: "127.1.15.131" port: 46187 } }
I20260709 13:12:09.689440  2427 ts_tablet_manager.cc:1434] T 36c272c9a29a4b0ba76d80dfdeb8f7f6 P b27a0a521ded4a4d9e6b394240222494: Time spent starting tablet: real 0.035s	user 0.010s	sys 0.008s
I20260709 13:12:09.690500  2427 tablet_bootstrap.cc:492] T f1cc93e104c641058e9996cb7f98159a P b27a0a521ded4a4d9e6b394240222494: Bootstrap starting.
I20260709 13:12:09.691100  2499 leader_election.cc:290] T 36c272c9a29a4b0ba76d80dfdeb8f7f6 P b27a0a521ded4a4d9e6b394240222494 [CANDIDATE]: Term 1 pre-election: Requested pre-vote from peers 4cd6d4027d3740309614c5f19dca3f5c (127.1.15.129:46565), 79416ed97b0c4188a92bc61798fd447b (127.1.15.131:46187)
W20260709 13:12:09.684348  2352 outbound_call.cc:321] RPC callback for RPC call kudu.consensus.ConsensusService.RequestConsensusVote -> {remote=127.1.15.130:43765, user_credentials={real_user=slave}} blocked reactor thread for 43930.2us
I20260709 13:12:09.698060  2236 tablet_service.cc:1917] Received RequestConsensusVote() RPC: tablet_id: "36c272c9a29a4b0ba76d80dfdeb8f7f6" candidate_uuid: "b27a0a521ded4a4d9e6b394240222494" candidate_term: 1 candidate_status { last_received { term: 0 index: 0 } } ignore_live_leader: false dest_uuid: "4cd6d4027d3740309614c5f19dca3f5c" is_pre_election: true
W20260709 13:12:09.700228  2278 leader_election.cc:343] T 36c272c9a29a4b0ba76d80dfdeb8f7f6 P b27a0a521ded4a4d9e6b394240222494 [CANDIDATE]: Term 1 pre-election: Tablet error from VoteRequest() call to peer 4cd6d4027d3740309614c5f19dca3f5c (127.1.15.129:46565): Illegal state: must be running to vote when last-logged opid is not known
I20260709 13:12:09.703127  2427 tablet_bootstrap.cc:654] T f1cc93e104c641058e9996cb7f98159a P b27a0a521ded4a4d9e6b394240222494: Neither blocks nor log segments found. Creating new log.
I20260709 13:12:09.695822  2237 raft_consensus.cc:2468] T a5bf95a172a14b51bba2be976f385cc9 P 4cd6d4027d3740309614c5f19dca3f5c [term 1 FOLLOWER]: Leader election vote request: Granting yes vote for candidate b27a0a521ded4a4d9e6b394240222494 in term 1.
I20260709 13:12:09.706524  2278 leader_election.cc:304] T a5bf95a172a14b51bba2be976f385cc9 P b27a0a521ded4a4d9e6b394240222494 [CANDIDATE]: Term 1 election: Election decided. Result: candidate won. Election summary: received 2 responses out of 3 voters: 2 yes votes; 0 no votes. yes voters: 4cd6d4027d3740309614c5f19dca3f5c, b27a0a521ded4a4d9e6b394240222494; no voters: 
I20260709 13:12:09.708925  2429 raft_consensus.cc:359] T f5cd681667e649b094264fc5e2bace94 P 4cd6d4027d3740309614c5f19dca3f5c [term 0 FOLLOWER]: Replica starting. Triggering 0 pending ops. Active config: opid_index: -1 OBSOLETE_local: false peers { permanent_uuid: "4cd6d4027d3740309614c5f19dca3f5c" member_type: VOTER last_known_addr { host: "127.1.15.129" port: 46565 } } peers { permanent_uuid: "b27a0a521ded4a4d9e6b394240222494" member_type: VOTER last_known_addr { host: "127.1.15.130" port: 43765 } } peers { permanent_uuid: "79416ed97b0c4188a92bc61798fd447b" member_type: VOTER last_known_addr { host: "127.1.15.131" port: 46187 } }
I20260709 13:12:09.709901  2429 raft_consensus.cc:385] T f5cd681667e649b094264fc5e2bace94 P 4cd6d4027d3740309614c5f19dca3f5c [term 0 FOLLOWER]: Consensus starting up: Expiring failure detector timer to make a prompt election more likely
I20260709 13:12:09.710268  2429 raft_consensus.cc:740] T f5cd681667e649b094264fc5e2bace94 P 4cd6d4027d3740309614c5f19dca3f5c [term 0 FOLLOWER]: Becoming Follower/Learner. State: Replica: 4cd6d4027d3740309614c5f19dca3f5c, State: Initialized, Role: FOLLOWER
I20260709 13:12:09.711846  2429 consensus_queue.cc:260] T f5cd681667e649b094264fc5e2bace94 P 4cd6d4027d3740309614c5f19dca3f5c [NON_LEADER]: Queue going to NON_LEADER mode. State: All replicated index: 0, Majority replicated index: 0, Committed index: 0, Last appended: 0.0, Last appended by leader: 0, Current term: 0, Majority size: -1, State: 0, Mode: NON_LEADER, active raft config: opid_index: -1 OBSOLETE_local: false peers { permanent_uuid: "4cd6d4027d3740309614c5f19dca3f5c" member_type: VOTER last_known_addr { host: "127.1.15.129" port: 46565 } } peers { permanent_uuid: "b27a0a521ded4a4d9e6b394240222494" member_type: VOTER last_known_addr { host: "127.1.15.130" port: 43765 } } peers { permanent_uuid: "79416ed97b0c4188a92bc61798fd447b" member_type: VOTER last_known_addr { host: "127.1.15.131" port: 46187 } }
I20260709 13:12:09.714751  2429 ts_tablet_manager.cc:1434] T f5cd681667e649b094264fc5e2bace94 P 4cd6d4027d3740309614c5f19dca3f5c: Time spent starting tablet: real 0.033s	user 0.002s	sys 0.004s
I20260709 13:12:09.714857  2501 consensus_queue.cc:1048] T 5ef0b4716b3240a0a09b978c43c3f869 P 79416ed97b0c4188a92bc61798fd447b [LEADER]: Connected to new peer: Peer: permanent_uuid: "b27a0a521ded4a4d9e6b394240222494" member_type: VOTER last_known_addr { host: "127.1.15.130" port: 43765 }, Status: LMP_MISMATCH, Last received: 0.0, Next index: 1, Last known committed idx: 0, Time since last communication: 0.001s
I20260709 13:12:09.720721  2507 raft_consensus.cc:2804] T a5bf95a172a14b51bba2be976f385cc9 P b27a0a521ded4a4d9e6b394240222494 [term 1 FOLLOWER]: Leader election won for term 1
I20260709 13:12:09.721199  2387 tablet_service.cc:1917] Received RequestConsensusVote() RPC: tablet_id: "a5bf95a172a14b51bba2be976f385cc9" candidate_uuid: "b27a0a521ded4a4d9e6b394240222494" candidate_term: 1 candidate_status { last_received { term: 0 index: 0 } } ignore_live_leader: false dest_uuid: "79416ed97b0c4188a92bc61798fd447b"
I20260709 13:12:09.721530  2507 raft_consensus.cc:697] T a5bf95a172a14b51bba2be976f385cc9 P b27a0a521ded4a4d9e6b394240222494 [term 1 LEADER]: Becoming Leader. State: Replica: b27a0a521ded4a4d9e6b394240222494, State: Running, Role: LEADER
I20260709 13:12:09.721802  2387 raft_consensus.cc:3060] T a5bf95a172a14b51bba2be976f385cc9 P 79416ed97b0c4188a92bc61798fd447b [term 0 FOLLOWER]: Advancing to term 1
I20260709 13:12:09.722462  2507 consensus_queue.cc:237] T a5bf95a172a14b51bba2be976f385cc9 P b27a0a521ded4a4d9e6b394240222494 [LEADER]: Queue going to LEADER mode. State: All replicated index: 0, Majority replicated index: 0, Committed index: 0, Last appended: 0.0, Last appended by leader: 0, Current term: 1, Majority size: 2, State: 0, Mode: LEADER, active raft config: opid_index: -1 OBSOLETE_local: false peers { permanent_uuid: "4cd6d4027d3740309614c5f19dca3f5c" member_type: VOTER last_known_addr { host: "127.1.15.129" port: 46565 } } peers { permanent_uuid: "b27a0a521ded4a4d9e6b394240222494" member_type: VOTER last_known_addr { host: "127.1.15.130" port: 43765 } } peers { permanent_uuid: "79416ed97b0c4188a92bc61798fd447b" member_type: VOTER last_known_addr { host: "127.1.15.131" port: 46187 } }
I20260709 13:12:09.726210  2432 raft_consensus.cc:493] T c169d3b4a1674f879420a893b097792f P b27a0a521ded4a4d9e6b394240222494 [term 1 FOLLOWER]: Starting pre-election (detected failure of leader 4cd6d4027d3740309614c5f19dca3f5c)
I20260709 13:12:09.726727  2432 raft_consensus.cc:515] T c169d3b4a1674f879420a893b097792f P b27a0a521ded4a4d9e6b394240222494 [term 1 FOLLOWER]: Starting pre-election with config: opid_index: -1 OBSOLETE_local: false peers { permanent_uuid: "4cd6d4027d3740309614c5f19dca3f5c" member_type: VOTER last_known_addr { host: "127.1.15.129" port: 46565 } } peers { permanent_uuid: "b27a0a521ded4a4d9e6b394240222494" member_type: VOTER last_known_addr { host: "127.1.15.130" port: 43765 } } peers { permanent_uuid: "79416ed97b0c4188a92bc61798fd447b" member_type: VOTER last_known_addr { host: "127.1.15.131" port: 46187 } }
I20260709 13:12:09.730309  2432 leader_election.cc:290] T c169d3b4a1674f879420a893b097792f P b27a0a521ded4a4d9e6b394240222494 [CANDIDATE]: Term 2 pre-election: Requested pre-vote from peers 4cd6d4027d3740309614c5f19dca3f5c (127.1.15.129:46565), 79416ed97b0c4188a92bc61798fd447b (127.1.15.131:46187)
I20260709 13:12:09.730701  2434 tablet_bootstrap.cc:492] T 4063daf3a17946ab90faa4133e3ff2b0 P 79416ed97b0c4188a92bc61798fd447b: No bootstrap required, opened a new log
I20260709 13:12:09.731300  2434 ts_tablet_manager.cc:1403] T 4063daf3a17946ab90faa4133e3ff2b0 P 79416ed97b0c4188a92bc61798fd447b: Time spent bootstrapping tablet: real 0.222s	user 0.048s	sys 0.106s
I20260709 13:12:09.735139  2236 tablet_service.cc:1917] Received RequestConsensusVote() RPC: tablet_id: "c169d3b4a1674f879420a893b097792f" candidate_uuid: "b27a0a521ded4a4d9e6b394240222494" candidate_term: 2 candidate_status { last_received { term: 1 index: 1 } } ignore_live_leader: false dest_uuid: "4cd6d4027d3740309614c5f19dca3f5c" is_pre_election: true
I20260709 13:12:09.732227  2501 consensus_queue.cc:1048] T 5ef0b4716b3240a0a09b978c43c3f869 P 79416ed97b0c4188a92bc61798fd447b [LEADER]: Connected to new peer: Peer: permanent_uuid: "4cd6d4027d3740309614c5f19dca3f5c" member_type: VOTER last_known_addr { host: "127.1.15.129" port: 46565 }, Status: LMP_MISMATCH, Last received: 0.0, Next index: 1, Last known committed idx: 0, Time since last communication: 0.005s
W20260709 13:12:09.737649  2203 consensus_peers.cc:597] T 4063daf3a17946ab90faa4133e3ff2b0 P 4cd6d4027d3740309614c5f19dca3f5c -> Peer 79416ed97b0c4188a92bc61798fd447b (127.1.15.131:46187): Couldn't send request to peer 79416ed97b0c4188a92bc61798fd447b. Error code: TABLET_NOT_RUNNING (12). Status: Illegal state: Tablet not RUNNING: BOOTSTRAPPING. This is attempt 1: this message will repeat every 5th retry.
I20260709 13:12:09.724371  2135 catalog_manager.cc:5697] T ad4c96c912914d91b1140d0bbdde4266 P 4cd6d4027d3740309614c5f19dca3f5c reported cstate change: term changed from 0 to 1, leader changed from <none> to 4cd6d4027d3740309614c5f19dca3f5c (127.1.15.129). New cstate: current_term: 1 leader_uuid: "4cd6d4027d3740309614c5f19dca3f5c" committed_config { opid_index: -1 OBSOLETE_local: false peers { permanent_uuid: "4cd6d4027d3740309614c5f19dca3f5c" member_type: VOTER last_known_addr { host: "127.1.15.129" port: 46565 } health_report { overall_health: HEALTHY } } peers { permanent_uuid: "b27a0a521ded4a4d9e6b394240222494" member_type: VOTER last_known_addr { host: "127.1.15.130" port: 43765 } health_report { overall_health: UNKNOWN } } peers { permanent_uuid: "79416ed97b0c4188a92bc61798fd447b" member_type: VOTER last_known_addr { host: "127.1.15.131" port: 46187 } health_report { overall_health: UNKNOWN } } }
I20260709 13:12:09.739051  2429 tablet_bootstrap.cc:492] T 90a7e571723a454682f9291b68a5dcb0 P 4cd6d4027d3740309614c5f19dca3f5c: Bootstrap starting.
I20260709 13:12:09.740146  2434 raft_consensus.cc:359] T 4063daf3a17946ab90faa4133e3ff2b0 P 79416ed97b0c4188a92bc61798fd447b [term 0 FOLLOWER]: Replica starting. Triggering 0 pending ops. Active config: opid_index: -1 OBSOLETE_local: false peers { permanent_uuid: "4cd6d4027d3740309614c5f19dca3f5c" member_type: VOTER last_known_addr { host: "127.1.15.129" port: 46565 } } peers { permanent_uuid: "b27a0a521ded4a4d9e6b394240222494" member_type: VOTER last_known_addr { host: "127.1.15.130" port: 43765 } } peers { permanent_uuid: "79416ed97b0c4188a92bc61798fd447b" member_type: VOTER last_known_addr { host: "127.1.15.131" port: 46187 } }
I20260709 13:12:09.741171  2434 raft_consensus.cc:385] T 4063daf3a17946ab90faa4133e3ff2b0 P 79416ed97b0c4188a92bc61798fd447b [term 0 FOLLOWER]: Consensus starting up: Expiring failure detector timer to make a prompt election more likely
I20260709 13:12:09.741643  2434 raft_consensus.cc:740] T 4063daf3a17946ab90faa4133e3ff2b0 P 79416ed97b0c4188a92bc61798fd447b [term 0 FOLLOWER]: Becoming Follower/Learner. State: Replica: 79416ed97b0c4188a92bc61798fd447b, State: Initialized, Role: FOLLOWER
I20260709 13:12:09.745030  2434 consensus_queue.cc:260] T 4063daf3a17946ab90faa4133e3ff2b0 P 79416ed97b0c4188a92bc61798fd447b [NON_LEADER]: Queue going to NON_LEADER mode. State: All replicated index: 0, Majority replicated index: 0, Committed index: 0, Last appended: 0.0, Last appended by leader: 0, Current term: 0, Majority size: -1, State: 0, Mode: NON_LEADER, active raft config: opid_index: -1 OBSOLETE_local: false peers { permanent_uuid: "4cd6d4027d3740309614c5f19dca3f5c" member_type: VOTER last_known_addr { host: "127.1.15.129" port: 46565 } } peers { permanent_uuid: "b27a0a521ded4a4d9e6b394240222494" member_type: VOTER last_known_addr { host: "127.1.15.130" port: 43765 } } peers { permanent_uuid: "79416ed97b0c4188a92bc61798fd447b" member_type: VOTER last_known_addr { host: "127.1.15.131" port: 46187 } }
I20260709 13:12:09.747509  2434 ts_tablet_manager.cc:1434] T 4063daf3a17946ab90faa4133e3ff2b0 P 79416ed97b0c4188a92bc61798fd447b: Time spent starting tablet: real 0.016s	user 0.007s	sys 0.000s
I20260709 13:12:09.747390  2385 tablet_service.cc:1917] Received RequestConsensusVote() RPC: tablet_id: "36c272c9a29a4b0ba76d80dfdeb8f7f6" candidate_uuid: "b27a0a521ded4a4d9e6b394240222494" candidate_term: 1 candidate_status { last_received { term: 0 index: 0 } } ignore_live_leader: false dest_uuid: "79416ed97b0c4188a92bc61798fd447b" is_pre_election: true
I20260709 13:12:09.753221  2434 tablet_bootstrap.cc:492] T f5dcba0de19e4eef8053d476be08b0cc P 79416ed97b0c4188a92bc61798fd447b: Bootstrap starting.
I20260709 13:12:09.763008  2501 raft_consensus.cc:493] T 12f26c47d9444a518a4c229bf77f8fec P 79416ed97b0c4188a92bc61798fd447b [term 0 FOLLOWER]: Starting pre-election (no leader contacted us within the election timeout)
W20260709 13:12:09.763185  2278 leader_election.cc:343] T 36c272c9a29a4b0ba76d80dfdeb8f7f6 P b27a0a521ded4a4d9e6b394240222494 [CANDIDATE]: Term 1 pre-election: Tablet error from VoteRequest() call to peer 79416ed97b0c4188a92bc61798fd447b (127.1.15.131:46187): Illegal state: must be running to vote when last-logged opid is not known
I20260709 13:12:09.773705  2435 raft_consensus.cc:493] T 12f26c47d9444a518a4c229bf77f8fec P 4cd6d4027d3740309614c5f19dca3f5c [term 0 FOLLOWER]: Starting pre-election (no leader contacted us within the election timeout)
I20260709 13:12:09.780858  2427 tablet_bootstrap.cc:492] T f1cc93e104c641058e9996cb7f98159a P b27a0a521ded4a4d9e6b394240222494: No bootstrap required, opened a new log
I20260709 13:12:09.781353  2427 ts_tablet_manager.cc:1403] T f1cc93e104c641058e9996cb7f98159a P b27a0a521ded4a4d9e6b394240222494: Time spent bootstrapping tablet: real 0.091s	user 0.022s	sys 0.012s
I20260709 13:12:09.773883  2385 tablet_service.cc:1917] Received RequestConsensusVote() RPC: tablet_id: "c169d3b4a1674f879420a893b097792f" candidate_uuid: "b27a0a521ded4a4d9e6b394240222494" candidate_term: 2 candidate_status { last_received { term: 1 index: 1 } } ignore_live_leader: false dest_uuid: "79416ed97b0c4188a92bc61798fd447b" is_pre_election: true
I20260709 13:12:09.781919  2435 raft_consensus.cc:515] T 12f26c47d9444a518a4c229bf77f8fec P 4cd6d4027d3740309614c5f19dca3f5c [term 0 FOLLOWER]: Starting pre-election with config: opid_index: -1 OBSOLETE_local: false peers { permanent_uuid: "4cd6d4027d3740309614c5f19dca3f5c" member_type: VOTER last_known_addr { host: "127.1.15.129" port: 46565 } } peers { permanent_uuid: "b27a0a521ded4a4d9e6b394240222494" member_type: VOTER last_known_addr { host: "127.1.15.130" port: 43765 } } peers { permanent_uuid: "79416ed97b0c4188a92bc61798fd447b" member_type: VOTER last_known_addr { host: "127.1.15.131" port: 46187 } }
I20260709 13:12:09.787189  2507 raft_consensus.cc:493] T f491d4b80a124f2395aaded4ac9cdb2d P b27a0a521ded4a4d9e6b394240222494 [term 0 FOLLOWER]: Starting pre-election (no leader contacted us within the election timeout)
I20260709 13:12:09.775928  2501 raft_consensus.cc:515] T 12f26c47d9444a518a4c229bf77f8fec P 79416ed97b0c4188a92bc61798fd447b [term 0 FOLLOWER]: Starting pre-election with config: opid_index: -1 OBSOLETE_local: false peers { permanent_uuid: "4cd6d4027d3740309614c5f19dca3f5c" member_type: VOTER last_known_addr { host: "127.1.15.129" port: 46565 } } peers { permanent_uuid: "b27a0a521ded4a4d9e6b394240222494" member_type: VOTER last_known_addr { host: "127.1.15.130" port: 43765 } } peers { permanent_uuid: "79416ed97b0c4188a92bc61798fd447b" member_type: VOTER last_known_addr { host: "127.1.15.131" port: 46187 } }
I20260709 13:12:09.784389  2387 raft_consensus.cc:2468] T a5bf95a172a14b51bba2be976f385cc9 P 79416ed97b0c4188a92bc61798fd447b [term 1 FOLLOWER]: Leader election vote request: Granting yes vote for candidate b27a0a521ded4a4d9e6b394240222494 in term 1.
I20260709 13:12:09.792872  2501 leader_election.cc:290] T 12f26c47d9444a518a4c229bf77f8fec P 79416ed97b0c4188a92bc61798fd447b [CANDIDATE]: Term 1 pre-election: Requested pre-vote from peers 4cd6d4027d3740309614c5f19dca3f5c (127.1.15.129:46565), b27a0a521ded4a4d9e6b394240222494 (127.1.15.130:43765)
I20260709 13:12:09.776294  2278 leader_election.cc:304] T 36c272c9a29a4b0ba76d80dfdeb8f7f6 P b27a0a521ded4a4d9e6b394240222494 [CANDIDATE]: Term 1 pre-election: Election decided. Result: candidate lost. Election summary: received 3 responses out of 3 voters: 1 yes votes; 2 no votes. yes voters: b27a0a521ded4a4d9e6b394240222494; no voters: 4cd6d4027d3740309614c5f19dca3f5c, 79416ed97b0c4188a92bc61798fd447b
I20260709 13:12:09.795486  2508 raft_consensus.cc:2749] T 36c272c9a29a4b0ba76d80dfdeb8f7f6 P b27a0a521ded4a4d9e6b394240222494 [term 0 FOLLOWER]: Leader pre-election lost for term 1. Reason: could not achieve majority
I20260709 13:12:09.796156  2238 tablet_service.cc:1917] Received RequestConsensusVote() RPC: tablet_id: "12f26c47d9444a518a4c229bf77f8fec" candidate_uuid: "79416ed97b0c4188a92bc61798fd447b" candidate_term: 1 candidate_status { last_received { term: 0 index: 0 } } ignore_live_leader: false dest_uuid: "4cd6d4027d3740309614c5f19dca3f5c" is_pre_election: true
I20260709 13:12:09.797078  2238 raft_consensus.cc:2468] T 12f26c47d9444a518a4c229bf77f8fec P 4cd6d4027d3740309614c5f19dca3f5c [term 0 FOLLOWER]: Leader pre-election vote request: Granting yes vote for candidate 79416ed97b0c4188a92bc61798fd447b in term 0.
I20260709 13:12:09.797497  2311 tablet_service.cc:1917] Received RequestConsensusVote() RPC: tablet_id: "12f26c47d9444a518a4c229bf77f8fec" candidate_uuid: "79416ed97b0c4188a92bc61798fd447b" candidate_term: 1 candidate_status { last_received { term: 0 index: 0 } } ignore_live_leader: false dest_uuid: "b27a0a521ded4a4d9e6b394240222494" is_pre_election: true
I20260709 13:12:09.798189  2311 raft_consensus.cc:2468] T 12f26c47d9444a518a4c229bf77f8fec P b27a0a521ded4a4d9e6b394240222494 [term 0 FOLLOWER]: Leader pre-election vote request: Granting yes vote for candidate 79416ed97b0c4188a92bc61798fd447b in term 0.
I20260709 13:12:09.798241  2435 leader_election.cc:290] T 12f26c47d9444a518a4c229bf77f8fec P 4cd6d4027d3740309614c5f19dca3f5c [CANDIDATE]: Term 1 pre-election: Requested pre-vote from peers b27a0a521ded4a4d9e6b394240222494 (127.1.15.130:43765), 79416ed97b0c4188a92bc61798fd447b (127.1.15.131:46187)
I20260709 13:12:09.798345  2352 leader_election.cc:304] T 12f26c47d9444a518a4c229bf77f8fec P 79416ed97b0c4188a92bc61798fd447b [CANDIDATE]: Term 1 pre-election: Election decided. Result: candidate won. Election summary: received 2 responses out of 3 voters: 2 yes votes; 0 no votes. yes voters: 4cd6d4027d3740309614c5f19dca3f5c, 79416ed97b0c4188a92bc61798fd447b; no voters: 
I20260709 13:12:09.799449  2501 raft_consensus.cc:2804] T 12f26c47d9444a518a4c229bf77f8fec P 79416ed97b0c4188a92bc61798fd447b [term 0 FOLLOWER]: Leader pre-election won for term 1
I20260709 13:12:09.799803  2501 raft_consensus.cc:493] T 12f26c47d9444a518a4c229bf77f8fec P 79416ed97b0c4188a92bc61798fd447b [term 0 FOLLOWER]: Starting leader election (no leader contacted us within the election timeout)
I20260709 13:12:09.800120  2501 raft_consensus.cc:3060] T 12f26c47d9444a518a4c229bf77f8fec P 79416ed97b0c4188a92bc61798fd447b [term 0 FOLLOWER]: Advancing to term 1
I20260709 13:12:09.804026  2278 leader_election.cc:304] T c169d3b4a1674f879420a893b097792f P b27a0a521ded4a4d9e6b394240222494 [CANDIDATE]: Term 2 pre-election: Election decided. Result: candidate lost. Election summary: received 3 responses out of 3 voters: 1 yes votes; 2 no votes. yes voters: b27a0a521ded4a4d9e6b394240222494; no voters: 4cd6d4027d3740309614c5f19dca3f5c, 79416ed97b0c4188a92bc61798fd447b
I20260709 13:12:09.805769  2432 raft_consensus.cc:2749] T c169d3b4a1674f879420a893b097792f P b27a0a521ded4a4d9e6b394240222494 [term 1 FOLLOWER]: Leader pre-election lost for term 2. Reason: could not achieve majority
I20260709 13:12:09.805948  2311 tablet_service.cc:1917] Received RequestConsensusVote() RPC: tablet_id: "12f26c47d9444a518a4c229bf77f8fec" candidate_uuid: "4cd6d4027d3740309614c5f19dca3f5c" candidate_term: 1 candidate_status { last_received { term: 0 index: 0 } } ignore_live_leader: false dest_uuid: "b27a0a521ded4a4d9e6b394240222494" is_pre_election: true
I20260709 13:12:09.806522  2385 tablet_service.cc:1917] Received RequestConsensusVote() RPC: tablet_id: "12f26c47d9444a518a4c229bf77f8fec" candidate_uuid: "4cd6d4027d3740309614c5f19dca3f5c" candidate_term: 1 candidate_status { last_received { term: 0 index: 0 } } ignore_live_leader: false dest_uuid: "79416ed97b0c4188a92bc61798fd447b" is_pre_election: true
I20260709 13:12:09.806603  2311 raft_consensus.cc:2468] T 12f26c47d9444a518a4c229bf77f8fec P b27a0a521ded4a4d9e6b394240222494 [term 0 FOLLOWER]: Leader pre-election vote request: Granting yes vote for candidate 4cd6d4027d3740309614c5f19dca3f5c in term 0.
I20260709 13:12:09.807878  2203 leader_election.cc:304] T 12f26c47d9444a518a4c229bf77f8fec P 4cd6d4027d3740309614c5f19dca3f5c [CANDIDATE]: Term 1 pre-election: Election decided. Result: candidate won. Election summary: received 2 responses out of 3 voters: 2 yes votes; 0 no votes. yes voters: 4cd6d4027d3740309614c5f19dca3f5c, b27a0a521ded4a4d9e6b394240222494; no voters: 
I20260709 13:12:09.808769  2492 raft_consensus.cc:2804] T 12f26c47d9444a518a4c229bf77f8fec P 4cd6d4027d3740309614c5f19dca3f5c [term 0 FOLLOWER]: Leader pre-election won for term 1
I20260709 13:12:09.809165  2492 raft_consensus.cc:493] T 12f26c47d9444a518a4c229bf77f8fec P 4cd6d4027d3740309614c5f19dca3f5c [term 0 FOLLOWER]: Starting leader election (no leader contacted us within the election timeout)
I20260709 13:12:09.794456  2507 raft_consensus.cc:515] T f491d4b80a124f2395aaded4ac9cdb2d P b27a0a521ded4a4d9e6b394240222494 [term 0 FOLLOWER]: Starting pre-election with config: opid_index: -1 OBSOLETE_local: false peers { permanent_uuid: "4cd6d4027d3740309614c5f19dca3f5c" member_type: VOTER last_known_addr { host: "127.1.15.129" port: 46565 } } peers { permanent_uuid: "b27a0a521ded4a4d9e6b394240222494" member_type: VOTER last_known_addr { host: "127.1.15.130" port: 43765 } } peers { permanent_uuid: "79416ed97b0c4188a92bc61798fd447b" member_type: VOTER last_known_addr { host: "127.1.15.131" port: 46187 } }
I20260709 13:12:09.809746  2492 raft_consensus.cc:3060] T 12f26c47d9444a518a4c229bf77f8fec P 4cd6d4027d3740309614c5f19dca3f5c [term 0 FOLLOWER]: Advancing to term 1
I20260709 13:12:09.812433  2427 raft_consensus.cc:359] T f1cc93e104c641058e9996cb7f98159a P b27a0a521ded4a4d9e6b394240222494 [term 0 FOLLOWER]: Replica starting. Triggering 0 pending ops. Active config: opid_index: -1 OBSOLETE_local: false peers { permanent_uuid: "4cd6d4027d3740309614c5f19dca3f5c" member_type: VOTER last_known_addr { host: "127.1.15.129" port: 46565 } } peers { permanent_uuid: "b27a0a521ded4a4d9e6b394240222494" member_type: VOTER last_known_addr { host: "127.1.15.130" port: 43765 } } peers { permanent_uuid: "79416ed97b0c4188a92bc61798fd447b" member_type: VOTER last_known_addr { host: "127.1.15.131" port: 46187 } }
I20260709 13:12:09.813149  2427 raft_consensus.cc:385] T f1cc93e104c641058e9996cb7f98159a P b27a0a521ded4a4d9e6b394240222494 [term 0 FOLLOWER]: Consensus starting up: Expiring failure detector timer to make a prompt election more likely
I20260709 13:12:09.813516  2427 raft_consensus.cc:740] T f1cc93e104c641058e9996cb7f98159a P b27a0a521ded4a4d9e6b394240222494 [term 0 FOLLOWER]: Becoming Follower/Learner. State: Replica: b27a0a521ded4a4d9e6b394240222494, State: Initialized, Role: FOLLOWER
