W20260709 13:12:01.956521 29668 leader_election.cc:343] T b3068ab176d24970a3c716cbd169ba0d P aa9b24f094b04f87b5de3292bbc6d47e [CANDIDATE]: Term 1 pre-election: Tablet error from VoteRequest() call to peer 7f4a00baf79b4d6980b4263f45c63132 (127.27.218.3:37571): Illegal state: must be running to vote when last-logged opid is not known
I20260709 13:12:01.962561 29824 raft_consensus.cc:515] T b3068ab176d24970a3c716cbd169ba0d P aa9b24f094b04f87b5de3292bbc6d47e [term 1 FOLLOWER]: Starting leader election with config: opid_index: -1 OBSOLETE_local: false peers { permanent_uuid: "7c62816030264f9aaaaaaa496fe6e1d0" member_type: VOTER last_known_addr { host: "127.27.218.1" port: 45233 } } peers { permanent_uuid: "aa9b24f094b04f87b5de3292bbc6d47e" member_type: VOTER last_known_addr { host: "127.27.218.2" port: 42901 } } peers { permanent_uuid: "7f4a00baf79b4d6980b4263f45c63132" member_type: VOTER last_known_addr { host: "127.27.218.3" port: 37571 } }
I20260709 13:12:01.975647 29817 tablet_bootstrap.cc:492] T b3068ab176d24970a3c716cbd169ba0d P 7f4a00baf79b4d6980b4263f45c63132: No bootstrap required, opened a new log
I20260709 13:12:01.976274 29817 ts_tablet_manager.cc:1403] T b3068ab176d24970a3c716cbd169ba0d P 7f4a00baf79b4d6980b4263f45c63132: Time spent bootstrapping tablet: real 0.106s	user 0.031s	sys 0.016s
I20260709 13:12:01.977566 29816 raft_consensus.cc:359] T 84ae41dc42344e1dbdba74272589dbfd P aa9b24f094b04f87b5de3292bbc6d47e [term 0 FOLLOWER]: Replica starting. Triggering 0 pending ops. Active config: opid_index: -1 OBSOLETE_local: false peers { permanent_uuid: "7c62816030264f9aaaaaaa496fe6e1d0" member_type: VOTER last_known_addr { host: "127.27.218.1" port: 45233 } } peers { permanent_uuid: "aa9b24f094b04f87b5de3292bbc6d47e" member_type: VOTER last_known_addr { host: "127.27.218.2" port: 42901 } } peers { permanent_uuid: "7f4a00baf79b4d6980b4263f45c63132" member_type: VOTER last_known_addr { host: "127.27.218.3" port: 37571 } }
I20260709 13:12:01.978051 29816 raft_consensus.cc:385] T 84ae41dc42344e1dbdba74272589dbfd P aa9b24f094b04f87b5de3292bbc6d47e [term 0 FOLLOWER]: Consensus starting up: Expiring failure detector timer to make a prompt election more likely
I20260709 13:12:01.978260 29816 raft_consensus.cc:740] T 84ae41dc42344e1dbdba74272589dbfd P aa9b24f094b04f87b5de3292bbc6d47e [term 0 FOLLOWER]: Becoming Follower/Learner. State: Replica: aa9b24f094b04f87b5de3292bbc6d47e, State: Initialized, Role: FOLLOWER
I20260709 13:12:01.979581 29627 tablet_service.cc:1917] Received RequestConsensusVote() RPC: tablet_id: "b3068ab176d24970a3c716cbd169ba0d" candidate_uuid: "aa9b24f094b04f87b5de3292bbc6d47e" candidate_term: 1 candidate_status { last_received { term: 0 index: 0 } } ignore_live_leader: false dest_uuid: "7c62816030264f9aaaaaaa496fe6e1d0"
I20260709 13:12:01.980399 29627 raft_consensus.cc:3060] T b3068ab176d24970a3c716cbd169ba0d P 7c62816030264f9aaaaaaa496fe6e1d0 [term 0 FOLLOWER]: Advancing to term 1
I20260709 13:12:01.983165 29816 consensus_queue.cc:260] T 84ae41dc42344e1dbdba74272589dbfd P aa9b24f094b04f87b5de3292bbc6d47e [NON_LEADER]: Queue going to NON_LEADER mode. State: All replicated index: 0, Majority replicated index: 0, Committed index: 0, Last appended: 0.0, Last appended by leader: 0, Current term: 0, Majority size: -1, State: 0, Mode: NON_LEADER, active raft config: opid_index: -1 OBSOLETE_local: false peers { permanent_uuid: "7c62816030264f9aaaaaaa496fe6e1d0" member_type: VOTER last_known_addr { host: "127.27.218.1" port: 45233 } } peers { permanent_uuid: "aa9b24f094b04f87b5de3292bbc6d47e" member_type: VOTER last_known_addr { host: "127.27.218.2" port: 42901 } } peers { permanent_uuid: "7f4a00baf79b4d6980b4263f45c63132" member_type: VOTER last_known_addr { host: "127.27.218.3" port: 37571 } }
I20260709 13:12:01.982793 29824 leader_election.cc:290] T b3068ab176d24970a3c716cbd169ba0d P aa9b24f094b04f87b5de3292bbc6d47e [CANDIDATE]: Term 1 election: Requested vote from peers 7c62816030264f9aaaaaaa496fe6e1d0 (127.27.218.1:45233), 7f4a00baf79b4d6980b4263f45c63132 (127.27.218.3:37571)
I20260709 13:12:01.991581 29627 raft_consensus.cc:2468] T b3068ab176d24970a3c716cbd169ba0d P 7c62816030264f9aaaaaaa496fe6e1d0 [term 1 FOLLOWER]: Leader election vote request: Granting yes vote for candidate aa9b24f094b04f87b5de3292bbc6d47e in term 1.
I20260709 13:12:01.992856 29665 leader_election.cc:304] T b3068ab176d24970a3c716cbd169ba0d P aa9b24f094b04f87b5de3292bbc6d47e [CANDIDATE]: Term 1 election: Election decided. Result: candidate won. Election summary: received 2 responses out of 3 voters: 2 yes votes; 0 no votes. yes voters: 7c62816030264f9aaaaaaa496fe6e1d0, aa9b24f094b04f87b5de3292bbc6d47e; no voters: 
I20260709 13:12:01.993094 29775 tablet_service.cc:1917] Received RequestConsensusVote() RPC: tablet_id: "b3068ab176d24970a3c716cbd169ba0d" candidate_uuid: "aa9b24f094b04f87b5de3292bbc6d47e" candidate_term: 1 candidate_status { last_received { term: 0 index: 0 } } ignore_live_leader: false dest_uuid: "7f4a00baf79b4d6980b4263f45c63132"
I20260709 13:12:01.997756 29902 consensus_queue.cc:1048] T 3328c69292ab48eaa0b0c9fccdbb8b57 P 7f4a00baf79b4d6980b4263f45c63132 [LEADER]: Connected to new peer: Peer: permanent_uuid: "aa9b24f094b04f87b5de3292bbc6d47e" member_type: VOTER last_known_addr { host: "127.27.218.2" port: 42901 }, Status: LMP_MISMATCH, Last received: 0.0, Next index: 1, Last known committed idx: 0, Time since last communication: 0.001s
I20260709 13:12:02.001904 29948 raft_consensus.cc:2804] T b3068ab176d24970a3c716cbd169ba0d P aa9b24f094b04f87b5de3292bbc6d47e [term 1 FOLLOWER]: Leader election won for term 1
I20260709 13:12:02.010380 29924 raft_consensus.cc:493] T 84ae41dc42344e1dbdba74272589dbfd P 7c62816030264f9aaaaaaa496fe6e1d0 [term 0 FOLLOWER]: Starting pre-election (no leader contacted us within the election timeout)
I20260709 13:12:02.010869 29924 raft_consensus.cc:515] T 84ae41dc42344e1dbdba74272589dbfd P 7c62816030264f9aaaaaaa496fe6e1d0 [term 0 FOLLOWER]: Starting pre-election with config: opid_index: -1 OBSOLETE_local: false peers { permanent_uuid: "7c62816030264f9aaaaaaa496fe6e1d0" member_type: VOTER last_known_addr { host: "127.27.218.1" port: 45233 } } peers { permanent_uuid: "aa9b24f094b04f87b5de3292bbc6d47e" member_type: VOTER last_known_addr { host: "127.27.218.2" port: 42901 } } peers { permanent_uuid: "7f4a00baf79b4d6980b4263f45c63132" member_type: VOTER last_known_addr { host: "127.27.218.3" port: 37571 } }
I20260709 13:12:02.011188 29948 raft_consensus.cc:697] T b3068ab176d24970a3c716cbd169ba0d P aa9b24f094b04f87b5de3292bbc6d47e [term 1 LEADER]: Becoming Leader. State: Replica: aa9b24f094b04f87b5de3292bbc6d47e, State: Running, Role: LEADER
W20260709 13:12:02.023111 29668 leader_election.cc:343] T b3068ab176d24970a3c716cbd169ba0d P aa9b24f094b04f87b5de3292bbc6d47e [CANDIDATE]: Term 1 election: Tablet error from VoteRequest() call to peer 7f4a00baf79b4d6980b4263f45c63132 (127.27.218.3:37571): Illegal state: must be running to vote when last-logged opid is not known
I20260709 13:12:02.024384 29776 tablet_service.cc:1917] Received RequestConsensusVote() RPC: tablet_id: "84ae41dc42344e1dbdba74272589dbfd" candidate_uuid: "7c62816030264f9aaaaaaa496fe6e1d0" candidate_term: 1 candidate_status { last_received { term: 0 index: 0 } } ignore_live_leader: false dest_uuid: "7f4a00baf79b4d6980b4263f45c63132" is_pre_election: true
I20260709 13:12:02.024979 29700 tablet_service.cc:1917] Received RequestConsensusVote() RPC: tablet_id: "84ae41dc42344e1dbdba74272589dbfd" candidate_uuid: "7c62816030264f9aaaaaaa496fe6e1d0" candidate_term: 1 candidate_status { last_received { term: 0 index: 0 } } ignore_live_leader: false dest_uuid: "aa9b24f094b04f87b5de3292bbc6d47e" is_pre_election: true
I20260709 13:12:02.023159 29924 leader_election.cc:290] T 84ae41dc42344e1dbdba74272589dbfd P 7c62816030264f9aaaaaaa496fe6e1d0 [CANDIDATE]: Term 1 pre-election: Requested pre-vote from peers aa9b24f094b04f87b5de3292bbc6d47e (127.27.218.2:42901), 7f4a00baf79b4d6980b4263f45c63132 (127.27.218.3:37571)
I20260709 13:12:02.025676 29700 raft_consensus.cc:2468] T 84ae41dc42344e1dbdba74272589dbfd P aa9b24f094b04f87b5de3292bbc6d47e [term 0 FOLLOWER]: Leader pre-election vote request: Granting yes vote for candidate 7c62816030264f9aaaaaaa496fe6e1d0 in term 0.
I20260709 13:12:02.012147 29948 consensus_queue.cc:237] T b3068ab176d24970a3c716cbd169ba0d P aa9b24f094b04f87b5de3292bbc6d47e [LEADER]: Queue going to LEADER mode. State: All replicated index: 0, Majority replicated index: 0, Committed index: 0, Last appended: 0.0, Last appended by leader: 0, Current term: 1, Majority size: 2, State: 0, Mode: LEADER, active raft config: opid_index: -1 OBSOLETE_local: false peers { permanent_uuid: "7c62816030264f9aaaaaaa496fe6e1d0" member_type: VOTER last_known_addr { host: "127.27.218.1" port: 45233 } } peers { permanent_uuid: "aa9b24f094b04f87b5de3292bbc6d47e" member_type: VOTER last_known_addr { host: "127.27.218.2" port: 42901 } } peers { permanent_uuid: "7f4a00baf79b4d6980b4263f45c63132" member_type: VOTER last_known_addr { host: "127.27.218.3" port: 37571 } }
I20260709 13:12:02.025036 29776 raft_consensus.cc:2468] T 84ae41dc42344e1dbdba74272589dbfd P 7f4a00baf79b4d6980b4263f45c63132 [term 0 FOLLOWER]: Leader pre-election vote request: Granting yes vote for candidate 7c62816030264f9aaaaaaa496fe6e1d0 in term 0.
I20260709 13:12:02.027189 29817 raft_consensus.cc:359] T b3068ab176d24970a3c716cbd169ba0d P 7f4a00baf79b4d6980b4263f45c63132 [term 0 FOLLOWER]: Replica starting. Triggering 0 pending ops. Active config: opid_index: -1 OBSOLETE_local: false peers { permanent_uuid: "7c62816030264f9aaaaaaa496fe6e1d0" member_type: VOTER last_known_addr { host: "127.27.218.1" port: 45233 } } peers { permanent_uuid: "aa9b24f094b04f87b5de3292bbc6d47e" member_type: VOTER last_known_addr { host: "127.27.218.2" port: 42901 } } peers { permanent_uuid: "7f4a00baf79b4d6980b4263f45c63132" member_type: VOTER last_known_addr { host: "127.27.218.3" port: 37571 } }
I20260709 13:12:02.030826 29817 raft_consensus.cc:385] T b3068ab176d24970a3c716cbd169ba0d P 7f4a00baf79b4d6980b4263f45c63132 [term 0 FOLLOWER]: Consensus starting up: Expiring failure detector timer to make a prompt election more likely
I20260709 13:12:02.032398 29817 raft_consensus.cc:740] T b3068ab176d24970a3c716cbd169ba0d P 7f4a00baf79b4d6980b4263f45c63132 [term 0 FOLLOWER]: Becoming Follower/Learner. State: Replica: 7f4a00baf79b4d6980b4263f45c63132, State: Initialized, Role: FOLLOWER
I20260709 13:12:02.032377 29816 ts_tablet_manager.cc:1434] T 84ae41dc42344e1dbdba74272589dbfd P aa9b24f094b04f87b5de3292bbc6d47e: Time spent starting tablet: real 0.087s	user 0.009s	sys 0.003s
I20260709 13:12:02.033320 29817 consensus_queue.cc:260] T b3068ab176d24970a3c716cbd169ba0d P 7f4a00baf79b4d6980b4263f45c63132 [NON_LEADER]: Queue going to NON_LEADER mode. State: All replicated index: 0, Majority replicated index: 0, Committed index: 0, Last appended: 0.0, Last appended by leader: 0, Current term: 0, Majority size: -1, State: 0, Mode: NON_LEADER, active raft config: opid_index: -1 OBSOLETE_local: false peers { permanent_uuid: "7c62816030264f9aaaaaaa496fe6e1d0" member_type: VOTER last_known_addr { host: "127.27.218.1" port: 45233 } } peers { permanent_uuid: "aa9b24f094b04f87b5de3292bbc6d47e" member_type: VOTER last_known_addr { host: "127.27.218.2" port: 42901 } } peers { permanent_uuid: "7f4a00baf79b4d6980b4263f45c63132" member_type: VOTER last_known_addr { host: "127.27.218.3" port: 37571 } }
I20260709 13:12:02.033800 29816 tablet_bootstrap.cc:492] T 7d8e6c83957a47e19722e0f7ef6e2c43 P aa9b24f094b04f87b5de3292bbc6d47e: Bootstrap starting.
I20260709 13:12:02.036151 29902 consensus_queue.cc:1048] T 3328c69292ab48eaa0b0c9fccdbb8b57 P 7f4a00baf79b4d6980b4263f45c63132 [LEADER]: Connected to new peer: Peer: permanent_uuid: "7c62816030264f9aaaaaaa496fe6e1d0" member_type: VOTER last_known_addr { host: "127.27.218.1" port: 45233 }, Status: LMP_MISMATCH, Last received: 0.0, Next index: 1, Last known committed idx: 0, Time since last communication: 0.000s
I20260709 13:12:02.037436 29817 ts_tablet_manager.cc:1434] T b3068ab176d24970a3c716cbd169ba0d P 7f4a00baf79b4d6980b4263f45c63132: Time spent starting tablet: real 0.061s	user 0.010s	sys 0.003s
I20260709 13:12:02.038335 29817 tablet_bootstrap.cc:492] T 1030971e05004fa5b943234a035f54f3 P 7f4a00baf79b4d6980b4263f45c63132: Bootstrap starting.
I20260709 13:12:02.026894 29592 leader_election.cc:304] T 84ae41dc42344e1dbdba74272589dbfd P 7c62816030264f9aaaaaaa496fe6e1d0 [CANDIDATE]: Term 1 pre-election: Election decided. Result: candidate won. Election summary: received 2 responses out of 3 voters: 2 yes votes; 0 no votes. yes voters: 7c62816030264f9aaaaaaa496fe6e1d0, aa9b24f094b04f87b5de3292bbc6d47e; no voters: 
I20260709 13:12:02.045344 29924 raft_consensus.cc:2804] T 84ae41dc42344e1dbdba74272589dbfd P 7c62816030264f9aaaaaaa496fe6e1d0 [term 0 FOLLOWER]: Leader pre-election won for term 1
I20260709 13:12:02.050665 29924 raft_consensus.cc:493] T 84ae41dc42344e1dbdba74272589dbfd P 7c62816030264f9aaaaaaa496fe6e1d0 [term 0 FOLLOWER]: Starting leader election (no leader contacted us within the election timeout)
I20260709 13:12:02.051059 29924 raft_consensus.cc:3060] T 84ae41dc42344e1dbdba74272589dbfd P 7c62816030264f9aaaaaaa496fe6e1d0 [term 0 FOLLOWER]: Advancing to term 1
I20260709 13:12:02.058168 29525 catalog_manager.cc:5697] T da3deafa84044d8ba535a61b6951e191 P aa9b24f094b04f87b5de3292bbc6d47e reported cstate change: term changed from 0 to 1, leader changed from <none> to aa9b24f094b04f87b5de3292bbc6d47e (127.27.218.2). New cstate: current_term: 1 leader_uuid: "aa9b24f094b04f87b5de3292bbc6d47e" committed_config { opid_index: -1 OBSOLETE_local: false peers { permanent_uuid: "7c62816030264f9aaaaaaa496fe6e1d0" member_type: VOTER last_known_addr { host: "127.27.218.1" port: 45233 } health_report { overall_health: UNKNOWN } } peers { permanent_uuid: "aa9b24f094b04f87b5de3292bbc6d47e" member_type: VOTER last_known_addr { host: "127.27.218.2" port: 42901 } health_report { overall_health: HEALTHY } } peers { permanent_uuid: "7f4a00baf79b4d6980b4263f45c63132" member_type: VOTER last_known_addr { host: "127.27.218.3" port: 37571 } health_report { overall_health: UNKNOWN } } }
I20260709 13:12:02.070003 29823 raft_consensus.cc:493] T 33cfd9c8942343049ce266d3cbd8f083 P 7c62816030264f9aaaaaaa496fe6e1d0 [term 0 FOLLOWER]: Starting pre-election (no leader contacted us within the election timeout)
I20260709 13:12:02.070487 29823 raft_consensus.cc:515] T 33cfd9c8942343049ce266d3cbd8f083 P 7c62816030264f9aaaaaaa496fe6e1d0 [term 0 FOLLOWER]: Starting pre-election with config: opid_index: -1 OBSOLETE_local: false peers { permanent_uuid: "7c62816030264f9aaaaaaa496fe6e1d0" member_type: VOTER last_known_addr { host: "127.27.218.1" port: 45233 } } peers { permanent_uuid: "aa9b24f094b04f87b5de3292bbc6d47e" member_type: VOTER last_known_addr { host: "127.27.218.2" port: 42901 } } peers { permanent_uuid: "7f4a00baf79b4d6980b4263f45c63132" member_type: VOTER last_known_addr { host: "127.27.218.3" port: 37571 } }
I20260709 13:12:02.072472 29823 leader_election.cc:290] T 33cfd9c8942343049ce266d3cbd8f083 P 7c62816030264f9aaaaaaa496fe6e1d0 [CANDIDATE]: Term 1 pre-election: Requested pre-vote from peers aa9b24f094b04f87b5de3292bbc6d47e (127.27.218.2:42901), 7f4a00baf79b4d6980b4263f45c63132 (127.27.218.3:37571)
I20260709 13:12:02.073666 29924 raft_consensus.cc:515] T 84ae41dc42344e1dbdba74272589dbfd P 7c62816030264f9aaaaaaa496fe6e1d0 [term 1 FOLLOWER]: Starting leader election with config: opid_index: -1 OBSOLETE_local: false peers { permanent_uuid: "7c62816030264f9aaaaaaa496fe6e1d0" member_type: VOTER last_known_addr { host: "127.27.218.1" port: 45233 } } peers { permanent_uuid: "aa9b24f094b04f87b5de3292bbc6d47e" member_type: VOTER last_known_addr { host: "127.27.218.2" port: 42901 } } peers { permanent_uuid: "7f4a00baf79b4d6980b4263f45c63132" member_type: VOTER last_known_addr { host: "127.27.218.3" port: 37571 } }
I20260709 13:12:02.075102 29776 tablet_service.cc:1917] Received RequestConsensusVote() RPC: tablet_id: "33cfd9c8942343049ce266d3cbd8f083" candidate_uuid: "7c62816030264f9aaaaaaa496fe6e1d0" candidate_term: 1 candidate_status { last_received { term: 0 index: 0 } } ignore_live_leader: false dest_uuid: "7f4a00baf79b4d6980b4263f45c63132" is_pre_election: true
I20260709 13:12:02.075876 29776 raft_consensus.cc:2393] T 33cfd9c8942343049ce266d3cbd8f083 P 7f4a00baf79b4d6980b4263f45c63132 [term 1 FOLLOWER]: Leader pre-election vote request: Denying vote to candidate 7c62816030264f9aaaaaaa496fe6e1d0 in current term 1: Already voted for candidate aa9b24f094b04f87b5de3292bbc6d47e in this term.
I20260709 13:12:02.077096 29817 tablet_bootstrap.cc:654] T 1030971e05004fa5b943234a035f54f3 P 7f4a00baf79b4d6980b4263f45c63132: Neither blocks nor log segments found. Creating new log.
I20260709 13:12:02.075565 29924 leader_election.cc:290] T 84ae41dc42344e1dbdba74272589dbfd P 7c62816030264f9aaaaaaa496fe6e1d0 [CANDIDATE]: Term 1 election: Requested vote from peers aa9b24f094b04f87b5de3292bbc6d47e (127.27.218.2:42901), 7f4a00baf79b4d6980b4263f45c63132 (127.27.218.3:37571)
I20260709 13:12:02.081930 29818 tablet_bootstrap.cc:492] T 7d8e6c83957a47e19722e0f7ef6e2c43 P 7c62816030264f9aaaaaaa496fe6e1d0: No bootstrap required, opened a new log
I20260709 13:12:02.083544 29818 ts_tablet_manager.cc:1403] T 7d8e6c83957a47e19722e0f7ef6e2c43 P 7c62816030264f9aaaaaaa496fe6e1d0: Time spent bootstrapping tablet: real 0.200s	user 0.018s	sys 0.011s
I20260709 13:12:02.075129 29702 tablet_service.cc:1917] Received RequestConsensusVote() RPC: tablet_id: "33cfd9c8942343049ce266d3cbd8f083" candidate_uuid: "7c62816030264f9aaaaaaa496fe6e1d0" candidate_term: 1 candidate_status { last_received { term: 0 index: 0 } } ignore_live_leader: false dest_uuid: "aa9b24f094b04f87b5de3292bbc6d47e" is_pre_election: true
I20260709 13:12:02.085620 29775 tablet_service.cc:1917] Received RequestConsensusVote() RPC: tablet_id: "84ae41dc42344e1dbdba74272589dbfd" candidate_uuid: "7c62816030264f9aaaaaaa496fe6e1d0" candidate_term: 1 candidate_status { last_received { term: 0 index: 0 } } ignore_live_leader: false dest_uuid: "7f4a00baf79b4d6980b4263f45c63132"
I20260709 13:12:02.086210 29775 raft_consensus.cc:3060] T 84ae41dc42344e1dbdba74272589dbfd P 7f4a00baf79b4d6980b4263f45c63132 [term 0 FOLLOWER]: Advancing to term 1
I20260709 13:12:02.083333 29700 tablet_service.cc:1917] Received RequestConsensusVote() RPC: tablet_id: "84ae41dc42344e1dbdba74272589dbfd" candidate_uuid: "7c62816030264f9aaaaaaa496fe6e1d0" candidate_term: 1 candidate_status { last_received { term: 0 index: 0 } } ignore_live_leader: false dest_uuid: "aa9b24f094b04f87b5de3292bbc6d47e"
I20260709 13:12:02.087749 29700 raft_consensus.cc:3060] T 84ae41dc42344e1dbdba74272589dbfd P aa9b24f094b04f87b5de3292bbc6d47e [term 0 FOLLOWER]: Advancing to term 1
I20260709 13:12:02.088084 29818 raft_consensus.cc:359] T 7d8e6c83957a47e19722e0f7ef6e2c43 P 7c62816030264f9aaaaaaa496fe6e1d0 [term 0 FOLLOWER]: Replica starting. Triggering 0 pending ops. Active config: opid_index: -1 OBSOLETE_local: false peers { permanent_uuid: "7c62816030264f9aaaaaaa496fe6e1d0" member_type: VOTER last_known_addr { host: "127.27.218.1" port: 45233 } } peers { permanent_uuid: "aa9b24f094b04f87b5de3292bbc6d47e" member_type: VOTER last_known_addr { host: "127.27.218.2" port: 42901 } } peers { permanent_uuid: "7f4a00baf79b4d6980b4263f45c63132" member_type: VOTER last_known_addr { host: "127.27.218.3" port: 37571 } }
I20260709 13:12:02.088798 29818 raft_consensus.cc:385] T 7d8e6c83957a47e19722e0f7ef6e2c43 P 7c62816030264f9aaaaaaa496fe6e1d0 [term 0 FOLLOWER]: Consensus starting up: Expiring failure detector timer to make a prompt election more likely
I20260709 13:12:02.089063 29818 raft_consensus.cc:740] T 7d8e6c83957a47e19722e0f7ef6e2c43 P 7c62816030264f9aaaaaaa496fe6e1d0 [term 0 FOLLOWER]: Becoming Follower/Learner. State: Replica: 7c62816030264f9aaaaaaa496fe6e1d0, State: Initialized, Role: FOLLOWER
I20260709 13:12:02.089685 29818 consensus_queue.cc:260] T 7d8e6c83957a47e19722e0f7ef6e2c43 P 7c62816030264f9aaaaaaa496fe6e1d0 [NON_LEADER]: Queue going to NON_LEADER mode. State: All replicated index: 0, Majority replicated index: 0, Committed index: 0, Last appended: 0.0, Last appended by leader: 0, Current term: 0, Majority size: -1, State: 0, Mode: NON_LEADER, active raft config: opid_index: -1 OBSOLETE_local: false peers { permanent_uuid: "7c62816030264f9aaaaaaa496fe6e1d0" member_type: VOTER last_known_addr { host: "127.27.218.1" port: 45233 } } peers { permanent_uuid: "aa9b24f094b04f87b5de3292bbc6d47e" member_type: VOTER last_known_addr { host: "127.27.218.2" port: 42901 } } peers { permanent_uuid: "7f4a00baf79b4d6980b4263f45c63132" member_type: VOTER last_known_addr { host: "127.27.218.3" port: 37571 } }
W20260709 13:12:02.091713 29593 consensus_peers.cc:597] T 707975002fe24effb06e10604d49c29a P 7c62816030264f9aaaaaaa496fe6e1d0 -> Peer 7f4a00baf79b4d6980b4263f45c63132 (127.27.218.3:37571): Couldn't send request to peer 7f4a00baf79b4d6980b4263f45c63132. Error code: TABLET_NOT_RUNNING (12). Status: Illegal state: Tablet not RUNNING: INITIALIZED. This is attempt 1: this message will repeat every 5th retry.
I20260709 13:12:02.091845 29818 ts_tablet_manager.cc:1434] T 7d8e6c83957a47e19722e0f7ef6e2c43 P 7c62816030264f9aaaaaaa496fe6e1d0: Time spent starting tablet: real 0.008s	user 0.005s	sys 0.000s
I20260709 13:12:02.093180 29818 tablet_bootstrap.cc:492] T 2358d34efeea49d1bccd843386816797 P 7c62816030264f9aaaaaaa496fe6e1d0: Bootstrap starting.
I20260709 13:12:02.096314 29775 raft_consensus.cc:2468] T 84ae41dc42344e1dbdba74272589dbfd P 7f4a00baf79b4d6980b4263f45c63132 [term 1 FOLLOWER]: Leader election vote request: Granting yes vote for candidate 7c62816030264f9aaaaaaa496fe6e1d0 in term 1.
I20260709 13:12:02.105108 29592 leader_election.cc:304] T 33cfd9c8942343049ce266d3cbd8f083 P 7c62816030264f9aaaaaaa496fe6e1d0 [CANDIDATE]: Term 1 pre-election: Election decided. Result: candidate lost. Election summary: received 3 responses out of 3 voters: 1 yes votes; 2 no votes. yes voters: 7c62816030264f9aaaaaaa496fe6e1d0; no voters: 7f4a00baf79b4d6980b4263f45c63132, aa9b24f094b04f87b5de3292bbc6d47e
I20260709 13:12:02.106488 29924 raft_consensus.cc:3060] T 33cfd9c8942343049ce266d3cbd8f083 P 7c62816030264f9aaaaaaa496fe6e1d0 [term 0 FOLLOWER]: Advancing to term 1
I20260709 13:12:02.107110 29700 raft_consensus.cc:2468] T 84ae41dc42344e1dbdba74272589dbfd P aa9b24f094b04f87b5de3292bbc6d47e [term 1 FOLLOWER]: Leader election vote request: Granting yes vote for candidate 7c62816030264f9aaaaaaa496fe6e1d0 in term 1.
I20260709 13:12:02.109175 29592 leader_election.cc:304] T 84ae41dc42344e1dbdba74272589dbfd P 7c62816030264f9aaaaaaa496fe6e1d0 [CANDIDATE]: Term 1 election: Election decided. Result: candidate won. Election summary: received 2 responses out of 3 voters: 2 yes votes; 0 no votes. yes voters: 7c62816030264f9aaaaaaa496fe6e1d0, aa9b24f094b04f87b5de3292bbc6d47e; no voters: 
I20260709 13:12:02.110244 29857 raft_consensus.cc:2804] T 84ae41dc42344e1dbdba74272589dbfd P 7c62816030264f9aaaaaaa496fe6e1d0 [term 1 FOLLOWER]: Leader election won for term 1
I20260709 13:12:02.112124 29857 raft_consensus.cc:697] T 84ae41dc42344e1dbdba74272589dbfd P 7c62816030264f9aaaaaaa496fe6e1d0 [term 1 LEADER]: Becoming Leader. State: Replica: 7c62816030264f9aaaaaaa496fe6e1d0, State: Running, Role: LEADER
I20260709 13:12:02.118182 29857 consensus_queue.cc:237] T 84ae41dc42344e1dbdba74272589dbfd P 7c62816030264f9aaaaaaa496fe6e1d0 [LEADER]: Queue going to LEADER mode. State: All replicated index: 0, Majority replicated index: 0, Committed index: 0, Last appended: 0.0, Last appended by leader: 0, Current term: 1, Majority size: 2, State: 0, Mode: LEADER, active raft config: opid_index: -1 OBSOLETE_local: false peers { permanent_uuid: "7c62816030264f9aaaaaaa496fe6e1d0" member_type: VOTER last_known_addr { host: "127.27.218.1" port: 45233 } } peers { permanent_uuid: "aa9b24f094b04f87b5de3292bbc6d47e" member_type: VOTER last_known_addr { host: "127.27.218.2" port: 42901 } } peers { permanent_uuid: "7f4a00baf79b4d6980b4263f45c63132" member_type: VOTER last_known_addr { host: "127.27.218.3" port: 37571 } }
I20260709 13:12:02.128788 29524 catalog_manager.cc:5697] T b3068ab176d24970a3c716cbd169ba0d P aa9b24f094b04f87b5de3292bbc6d47e reported cstate change: term changed from 0 to 1, leader changed from <none> to aa9b24f094b04f87b5de3292bbc6d47e (127.27.218.2). New cstate: current_term: 1 leader_uuid: "aa9b24f094b04f87b5de3292bbc6d47e" committed_config { opid_index: -1 OBSOLETE_local: false peers { permanent_uuid: "7c62816030264f9aaaaaaa496fe6e1d0" member_type: VOTER last_known_addr { host: "127.27.218.1" port: 45233 } health_report { overall_health: UNKNOWN } } peers { permanent_uuid: "aa9b24f094b04f87b5de3292bbc6d47e" member_type: VOTER last_known_addr { host: "127.27.218.2" port: 42901 } health_report { overall_health: HEALTHY } } peers { permanent_uuid: "7f4a00baf79b4d6980b4263f45c63132" member_type: VOTER last_known_addr { host: "127.27.218.3" port: 37571 } health_report { overall_health: UNKNOWN } } }
I20260709 13:12:02.144219 29816 tablet_bootstrap.cc:654] T 7d8e6c83957a47e19722e0f7ef6e2c43 P aa9b24f094b04f87b5de3292bbc6d47e: Neither blocks nor log segments found. Creating new log.
I20260709 13:12:02.146797 29924 raft_consensus.cc:2749] T 33cfd9c8942343049ce266d3cbd8f083 P 7c62816030264f9aaaaaaa496fe6e1d0 [term 1 FOLLOWER]: Leader pre-election lost for term 1. Reason: could not achieve majority
I20260709 13:12:02.156888 29817 tablet_bootstrap.cc:492] T 1030971e05004fa5b943234a035f54f3 P 7f4a00baf79b4d6980b4263f45c63132: No bootstrap required, opened a new log
I20260709 13:12:02.157284 29817 ts_tablet_manager.cc:1403] T 1030971e05004fa5b943234a035f54f3 P 7f4a00baf79b4d6980b4263f45c63132: Time spent bootstrapping tablet: real 0.119s	user 0.022s	sys 0.011s
I20260709 13:12:02.157974 29818 tablet_bootstrap.cc:654] T 2358d34efeea49d1bccd843386816797 P 7c62816030264f9aaaaaaa496fe6e1d0: Neither blocks nor log segments found. Creating new log.
I20260709 13:12:02.153554 29948 consensus_queue.cc:1048] T 33cfd9c8942343049ce266d3cbd8f083 P aa9b24f094b04f87b5de3292bbc6d47e [LEADER]: Connected to new peer: Peer: permanent_uuid: "7f4a00baf79b4d6980b4263f45c63132" member_type: VOTER last_known_addr { host: "127.27.218.3" port: 37571 }, Status: LMP_MISMATCH, Last received: 0.0, Next index: 1, Last known committed idx: 0, Time since last communication: 0.001s
I20260709 13:12:02.161444 29824 consensus_queue.cc:1048] T 33cfd9c8942343049ce266d3cbd8f083 P aa9b24f094b04f87b5de3292bbc6d47e [LEADER]: Connected to new peer: Peer: permanent_uuid: "7c62816030264f9aaaaaaa496fe6e1d0" member_type: VOTER last_known_addr { host: "127.27.218.1" port: 45233 }, Status: LMP_MISMATCH, Last received: 0.0, Next index: 1, Last known committed idx: 0, Time since last communication: 0.002s
I20260709 13:12:02.166594 29881 consensus_queue.cc:1048] T eb3d3399a6a647e48f9d0ad2bb1de1d0 P 7f4a00baf79b4d6980b4263f45c63132 [LEADER]: Connected to new peer: Peer: permanent_uuid: "aa9b24f094b04f87b5de3292bbc6d47e" member_type: VOTER last_known_addr { host: "127.27.218.2" port: 42901 }, Status: LMP_MISMATCH, Last received: 0.0, Next index: 1, Last known committed idx: 0, Time since last communication: 0.000s
I20260709 13:12:02.168376 29522 catalog_manager.cc:5697] T 84ae41dc42344e1dbdba74272589dbfd P 7c62816030264f9aaaaaaa496fe6e1d0 reported cstate change: term changed from 0 to 1, leader changed from <none> to 7c62816030264f9aaaaaaa496fe6e1d0 (127.27.218.1). New cstate: current_term: 1 leader_uuid: "7c62816030264f9aaaaaaa496fe6e1d0" committed_config { opid_index: -1 OBSOLETE_local: false peers { permanent_uuid: "7c62816030264f9aaaaaaa496fe6e1d0" member_type: VOTER last_known_addr { host: "127.27.218.1" port: 45233 } health_report { overall_health: HEALTHY } } peers { permanent_uuid: "aa9b24f094b04f87b5de3292bbc6d47e" member_type: VOTER last_known_addr { host: "127.27.218.2" port: 42901 } health_report { overall_health: UNKNOWN } } peers { permanent_uuid: "7f4a00baf79b4d6980b4263f45c63132" member_type: VOTER last_known_addr { host: "127.27.218.3" port: 37571 } health_report { overall_health: UNKNOWN } } }
I20260709 13:12:02.169519 29817 raft_consensus.cc:359] T 1030971e05004fa5b943234a035f54f3 P 7f4a00baf79b4d6980b4263f45c63132 [term 0 FOLLOWER]: Replica starting. Triggering 0 pending ops. Active config: opid_index: -1 OBSOLETE_local: false peers { permanent_uuid: "7c62816030264f9aaaaaaa496fe6e1d0" member_type: VOTER last_known_addr { host: "127.27.218.1" port: 45233 } } peers { permanent_uuid: "aa9b24f094b04f87b5de3292bbc6d47e" member_type: VOTER last_known_addr { host: "127.27.218.2" port: 42901 } } peers { permanent_uuid: "7f4a00baf79b4d6980b4263f45c63132" member_type: VOTER last_known_addr { host: "127.27.218.3" port: 37571 } }
I20260709 13:12:02.170257 29817 raft_consensus.cc:385] T 1030971e05004fa5b943234a035f54f3 P 7f4a00baf79b4d6980b4263f45c63132 [term 0 FOLLOWER]: Consensus starting up: Expiring failure detector timer to make a prompt election more likely
I20260709 13:12:02.170552 29817 raft_consensus.cc:740] T 1030971e05004fa5b943234a035f54f3 P 7f4a00baf79b4d6980b4263f45c63132 [term 0 FOLLOWER]: Becoming Follower/Learner. State: Replica: 7f4a00baf79b4d6980b4263f45c63132, State: Initialized, Role: FOLLOWER
I20260709 13:12:02.171200 29817 consensus_queue.cc:260] T 1030971e05004fa5b943234a035f54f3 P 7f4a00baf79b4d6980b4263f45c63132 [NON_LEADER]: Queue going to NON_LEADER mode. State: All replicated index: 0, Majority replicated index: 0, Committed index: 0, Last appended: 0.0, Last appended by leader: 0, Current term: 0, Majority size: -1, State: 0, Mode: NON_LEADER, active raft config: opid_index: -1 OBSOLETE_local: false peers { permanent_uuid: "7c62816030264f9aaaaaaa496fe6e1d0" member_type: VOTER last_known_addr { host: "127.27.218.1" port: 45233 } } peers { permanent_uuid: "aa9b24f094b04f87b5de3292bbc6d47e" member_type: VOTER last_known_addr { host: "127.27.218.2" port: 42901 } } peers { permanent_uuid: "7f4a00baf79b4d6980b4263f45c63132" member_type: VOTER last_known_addr { host: "127.27.218.3" port: 37571 } }
I20260709 13:12:02.172935 29817 ts_tablet_manager.cc:1434] T 1030971e05004fa5b943234a035f54f3 P 7f4a00baf79b4d6980b4263f45c63132: Time spent starting tablet: real 0.015s	user 0.006s	sys 0.000s
I20260709 13:12:02.174274 29817 tablet_bootstrap.cc:492] T 8ab088abecda465981994463e87c312d P 7f4a00baf79b4d6980b4263f45c63132: Bootstrap starting.
I20260709 13:12:02.179966 29817 tablet_bootstrap.cc:654] T 8ab088abecda465981994463e87c312d P 7f4a00baf79b4d6980b4263f45c63132: Neither blocks nor log segments found. Creating new log.
I20260709 13:12:02.189533 29818 tablet_bootstrap.cc:492] T 2358d34efeea49d1bccd843386816797 P 7c62816030264f9aaaaaaa496fe6e1d0: No bootstrap required, opened a new log
I20260709 13:12:02.190059 29818 ts_tablet_manager.cc:1403] T 2358d34efeea49d1bccd843386816797 P 7c62816030264f9aaaaaaa496fe6e1d0: Time spent bootstrapping tablet: real 0.097s	user 0.012s	sys 0.001s
I20260709 13:12:02.192893 29818 raft_consensus.cc:359] T 2358d34efeea49d1bccd843386816797 P 7c62816030264f9aaaaaaa496fe6e1d0 [term 0 FOLLOWER]: Replica starting. Triggering 0 pending ops. Active config: opid_index: -1 OBSOLETE_local: false peers { permanent_uuid: "7c62816030264f9aaaaaaa496fe6e1d0" member_type: VOTER last_known_addr { host: "127.27.218.1" port: 45233 } } peers { permanent_uuid: "aa9b24f094b04f87b5de3292bbc6d47e" member_type: VOTER last_known_addr { host: "127.27.218.2" port: 42901 } } peers { permanent_uuid: "7f4a00baf79b4d6980b4263f45c63132" member_type: VOTER last_known_addr { host: "127.27.218.3" port: 37571 } }
I20260709 13:12:02.193569 29818 raft_consensus.cc:385] T 2358d34efeea49d1bccd843386816797 P 7c62816030264f9aaaaaaa496fe6e1d0 [term 0 FOLLOWER]: Consensus starting up: Expiring failure detector timer to make a prompt election more likely
I20260709 13:12:02.193840 29818 raft_consensus.cc:740] T 2358d34efeea49d1bccd843386816797 P 7c62816030264f9aaaaaaa496fe6e1d0 [term 0 FOLLOWER]: Becoming Follower/Learner. State: Replica: 7c62816030264f9aaaaaaa496fe6e1d0, State: Initialized, Role: FOLLOWER
I20260709 13:12:02.194526 29818 consensus_queue.cc:260] T 2358d34efeea49d1bccd843386816797 P 7c62816030264f9aaaaaaa496fe6e1d0 [NON_LEADER]: Queue going to NON_LEADER mode. State: All replicated index: 0, Majority replicated index: 0, Committed index: 0, Last appended: 0.0, Last appended by leader: 0, Current term: 0, Majority size: -1, State: 0, Mode: NON_LEADER, active raft config: opid_index: -1 OBSOLETE_local: false peers { permanent_uuid: "7c62816030264f9aaaaaaa496fe6e1d0" member_type: VOTER last_known_addr { host: "127.27.218.1" port: 45233 } } peers { permanent_uuid: "aa9b24f094b04f87b5de3292bbc6d47e" member_type: VOTER last_known_addr { host: "127.27.218.2" port: 42901 } } peers { permanent_uuid: "7f4a00baf79b4d6980b4263f45c63132" member_type: VOTER last_known_addr { host: "127.27.218.3" port: 37571 } }
I20260709 13:12:02.196439 29818 ts_tablet_manager.cc:1434] T 2358d34efeea49d1bccd843386816797 P 7c62816030264f9aaaaaaa496fe6e1d0: Time spent starting tablet: real 0.006s	user 0.006s	sys 0.000s
I20260709 13:12:02.197302 29818 tablet_bootstrap.cc:492] T 1030971e05004fa5b943234a035f54f3 P 7c62816030264f9aaaaaaa496fe6e1d0: Bootstrap starting.
I20260709 13:12:02.208704 29817 tablet_bootstrap.cc:492] T 8ab088abecda465981994463e87c312d P 7f4a00baf79b4d6980b4263f45c63132: No bootstrap required, opened a new log
I20260709 13:12:02.209273 29817 ts_tablet_manager.cc:1403] T 8ab088abecda465981994463e87c312d P 7f4a00baf79b4d6980b4263f45c63132: Time spent bootstrapping tablet: real 0.035s	user 0.024s	sys 0.009s
I20260709 13:12:02.210237 29816 tablet_bootstrap.cc:492] T 7d8e6c83957a47e19722e0f7ef6e2c43 P aa9b24f094b04f87b5de3292bbc6d47e: No bootstrap required, opened a new log
I20260709 13:12:02.210688 29816 ts_tablet_manager.cc:1403] T 7d8e6c83957a47e19722e0f7ef6e2c43 P aa9b24f094b04f87b5de3292bbc6d47e: Time spent bootstrapping tablet: real 0.177s	user 0.012s	sys 0.002s
I20260709 13:12:02.212487 29817 raft_consensus.cc:359] T 8ab088abecda465981994463e87c312d P 7f4a00baf79b4d6980b4263f45c63132 [term 0 FOLLOWER]: Replica starting. Triggering 0 pending ops. Active config: opid_index: -1 OBSOLETE_local: false peers { permanent_uuid: "7c62816030264f9aaaaaaa496fe6e1d0" member_type: VOTER last_known_addr { host: "127.27.218.1" port: 45233 } } peers { permanent_uuid: "aa9b24f094b04f87b5de3292bbc6d47e" member_type: VOTER last_known_addr { host: "127.27.218.2" port: 42901 } } peers { permanent_uuid: "7f4a00baf79b4d6980b4263f45c63132" member_type: VOTER last_known_addr { host: "127.27.218.3" port: 37571 } }
I20260709 13:12:02.213165 29817 raft_consensus.cc:385] T 8ab088abecda465981994463e87c312d P 7f4a00baf79b4d6980b4263f45c63132 [term 0 FOLLOWER]: Consensus starting up: Expiring failure detector timer to make a prompt election more likely
I20260709 13:12:02.213071 29816 raft_consensus.cc:359] T 7d8e6c83957a47e19722e0f7ef6e2c43 P aa9b24f094b04f87b5de3292bbc6d47e [term 0 FOLLOWER]: Replica starting. Triggering 0 pending ops. Active config: opid_index: -1 OBSOLETE_local: false peers { permanent_uuid: "7c62816030264f9aaaaaaa496fe6e1d0" member_type: VOTER last_known_addr { host: "127.27.218.1" port: 45233 } } peers { permanent_uuid: "aa9b24f094b04f87b5de3292bbc6d47e" member_type: VOTER last_known_addr { host: "127.27.218.2" port: 42901 } } peers { permanent_uuid: "7f4a00baf79b4d6980b4263f45c63132" member_type: VOTER last_known_addr { host: "127.27.218.3" port: 37571 } }
I20260709 13:12:02.213505 29817 raft_consensus.cc:740] T 8ab088abecda465981994463e87c312d P 7f4a00baf79b4d6980b4263f45c63132 [term 0 FOLLOWER]: Becoming Follower/Learner. State: Replica: 7f4a00baf79b4d6980b4263f45c63132, State: Initialized, Role: FOLLOWER
I20260709 13:12:02.213742 29816 raft_consensus.cc:385] T 7d8e6c83957a47e19722e0f7ef6e2c43 P aa9b24f094b04f87b5de3292bbc6d47e [term 0 FOLLOWER]: Consensus starting up: Expiring failure detector timer to make a prompt election more likely
I20260709 13:12:02.214211 29817 consensus_queue.cc:260] T 8ab088abecda465981994463e87c312d P 7f4a00baf79b4d6980b4263f45c63132 [NON_LEADER]: Queue going to NON_LEADER mode. State: All replicated index: 0, Majority replicated index: 0, Committed index: 0, Last appended: 0.0, Last appended by leader: 0, Current term: 0, Majority size: -1, State: 0, Mode: NON_LEADER, active raft config: opid_index: -1 OBSOLETE_local: false peers { permanent_uuid: "7c62816030264f9aaaaaaa496fe6e1d0" member_type: VOTER last_known_addr { host: "127.27.218.1" port: 45233 } } peers { permanent_uuid: "aa9b24f094b04f87b5de3292bbc6d47e" member_type: VOTER last_known_addr { host: "127.27.218.2" port: 42901 } } peers { permanent_uuid: "7f4a00baf79b4d6980b4263f45c63132" member_type: VOTER last_known_addr { host: "127.27.218.3" port: 37571 } }
I20260709 13:12:02.214659 29816 raft_consensus.cc:740] T 7d8e6c83957a47e19722e0f7ef6e2c43 P aa9b24f094b04f87b5de3292bbc6d47e [term 0 FOLLOWER]: Becoming Follower/Learner. State: Replica: aa9b24f094b04f87b5de3292bbc6d47e, State: Initialized, Role: FOLLOWER
I20260709 13:12:02.215298 29816 consensus_queue.cc:260] T 7d8e6c83957a47e19722e0f7ef6e2c43 P aa9b24f094b04f87b5de3292bbc6d47e [NON_LEADER]: Queue going to NON_LEADER mode. State: All replicated index: 0, Majority replicated index: 0, Committed index: 0, Last appended: 0.0, Last appended by leader: 0, Current term: 0, Majority size: -1, State: 0, Mode: NON_LEADER, active raft config: opid_index: -1 OBSOLETE_local: false peers { permanent_uuid: "7c62816030264f9aaaaaaa496fe6e1d0" member_type: VOTER last_known_addr { host: "127.27.218.1" port: 45233 } } peers { permanent_uuid: "aa9b24f094b04f87b5de3292bbc6d47e" member_type: VOTER last_known_addr { host: "127.27.218.2" port: 42901 } } peers { permanent_uuid: "7f4a00baf79b4d6980b4263f45c63132" member_type: VOTER last_known_addr { host: "127.27.218.3" port: 37571 } }
I20260709 13:12:02.216177 29817 ts_tablet_manager.cc:1434] T 8ab088abecda465981994463e87c312d P 7f4a00baf79b4d6980b4263f45c63132: Time spent starting tablet: real 0.007s	user 0.006s	sys 0.000s
W20260709 13:12:02.216933 29739 consensus_peers.cc:597] T eb3d3399a6a647e48f9d0ad2bb1de1d0 P 7f4a00baf79b4d6980b4263f45c63132 -> Peer 7c62816030264f9aaaaaaa496fe6e1d0 (127.27.218.1:45233): Couldn't send request to peer 7c62816030264f9aaaaaaa496fe6e1d0. Error code: TABLET_NOT_RUNNING (12). Status: Illegal state: Tablet not RUNNING: INITIALIZED. This is attempt 1: this message will repeat every 5th retry.
I20260709 13:12:02.217067 29817 tablet_bootstrap.cc:492] T 9a3e2173bcbe4080baef55bc7310d2f3 P 7f4a00baf79b4d6980b4263f45c63132: Bootstrap starting.
I20260709 13:12:02.217219 29816 ts_tablet_manager.cc:1434] T 7d8e6c83957a47e19722e0f7ef6e2c43 P aa9b24f094b04f87b5de3292bbc6d47e: Time spent starting tablet: real 0.006s	user 0.007s	sys 0.000s
I20260709 13:12:02.218305 29816 tablet_bootstrap.cc:492] T d4a4a5b761fb4f7298e67585cf62bc74 P aa9b24f094b04f87b5de3292bbc6d47e: Bootstrap starting.
I20260709 13:12:02.222213 29816 tablet_bootstrap.cc:654] T d4a4a5b761fb4f7298e67585cf62bc74 P aa9b24f094b04f87b5de3292bbc6d47e: Neither blocks nor log segments found. Creating new log.
I20260709 13:12:02.223208 29817 tablet_bootstrap.cc:654] T 9a3e2173bcbe4080baef55bc7310d2f3 P 7f4a00baf79b4d6980b4263f45c63132: Neither blocks nor log segments found. Creating new log.
I20260709 13:12:02.223348 29818 tablet_bootstrap.cc:654] T 1030971e05004fa5b943234a035f54f3 P 7c62816030264f9aaaaaaa496fe6e1d0: Neither blocks nor log segments found. Creating new log.
I20260709 13:12:02.233510 29816 tablet_bootstrap.cc:492] T d4a4a5b761fb4f7298e67585cf62bc74 P aa9b24f094b04f87b5de3292bbc6d47e: No bootstrap required, opened a new log
I20260709 13:12:02.234001 29816 ts_tablet_manager.cc:1403] T d4a4a5b761fb4f7298e67585cf62bc74 P aa9b24f094b04f87b5de3292bbc6d47e: Time spent bootstrapping tablet: real 0.016s	user 0.013s	sys 0.000s
I20260709 13:12:02.236891 29816 raft_consensus.cc:359] T d4a4a5b761fb4f7298e67585cf62bc74 P aa9b24f094b04f87b5de3292bbc6d47e [term 0 FOLLOWER]: Replica starting. Triggering 0 pending ops. Active config: opid_index: -1 OBSOLETE_local: false peers { permanent_uuid: "7c62816030264f9aaaaaaa496fe6e1d0" member_type: VOTER last_known_addr { host: "127.27.218.1" port: 45233 } } peers { permanent_uuid: "aa9b24f094b04f87b5de3292bbc6d47e" member_type: VOTER last_known_addr { host: "127.27.218.2" port: 42901 } } peers { permanent_uuid: "7f4a00baf79b4d6980b4263f45c63132" member_type: VOTER last_known_addr { host: "127.27.218.3" port: 37571 } }
I20260709 13:12:02.237555 29816 raft_consensus.cc:385] T d4a4a5b761fb4f7298e67585cf62bc74 P aa9b24f094b04f87b5de3292bbc6d47e [term 0 FOLLOWER]: Consensus starting up: Expiring failure detector timer to make a prompt election more likely
I20260709 13:12:02.237802 29816 raft_consensus.cc:740] T d4a4a5b761fb4f7298e67585cf62bc74 P aa9b24f094b04f87b5de3292bbc6d47e [term 0 FOLLOWER]: Becoming Follower/Learner. State: Replica: aa9b24f094b04f87b5de3292bbc6d47e, State: Initialized, Role: FOLLOWER
I20260709 13:12:02.239223 29816 consensus_queue.cc:260] T d4a4a5b761fb4f7298e67585cf62bc74 P aa9b24f094b04f87b5de3292bbc6d47e [NON_LEADER]: Queue going to NON_LEADER mode. State: All replicated index: 0, Majority replicated index: 0, Committed index: 0, Last appended: 0.0, Last appended by leader: 0, Current term: 0, Majority size: -1, State: 0, Mode: NON_LEADER, active raft config: opid_index: -1 OBSOLETE_local: false peers { permanent_uuid: "7c62816030264f9aaaaaaa496fe6e1d0" member_type: VOTER last_known_addr { host: "127.27.218.1" port: 45233 } } peers { permanent_uuid: "aa9b24f094b04f87b5de3292bbc6d47e" member_type: VOTER last_known_addr { host: "127.27.218.2" port: 42901 } } peers { permanent_uuid: "7f4a00baf79b4d6980b4263f45c63132" member_type: VOTER last_known_addr { host: "127.27.218.3" port: 37571 } }
I20260709 13:12:02.241451 29816 ts_tablet_manager.cc:1434] T d4a4a5b761fb4f7298e67585cf62bc74 P aa9b24f094b04f87b5de3292bbc6d47e: Time spent starting tablet: real 0.007s	user 0.004s	sys 0.003s
I20260709 13:12:02.242362 29816 tablet_bootstrap.cc:492] T 677b8d17f0d141fd9056105bff3b6bf4 P aa9b24f094b04f87b5de3292bbc6d47e: Bootstrap starting.
I20260709 13:12:02.243252 29881 raft_consensus.cc:493] T 1030971e05004fa5b943234a035f54f3 P 7f4a00baf79b4d6980b4263f45c63132 [term 0 FOLLOWER]: Starting pre-election (no leader contacted us within the election timeout)
I20260709 13:12:02.243782 29881 raft_consensus.cc:515] T 1030971e05004fa5b943234a035f54f3 P 7f4a00baf79b4d6980b4263f45c63132 [term 0 FOLLOWER]: Starting pre-election with config: opid_index: -1 OBSOLETE_local: false peers { permanent_uuid: "7c62816030264f9aaaaaaa496fe6e1d0" member_type: VOTER last_known_addr { host: "127.27.218.1" port: 45233 } } peers { permanent_uuid: "aa9b24f094b04f87b5de3292bbc6d47e" member_type: VOTER last_known_addr { host: "127.27.218.2" port: 42901 } } peers { permanent_uuid: "7f4a00baf79b4d6980b4263f45c63132" member_type: VOTER last_known_addr { host: "127.27.218.3" port: 37571 } }
I20260709 13:12:02.246733 29627 tablet_service.cc:1917] Received RequestConsensusVote() RPC: tablet_id: "1030971e05004fa5b943234a035f54f3" candidate_uuid: "7f4a00baf79b4d6980b4263f45c63132" candidate_term: 1 candidate_status { last_received { term: 0 index: 0 } } ignore_live_leader: false dest_uuid: "7c62816030264f9aaaaaaa496fe6e1d0" is_pre_election: true
I20260709 13:12:02.247946 29816 tablet_bootstrap.cc:654] T 677b8d17f0d141fd9056105bff3b6bf4 P aa9b24f094b04f87b5de3292bbc6d47e: Neither blocks nor log segments found. Creating new log.
W20260709 13:12:02.248320 29739 leader_election.cc:343] T 1030971e05004fa5b943234a035f54f3 P 7f4a00baf79b4d6980b4263f45c63132 [CANDIDATE]: Term 1 pre-election: Tablet error from VoteRequest() call to peer 7c62816030264f9aaaaaaa496fe6e1d0 (127.27.218.1:45233): Illegal state: must be running to vote when last-logged opid is not known
I20260709 13:12:02.250484 29700 tablet_service.cc:1917] Received RequestConsensusVote() RPC: tablet_id: "1030971e05004fa5b943234a035f54f3" candidate_uuid: "7f4a00baf79b4d6980b4263f45c63132" candidate_term: 1 candidate_status { last_received { term: 0 index: 0 } } ignore_live_leader: false dest_uuid: "aa9b24f094b04f87b5de3292bbc6d47e" is_pre_election: true
W20260709 13:12:02.251996 29741 leader_election.cc:343] T 1030971e05004fa5b943234a035f54f3 P 7f4a00baf79b4d6980b4263f45c63132 [CANDIDATE]: Term 1 pre-election: Tablet error from VoteRequest() call to peer aa9b24f094b04f87b5de3292bbc6d47e (127.27.218.2:42901): Illegal state: must be running to vote when last-logged opid is not known
I20260709 13:12:02.252456 29741 leader_election.cc:304] T 1030971e05004fa5b943234a035f54f3 P 7f4a00baf79b4d6980b4263f45c63132 [CANDIDATE]: Term 1 pre-election: Election decided. Result: candidate lost. Election summary: received 3 responses out of 3 voters: 1 yes votes; 2 no votes. yes voters: 7f4a00baf79b4d6980b4263f45c63132; no voters: 7c62816030264f9aaaaaaa496fe6e1d0, aa9b24f094b04f87b5de3292bbc6d47e
I20260709 13:12:02.253334 29902 raft_consensus.cc:2749] T 1030971e05004fa5b943234a035f54f3 P 7f4a00baf79b4d6980b4263f45c63132 [term 0 FOLLOWER]: Leader pre-election lost for term 1. Reason: could not achieve majority
I20260709 13:12:02.254168 29881 leader_election.cc:290] T 1030971e05004fa5b943234a035f54f3 P 7f4a00baf79b4d6980b4263f45c63132 [CANDIDATE]: Term 1 pre-election: Requested pre-vote from peers 7c62816030264f9aaaaaaa496fe6e1d0 (127.27.218.1:45233), aa9b24f094b04f87b5de3292bbc6d47e (127.27.218.2:42901)
I20260709 13:12:02.256444 29818 tablet_bootstrap.cc:492] T 1030971e05004fa5b943234a035f54f3 P 7c62816030264f9aaaaaaa496fe6e1d0: No bootstrap required, opened a new log
I20260709 13:12:02.257308 29818 ts_tablet_manager.cc:1403] T 1030971e05004fa5b943234a035f54f3 P 7c62816030264f9aaaaaaa496fe6e1d0: Time spent bootstrapping tablet: real 0.060s	user 0.011s	sys 0.011s
I20260709 13:12:02.260077 29818 raft_consensus.cc:359] T 1030971e05004fa5b943234a035f54f3 P 7c62816030264f9aaaaaaa496fe6e1d0 [term 0 FOLLOWER]: Replica starting. Triggering 0 pending ops. Active config: opid_index: -1 OBSOLETE_local: false peers { permanent_uuid: "7c62816030264f9aaaaaaa496fe6e1d0" member_type: VOTER last_known_addr { host: "127.27.218.1" port: 45233 } } peers { permanent_uuid: "aa9b24f094b04f87b5de3292bbc6d47e" member_type: VOTER last_known_addr { host: "127.27.218.2" port: 42901 } } peers { permanent_uuid: "7f4a00baf79b4d6980b4263f45c63132" member_type: VOTER last_known_addr { host: "127.27.218.3" port: 37571 } }
I20260709 13:12:02.260773 29818 raft_consensus.cc:385] T 1030971e05004fa5b943234a035f54f3 P 7c62816030264f9aaaaaaa496fe6e1d0 [term 0 FOLLOWER]: Consensus starting up: Expiring failure detector timer to make a prompt election more likely
I20260709 13:12:02.261049 29818 raft_consensus.cc:740] T 1030971e05004fa5b943234a035f54f3 P 7c62816030264f9aaaaaaa496fe6e1d0 [term 0 FOLLOWER]: Becoming Follower/Learner. State: Replica: 7c62816030264f9aaaaaaa496fe6e1d0, State: Initialized, Role: FOLLOWER
I20260709 13:12:02.262264 29818 consensus_queue.cc:260] T 1030971e05004fa5b943234a035f54f3 P 7c62816030264f9aaaaaaa496fe6e1d0 [NON_LEADER]: Queue going to NON_LEADER mode. State: All replicated index: 0, Majority replicated index: 0, Committed index: 0, Last appended: 0.0, Last appended by leader: 0, Current term: 0, Majority size: -1, State: 0, Mode: NON_LEADER, active raft config: opid_index: -1 OBSOLETE_local: false peers { permanent_uuid: "7c62816030264f9aaaaaaa496fe6e1d0" member_type: VOTER last_known_addr { host: "127.27.218.1" port: 45233 } } peers { permanent_uuid: "aa9b24f094b04f87b5de3292bbc6d47e" member_type: VOTER last_known_addr { host: "127.27.218.2" port: 42901 } } peers { permanent_uuid: "7f4a00baf79b4d6980b4263f45c63132" member_type: VOTER last_known_addr { host: "127.27.218.3" port: 37571 } }
I20260709 13:12:02.264833 29818 ts_tablet_manager.cc:1434] T 1030971e05004fa5b943234a035f54f3 P 7c62816030264f9aaaaaaa496fe6e1d0: Time spent starting tablet: real 0.007s	user 0.006s	sys 0.000s
I20260709 13:12:02.265892 29818 tablet_bootstrap.cc:492] T 6f041429527346229f1291baceef4321 P 7c62816030264f9aaaaaaa496fe6e1d0: Bootstrap starting.
I20260709 13:12:02.272393 29818 tablet_bootstrap.cc:654] T 6f041429527346229f1291baceef4321 P 7c62816030264f9aaaaaaa496fe6e1d0: Neither blocks nor log segments found. Creating new log.
I20260709 13:12:02.261142 29902 raft_consensus.cc:493] T 6f041429527346229f1291baceef4321 P 7f4a00baf79b4d6980b4263f45c63132 [term 0 FOLLOWER]: Starting pre-election (no leader contacted us within the election timeout)
I20260709 13:12:02.283739 29902 raft_consensus.cc:515] T 6f041429527346229f1291baceef4321 P 7f4a00baf79b4d6980b4263f45c63132 [term 0 FOLLOWER]: Starting pre-election with config: opid_index: -1 OBSOLETE_local: false peers { permanent_uuid: "7c62816030264f9aaaaaaa496fe6e1d0" member_type: VOTER last_known_addr { host: "127.27.218.1" port: 45233 } } peers { permanent_uuid: "aa9b24f094b04f87b5de3292bbc6d47e" member_type: VOTER last_known_addr { host: "127.27.218.2" port: 42901 } } peers { permanent_uuid: "7f4a00baf79b4d6980b4263f45c63132" member_type: VOTER last_known_addr { host: "127.27.218.3" port: 37571 } }
I20260709 13:12:02.284294 29818 tablet_bootstrap.cc:492] T 6f041429527346229f1291baceef4321 P 7c62816030264f9aaaaaaa496fe6e1d0: No bootstrap required, opened a new log
I20260709 13:12:02.284847 29818 ts_tablet_manager.cc:1403] T 6f041429527346229f1291baceef4321 P 7c62816030264f9aaaaaaa496fe6e1d0: Time spent bootstrapping tablet: real 0.019s	user 0.009s	sys 0.008s
I20260709 13:12:02.285568 29958 raft_consensus.cc:493] T 7d8e6c83957a47e19722e0f7ef6e2c43 P 7c62816030264f9aaaaaaa496fe6e1d0 [term 0 FOLLOWER]: Starting pre-election (no leader contacted us within the election timeout)
