I20260709 13:12:00.399318 29823 raft_consensus.cc:2749] T 10ab9b1f7715481a8b729924cae75131 P 7c62816030264f9aaaaaaa496fe6e1d0 [term 0 FOLLOWER]: Leader pre-election lost for term 1. Reason: could not achieve majority
I20260709 13:12:00.401095 29760 tablet_service.cc:1511] Processing CreateTablet for tablet 92d36134cc6e4269aafe26035505ad84 (DEFAULT_TABLE table=test-workload [id=fa14eb33ea6a485c805e8e508fa19614]), partition=RANGE (key) PARTITION 1783503323 <= VALUES < 1819901350
I20260709 13:12:00.403900 29689 data_dirs.cc:400] Could only allocate 1 dirs of requested 3 for tablet 3f9d9a6a11174aebbf95673aed6aa893. 1 dirs total, 0 dirs full, 0 dirs failed
I20260709 13:12:00.412292 29817 tablet_bootstrap.cc:492] T 36469e16a789430ca8d44b34292df7f2 P 7f4a00baf79b4d6980b4263f45c63132: No bootstrap required, opened a new log
I20260709 13:12:00.413765 29817 ts_tablet_manager.cc:1403] T 36469e16a789430ca8d44b34292df7f2 P 7f4a00baf79b4d6980b4263f45c63132: Time spent bootstrapping tablet: real 0.414s	user 0.025s	sys 0.033s
I20260709 13:12:00.416954 29610 tablet_service.cc:1511] Processing CreateTablet for tablet 6600685991a249d69f83f1d3bb4b8f0b (DEFAULT_TABLE table=test-workload [id=fa14eb33ea6a485c805e8e508fa19614]), partition=RANGE (key) PARTITION 1892697404 <= VALUES < 1929095431
I20260709 13:12:00.418565 29761 tablet_service.cc:1511] Processing CreateTablet for tablet 99f2b478697d4bb4ac1a4ad00b380f23 (DEFAULT_TABLE table=test-workload [id=fa14eb33ea6a485c805e8e508fa19614]), partition=RANGE (key) PARTITION 1819901350 <= VALUES < 1856299377
I20260709 13:12:00.428416 29817 raft_consensus.cc:359] T 36469e16a789430ca8d44b34292df7f2 P 7f4a00baf79b4d6980b4263f45c63132 [term 0 FOLLOWER]: Replica starting. Triggering 0 pending ops. Active config: opid_index: -1 OBSOLETE_local: false peers { permanent_uuid: "7c62816030264f9aaaaaaa496fe6e1d0" member_type: VOTER last_known_addr { host: "127.27.218.1" port: 45233 } } peers { permanent_uuid: "aa9b24f094b04f87b5de3292bbc6d47e" member_type: VOTER last_known_addr { host: "127.27.218.2" port: 42901 } } peers { permanent_uuid: "7f4a00baf79b4d6980b4263f45c63132" member_type: VOTER last_known_addr { host: "127.27.218.3" port: 37571 } }
I20260709 13:12:00.429183 29817 raft_consensus.cc:385] T 36469e16a789430ca8d44b34292df7f2 P 7f4a00baf79b4d6980b4263f45c63132 [term 0 FOLLOWER]: Consensus starting up: Expiring failure detector timer to make a prompt election more likely
I20260709 13:12:00.429507 29817 raft_consensus.cc:740] T 36469e16a789430ca8d44b34292df7f2 P 7f4a00baf79b4d6980b4263f45c63132 [term 0 FOLLOWER]: Becoming Follower/Learner. State: Replica: 7f4a00baf79b4d6980b4263f45c63132, State: Initialized, Role: FOLLOWER
I20260709 13:12:00.430392 29817 consensus_queue.cc:260] T 36469e16a789430ca8d44b34292df7f2 P 7f4a00baf79b4d6980b4263f45c63132 [NON_LEADER]: Queue going to NON_LEADER mode. State: All replicated index: 0, Majority replicated index: 0, Committed index: 0, Last appended: 0.0, Last appended by leader: 0, Current term: 0, Majority size: -1, State: 0, Mode: NON_LEADER, active raft config: opid_index: -1 OBSOLETE_local: false peers { permanent_uuid: "7c62816030264f9aaaaaaa496fe6e1d0" member_type: VOTER last_known_addr { host: "127.27.218.1" port: 45233 } } peers { permanent_uuid: "aa9b24f094b04f87b5de3292bbc6d47e" member_type: VOTER last_known_addr { host: "127.27.218.2" port: 42901 } } peers { permanent_uuid: "7f4a00baf79b4d6980b4263f45c63132" member_type: VOTER last_known_addr { host: "127.27.218.3" port: 37571 } }
I20260709 13:12:00.432884 29817 ts_tablet_manager.cc:1434] T 36469e16a789430ca8d44b34292df7f2 P 7f4a00baf79b4d6980b4263f45c63132: Time spent starting tablet: real 0.018s	user 0.006s	sys 0.000s
I20260709 13:12:00.433907 29817 tablet_bootstrap.cc:492] T dae47c7f9c1c4af79a2aa9594c0d88b3 P 7f4a00baf79b4d6980b4263f45c63132: Bootstrap starting.
I20260709 13:12:00.437024 29766 tablet_service.cc:1511] Processing CreateTablet for tablet 32e2729812404733a30dc36c00ec378f (DEFAULT_TABLE table=test-workload [id=fa14eb33ea6a485c805e8e508fa19614]), partition=RANGE (key) PARTITION 1856299377 <= VALUES < 1892697404
W20260709 13:12:00.442106 29509 outbound_call.cc:321] RPC callback for RPC call kudu.tserver.TabletServerAdminService.CreateTablet -> {remote=127.27.218.1:45233, user_credentials={real_user=slave}} blocked reactor thread for 46518.6us
W20260709 13:12:00.438086 29511 outbound_call.cc:321] RPC callback for RPC call kudu.tserver.TabletServerAdminService.CreateTablet -> {remote=127.27.218.2:42901, user_credentials={real_user=slave}} blocked reactor thread for 46843.4us
I20260709 13:12:00.440902 29765 tablet_service.cc:1511] Processing CreateTablet for tablet 010c81dc47f148109305d0bbcce23093 (DEFAULT_TABLE table=test-workload [id=fa14eb33ea6a485c805e8e508fa19614]), partition=RANGE (key) PARTITION 1929095431 <= VALUES < 1965493458
I20260709 13:12:00.445591 29611 tablet_service.cc:1511] Processing CreateTablet for tablet 9c00c507519a4cb7a0b9d5c45531db86 (DEFAULT_TABLE table=test-workload [id=fa14eb33ea6a485c805e8e508fa19614]), partition=RANGE (key) PARTITION 2001891485 <= VALUES < 2038289512
I20260709 13:12:00.453325 29758 data_dirs.cc:400] Could only allocate 1 dirs of requested 3 for tablet 801cba9c905248d0b0b60b4f513b575e. 1 dirs total, 0 dirs full, 0 dirs failed
I20260709 13:12:00.453905 29761 data_dirs.cc:400] Could only allocate 1 dirs of requested 3 for tablet 99f2b478697d4bb4ac1a4ad00b380f23. 1 dirs total, 0 dirs full, 0 dirs failed
I20260709 13:12:00.437224 29762 tablet_service.cc:1511] Processing CreateTablet for tablet 6600685991a249d69f83f1d3bb4b8f0b (DEFAULT_TABLE table=test-workload [id=fa14eb33ea6a485c805e8e508fa19614]), partition=RANGE (key) PARTITION 1892697404 <= VALUES < 1929095431
I20260709 13:12:00.456002 29613 data_dirs.cc:400] Could only allocate 1 dirs of requested 3 for tablet 99f2b478697d4bb4ac1a4ad00b380f23. 1 dirs total, 0 dirs full, 0 dirs failed
I20260709 13:12:00.442528 29614 tablet_service.cc:1511] Processing CreateTablet for tablet fdd3507f5d2f46c0a7ea04709d13d89d (DEFAULT_TABLE table=test-workload [id=fa14eb33ea6a485c805e8e508fa19614]), partition=RANGE (key) PARTITION 1965493458 <= VALUES < 2001891485
W20260709 13:12:00.458845 29592 leader_election.cc:343] T 525c2d38fa164298987289742e8c142b P 7c62816030264f9aaaaaaa496fe6e1d0 [CANDIDATE]: Term 1 pre-election: Tablet error from VoteRequest() call to peer aa9b24f094b04f87b5de3292bbc6d47e (127.27.218.2:42901): Illegal state: must be running to vote when last-logged opid is not known
I20260709 13:12:00.459270 29592 leader_election.cc:304] T 525c2d38fa164298987289742e8c142b P 7c62816030264f9aaaaaaa496fe6e1d0 [CANDIDATE]: Term 1 pre-election: Election decided. Result: candidate lost. Election summary: received 3 responses out of 3 voters: 1 yes votes; 2 no votes. yes voters: 7c62816030264f9aaaaaaa496fe6e1d0; no voters: 7f4a00baf79b4d6980b4263f45c63132, aa9b24f094b04f87b5de3292bbc6d47e
I20260709 13:12:00.456104 29760 data_dirs.cc:400] Could only allocate 1 dirs of requested 3 for tablet 92d36134cc6e4269aafe26035505ad84. 1 dirs total, 0 dirs full, 0 dirs failed
I20260709 13:12:00.460083 29823 raft_consensus.cc:2749] T 525c2d38fa164298987289742e8c142b P 7c62816030264f9aaaaaaa496fe6e1d0 [term 0 FOLLOWER]: Leader pre-election lost for term 1. Reason: could not achieve majority
I20260709 13:12:00.461910 29616 tablet_service.cc:1511] Processing CreateTablet for tablet f9a93d2408f1460a9277531ce64347ee (DEFAULT_TABLE table=test-workload [id=fa14eb33ea6a485c805e8e508fa19614]), partition=RANGE (key) PARTITION 2038289512 <= VALUES < 2074687539
I20260709 13:12:00.463930 29757 tablet_service.cc:1511] Processing CreateTablet for tablet fdd3507f5d2f46c0a7ea04709d13d89d (DEFAULT_TABLE table=test-workload [id=fa14eb33ea6a485c805e8e508fa19614]), partition=RANGE (key) PARTITION 1965493458 <= VALUES < 2001891485
I20260709 13:12:00.465283 29757 data_dirs.cc:400] Could only allocate 1 dirs of requested 3 for tablet fdd3507f5d2f46c0a7ea04709d13d89d. 1 dirs total, 0 dirs full, 0 dirs failed
I20260709 13:12:00.393729 29612 tablet_service.cc:1511] Processing CreateTablet for tablet 32e2729812404733a30dc36c00ec378f (DEFAULT_TABLE table=test-workload [id=fa14eb33ea6a485c805e8e508fa19614]), partition=RANGE (key) PARTITION 1856299377 <= VALUES < 1892697404
I20260709 13:12:00.478000 29818 tablet_bootstrap.cc:492] T dae47c7f9c1c4af79a2aa9594c0d88b3 P 7c62816030264f9aaaaaaa496fe6e1d0: No bootstrap required, opened a new log
I20260709 13:12:00.478514 29818 ts_tablet_manager.cc:1403] T dae47c7f9c1c4af79a2aa9594c0d88b3 P 7c62816030264f9aaaaaaa496fe6e1d0: Time spent bootstrapping tablet: real 0.265s	user 0.012s	sys 0.003s
I20260709 13:12:00.478766 29616 data_dirs.cc:400] Could only allocate 1 dirs of requested 3 for tablet f9a93d2408f1460a9277531ce64347ee. 1 dirs total, 0 dirs full, 0 dirs failed
I20260709 13:12:00.437968 29617 tablet_service.cc:1511] Processing CreateTablet for tablet 010c81dc47f148109305d0bbcce23093 (DEFAULT_TABLE table=test-workload [id=fa14eb33ea6a485c805e8e508fa19614]), partition=RANGE (key) PARTITION 1929095431 <= VALUES < 1965493458
I20260709 13:12:00.480247 29617 data_dirs.cc:400] Could only allocate 1 dirs of requested 3 for tablet 010c81dc47f148109305d0bbcce23093. 1 dirs total, 0 dirs full, 0 dirs failed
I20260709 13:12:00.481540 29818 raft_consensus.cc:359] T dae47c7f9c1c4af79a2aa9594c0d88b3 P 7c62816030264f9aaaaaaa496fe6e1d0 [term 0 FOLLOWER]: Replica starting. Triggering 0 pending ops. Active config: opid_index: -1 OBSOLETE_local: false peers { permanent_uuid: "7c62816030264f9aaaaaaa496fe6e1d0" member_type: VOTER last_known_addr { host: "127.27.218.1" port: 45233 } } peers { permanent_uuid: "aa9b24f094b04f87b5de3292bbc6d47e" member_type: VOTER last_known_addr { host: "127.27.218.2" port: 42901 } } peers { permanent_uuid: "7f4a00baf79b4d6980b4263f45c63132" member_type: VOTER last_known_addr { host: "127.27.218.3" port: 37571 } }
I20260709 13:12:00.482295 29818 raft_consensus.cc:385] T dae47c7f9c1c4af79a2aa9594c0d88b3 P 7c62816030264f9aaaaaaa496fe6e1d0 [term 0 FOLLOWER]: Consensus starting up: Expiring failure detector timer to make a prompt election more likely
I20260709 13:12:00.482656 29818 raft_consensus.cc:740] T dae47c7f9c1c4af79a2aa9594c0d88b3 P 7c62816030264f9aaaaaaa496fe6e1d0 [term 0 FOLLOWER]: Becoming Follower/Learner. State: Replica: 7c62816030264f9aaaaaaa496fe6e1d0, State: Initialized, Role: FOLLOWER
I20260709 13:12:00.482434 29612 data_dirs.cc:400] Could only allocate 1 dirs of requested 3 for tablet 32e2729812404733a30dc36c00ec378f. 1 dirs total, 0 dirs full, 0 dirs failed
I20260709 13:12:00.483374 29818 consensus_queue.cc:260] T dae47c7f9c1c4af79a2aa9594c0d88b3 P 7c62816030264f9aaaaaaa496fe6e1d0 [NON_LEADER]: Queue going to NON_LEADER mode. State: All replicated index: 0, Majority replicated index: 0, Committed index: 0, Last appended: 0.0, Last appended by leader: 0, Current term: 0, Majority size: -1, State: 0, Mode: NON_LEADER, active raft config: opid_index: -1 OBSOLETE_local: false peers { permanent_uuid: "7c62816030264f9aaaaaaa496fe6e1d0" member_type: VOTER last_known_addr { host: "127.27.218.1" port: 45233 } } peers { permanent_uuid: "aa9b24f094b04f87b5de3292bbc6d47e" member_type: VOTER last_known_addr { host: "127.27.218.2" port: 42901 } } peers { permanent_uuid: "7f4a00baf79b4d6980b4263f45c63132" member_type: VOTER last_known_addr { host: "127.27.218.3" port: 37571 } }
I20260709 13:12:00.484112 29610 data_dirs.cc:400] Could only allocate 1 dirs of requested 3 for tablet 6600685991a249d69f83f1d3bb4b8f0b. 1 dirs total, 0 dirs full, 0 dirs failed
I20260709 13:12:00.487228 29762 data_dirs.cc:400] Could only allocate 1 dirs of requested 3 for tablet 6600685991a249d69f83f1d3bb4b8f0b. 1 dirs total, 0 dirs full, 0 dirs failed
I20260709 13:12:00.489389 29611 data_dirs.cc:400] Could only allocate 1 dirs of requested 3 for tablet 9c00c507519a4cb7a0b9d5c45531db86. 1 dirs total, 0 dirs full, 0 dirs failed
I20260709 13:12:00.474000 29609 tablet_service.cc:1511] Processing CreateTablet for tablet 0517ae509e6f46538758aa0d8b4bac6f (DEFAULT_TABLE table=test-workload [id=fa14eb33ea6a485c805e8e508fa19614]), partition=RANGE (key) PARTITION 2074687539 <= VALUES < 2111085566
I20260709 13:12:00.492105 29765 data_dirs.cc:400] Could only allocate 1 dirs of requested 3 for tablet 010c81dc47f148109305d0bbcce23093. 1 dirs total, 0 dirs full, 0 dirs failed
I20260709 13:12:00.492677 29609 data_dirs.cc:400] Could only allocate 1 dirs of requested 3 for tablet 0517ae509e6f46538758aa0d8b4bac6f. 1 dirs total, 0 dirs full, 0 dirs failed
I20260709 13:12:00.493023 29766 data_dirs.cc:400] Could only allocate 1 dirs of requested 3 for tablet 32e2729812404733a30dc36c00ec378f. 1 dirs total, 0 dirs full, 0 dirs failed
I20260709 13:12:00.492964 29759 tablet_service.cc:1511] Processing CreateTablet for tablet 9c00c507519a4cb7a0b9d5c45531db86 (DEFAULT_TABLE table=test-workload [id=fa14eb33ea6a485c805e8e508fa19614]), partition=RANGE (key) PARTITION 2001891485 <= VALUES < 2038289512
I20260709 13:12:00.494238 29759 data_dirs.cc:400] Could only allocate 1 dirs of requested 3 for tablet 9c00c507519a4cb7a0b9d5c45531db86. 1 dirs total, 0 dirs full, 0 dirs failed
I20260709 13:12:00.500144 29614 data_dirs.cc:400] Could only allocate 1 dirs of requested 3 for tablet fdd3507f5d2f46c0a7ea04709d13d89d. 1 dirs total, 0 dirs full, 0 dirs failed
I20260709 13:12:00.502015 29816 tablet_bootstrap.cc:492] T 3328c69292ab48eaa0b0c9fccdbb8b57 P aa9b24f094b04f87b5de3292bbc6d47e: No bootstrap required, opened a new log
I20260709 13:12:00.502552 29816 ts_tablet_manager.cc:1403] T 3328c69292ab48eaa0b0c9fccdbb8b57 P aa9b24f094b04f87b5de3292bbc6d47e: Time spent bootstrapping tablet: real 0.174s	user 0.013s	sys 0.006s
I20260709 13:12:00.485649 29818 ts_tablet_manager.cc:1434] T dae47c7f9c1c4af79a2aa9594c0d88b3 P 7c62816030264f9aaaaaaa496fe6e1d0: Time spent starting tablet: real 0.007s	user 0.006s	sys 0.000s
I20260709 13:12:00.504635 29818 tablet_bootstrap.cc:492] T 21c7ead49d5f44ab84f11d4a5592ab38 P 7c62816030264f9aaaaaaa496fe6e1d0: Bootstrap starting.
I20260709 13:12:00.508533 29817 tablet_bootstrap.cc:654] T dae47c7f9c1c4af79a2aa9594c0d88b3 P 7f4a00baf79b4d6980b4263f45c63132: Neither blocks nor log segments found. Creating new log.
I20260709 13:12:00.512837 29816 raft_consensus.cc:359] T 3328c69292ab48eaa0b0c9fccdbb8b57 P aa9b24f094b04f87b5de3292bbc6d47e [term 0 FOLLOWER]: Replica starting. Triggering 0 pending ops. Active config: opid_index: -1 OBSOLETE_local: false peers { permanent_uuid: "7c62816030264f9aaaaaaa496fe6e1d0" member_type: VOTER last_known_addr { host: "127.27.218.1" port: 45233 } } peers { permanent_uuid: "aa9b24f094b04f87b5de3292bbc6d47e" member_type: VOTER last_known_addr { host: "127.27.218.2" port: 42901 } } peers { permanent_uuid: "7f4a00baf79b4d6980b4263f45c63132" member_type: VOTER last_known_addr { host: "127.27.218.3" port: 37571 } }
I20260709 13:12:00.525602 29816 raft_consensus.cc:385] T 3328c69292ab48eaa0b0c9fccdbb8b57 P aa9b24f094b04f87b5de3292bbc6d47e [term 0 FOLLOWER]: Consensus starting up: Expiring failure detector timer to make a prompt election more likely
I20260709 13:12:00.525908 29816 raft_consensus.cc:740] T 3328c69292ab48eaa0b0c9fccdbb8b57 P aa9b24f094b04f87b5de3292bbc6d47e [term 0 FOLLOWER]: Becoming Follower/Learner. State: Replica: aa9b24f094b04f87b5de3292bbc6d47e, State: Initialized, Role: FOLLOWER
I20260709 13:12:00.526618 29816 consensus_queue.cc:260] T 3328c69292ab48eaa0b0c9fccdbb8b57 P aa9b24f094b04f87b5de3292bbc6d47e [NON_LEADER]: Queue going to NON_LEADER mode. State: All replicated index: 0, Majority replicated index: 0, Committed index: 0, Last appended: 0.0, Last appended by leader: 0, Current term: 0, Majority size: -1, State: 0, Mode: NON_LEADER, active raft config: opid_index: -1 OBSOLETE_local: false peers { permanent_uuid: "7c62816030264f9aaaaaaa496fe6e1d0" member_type: VOTER last_known_addr { host: "127.27.218.1" port: 45233 } } peers { permanent_uuid: "aa9b24f094b04f87b5de3292bbc6d47e" member_type: VOTER last_known_addr { host: "127.27.218.2" port: 42901 } } peers { permanent_uuid: "7f4a00baf79b4d6980b4263f45c63132" member_type: VOTER last_known_addr { host: "127.27.218.3" port: 37571 } }
I20260709 13:12:00.528724 29816 ts_tablet_manager.cc:1434] T 3328c69292ab48eaa0b0c9fccdbb8b57 P aa9b24f094b04f87b5de3292bbc6d47e: Time spent starting tablet: real 0.026s	user 0.007s	sys 0.001s
I20260709 13:12:00.519598 29615 tablet_service.cc:1511] Processing CreateTablet for tablet 3f9d9a6a11174aebbf95673aed6aa893 (DEFAULT_TABLE table=test-workload [id=fa14eb33ea6a485c805e8e508fa19614]), partition=RANGE (key) PARTITION 2111085566 <= VALUES
I20260709 13:12:00.529878 29615 data_dirs.cc:400] Could only allocate 1 dirs of requested 3 for tablet 3f9d9a6a11174aebbf95673aed6aa893. 1 dirs total, 0 dirs full, 0 dirs failed
I20260709 13:12:00.531744 29816 tablet_bootstrap.cc:492] T 5f7408d1de604357b33a97788aaed88a P aa9b24f094b04f87b5de3292bbc6d47e: Bootstrap starting.
I20260709 13:12:00.537499 29818 tablet_bootstrap.cc:654] T 21c7ead49d5f44ab84f11d4a5592ab38 P 7c62816030264f9aaaaaaa496fe6e1d0: Neither blocks nor log segments found. Creating new log.
I20260709 13:12:00.538519 29816 tablet_bootstrap.cc:654] T 5f7408d1de604357b33a97788aaed88a P aa9b24f094b04f87b5de3292bbc6d47e: Neither blocks nor log segments found. Creating new log.
I20260709 13:12:00.554239 29757 tablet_service.cc:1511] Processing CreateTablet for tablet f9a93d2408f1460a9277531ce64347ee (DEFAULT_TABLE table=test-workload [id=fa14eb33ea6a485c805e8e508fa19614]), partition=RANGE (key) PARTITION 2038289512 <= VALUES < 2074687539
I20260709 13:12:00.556634 29757 data_dirs.cc:400] Could only allocate 1 dirs of requested 3 for tablet f9a93d2408f1460a9277531ce64347ee. 1 dirs total, 0 dirs full, 0 dirs failed
I20260709 13:12:00.561075 29759 tablet_service.cc:1511] Processing CreateTablet for tablet 0517ae509e6f46538758aa0d8b4bac6f (DEFAULT_TABLE table=test-workload [id=fa14eb33ea6a485c805e8e508fa19614]), partition=RANGE (key) PARTITION 2074687539 <= VALUES < 2111085566
I20260709 13:12:00.566781 29818 tablet_bootstrap.cc:492] T 21c7ead49d5f44ab84f11d4a5592ab38 P 7c62816030264f9aaaaaaa496fe6e1d0: No bootstrap required, opened a new log
I20260709 13:12:00.571888 29818 ts_tablet_manager.cc:1403] T 21c7ead49d5f44ab84f11d4a5592ab38 P 7c62816030264f9aaaaaaa496fe6e1d0: Time spent bootstrapping tablet: real 0.067s	user 0.014s	sys 0.003s
I20260709 13:12:00.571022 29816 tablet_bootstrap.cc:492] T 5f7408d1de604357b33a97788aaed88a P aa9b24f094b04f87b5de3292bbc6d47e: No bootstrap required, opened a new log
I20260709 13:12:00.574905 29818 raft_consensus.cc:359] T 21c7ead49d5f44ab84f11d4a5592ab38 P 7c62816030264f9aaaaaaa496fe6e1d0 [term 0 FOLLOWER]: Replica starting. Triggering 0 pending ops. Active config: opid_index: -1 OBSOLETE_local: false peers { permanent_uuid: "7c62816030264f9aaaaaaa496fe6e1d0" member_type: VOTER last_known_addr { host: "127.27.218.1" port: 45233 } } peers { permanent_uuid: "aa9b24f094b04f87b5de3292bbc6d47e" member_type: VOTER last_known_addr { host: "127.27.218.2" port: 42901 } } peers { permanent_uuid: "7f4a00baf79b4d6980b4263f45c63132" member_type: VOTER last_known_addr { host: "127.27.218.3" port: 37571 } }
I20260709 13:12:00.582202 29818 raft_consensus.cc:385] T 21c7ead49d5f44ab84f11d4a5592ab38 P 7c62816030264f9aaaaaaa496fe6e1d0 [term 0 FOLLOWER]: Consensus starting up: Expiring failure detector timer to make a prompt election more likely
I20260709 13:12:00.582472 29818 raft_consensus.cc:740] T 21c7ead49d5f44ab84f11d4a5592ab38 P 7c62816030264f9aaaaaaa496fe6e1d0 [term 0 FOLLOWER]: Becoming Follower/Learner. State: Replica: 7c62816030264f9aaaaaaa496fe6e1d0, State: Initialized, Role: FOLLOWER
I20260709 13:12:00.575278 29816 ts_tablet_manager.cc:1403] T 5f7408d1de604357b33a97788aaed88a P aa9b24f094b04f87b5de3292bbc6d47e: Time spent bootstrapping tablet: real 0.045s	user 0.001s	sys 0.011s
I20260709 13:12:00.579021 29817 tablet_bootstrap.cc:492] T dae47c7f9c1c4af79a2aa9594c0d88b3 P 7f4a00baf79b4d6980b4263f45c63132: No bootstrap required, opened a new log
I20260709 13:12:00.586737 29817 ts_tablet_manager.cc:1403] T dae47c7f9c1c4af79a2aa9594c0d88b3 P 7f4a00baf79b4d6980b4263f45c63132: Time spent bootstrapping tablet: real 0.153s	user 0.012s	sys 0.000s
I20260709 13:12:00.586866 29816 raft_consensus.cc:359] T 5f7408d1de604357b33a97788aaed88a P aa9b24f094b04f87b5de3292bbc6d47e [term 0 FOLLOWER]: Replica starting. Triggering 0 pending ops. Active config: opid_index: -1 OBSOLETE_local: false peers { permanent_uuid: "7c62816030264f9aaaaaaa496fe6e1d0" member_type: VOTER last_known_addr { host: "127.27.218.1" port: 45233 } } peers { permanent_uuid: "aa9b24f094b04f87b5de3292bbc6d47e" member_type: VOTER last_known_addr { host: "127.27.218.2" port: 42901 } } peers { permanent_uuid: "7f4a00baf79b4d6980b4263f45c63132" member_type: VOTER last_known_addr { host: "127.27.218.3" port: 37571 } }
I20260709 13:12:00.587556 29816 raft_consensus.cc:385] T 5f7408d1de604357b33a97788aaed88a P aa9b24f094b04f87b5de3292bbc6d47e [term 0 FOLLOWER]: Consensus starting up: Expiring failure detector timer to make a prompt election more likely
I20260709 13:12:00.587846 29816 raft_consensus.cc:740] T 5f7408d1de604357b33a97788aaed88a P aa9b24f094b04f87b5de3292bbc6d47e [term 0 FOLLOWER]: Becoming Follower/Learner. State: Replica: aa9b24f094b04f87b5de3292bbc6d47e, State: Initialized, Role: FOLLOWER
I20260709 13:12:00.588541 29816 consensus_queue.cc:260] T 5f7408d1de604357b33a97788aaed88a P aa9b24f094b04f87b5de3292bbc6d47e [NON_LEADER]: Queue going to NON_LEADER mode. State: All replicated index: 0, Majority replicated index: 0, Committed index: 0, Last appended: 0.0, Last appended by leader: 0, Current term: 0, Majority size: -1, State: 0, Mode: NON_LEADER, active raft config: opid_index: -1 OBSOLETE_local: false peers { permanent_uuid: "7c62816030264f9aaaaaaa496fe6e1d0" member_type: VOTER last_known_addr { host: "127.27.218.1" port: 45233 } } peers { permanent_uuid: "aa9b24f094b04f87b5de3292bbc6d47e" member_type: VOTER last_known_addr { host: "127.27.218.2" port: 42901 } } peers { permanent_uuid: "7f4a00baf79b4d6980b4263f45c63132" member_type: VOTER last_known_addr { host: "127.27.218.3" port: 37571 } }
I20260709 13:12:00.589395 29817 raft_consensus.cc:359] T dae47c7f9c1c4af79a2aa9594c0d88b3 P 7f4a00baf79b4d6980b4263f45c63132 [term 0 FOLLOWER]: Replica starting. Triggering 0 pending ops. Active config: opid_index: -1 OBSOLETE_local: false peers { permanent_uuid: "7c62816030264f9aaaaaaa496fe6e1d0" member_type: VOTER last_known_addr { host: "127.27.218.1" port: 45233 } } peers { permanent_uuid: "aa9b24f094b04f87b5de3292bbc6d47e" member_type: VOTER last_known_addr { host: "127.27.218.2" port: 42901 } } peers { permanent_uuid: "7f4a00baf79b4d6980b4263f45c63132" member_type: VOTER last_known_addr { host: "127.27.218.3" port: 37571 } }
I20260709 13:12:00.589887 29817 raft_consensus.cc:385] T dae47c7f9c1c4af79a2aa9594c0d88b3 P 7f4a00baf79b4d6980b4263f45c63132 [term 0 FOLLOWER]: Consensus starting up: Expiring failure detector timer to make a prompt election more likely
I20260709 13:12:00.590072 29817 raft_consensus.cc:740] T dae47c7f9c1c4af79a2aa9594c0d88b3 P 7f4a00baf79b4d6980b4263f45c63132 [term 0 FOLLOWER]: Becoming Follower/Learner. State: Replica: 7f4a00baf79b4d6980b4263f45c63132, State: Initialized, Role: FOLLOWER
I20260709 13:12:00.590626 29817 consensus_queue.cc:260] T dae47c7f9c1c4af79a2aa9594c0d88b3 P 7f4a00baf79b4d6980b4263f45c63132 [NON_LEADER]: Queue going to NON_LEADER mode. State: All replicated index: 0, Majority replicated index: 0, Committed index: 0, Last appended: 0.0, Last appended by leader: 0, Current term: 0, Majority size: -1, State: 0, Mode: NON_LEADER, active raft config: opid_index: -1 OBSOLETE_local: false peers { permanent_uuid: "7c62816030264f9aaaaaaa496fe6e1d0" member_type: VOTER last_known_addr { host: "127.27.218.1" port: 45233 } } peers { permanent_uuid: "aa9b24f094b04f87b5de3292bbc6d47e" member_type: VOTER last_known_addr { host: "127.27.218.2" port: 42901 } } peers { permanent_uuid: "7f4a00baf79b4d6980b4263f45c63132" member_type: VOTER last_known_addr { host: "127.27.218.3" port: 37571 } }
I20260709 13:12:00.583185 29818 consensus_queue.cc:260] T 21c7ead49d5f44ab84f11d4a5592ab38 P 7c62816030264f9aaaaaaa496fe6e1d0 [NON_LEADER]: Queue going to NON_LEADER mode. State: All replicated index: 0, Majority replicated index: 0, Committed index: 0, Last appended: 0.0, Last appended by leader: 0, Current term: 0, Majority size: -1, State: 0, Mode: NON_LEADER, active raft config: opid_index: -1 OBSOLETE_local: false peers { permanent_uuid: "7c62816030264f9aaaaaaa496fe6e1d0" member_type: VOTER last_known_addr { host: "127.27.218.1" port: 45233 } } peers { permanent_uuid: "aa9b24f094b04f87b5de3292bbc6d47e" member_type: VOTER last_known_addr { host: "127.27.218.2" port: 42901 } } peers { permanent_uuid: "7f4a00baf79b4d6980b4263f45c63132" member_type: VOTER last_known_addr { host: "127.27.218.3" port: 37571 } }
I20260709 13:12:00.593495 29818 ts_tablet_manager.cc:1434] T 21c7ead49d5f44ab84f11d4a5592ab38 P 7c62816030264f9aaaaaaa496fe6e1d0: Time spent starting tablet: real 0.021s	user 0.006s	sys 0.000s
I20260709 13:12:00.594521 29818 tablet_bootstrap.cc:492] T 36469e16a789430ca8d44b34292df7f2 P 7c62816030264f9aaaaaaa496fe6e1d0: Bootstrap starting.
I20260709 13:12:00.572275 29759 data_dirs.cc:400] Could only allocate 1 dirs of requested 3 for tablet 0517ae509e6f46538758aa0d8b4bac6f. 1 dirs total, 0 dirs full, 0 dirs failed
I20260709 13:12:00.597705 29816 ts_tablet_manager.cc:1434] T 5f7408d1de604357b33a97788aaed88a P aa9b24f094b04f87b5de3292bbc6d47e: Time spent starting tablet: real 0.013s	user 0.005s	sys 0.001s
I20260709 13:12:00.606130 29816 tablet_bootstrap.cc:492] T 10ab9b1f7715481a8b729924cae75131 P aa9b24f094b04f87b5de3292bbc6d47e: Bootstrap starting.
I20260709 13:12:00.607425 29818 tablet_bootstrap.cc:654] T 36469e16a789430ca8d44b34292df7f2 P 7c62816030264f9aaaaaaa496fe6e1d0: Neither blocks nor log segments found. Creating new log.
I20260709 13:12:00.608601 29817 ts_tablet_manager.cc:1434] T dae47c7f9c1c4af79a2aa9594c0d88b3 P 7f4a00baf79b4d6980b4263f45c63132: Time spent starting tablet: real 0.022s	user 0.003s	sys 0.003s
I20260709 13:12:00.572098 29763 tablet_service.cc:1511] Processing CreateTablet for tablet 3f9d9a6a11174aebbf95673aed6aa893 (DEFAULT_TABLE table=test-workload [id=fa14eb33ea6a485c805e8e508fa19614]), partition=RANGE (key) PARTITION 2111085566 <= VALUES
I20260709 13:12:00.611554 29817 tablet_bootstrap.cc:492] T fbc52d819b534e83a980b74436291edc P 7f4a00baf79b4d6980b4263f45c63132: Bootstrap starting.
I20260709 13:12:00.612344 29763 data_dirs.cc:400] Could only allocate 1 dirs of requested 3 for tablet 3f9d9a6a11174aebbf95673aed6aa893. 1 dirs total, 0 dirs full, 0 dirs failed
I20260709 13:12:00.616168 29816 tablet_bootstrap.cc:654] T 10ab9b1f7715481a8b729924cae75131 P aa9b24f094b04f87b5de3292bbc6d47e: Neither blocks nor log segments found. Creating new log.
I20260709 13:12:00.618350 29817 tablet_bootstrap.cc:654] T fbc52d819b534e83a980b74436291edc P 7f4a00baf79b4d6980b4263f45c63132: Neither blocks nor log segments found. Creating new log.
I20260709 13:12:00.620827 29816 tablet_bootstrap.cc:492] T 10ab9b1f7715481a8b729924cae75131 P aa9b24f094b04f87b5de3292bbc6d47e: No bootstrap required, opened a new log
I20260709 13:12:00.621338 29816 ts_tablet_manager.cc:1403] T 10ab9b1f7715481a8b729924cae75131 P aa9b24f094b04f87b5de3292bbc6d47e: Time spent bootstrapping tablet: real 0.015s	user 0.009s	sys 0.000s
I20260709 13:12:00.624140 29816 raft_consensus.cc:359] T 10ab9b1f7715481a8b729924cae75131 P aa9b24f094b04f87b5de3292bbc6d47e [term 0 FOLLOWER]: Replica starting. Triggering 0 pending ops. Active config: opid_index: -1 OBSOLETE_local: false peers { permanent_uuid: "7c62816030264f9aaaaaaa496fe6e1d0" member_type: VOTER last_known_addr { host: "127.27.218.1" port: 45233 } } peers { permanent_uuid: "aa9b24f094b04f87b5de3292bbc6d47e" member_type: VOTER last_known_addr { host: "127.27.218.2" port: 42901 } } peers { permanent_uuid: "7f4a00baf79b4d6980b4263f45c63132" member_type: VOTER last_known_addr { host: "127.27.218.3" port: 37571 } }
I20260709 13:12:00.624840 29816 raft_consensus.cc:385] T 10ab9b1f7715481a8b729924cae75131 P aa9b24f094b04f87b5de3292bbc6d47e [term 0 FOLLOWER]: Consensus starting up: Expiring failure detector timer to make a prompt election more likely
I20260709 13:12:00.625123 29816 raft_consensus.cc:740] T 10ab9b1f7715481a8b729924cae75131 P aa9b24f094b04f87b5de3292bbc6d47e [term 0 FOLLOWER]: Becoming Follower/Learner. State: Replica: aa9b24f094b04f87b5de3292bbc6d47e, State: Initialized, Role: FOLLOWER
I20260709 13:12:00.625916 29816 consensus_queue.cc:260] T 10ab9b1f7715481a8b729924cae75131 P aa9b24f094b04f87b5de3292bbc6d47e [NON_LEADER]: Queue going to NON_LEADER mode. State: All replicated index: 0, Majority replicated index: 0, Committed index: 0, Last appended: 0.0, Last appended by leader: 0, Current term: 0, Majority size: -1, State: 0, Mode: NON_LEADER, active raft config: opid_index: -1 OBSOLETE_local: false peers { permanent_uuid: "7c62816030264f9aaaaaaa496fe6e1d0" member_type: VOTER last_known_addr { host: "127.27.218.1" port: 45233 } } peers { permanent_uuid: "aa9b24f094b04f87b5de3292bbc6d47e" member_type: VOTER last_known_addr { host: "127.27.218.2" port: 42901 } } peers { permanent_uuid: "7f4a00baf79b4d6980b4263f45c63132" member_type: VOTER last_known_addr { host: "127.27.218.3" port: 37571 } }
I20260709 13:12:00.634506 29816 ts_tablet_manager.cc:1434] T 10ab9b1f7715481a8b729924cae75131 P aa9b24f094b04f87b5de3292bbc6d47e: Time spent starting tablet: real 0.013s	user 0.006s	sys 0.000s
I20260709 13:12:00.635440 29816 tablet_bootstrap.cc:492] T dae47c7f9c1c4af79a2aa9594c0d88b3 P aa9b24f094b04f87b5de3292bbc6d47e: Bootstrap starting.
I20260709 13:12:00.642405 29818 tablet_bootstrap.cc:492] T 36469e16a789430ca8d44b34292df7f2 P 7c62816030264f9aaaaaaa496fe6e1d0: No bootstrap required, opened a new log
I20260709 13:12:00.642817 29818 ts_tablet_manager.cc:1403] T 36469e16a789430ca8d44b34292df7f2 P 7c62816030264f9aaaaaaa496fe6e1d0: Time spent bootstrapping tablet: real 0.049s	user 0.016s	sys 0.013s
I20260709 13:12:00.643108 29817 tablet_bootstrap.cc:492] T fbc52d819b534e83a980b74436291edc P 7f4a00baf79b4d6980b4263f45c63132: No bootstrap required, opened a new log
I20260709 13:12:00.643607 29817 ts_tablet_manager.cc:1403] T fbc52d819b534e83a980b74436291edc P 7f4a00baf79b4d6980b4263f45c63132: Time spent bootstrapping tablet: real 0.032s	user 0.023s	sys 0.006s
I20260709 13:12:00.644591 29816 tablet_bootstrap.cc:654] T dae47c7f9c1c4af79a2aa9594c0d88b3 P aa9b24f094b04f87b5de3292bbc6d47e: Neither blocks nor log segments found. Creating new log.
I20260709 13:12:00.645090 29818 raft_consensus.cc:359] T 36469e16a789430ca8d44b34292df7f2 P 7c62816030264f9aaaaaaa496fe6e1d0 [term 0 FOLLOWER]: Replica starting. Triggering 0 pending ops. Active config: opid_index: -1 OBSOLETE_local: false peers { permanent_uuid: "7c62816030264f9aaaaaaa496fe6e1d0" member_type: VOTER last_known_addr { host: "127.27.218.1" port: 45233 } } peers { permanent_uuid: "aa9b24f094b04f87b5de3292bbc6d47e" member_type: VOTER last_known_addr { host: "127.27.218.2" port: 42901 } } peers { permanent_uuid: "7f4a00baf79b4d6980b4263f45c63132" member_type: VOTER last_known_addr { host: "127.27.218.3" port: 37571 } }
I20260709 13:12:00.645625 29818 raft_consensus.cc:385] T 36469e16a789430ca8d44b34292df7f2 P 7c62816030264f9aaaaaaa496fe6e1d0 [term 0 FOLLOWER]: Consensus starting up: Expiring failure detector timer to make a prompt election more likely
I20260709 13:12:00.645848 29818 raft_consensus.cc:740] T 36469e16a789430ca8d44b34292df7f2 P 7c62816030264f9aaaaaaa496fe6e1d0 [term 0 FOLLOWER]: Becoming Follower/Learner. State: Replica: 7c62816030264f9aaaaaaa496fe6e1d0, State: Initialized, Role: FOLLOWER
I20260709 13:12:00.646436 29818 consensus_queue.cc:260] T 36469e16a789430ca8d44b34292df7f2 P 7c62816030264f9aaaaaaa496fe6e1d0 [NON_LEADER]: Queue going to NON_LEADER mode. State: All replicated index: 0, Majority replicated index: 0, Committed index: 0, Last appended: 0.0, Last appended by leader: 0, Current term: 0, Majority size: -1, State: 0, Mode: NON_LEADER, active raft config: opid_index: -1 OBSOLETE_local: false peers { permanent_uuid: "7c62816030264f9aaaaaaa496fe6e1d0" member_type: VOTER last_known_addr { host: "127.27.218.1" port: 45233 } } peers { permanent_uuid: "aa9b24f094b04f87b5de3292bbc6d47e" member_type: VOTER last_known_addr { host: "127.27.218.2" port: 42901 } } peers { permanent_uuid: "7f4a00baf79b4d6980b4263f45c63132" member_type: VOTER last_known_addr { host: "127.27.218.3" port: 37571 } }
I20260709 13:12:00.646600 29817 raft_consensus.cc:359] T fbc52d819b534e83a980b74436291edc P 7f4a00baf79b4d6980b4263f45c63132 [term 0 FOLLOWER]: Replica starting. Triggering 0 pending ops. Active config: opid_index: -1 OBSOLETE_local: false peers { permanent_uuid: "aa9b24f094b04f87b5de3292bbc6d47e" member_type: VOTER last_known_addr { host: "127.27.218.2" port: 42901 } } peers { permanent_uuid: "7f4a00baf79b4d6980b4263f45c63132" member_type: VOTER last_known_addr { host: "127.27.218.3" port: 37571 } } peers { permanent_uuid: "7c62816030264f9aaaaaaa496fe6e1d0" member_type: VOTER last_known_addr { host: "127.27.218.1" port: 45233 } }
I20260709 13:12:00.647358 29817 raft_consensus.cc:385] T fbc52d819b534e83a980b74436291edc P 7f4a00baf79b4d6980b4263f45c63132 [term 0 FOLLOWER]: Consensus starting up: Expiring failure detector timer to make a prompt election more likely
I20260709 13:12:00.647694 29817 raft_consensus.cc:740] T fbc52d819b534e83a980b74436291edc P 7f4a00baf79b4d6980b4263f45c63132 [term 0 FOLLOWER]: Becoming Follower/Learner. State: Replica: 7f4a00baf79b4d6980b4263f45c63132, State: Initialized, Role: FOLLOWER
I20260709 13:12:00.648428 29818 ts_tablet_manager.cc:1434] T 36469e16a789430ca8d44b34292df7f2 P 7c62816030264f9aaaaaaa496fe6e1d0: Time spent starting tablet: real 0.005s	user 0.003s	sys 0.004s
I20260709 13:12:00.648564 29817 consensus_queue.cc:260] T fbc52d819b534e83a980b74436291edc P 7f4a00baf79b4d6980b4263f45c63132 [NON_LEADER]: Queue going to NON_LEADER mode. State: All replicated index: 0, Majority replicated index: 0, Committed index: 0, Last appended: 0.0, Last appended by leader: 0, Current term: 0, Majority size: -1, State: 0, Mode: NON_LEADER, active raft config: opid_index: -1 OBSOLETE_local: false peers { permanent_uuid: "aa9b24f094b04f87b5de3292bbc6d47e" member_type: VOTER last_known_addr { host: "127.27.218.2" port: 42901 } } peers { permanent_uuid: "7f4a00baf79b4d6980b4263f45c63132" member_type: VOTER last_known_addr { host: "127.27.218.3" port: 37571 } } peers { permanent_uuid: "7c62816030264f9aaaaaaa496fe6e1d0" member_type: VOTER last_known_addr { host: "127.27.218.1" port: 45233 } }
I20260709 13:12:00.650909 29817 ts_tablet_manager.cc:1434] T fbc52d819b534e83a980b74436291edc P 7f4a00baf79b4d6980b4263f45c63132: Time spent starting tablet: real 0.007s	user 0.003s	sys 0.001s
I20260709 13:12:00.651502 29816 tablet_bootstrap.cc:492] T dae47c7f9c1c4af79a2aa9594c0d88b3 P aa9b24f094b04f87b5de3292bbc6d47e: No bootstrap required, opened a new log
I20260709 13:12:00.651991 29817 tablet_bootstrap.cc:492] T 525c2d38fa164298987289742e8c142b P 7f4a00baf79b4d6980b4263f45c63132: Bootstrap starting.
I20260709 13:12:00.652072 29816 ts_tablet_manager.cc:1403] T dae47c7f9c1c4af79a2aa9594c0d88b3 P aa9b24f094b04f87b5de3292bbc6d47e: Time spent bootstrapping tablet: real 0.017s	user 0.009s	sys 0.004s
I20260709 13:12:00.654783 29816 raft_consensus.cc:359] T dae47c7f9c1c4af79a2aa9594c0d88b3 P aa9b24f094b04f87b5de3292bbc6d47e [term 0 FOLLOWER]: Replica starting. Triggering 0 pending ops. Active config: opid_index: -1 OBSOLETE_local: false peers { permanent_uuid: "7c62816030264f9aaaaaaa496fe6e1d0" member_type: VOTER last_known_addr { host: "127.27.218.1" port: 45233 } } peers { permanent_uuid: "aa9b24f094b04f87b5de3292bbc6d47e" member_type: VOTER last_known_addr { host: "127.27.218.2" port: 42901 } } peers { permanent_uuid: "7f4a00baf79b4d6980b4263f45c63132" member_type: VOTER last_known_addr { host: "127.27.218.3" port: 37571 } }
I20260709 13:12:00.655330 29816 raft_consensus.cc:385] T dae47c7f9c1c4af79a2aa9594c0d88b3 P aa9b24f094b04f87b5de3292bbc6d47e [term 0 FOLLOWER]: Consensus starting up: Expiring failure detector timer to make a prompt election more likely
I20260709 13:12:00.655555 29816 raft_consensus.cc:740] T dae47c7f9c1c4af79a2aa9594c0d88b3 P aa9b24f094b04f87b5de3292bbc6d47e [term 0 FOLLOWER]: Becoming Follower/Learner. State: Replica: aa9b24f094b04f87b5de3292bbc6d47e, State: Initialized, Role: FOLLOWER
I20260709 13:12:00.656208 29816 consensus_queue.cc:260] T dae47c7f9c1c4af79a2aa9594c0d88b3 P aa9b24f094b04f87b5de3292bbc6d47e [NON_LEADER]: Queue going to NON_LEADER mode. State: All replicated index: 0, Majority replicated index: 0, Committed index: 0, Last appended: 0.0, Last appended by leader: 0, Current term: 0, Majority size: -1, State: 0, Mode: NON_LEADER, active raft config: opid_index: -1 OBSOLETE_local: false peers { permanent_uuid: "7c62816030264f9aaaaaaa496fe6e1d0" member_type: VOTER last_known_addr { host: "127.27.218.1" port: 45233 } } peers { permanent_uuid: "aa9b24f094b04f87b5de3292bbc6d47e" member_type: VOTER last_known_addr { host: "127.27.218.2" port: 42901 } } peers { permanent_uuid: "7f4a00baf79b4d6980b4263f45c63132" member_type: VOTER last_known_addr { host: "127.27.218.3" port: 37571 } }
I20260709 13:12:00.656921 29825 raft_consensus.cc:493] T 36469e16a789430ca8d44b34292df7f2 P 7f4a00baf79b4d6980b4263f45c63132 [term 0 FOLLOWER]: Starting pre-election (no leader contacted us within the election timeout)
I20260709 13:12:00.657367 29825 raft_consensus.cc:515] T 36469e16a789430ca8d44b34292df7f2 P 7f4a00baf79b4d6980b4263f45c63132 [term 0 FOLLOWER]: Starting pre-election with config: opid_index: -1 OBSOLETE_local: false peers { permanent_uuid: "7c62816030264f9aaaaaaa496fe6e1d0" member_type: VOTER last_known_addr { host: "127.27.218.1" port: 45233 } } peers { permanent_uuid: "aa9b24f094b04f87b5de3292bbc6d47e" member_type: VOTER last_known_addr { host: "127.27.218.2" port: 42901 } } peers { permanent_uuid: "7f4a00baf79b4d6980b4263f45c63132" member_type: VOTER last_known_addr { host: "127.27.218.3" port: 37571 } }
I20260709 13:12:00.657999 29818 tablet_bootstrap.cc:492] T fbc52d819b534e83a980b74436291edc P 7c62816030264f9aaaaaaa496fe6e1d0: Bootstrap starting.
I20260709 13:12:00.658138 29816 ts_tablet_manager.cc:1434] T dae47c7f9c1c4af79a2aa9594c0d88b3 P aa9b24f094b04f87b5de3292bbc6d47e: Time spent starting tablet: real 0.006s	user 0.003s	sys 0.000s
I20260709 13:12:00.659066 29817 tablet_bootstrap.cc:654] T 525c2d38fa164298987289742e8c142b P 7f4a00baf79b4d6980b4263f45c63132: Neither blocks nor log segments found. Creating new log.
I20260709 13:12:00.659358 29825 leader_election.cc:290] T 36469e16a789430ca8d44b34292df7f2 P 7f4a00baf79b4d6980b4263f45c63132 [CANDIDATE]: Term 1 pre-election: Requested pre-vote from peers 7c62816030264f9aaaaaaa496fe6e1d0 (127.27.218.1:45233), aa9b24f094b04f87b5de3292bbc6d47e (127.27.218.2:42901)
I20260709 13:12:00.659096 29816 tablet_bootstrap.cc:492] T b351185b813a4fcfb1d1ef9c3e215e18 P aa9b24f094b04f87b5de3292bbc6d47e: Bootstrap starting.
I20260709 13:12:00.660259 29627 tablet_service.cc:1917] Received RequestConsensusVote() RPC: tablet_id: "36469e16a789430ca8d44b34292df7f2" candidate_uuid: "7f4a00baf79b4d6980b4263f45c63132" candidate_term: 1 candidate_status { last_received { term: 0 index: 0 } } ignore_live_leader: false dest_uuid: "7c62816030264f9aaaaaaa496fe6e1d0" is_pre_election: true
I20260709 13:12:00.660964 29627 raft_consensus.cc:2468] T 36469e16a789430ca8d44b34292df7f2 P 7c62816030264f9aaaaaaa496fe6e1d0 [term 0 FOLLOWER]: Leader pre-election vote request: Granting yes vote for candidate 7f4a00baf79b4d6980b4263f45c63132 in term 0.
I20260709 13:12:00.661288 29702 tablet_service.cc:1917] Received RequestConsensusVote() RPC: tablet_id: "36469e16a789430ca8d44b34292df7f2" candidate_uuid: "7f4a00baf79b4d6980b4263f45c63132" candidate_term: 1 candidate_status { last_received { term: 0 index: 0 } } ignore_live_leader: false dest_uuid: "aa9b24f094b04f87b5de3292bbc6d47e" is_pre_election: true
I20260709 13:12:00.661873 29702 raft_consensus.cc:2468] T 36469e16a789430ca8d44b34292df7f2 P aa9b24f094b04f87b5de3292bbc6d47e [term 0 FOLLOWER]: Leader pre-election vote request: Granting yes vote for candidate 7f4a00baf79b4d6980b4263f45c63132 in term 0.
I20260709 13:12:00.663071 29739 leader_election.cc:304] T 36469e16a789430ca8d44b34292df7f2 P 7f4a00baf79b4d6980b4263f45c63132 [CANDIDATE]: Term 1 pre-election: Election decided. Result: candidate won. Election summary: received 2 responses out of 3 voters: 2 yes votes; 0 no votes. yes voters: 7c62816030264f9aaaaaaa496fe6e1d0, 7f4a00baf79b4d6980b4263f45c63132; no voters: 
I20260709 13:12:00.667284 29816 tablet_bootstrap.cc:654] T b351185b813a4fcfb1d1ef9c3e215e18 P aa9b24f094b04f87b5de3292bbc6d47e: Neither blocks nor log segments found. Creating new log.
I20260709 13:12:00.669168 29825 raft_consensus.cc:2804] T 36469e16a789430ca8d44b34292df7f2 P 7f4a00baf79b4d6980b4263f45c63132 [term 0 FOLLOWER]: Leader pre-election won for term 1
I20260709 13:12:00.669592 29825 raft_consensus.cc:493] T 36469e16a789430ca8d44b34292df7f2 P 7f4a00baf79b4d6980b4263f45c63132 [term 0 FOLLOWER]: Starting leader election (no leader contacted us within the election timeout)
I20260709 13:12:00.669940 29825 raft_consensus.cc:3060] T 36469e16a789430ca8d44b34292df7f2 P 7f4a00baf79b4d6980b4263f45c63132 [term 0 FOLLOWER]: Advancing to term 1
I20260709 13:12:00.677479 29818 tablet_bootstrap.cc:654] T fbc52d819b534e83a980b74436291edc P 7c62816030264f9aaaaaaa496fe6e1d0: Neither blocks nor log segments found. Creating new log.
I20260709 13:12:00.678298 29825 raft_consensus.cc:515] T 36469e16a789430ca8d44b34292df7f2 P 7f4a00baf79b4d6980b4263f45c63132 [term 1 FOLLOWER]: Starting leader election with config: opid_index: -1 OBSOLETE_local: false peers { permanent_uuid: "7c62816030264f9aaaaaaa496fe6e1d0" member_type: VOTER last_known_addr { host: "127.27.218.1" port: 45233 } } peers { permanent_uuid: "aa9b24f094b04f87b5de3292bbc6d47e" member_type: VOTER last_known_addr { host: "127.27.218.2" port: 42901 } } peers { permanent_uuid: "7f4a00baf79b4d6980b4263f45c63132" member_type: VOTER last_known_addr { host: "127.27.218.3" port: 37571 } }
I20260709 13:12:00.678869 29817 tablet_bootstrap.cc:492] T 525c2d38fa164298987289742e8c142b P 7f4a00baf79b4d6980b4263f45c63132: No bootstrap required, opened a new log
I20260709 13:12:00.679507 29817 ts_tablet_manager.cc:1403] T 525c2d38fa164298987289742e8c142b P 7f4a00baf79b4d6980b4263f45c63132: Time spent bootstrapping tablet: real 0.028s	user 0.005s	sys 0.015s
I20260709 13:12:00.681870 29627 tablet_service.cc:1917] Received RequestConsensusVote() RPC: tablet_id: "36469e16a789430ca8d44b34292df7f2" candidate_uuid: "7f4a00baf79b4d6980b4263f45c63132" candidate_term: 1 candidate_status { last_received { term: 0 index: 0 } } ignore_live_leader: false dest_uuid: "7c62816030264f9aaaaaaa496fe6e1d0"
I20260709 13:12:00.682790 29824 raft_consensus.cc:493] T 3328c69292ab48eaa0b0c9fccdbb8b57 P aa9b24f094b04f87b5de3292bbc6d47e [term 0 FOLLOWER]: Starting pre-election (no leader contacted us within the election timeout)
I20260709 13:12:00.682943 29816 tablet_bootstrap.cc:492] T b351185b813a4fcfb1d1ef9c3e215e18 P aa9b24f094b04f87b5de3292bbc6d47e: No bootstrap required, opened a new log
I20260709 13:12:00.682456 29817 raft_consensus.cc:359] T 525c2d38fa164298987289742e8c142b P 7f4a00baf79b4d6980b4263f45c63132 [term 0 FOLLOWER]: Replica starting. Triggering 0 pending ops. Active config: opid_index: -1 OBSOLETE_local: false peers { permanent_uuid: "7c62816030264f9aaaaaaa496fe6e1d0" member_type: VOTER last_known_addr { host: "127.27.218.1" port: 45233 } } peers { permanent_uuid: "aa9b24f094b04f87b5de3292bbc6d47e" member_type: VOTER last_known_addr { host: "127.27.218.2" port: 42901 } } peers { permanent_uuid: "7f4a00baf79b4d6980b4263f45c63132" member_type: VOTER last_known_addr { host: "127.27.218.3" port: 37571 } }
I20260709 13:12:00.683396 29817 raft_consensus.cc:385] T 525c2d38fa164298987289742e8c142b P 7f4a00baf79b4d6980b4263f45c63132 [term 0 FOLLOWER]: Consensus starting up: Expiring failure detector timer to make a prompt election more likely
I20260709 13:12:00.683517 29816 ts_tablet_manager.cc:1403] T b351185b813a4fcfb1d1ef9c3e215e18 P aa9b24f094b04f87b5de3292bbc6d47e: Time spent bootstrapping tablet: real 0.025s	user 0.010s	sys 0.009s
I20260709 13:12:00.683911 29817 raft_consensus.cc:740] T 525c2d38fa164298987289742e8c142b P 7f4a00baf79b4d6980b4263f45c63132 [term 0 FOLLOWER]: Becoming Follower/Learner. State: Replica: 7f4a00baf79b4d6980b4263f45c63132, State: Initialized, Role: FOLLOWER
I20260709 13:12:00.684957 29817 consensus_queue.cc:260] T 525c2d38fa164298987289742e8c142b P 7f4a00baf79b4d6980b4263f45c63132 [NON_LEADER]: Queue going to NON_LEADER mode. State: All replicated index: 0, Majority replicated index: 0, Committed index: 0, Last appended: 0.0, Last appended by leader: 0, Current term: 0, Majority size: -1, State: 0, Mode: NON_LEADER, active raft config: opid_index: -1 OBSOLETE_local: false peers { permanent_uuid: "7c62816030264f9aaaaaaa496fe6e1d0" member_type: VOTER last_known_addr { host: "127.27.218.1" port: 45233 } } peers { permanent_uuid: "aa9b24f094b04f87b5de3292bbc6d47e" member_type: VOTER last_known_addr { host: "127.27.218.2" port: 42901 } } peers { permanent_uuid: "7f4a00baf79b4d6980b4263f45c63132" member_type: VOTER last_known_addr { host: "127.27.218.3" port: 37571 } }
I20260709 13:12:00.683339 29824 raft_consensus.cc:515] T 3328c69292ab48eaa0b0c9fccdbb8b57 P aa9b24f094b04f87b5de3292bbc6d47e [term 0 FOLLOWER]: Starting pre-election with config: opid_index: -1 OBSOLETE_local: false peers { permanent_uuid: "7c62816030264f9aaaaaaa496fe6e1d0" member_type: VOTER last_known_addr { host: "127.27.218.1" port: 45233 } } peers { permanent_uuid: "aa9b24f094b04f87b5de3292bbc6d47e" member_type: VOTER last_known_addr { host: "127.27.218.2" port: 42901 } } peers { permanent_uuid: "7f4a00baf79b4d6980b4263f45c63132" member_type: VOTER last_known_addr { host: "127.27.218.3" port: 37571 } }
I20260709 13:12:00.686754 29816 raft_consensus.cc:359] T b351185b813a4fcfb1d1ef9c3e215e18 P aa9b24f094b04f87b5de3292bbc6d47e [term 0 FOLLOWER]: Replica starting. Triggering 0 pending ops. Active config: opid_index: -1 OBSOLETE_local: false peers { permanent_uuid: "7c62816030264f9aaaaaaa496fe6e1d0" member_type: VOTER last_known_addr { host: "127.27.218.1" port: 45233 } } peers { permanent_uuid: "aa9b24f094b04f87b5de3292bbc6d47e" member_type: VOTER last_known_addr { host: "127.27.218.2" port: 42901 } } peers { permanent_uuid: "7f4a00baf79b4d6980b4263f45c63132" member_type: VOTER last_known_addr { host: "127.27.218.3" port: 37571 } }
I20260709 13:12:00.687490 29816 raft_consensus.cc:385] T b351185b813a4fcfb1d1ef9c3e215e18 P aa9b24f094b04f87b5de3292bbc6d47e [term 0 FOLLOWER]: Consensus starting up: Expiring failure detector timer to make a prompt election more likely
I20260709 13:12:00.687783 29816 raft_consensus.cc:740] T b351185b813a4fcfb1d1ef9c3e215e18 P aa9b24f094b04f87b5de3292bbc6d47e [term 0 FOLLOWER]: Becoming Follower/Learner. State: Replica: aa9b24f094b04f87b5de3292bbc6d47e, State: Initialized, Role: FOLLOWER
I20260709 13:12:00.688537 29816 consensus_queue.cc:260] T b351185b813a4fcfb1d1ef9c3e215e18 P aa9b24f094b04f87b5de3292bbc6d47e [NON_LEADER]: Queue going to NON_LEADER mode. State: All replicated index: 0, Majority replicated index: 0, Committed index: 0, Last appended: 0.0, Last appended by leader: 0, Current term: 0, Majority size: -1, State: 0, Mode: NON_LEADER, active raft config: opid_index: -1 OBSOLETE_local: false peers { permanent_uuid: "7c62816030264f9aaaaaaa496fe6e1d0" member_type: VOTER last_known_addr { host: "127.27.218.1" port: 45233 } } peers { permanent_uuid: "aa9b24f094b04f87b5de3292bbc6d47e" member_type: VOTER last_known_addr { host: "127.27.218.2" port: 42901 } } peers { permanent_uuid: "7f4a00baf79b4d6980b4263f45c63132" member_type: VOTER last_known_addr { host: "127.27.218.3" port: 37571 } }
I20260709 13:12:00.690265 29626 tablet_service.cc:1917] Received RequestConsensusVote() RPC: tablet_id: "3328c69292ab48eaa0b0c9fccdbb8b57" candidate_uuid: "aa9b24f094b04f87b5de3292bbc6d47e" candidate_term: 1 candidate_status { last_received { term: 0 index: 0 } } ignore_live_leader: false dest_uuid: "7c62816030264f9aaaaaaa496fe6e1d0" is_pre_election: true
I20260709 13:12:00.693061 29776 tablet_service.cc:1917] Received RequestConsensusVote() RPC: tablet_id: "3328c69292ab48eaa0b0c9fccdbb8b57" candidate_uuid: "aa9b24f094b04f87b5de3292bbc6d47e" candidate_term: 1 candidate_status { last_received { term: 0 index: 0 } } ignore_live_leader: false dest_uuid: "7f4a00baf79b4d6980b4263f45c63132" is_pre_election: true
W20260709 13:12:00.694902 29665 leader_election.cc:343] T 3328c69292ab48eaa0b0c9fccdbb8b57 P aa9b24f094b04f87b5de3292bbc6d47e [CANDIDATE]: Term 1 pre-election: Tablet error from VoteRequest() call to peer 7c62816030264f9aaaaaaa496fe6e1d0 (127.27.218.1:45233): Illegal state: must be running to vote when last-logged opid is not known
W20260709 13:12:00.696254 29668 leader_election.cc:343] T 3328c69292ab48eaa0b0c9fccdbb8b57 P aa9b24f094b04f87b5de3292bbc6d47e [CANDIDATE]: Term 1 pre-election: Tablet error from VoteRequest() call to peer 7f4a00baf79b4d6980b4263f45c63132 (127.27.218.3:37571): Illegal state: must be running to vote when last-logged opid is not known
