I20260709 13:11:32.238020  5975 consensus_queue.cc:1048] T e3a7f91eb7fb4595b6365986217ad2ef P f4d47c6e49044a3aae46a7a4f36667ec [LEADER]: Connected to new peer: Peer: permanent_uuid: "231782af7534437eb72ab3e404903d0f" member_type: VOTER last_known_addr { host: "127.5.128.1" port: 35143 }, Status: LMP_MISMATCH, Last received: 0.0, Next index: 1, Last known committed idx: 0, Time since last communication: 0.000s
I20260709 13:11:32.238754  5965 raft_consensus.cc:515] T 6e500501543b4c68853a7965c9d4f03e P 40279350c0bf416d9aef80322dc56889 [term 1 FOLLOWER]: Starting leader election with config: opid_index: -1 OBSOLETE_local: false peers { permanent_uuid: "231782af7534437eb72ab3e404903d0f" member_type: VOTER last_known_addr { host: "127.5.128.1" port: 35143 } } peers { permanent_uuid: "40279350c0bf416d9aef80322dc56889" member_type: VOTER last_known_addr { host: "127.5.128.2" port: 46241 } } peers { permanent_uuid: "f4d47c6e49044a3aae46a7a4f36667ec" member_type: VOTER last_known_addr { host: "127.5.128.3" port: 43957 } }
I20260709 13:11:32.240365  5967 raft_consensus.cc:2749] T 827aa3d107534544b5f10f26e4786eac P f4d47c6e49044a3aae46a7a4f36667ec [term 1 FOLLOWER]: Leader pre-election lost for term 1. Reason: could not achieve majority
I20260709 13:11:32.242357  5765 tablet_service.cc:1917] Received RequestConsensusVote() RPC: tablet_id: "6e500501543b4c68853a7965c9d4f03e" candidate_uuid: "40279350c0bf416d9aef80322dc56889" candidate_term: 1 candidate_status { last_received { term: 0 index: 0 } } ignore_live_leader: false dest_uuid: "231782af7534437eb72ab3e404903d0f"
I20260709 13:11:32.243156  5765 raft_consensus.cc:3060] T 6e500501543b4c68853a7965c9d4f03e P 231782af7534437eb72ab3e404903d0f [term 0 FOLLOWER]: Advancing to term 1
I20260709 13:11:32.243420  5965 leader_election.cc:290] T 6e500501543b4c68853a7965c9d4f03e P 40279350c0bf416d9aef80322dc56889 [CANDIDATE]: Term 1 election: Requested vote from peers 231782af7534437eb72ab3e404903d0f (127.5.128.1:35143), f4d47c6e49044a3aae46a7a4f36667ec (127.5.128.3:43957)
I20260709 13:11:32.246326  5915 tablet_service.cc:1917] Received RequestConsensusVote() RPC: tablet_id: "6e500501543b4c68853a7965c9d4f03e" candidate_uuid: "40279350c0bf416d9aef80322dc56889" candidate_term: 1 candidate_status { last_received { term: 0 index: 0 } } ignore_live_leader: false dest_uuid: "f4d47c6e49044a3aae46a7a4f36667ec"
I20260709 13:11:32.248775  5915 raft_consensus.cc:3060] T 6e500501543b4c68853a7965c9d4f03e P f4d47c6e49044a3aae46a7a4f36667ec [term 0 FOLLOWER]: Advancing to term 1
I20260709 13:11:32.258715  5765 raft_consensus.cc:2468] T 6e500501543b4c68853a7965c9d4f03e P 231782af7534437eb72ab3e404903d0f [term 1 FOLLOWER]: Leader election vote request: Granting yes vote for candidate 40279350c0bf416d9aef80322dc56889 in term 1.
I20260709 13:11:32.260119  5807 leader_election.cc:304] T 6e500501543b4c68853a7965c9d4f03e P 40279350c0bf416d9aef80322dc56889 [CANDIDATE]: Term 1 election: Election decided. Result: candidate won. Election summary: received 2 responses out of 3 voters: 2 yes votes; 0 no votes. yes voters: 231782af7534437eb72ab3e404903d0f, 40279350c0bf416d9aef80322dc56889; no voters: 
I20260709 13:11:32.260946  5965 raft_consensus.cc:2804] T 6e500501543b4c68853a7965c9d4f03e P 40279350c0bf416d9aef80322dc56889 [term 1 FOLLOWER]: Leader election won for term 1
I20260709 13:11:32.261463  5965 raft_consensus.cc:697] T 6e500501543b4c68853a7965c9d4f03e P 40279350c0bf416d9aef80322dc56889 [term 1 LEADER]: Becoming Leader. State: Replica: 40279350c0bf416d9aef80322dc56889, State: Running, Role: LEADER
I20260709 13:11:32.262106  5965 consensus_queue.cc:237] T 6e500501543b4c68853a7965c9d4f03e P 40279350c0bf416d9aef80322dc56889 [LEADER]: Queue going to LEADER mode. State: All replicated index: 0, Majority replicated index: 0, Committed index: 0, Last appended: 0.0, Last appended by leader: 0, Current term: 1, Majority size: 2, State: 0, Mode: LEADER, active raft config: opid_index: -1 OBSOLETE_local: false peers { permanent_uuid: "231782af7534437eb72ab3e404903d0f" member_type: VOTER last_known_addr { host: "127.5.128.1" port: 35143 } } peers { permanent_uuid: "40279350c0bf416d9aef80322dc56889" member_type: VOTER last_known_addr { host: "127.5.128.2" port: 46241 } } peers { permanent_uuid: "f4d47c6e49044a3aae46a7a4f36667ec" member_type: VOTER last_known_addr { host: "127.5.128.3" port: 43957 } }
I20260709 13:11:32.271425  5765 raft_consensus.cc:3060] T 15746204c4d040de8a0564b4a0ba7427 P 231782af7534437eb72ab3e404903d0f [term 0 FOLLOWER]: Advancing to term 1
I20260709 13:11:32.279073  5915 raft_consensus.cc:2468] T 6e500501543b4c68853a7965c9d4f03e P f4d47c6e49044a3aae46a7a4f36667ec [term 1 FOLLOWER]: Leader election vote request: Granting yes vote for candidate 40279350c0bf416d9aef80322dc56889 in term 1.
I20260709 13:11:32.290989  5967 consensus_queue.cc:1048] T e3a7f91eb7fb4595b6365986217ad2ef P f4d47c6e49044a3aae46a7a4f36667ec [LEADER]: Connected to new peer: Peer: permanent_uuid: "40279350c0bf416d9aef80322dc56889" member_type: VOTER last_known_addr { host: "127.5.128.2" port: 46241 }, Status: LMP_MISMATCH, Last received: 0.0, Next index: 1, Last known committed idx: 0, Time since last communication: 0.000s
I20260709 13:11:32.302443  5965 consensus_queue.cc:1048] T 15746204c4d040de8a0564b4a0ba7427 P 40279350c0bf416d9aef80322dc56889 [LEADER]: Connected to new peer: Peer: permanent_uuid: "231782af7534437eb72ab3e404903d0f" member_type: VOTER last_known_addr { host: "127.5.128.1" port: 35143 }, Status: LMP_MISMATCH, Last received: 0.0, Next index: 1, Last known committed idx: 0, Time since last communication: 0.000s
I20260709 13:11:32.299961  5662 catalog_manager.cc:5697] T 6e500501543b4c68853a7965c9d4f03e P 40279350c0bf416d9aef80322dc56889 reported cstate change: term changed from 0 to 1, leader changed from <none> to 40279350c0bf416d9aef80322dc56889 (127.5.128.2). New cstate: current_term: 1 leader_uuid: "40279350c0bf416d9aef80322dc56889" committed_config { opid_index: -1 OBSOLETE_local: false peers { permanent_uuid: "231782af7534437eb72ab3e404903d0f" member_type: VOTER last_known_addr { host: "127.5.128.1" port: 35143 } health_report { overall_health: UNKNOWN } } peers { permanent_uuid: "40279350c0bf416d9aef80322dc56889" member_type: VOTER last_known_addr { host: "127.5.128.2" port: 46241 } health_report { overall_health: HEALTHY } } peers { permanent_uuid: "f4d47c6e49044a3aae46a7a4f36667ec" member_type: VOTER last_known_addr { host: "127.5.128.3" port: 43957 } health_report { overall_health: UNKNOWN } } }
I20260709 13:11:32.307436  5966 consensus_queue.cc:1048] T 827aa3d107534544b5f10f26e4786eac P 231782af7534437eb72ab3e404903d0f [LEADER]: Connected to new peer: Peer: permanent_uuid: "f4d47c6e49044a3aae46a7a4f36667ec" member_type: VOTER last_known_addr { host: "127.5.128.3" port: 43957 }, Status: LMP_MISMATCH, Last received: 0.0, Next index: 1, Last known committed idx: 0, Time since last communication: 0.001s
I20260709 13:11:32.331156  5988 consensus_queue.cc:1048] T 827aa3d107534544b5f10f26e4786eac P 231782af7534437eb72ab3e404903d0f [LEADER]: Connected to new peer: Peer: permanent_uuid: "40279350c0bf416d9aef80322dc56889" member_type: VOTER last_known_addr { host: "127.5.128.2" port: 46241 }, Status: LMP_MISMATCH, Last received: 0.0, Next index: 1, Last known committed idx: 0, Time since last communication: 0.000s
W20260709 13:11:32.350478  5711 auto_rebalancer.cc:288] Could not retrieve cluster info: Service unavailable: Tablet not running
I20260709 13:11:32.360301  6025 raft_consensus.cc:493] T 9d10d4c15aa44ac8ab008e817d322aac P 231782af7534437eb72ab3e404903d0f [term 0 FOLLOWER]: Starting pre-election (no leader contacted us within the election timeout)
I20260709 13:11:32.360816  6025 raft_consensus.cc:515] T 9d10d4c15aa44ac8ab008e817d322aac P 231782af7534437eb72ab3e404903d0f [term 0 FOLLOWER]: Starting pre-election with config: opid_index: -1 OBSOLETE_local: false peers { permanent_uuid: "231782af7534437eb72ab3e404903d0f" member_type: VOTER last_known_addr { host: "127.5.128.1" port: 35143 } } peers { permanent_uuid: "40279350c0bf416d9aef80322dc56889" member_type: VOTER last_known_addr { host: "127.5.128.2" port: 46241 } } peers { permanent_uuid: "f4d47c6e49044a3aae46a7a4f36667ec" member_type: VOTER last_known_addr { host: "127.5.128.3" port: 43957 } }
I20260709 13:11:32.362526  6025 leader_election.cc:290] T 9d10d4c15aa44ac8ab008e817d322aac P 231782af7534437eb72ab3e404903d0f [CANDIDATE]: Term 1 pre-election: Requested pre-vote from peers 40279350c0bf416d9aef80322dc56889 (127.5.128.2:46241), f4d47c6e49044a3aae46a7a4f36667ec (127.5.128.3:43957)
I20260709 13:11:32.363647  5841 tablet_service.cc:1917] Received RequestConsensusVote() RPC: tablet_id: "9d10d4c15aa44ac8ab008e817d322aac" candidate_uuid: "231782af7534437eb72ab3e404903d0f" candidate_term: 1 candidate_status { last_received { term: 0 index: 0 } } ignore_live_leader: false dest_uuid: "40279350c0bf416d9aef80322dc56889" is_pre_election: true
I20260709 13:11:32.363646  5916 tablet_service.cc:1917] Received RequestConsensusVote() RPC: tablet_id: "9d10d4c15aa44ac8ab008e817d322aac" candidate_uuid: "231782af7534437eb72ab3e404903d0f" candidate_term: 1 candidate_status { last_received { term: 0 index: 0 } } ignore_live_leader: false dest_uuid: "f4d47c6e49044a3aae46a7a4f36667ec" is_pre_election: true
I20260709 13:11:32.364653  5916 raft_consensus.cc:2393] T 9d10d4c15aa44ac8ab008e817d322aac P f4d47c6e49044a3aae46a7a4f36667ec [term 1 FOLLOWER]: Leader pre-election vote request: Denying vote to candidate 231782af7534437eb72ab3e404903d0f in current term 1: Already voted for candidate 40279350c0bf416d9aef80322dc56889 in this term.
I20260709 13:11:32.365648  5731 leader_election.cc:304] T 9d10d4c15aa44ac8ab008e817d322aac P 231782af7534437eb72ab3e404903d0f [CANDIDATE]: Term 1 pre-election: Election decided. Result: candidate lost. Election summary: received 3 responses out of 3 voters: 1 yes votes; 2 no votes. yes voters: 231782af7534437eb72ab3e404903d0f; no voters: 40279350c0bf416d9aef80322dc56889, f4d47c6e49044a3aae46a7a4f36667ec
I20260709 13:11:32.366410  6025 raft_consensus.cc:3060] T 9d10d4c15aa44ac8ab008e817d322aac P 231782af7534437eb72ab3e404903d0f [term 0 FOLLOWER]: Advancing to term 1
I20260709 13:11:32.371125  6025 raft_consensus.cc:2749] T 9d10d4c15aa44ac8ab008e817d322aac P 231782af7534437eb72ab3e404903d0f [term 1 FOLLOWER]: Leader pre-election lost for term 1. Reason: could not achieve majority
I20260709 13:11:32.391570  6025 consensus_queue.cc:1048] T 65bc38e71f1d43be901e7448c3e5a6a1 P 231782af7534437eb72ab3e404903d0f [LEADER]: Connected to new peer: Peer: permanent_uuid: "f4d47c6e49044a3aae46a7a4f36667ec" member_type: VOTER last_known_addr { host: "127.5.128.3" port: 43957 }, Status: LMP_MISMATCH, Last received: 0.0, Next index: 1, Last known committed idx: 0, Time since last communication: 0.000s
I20260709 13:11:32.403640  5988 consensus_queue.cc:1048] T 65bc38e71f1d43be901e7448c3e5a6a1 P 231782af7534437eb72ab3e404903d0f [LEADER]: Connected to new peer: Peer: permanent_uuid: "40279350c0bf416d9aef80322dc56889" member_type: VOTER last_known_addr { host: "127.5.128.2" port: 46241 }, Status: LMP_MISMATCH, Last received: 0.0, Next index: 1, Last known committed idx: 0, Time since last communication: 0.000s
I20260709 13:11:32.426414  5988 raft_consensus.cc:493] T ef6a233391654eedbcf85e670b08607f P 231782af7534437eb72ab3e404903d0f [term 0 FOLLOWER]: Starting pre-election (no leader contacted us within the election timeout)
I20260709 13:11:32.426959  5988 raft_consensus.cc:515] T ef6a233391654eedbcf85e670b08607f P 231782af7534437eb72ab3e404903d0f [term 0 FOLLOWER]: Starting pre-election with config: opid_index: -1 OBSOLETE_local: false peers { permanent_uuid: "231782af7534437eb72ab3e404903d0f" member_type: VOTER last_known_addr { host: "127.5.128.1" port: 35143 } } peers { permanent_uuid: "40279350c0bf416d9aef80322dc56889" member_type: VOTER last_known_addr { host: "127.5.128.2" port: 46241 } } peers { permanent_uuid: "f4d47c6e49044a3aae46a7a4f36667ec" member_type: VOTER last_known_addr { host: "127.5.128.3" port: 43957 } }
I20260709 13:11:32.429253  5988 leader_election.cc:290] T ef6a233391654eedbcf85e670b08607f P 231782af7534437eb72ab3e404903d0f [CANDIDATE]: Term 1 pre-election: Requested pre-vote from peers 40279350c0bf416d9aef80322dc56889 (127.5.128.2:46241), f4d47c6e49044a3aae46a7a4f36667ec (127.5.128.3:43957)
I20260709 13:11:32.430325  5841 tablet_service.cc:1917] Received RequestConsensusVote() RPC: tablet_id: "ef6a233391654eedbcf85e670b08607f" candidate_uuid: "231782af7534437eb72ab3e404903d0f" candidate_term: 1 candidate_status { last_received { term: 0 index: 0 } } ignore_live_leader: false dest_uuid: "40279350c0bf416d9aef80322dc56889" is_pre_election: true
I20260709 13:11:32.430387  5916 tablet_service.cc:1917] Received RequestConsensusVote() RPC: tablet_id: "ef6a233391654eedbcf85e670b08607f" candidate_uuid: "231782af7534437eb72ab3e404903d0f" candidate_term: 1 candidate_status { last_received { term: 0 index: 0 } } ignore_live_leader: false dest_uuid: "f4d47c6e49044a3aae46a7a4f36667ec" is_pre_election: true
I20260709 13:11:32.431207  5916 raft_consensus.cc:2393] T ef6a233391654eedbcf85e670b08607f P f4d47c6e49044a3aae46a7a4f36667ec [term 1 FOLLOWER]: Leader pre-election vote request: Denying vote to candidate 231782af7534437eb72ab3e404903d0f in current term 1: Already voted for candidate 40279350c0bf416d9aef80322dc56889 in this term.
I20260709 13:11:32.432126  5731 leader_election.cc:304] T ef6a233391654eedbcf85e670b08607f P 231782af7534437eb72ab3e404903d0f [CANDIDATE]: Term 1 pre-election: Election decided. Result: candidate lost. Election summary: received 3 responses out of 3 voters: 1 yes votes; 2 no votes. yes voters: 231782af7534437eb72ab3e404903d0f; no voters: 40279350c0bf416d9aef80322dc56889, f4d47c6e49044a3aae46a7a4f36667ec
I20260709 13:11:32.432832  5988 raft_consensus.cc:3060] T ef6a233391654eedbcf85e670b08607f P 231782af7534437eb72ab3e404903d0f [term 0 FOLLOWER]: Advancing to term 1
I20260709 13:11:32.439851  5988 raft_consensus.cc:2749] T ef6a233391654eedbcf85e670b08607f P 231782af7534437eb72ab3e404903d0f [term 1 FOLLOWER]: Leader pre-election lost for term 1. Reason: could not achieve majority
I20260709 13:11:32.519546  5965 consensus_queue.cc:1048] T 9d10d4c15aa44ac8ab008e817d322aac P 40279350c0bf416d9aef80322dc56889 [LEADER]: Connected to new peer: Peer: permanent_uuid: "231782af7534437eb72ab3e404903d0f" member_type: VOTER last_known_addr { host: "127.5.128.1" port: 35143 }, Status: LMP_MISMATCH, Last received: 0.0, Next index: 1, Last known committed idx: 0, Time since last communication: 0.000s
I20260709 13:11:32.530310  5992 consensus_queue.cc:1048] T 9d10d4c15aa44ac8ab008e817d322aac P 40279350c0bf416d9aef80322dc56889 [LEADER]: Connected to new peer: Peer: permanent_uuid: "f4d47c6e49044a3aae46a7a4f36667ec" member_type: VOTER last_known_addr { host: "127.5.128.3" port: 43957 }, Status: LMP_MISMATCH, Last received: 0.0, Next index: 1, Last known committed idx: 0, Time since last communication: 0.001s
I20260709 13:11:32.567773  5992 raft_consensus.cc:493] T 13f37d94bcb04ba79781b1b431ee2307 P 40279350c0bf416d9aef80322dc56889 [term 0 FOLLOWER]: Starting pre-election (no leader contacted us within the election timeout)
I20260709 13:11:32.568349  5992 raft_consensus.cc:515] T 13f37d94bcb04ba79781b1b431ee2307 P 40279350c0bf416d9aef80322dc56889 [term 0 FOLLOWER]: Starting pre-election with config: opid_index: -1 OBSOLETE_local: false peers { permanent_uuid: "231782af7534437eb72ab3e404903d0f" member_type: VOTER last_known_addr { host: "127.5.128.1" port: 35143 } } peers { permanent_uuid: "40279350c0bf416d9aef80322dc56889" member_type: VOTER last_known_addr { host: "127.5.128.2" port: 46241 } } peers { permanent_uuid: "f4d47c6e49044a3aae46a7a4f36667ec" member_type: VOTER last_known_addr { host: "127.5.128.3" port: 43957 } }
I20260709 13:11:32.571069  5992 leader_election.cc:290] T 13f37d94bcb04ba79781b1b431ee2307 P 40279350c0bf416d9aef80322dc56889 [CANDIDATE]: Term 1 pre-election: Requested pre-vote from peers 231782af7534437eb72ab3e404903d0f (127.5.128.1:35143), f4d47c6e49044a3aae46a7a4f36667ec (127.5.128.3:43957)
I20260709 13:11:32.571413  5765 tablet_service.cc:1917] Received RequestConsensusVote() RPC: tablet_id: "13f37d94bcb04ba79781b1b431ee2307" candidate_uuid: "40279350c0bf416d9aef80322dc56889" candidate_term: 1 candidate_status { last_received { term: 0 index: 0 } } ignore_live_leader: false dest_uuid: "231782af7534437eb72ab3e404903d0f" is_pre_election: true
I20260709 13:11:32.571731  5916 tablet_service.cc:1917] Received RequestConsensusVote() RPC: tablet_id: "13f37d94bcb04ba79781b1b431ee2307" candidate_uuid: "40279350c0bf416d9aef80322dc56889" candidate_term: 1 candidate_status { last_received { term: 0 index: 0 } } ignore_live_leader: false dest_uuid: "f4d47c6e49044a3aae46a7a4f36667ec" is_pre_election: true
I20260709 13:11:32.572131  5765 raft_consensus.cc:2468] T 13f37d94bcb04ba79781b1b431ee2307 P 231782af7534437eb72ab3e404903d0f [term 0 FOLLOWER]: Leader pre-election vote request: Granting yes vote for candidate 40279350c0bf416d9aef80322dc56889 in term 0.
I20260709 13:11:32.572309  5916 raft_consensus.cc:2468] T 13f37d94bcb04ba79781b1b431ee2307 P f4d47c6e49044a3aae46a7a4f36667ec [term 0 FOLLOWER]: Leader pre-election vote request: Granting yes vote for candidate 40279350c0bf416d9aef80322dc56889 in term 0.
I20260709 13:11:32.573333  5807 leader_election.cc:304] T 13f37d94bcb04ba79781b1b431ee2307 P 40279350c0bf416d9aef80322dc56889 [CANDIDATE]: Term 1 pre-election: Election decided. Result: candidate won. Election summary: received 2 responses out of 3 voters: 2 yes votes; 0 no votes. yes voters: 231782af7534437eb72ab3e404903d0f, 40279350c0bf416d9aef80322dc56889; no voters: 
I20260709 13:11:32.574131  5992 raft_consensus.cc:2804] T 13f37d94bcb04ba79781b1b431ee2307 P 40279350c0bf416d9aef80322dc56889 [term 0 FOLLOWER]: Leader pre-election won for term 1
I20260709 13:11:32.574502  5992 raft_consensus.cc:493] T 13f37d94bcb04ba79781b1b431ee2307 P 40279350c0bf416d9aef80322dc56889 [term 0 FOLLOWER]: Starting leader election (no leader contacted us within the election timeout)
I20260709 13:11:32.574777  5992 raft_consensus.cc:3060] T 13f37d94bcb04ba79781b1b431ee2307 P 40279350c0bf416d9aef80322dc56889 [term 0 FOLLOWER]: Advancing to term 1
I20260709 13:11:32.579645  5992 raft_consensus.cc:515] T 13f37d94bcb04ba79781b1b431ee2307 P 40279350c0bf416d9aef80322dc56889 [term 1 FOLLOWER]: Starting leader election with config: opid_index: -1 OBSOLETE_local: false peers { permanent_uuid: "231782af7534437eb72ab3e404903d0f" member_type: VOTER last_known_addr { host: "127.5.128.1" port: 35143 } } peers { permanent_uuid: "40279350c0bf416d9aef80322dc56889" member_type: VOTER last_known_addr { host: "127.5.128.2" port: 46241 } } peers { permanent_uuid: "f4d47c6e49044a3aae46a7a4f36667ec" member_type: VOTER last_known_addr { host: "127.5.128.3" port: 43957 } }
I20260709 13:11:32.581490  5992 leader_election.cc:290] T 13f37d94bcb04ba79781b1b431ee2307 P 40279350c0bf416d9aef80322dc56889 [CANDIDATE]: Term 1 election: Requested vote from peers 231782af7534437eb72ab3e404903d0f (127.5.128.1:35143), f4d47c6e49044a3aae46a7a4f36667ec (127.5.128.3:43957)
I20260709 13:11:32.582360  5765 tablet_service.cc:1917] Received RequestConsensusVote() RPC: tablet_id: "13f37d94bcb04ba79781b1b431ee2307" candidate_uuid: "40279350c0bf416d9aef80322dc56889" candidate_term: 1 candidate_status { last_received { term: 0 index: 0 } } ignore_live_leader: false dest_uuid: "231782af7534437eb72ab3e404903d0f"
I20260709 13:11:32.582597  5916 tablet_service.cc:1917] Received RequestConsensusVote() RPC: tablet_id: "13f37d94bcb04ba79781b1b431ee2307" candidate_uuid: "40279350c0bf416d9aef80322dc56889" candidate_term: 1 candidate_status { last_received { term: 0 index: 0 } } ignore_live_leader: false dest_uuid: "f4d47c6e49044a3aae46a7a4f36667ec"
I20260709 13:11:32.582901  5765 raft_consensus.cc:3060] T 13f37d94bcb04ba79781b1b431ee2307 P 231782af7534437eb72ab3e404903d0f [term 0 FOLLOWER]: Advancing to term 1
I20260709 13:11:32.583211  5916 raft_consensus.cc:3060] T 13f37d94bcb04ba79781b1b431ee2307 P f4d47c6e49044a3aae46a7a4f36667ec [term 0 FOLLOWER]: Advancing to term 1
I20260709 13:11:32.587702  5765 raft_consensus.cc:2468] T 13f37d94bcb04ba79781b1b431ee2307 P 231782af7534437eb72ab3e404903d0f [term 1 FOLLOWER]: Leader election vote request: Granting yes vote for candidate 40279350c0bf416d9aef80322dc56889 in term 1.
I20260709 13:11:32.588819  5807 leader_election.cc:304] T 13f37d94bcb04ba79781b1b431ee2307 P 40279350c0bf416d9aef80322dc56889 [CANDIDATE]: Term 1 election: Election decided. Result: candidate won. Election summary: received 2 responses out of 3 voters: 2 yes votes; 0 no votes. yes voters: 231782af7534437eb72ab3e404903d0f, 40279350c0bf416d9aef80322dc56889; no voters: 
I20260709 13:11:32.589538  5992 raft_consensus.cc:2804] T 13f37d94bcb04ba79781b1b431ee2307 P 40279350c0bf416d9aef80322dc56889 [term 1 FOLLOWER]: Leader election won for term 1
I20260709 13:11:32.590261  5916 raft_consensus.cc:2468] T 13f37d94bcb04ba79781b1b431ee2307 P f4d47c6e49044a3aae46a7a4f36667ec [term 1 FOLLOWER]: Leader election vote request: Granting yes vote for candidate 40279350c0bf416d9aef80322dc56889 in term 1.
I20260709 13:11:32.589989  5992 raft_consensus.cc:697] T 13f37d94bcb04ba79781b1b431ee2307 P 40279350c0bf416d9aef80322dc56889 [term 1 LEADER]: Becoming Leader. State: Replica: 40279350c0bf416d9aef80322dc56889, State: Running, Role: LEADER
I20260709 13:11:32.591375  5992 consensus_queue.cc:237] T 13f37d94bcb04ba79781b1b431ee2307 P 40279350c0bf416d9aef80322dc56889 [LEADER]: Queue going to LEADER mode. State: All replicated index: 0, Majority replicated index: 0, Committed index: 0, Last appended: 0.0, Last appended by leader: 0, Current term: 1, Majority size: 2, State: 0, Mode: LEADER, active raft config: opid_index: -1 OBSOLETE_local: false peers { permanent_uuid: "231782af7534437eb72ab3e404903d0f" member_type: VOTER last_known_addr { host: "127.5.128.1" port: 35143 } } peers { permanent_uuid: "40279350c0bf416d9aef80322dc56889" member_type: VOTER last_known_addr { host: "127.5.128.2" port: 46241 } } peers { permanent_uuid: "f4d47c6e49044a3aae46a7a4f36667ec" member_type: VOTER last_known_addr { host: "127.5.128.3" port: 43957 } }
I20260709 13:11:32.600366  5662 catalog_manager.cc:5697] T 13f37d94bcb04ba79781b1b431ee2307 P 40279350c0bf416d9aef80322dc56889 reported cstate change: term changed from 0 to 1, leader changed from <none> to 40279350c0bf416d9aef80322dc56889 (127.5.128.2). New cstate: current_term: 1 leader_uuid: "40279350c0bf416d9aef80322dc56889" committed_config { opid_index: -1 OBSOLETE_local: false peers { permanent_uuid: "231782af7534437eb72ab3e404903d0f" member_type: VOTER last_known_addr { host: "127.5.128.1" port: 35143 } health_report { overall_health: UNKNOWN } } peers { permanent_uuid: "40279350c0bf416d9aef80322dc56889" member_type: VOTER last_known_addr { host: "127.5.128.2" port: 46241 } health_report { overall_health: HEALTHY } } peers { permanent_uuid: "f4d47c6e49044a3aae46a7a4f36667ec" member_type: VOTER last_known_addr { host: "127.5.128.3" port: 43957 } health_report { overall_health: UNKNOWN } } }
I20260709 13:11:32.612663  5992 consensus_queue.cc:1048] T ef6a233391654eedbcf85e670b08607f P 40279350c0bf416d9aef80322dc56889 [LEADER]: Connected to new peer: Peer: permanent_uuid: "f4d47c6e49044a3aae46a7a4f36667ec" member_type: VOTER last_known_addr { host: "127.5.128.3" port: 43957 }, Status: LMP_MISMATCH, Last received: 0.0, Next index: 1, Last known committed idx: 0, Time since last communication: 0.000s
I20260709 13:11:32.623807  5994 consensus_queue.cc:1048] T ef6a233391654eedbcf85e670b08607f P 40279350c0bf416d9aef80322dc56889 [LEADER]: Connected to new peer: Peer: permanent_uuid: "231782af7534437eb72ab3e404903d0f" member_type: VOTER last_known_addr { host: "127.5.128.1" port: 35143 }, Status: LMP_MISMATCH, Last received: 0.0, Next index: 1, Last known committed idx: 0, Time since last communication: 0.000s
I20260709 13:11:32.820852  5965 consensus_queue.cc:1048] T 6e500501543b4c68853a7965c9d4f03e P 40279350c0bf416d9aef80322dc56889 [LEADER]: Connected to new peer: Peer: permanent_uuid: "231782af7534437eb72ab3e404903d0f" member_type: VOTER last_known_addr { host: "127.5.128.1" port: 35143 }, Status: LMP_MISMATCH, Last received: 0.0, Next index: 1, Last known committed idx: 0, Time since last communication: 0.000s
I20260709 13:11:32.832497  5992 consensus_queue.cc:1048] T 6e500501543b4c68853a7965c9d4f03e P 40279350c0bf416d9aef80322dc56889 [LEADER]: Connected to new peer: Peer: permanent_uuid: "f4d47c6e49044a3aae46a7a4f36667ec" member_type: VOTER last_known_addr { host: "127.5.128.3" port: 43957 }, Status: LMP_MISMATCH, Last received: 0.0, Next index: 1, Last known committed idx: 0, Time since last communication: 0.001s
I20260709 13:11:32.900111  5841 tablet_service.cc:2072] Received LeaderStepDown RPC: tablet_id: "15746204c4d040de8a0564b4a0ba7427"
dest_uuid: "40279350c0bf416d9aef80322dc56889"
mode: GRACEFUL
new_leader_uuid: "231782af7534437eb72ab3e404903d0f"
 from {username='slave'} at 127.0.0.1:58634
I20260709 13:11:32.900811  5841 raft_consensus.cc:606] T 15746204c4d040de8a0564b4a0ba7427 P 40279350c0bf416d9aef80322dc56889 [term 1 LEADER]: Received request to transfer leadership to TS 231782af7534437eb72ab3e404903d0f
I20260709 13:11:32.909446  5841 tablet_service.cc:2072] Received LeaderStepDown RPC: tablet_id: "9d10d4c15aa44ac8ab008e817d322aac"
dest_uuid: "40279350c0bf416d9aef80322dc56889"
mode: GRACEFUL
new_leader_uuid: "231782af7534437eb72ab3e404903d0f"
 from {username='slave'} at 127.0.0.1:58634
I20260709 13:11:32.910084  5841 raft_consensus.cc:606] T 9d10d4c15aa44ac8ab008e817d322aac P 40279350c0bf416d9aef80322dc56889 [term 1 LEADER]: Received request to transfer leadership to TS 231782af7534437eb72ab3e404903d0f
I20260709 13:11:32.945554  5916 tablet_service.cc:2072] Received LeaderStepDown RPC: tablet_id: "5ba313ac104a4bcb8d71554d2bfd4619"
dest_uuid: "f4d47c6e49044a3aae46a7a4f36667ec"
mode: GRACEFUL
new_leader_uuid: "231782af7534437eb72ab3e404903d0f"
 from {username='slave'} at 127.0.0.1:56954
I20260709 13:11:32.946085  5916 raft_consensus.cc:606] T 5ba313ac104a4bcb8d71554d2bfd4619 P f4d47c6e49044a3aae46a7a4f36667ec [term 1 LEADER]: Received request to transfer leadership to TS 231782af7534437eb72ab3e404903d0f
I20260709 13:11:32.961062  5765 tablet_service.cc:2072] Received LeaderStepDown RPC: tablet_id: "827aa3d107534544b5f10f26e4786eac"
dest_uuid: "231782af7534437eb72ab3e404903d0f"
mode: GRACEFUL
new_leader_uuid: "40279350c0bf416d9aef80322dc56889"
 from {username='slave'} at 127.0.0.1:45492
I20260709 13:11:32.961704  5765 raft_consensus.cc:606] T 827aa3d107534544b5f10f26e4786eac P 231782af7534437eb72ab3e404903d0f [term 1 LEADER]: Received request to transfer leadership to TS 40279350c0bf416d9aef80322dc56889
I20260709 13:11:32.969362  5916 tablet_service.cc:2072] Received LeaderStepDown RPC: tablet_id: "e3a7f91eb7fb4595b6365986217ad2ef"
dest_uuid: "f4d47c6e49044a3aae46a7a4f36667ec"
mode: GRACEFUL
new_leader_uuid: "40279350c0bf416d9aef80322dc56889"
 from {username='slave'} at 127.0.0.1:56954
I20260709 13:11:32.969921  5916 raft_consensus.cc:606] T e3a7f91eb7fb4595b6365986217ad2ef P f4d47c6e49044a3aae46a7a4f36667ec [term 1 LEADER]: Received request to transfer leadership to TS 40279350c0bf416d9aef80322dc56889
I20260709 13:11:32.979466  5992 raft_consensus.cc:993] T 9d10d4c15aa44ac8ab008e817d322aac P 40279350c0bf416d9aef80322dc56889: : Instructing follower 231782af7534437eb72ab3e404903d0f to start an election
I20260709 13:11:32.979928  5965 raft_consensus.cc:1081] T 9d10d4c15aa44ac8ab008e817d322aac P 40279350c0bf416d9aef80322dc56889 [term 1 LEADER]: Signalling peer 231782af7534437eb72ab3e404903d0f to start an election
I20260709 13:11:32.980751  5841 tablet_service.cc:2072] Received LeaderStepDown RPC: tablet_id: "13f37d94bcb04ba79781b1b431ee2307"
dest_uuid: "40279350c0bf416d9aef80322dc56889"
mode: GRACEFUL
new_leader_uuid: "f4d47c6e49044a3aae46a7a4f36667ec"
 from {username='slave'} at 127.0.0.1:58634
I20260709 13:11:32.981374  5841 raft_consensus.cc:606] T 13f37d94bcb04ba79781b1b431ee2307 P 40279350c0bf416d9aef80322dc56889 [term 1 LEADER]: Received request to transfer leadership to TS f4d47c6e49044a3aae46a7a4f36667ec
I20260709 13:11:32.981582  5765 tablet_service.cc:2044] Received Run Leader Election RPC: tablet_id: "9d10d4c15aa44ac8ab008e817d322aac"
dest_uuid: "231782af7534437eb72ab3e404903d0f"
 from {username='slave'} at 127.0.0.1:45490
I20260709 13:11:32.982194  5765 raft_consensus.cc:493] T 9d10d4c15aa44ac8ab008e817d322aac P 231782af7534437eb72ab3e404903d0f [term 1 FOLLOWER]: Starting forced leader election (received explicit request)
I20260709 13:11:32.982580  5765 raft_consensus.cc:3060] T 9d10d4c15aa44ac8ab008e817d322aac P 231782af7534437eb72ab3e404903d0f [term 1 FOLLOWER]: Advancing to term 2
I20260709 13:11:32.987416  5765 raft_consensus.cc:515] T 9d10d4c15aa44ac8ab008e817d322aac P 231782af7534437eb72ab3e404903d0f [term 2 FOLLOWER]: Starting forced leader election with config: opid_index: -1 OBSOLETE_local: false peers { permanent_uuid: "231782af7534437eb72ab3e404903d0f" member_type: VOTER last_known_addr { host: "127.5.128.1" port: 35143 } } peers { permanent_uuid: "40279350c0bf416d9aef80322dc56889" member_type: VOTER last_known_addr { host: "127.5.128.2" port: 46241 } } peers { permanent_uuid: "f4d47c6e49044a3aae46a7a4f36667ec" member_type: VOTER last_known_addr { host: "127.5.128.3" port: 43957 } }
I20260709 13:11:32.989426  5765 leader_election.cc:290] T 9d10d4c15aa44ac8ab008e817d322aac P 231782af7534437eb72ab3e404903d0f [CANDIDATE]: Term 2 election: Requested vote from peers 40279350c0bf416d9aef80322dc56889 (127.5.128.2:46241), f4d47c6e49044a3aae46a7a4f36667ec (127.5.128.3:43957)
I20260709 13:11:32.990175  5841 tablet_service.cc:1917] Received RequestConsensusVote() RPC: tablet_id: "9d10d4c15aa44ac8ab008e817d322aac" candidate_uuid: "231782af7534437eb72ab3e404903d0f" candidate_term: 2 candidate_status { last_received { term: 1 index: 1 } } ignore_live_leader: true dest_uuid: "40279350c0bf416d9aef80322dc56889"
I20260709 13:11:32.990621  5916 tablet_service.cc:1917] Received RequestConsensusVote() RPC: tablet_id: "9d10d4c15aa44ac8ab008e817d322aac" candidate_uuid: "231782af7534437eb72ab3e404903d0f" candidate_term: 2 candidate_status { last_received { term: 1 index: 1 } } ignore_live_leader: true dest_uuid: "f4d47c6e49044a3aae46a7a4f36667ec"
I20260709 13:11:32.990795  5841 raft_consensus.cc:3055] T 9d10d4c15aa44ac8ab008e817d322aac P 40279350c0bf416d9aef80322dc56889 [term 1 LEADER]: Stepping down as leader of term 1
I20260709 13:11:32.991165  5841 raft_consensus.cc:740] T 9d10d4c15aa44ac8ab008e817d322aac P 40279350c0bf416d9aef80322dc56889 [term 1 LEADER]: Becoming Follower/Learner. State: Replica: 40279350c0bf416d9aef80322dc56889, State: Running, Role: LEADER
I20260709 13:11:32.991158  5916 raft_consensus.cc:3060] T 9d10d4c15aa44ac8ab008e817d322aac P f4d47c6e49044a3aae46a7a4f36667ec [term 1 FOLLOWER]: Advancing to term 2
I20260709 13:11:32.992144  5841 consensus_queue.cc:260] T 9d10d4c15aa44ac8ab008e817d322aac P 40279350c0bf416d9aef80322dc56889 [NON_LEADER]: Queue going to NON_LEADER mode. State: All replicated index: 0, Majority replicated index: 1, Committed index: 1, Last appended: 1.1, Last appended by leader: 1, Current term: 1, Majority size: -1, State: 0, Mode: NON_LEADER, active raft config: opid_index: -1 OBSOLETE_local: false peers { permanent_uuid: "231782af7534437eb72ab3e404903d0f" member_type: VOTER last_known_addr { host: "127.5.128.1" port: 35143 } } peers { permanent_uuid: "40279350c0bf416d9aef80322dc56889" member_type: VOTER last_known_addr { host: "127.5.128.2" port: 46241 } } peers { permanent_uuid: "f4d47c6e49044a3aae46a7a4f36667ec" member_type: VOTER last_known_addr { host: "127.5.128.3" port: 43957 } }
I20260709 13:11:32.993566  5841 raft_consensus.cc:3060] T 9d10d4c15aa44ac8ab008e817d322aac P 40279350c0bf416d9aef80322dc56889 [term 1 FOLLOWER]: Advancing to term 2
I20260709 13:11:32.996062  5916 raft_consensus.cc:2468] T 9d10d4c15aa44ac8ab008e817d322aac P f4d47c6e49044a3aae46a7a4f36667ec [term 2 FOLLOWER]: Leader election vote request: Granting yes vote for candidate 231782af7534437eb72ab3e404903d0f in term 2.
I20260709 13:11:32.997150  5731 leader_election.cc:304] T 9d10d4c15aa44ac8ab008e817d322aac P 231782af7534437eb72ab3e404903d0f [CANDIDATE]: Term 2 election: Election decided. Result: candidate won. Election summary: received 2 responses out of 3 voters: 2 yes votes; 0 no votes. yes voters: 231782af7534437eb72ab3e404903d0f, f4d47c6e49044a3aae46a7a4f36667ec; no voters: 
I20260709 13:11:32.997826  6040 raft_consensus.cc:2804] T 9d10d4c15aa44ac8ab008e817d322aac P 231782af7534437eb72ab3e404903d0f [term 2 FOLLOWER]: Leader election won for term 2
I20260709 13:11:32.998255  6040 raft_consensus.cc:697] T 9d10d4c15aa44ac8ab008e817d322aac P 231782af7534437eb72ab3e404903d0f [term 2 LEADER]: Becoming Leader. State: Replica: 231782af7534437eb72ab3e404903d0f, State: Running, Role: LEADER
I20260709 13:11:32.999089  6040 consensus_queue.cc:237] T 9d10d4c15aa44ac8ab008e817d322aac P 231782af7534437eb72ab3e404903d0f [LEADER]: Queue going to LEADER mode. State: All replicated index: 0, Majority replicated index: 1, Committed index: 1, Last appended: 1.1, Last appended by leader: 1, Current term: 2, Majority size: 2, State: 0, Mode: LEADER, active raft config: opid_index: -1 OBSOLETE_local: false peers { permanent_uuid: "231782af7534437eb72ab3e404903d0f" member_type: VOTER last_known_addr { host: "127.5.128.1" port: 35143 } } peers { permanent_uuid: "40279350c0bf416d9aef80322dc56889" member_type: VOTER last_known_addr { host: "127.5.128.2" port: 46241 } } peers { permanent_uuid: "f4d47c6e49044a3aae46a7a4f36667ec" member_type: VOTER last_known_addr { host: "127.5.128.3" port: 43957 } }
I20260709 13:11:33.000087  5841 raft_consensus.cc:2468] T 9d10d4c15aa44ac8ab008e817d322aac P 40279350c0bf416d9aef80322dc56889 [term 2 FOLLOWER]: Leader election vote request: Granting yes vote for candidate 231782af7534437eb72ab3e404903d0f in term 2.
I20260709 13:11:33.005836  5662 catalog_manager.cc:5697] T 9d10d4c15aa44ac8ab008e817d322aac P 231782af7534437eb72ab3e404903d0f reported cstate change: term changed from 1 to 2, leader changed from 40279350c0bf416d9aef80322dc56889 (127.5.128.2) to 231782af7534437eb72ab3e404903d0f (127.5.128.1). New cstate: current_term: 2 leader_uuid: "231782af7534437eb72ab3e404903d0f" committed_config { opid_index: -1 OBSOLETE_local: false peers { permanent_uuid: "231782af7534437eb72ab3e404903d0f" member_type: VOTER last_known_addr { host: "127.5.128.1" port: 35143 } health_report { overall_health: HEALTHY } } peers { permanent_uuid: "40279350c0bf416d9aef80322dc56889" member_type: VOTER last_known_addr { host: "127.5.128.2" port: 46241 } health_report { overall_health: UNKNOWN } } peers { permanent_uuid: "f4d47c6e49044a3aae46a7a4f36667ec" member_type: VOTER last_known_addr { host: "127.5.128.3" port: 43957 } health_report { overall_health: UNKNOWN } } }
I20260709 13:11:33.038302  5989 raft_consensus.cc:993] T 5ba313ac104a4bcb8d71554d2bfd4619 P f4d47c6e49044a3aae46a7a4f36667ec: : Instructing follower 231782af7534437eb72ab3e404903d0f to start an election
I20260709 13:11:33.038789  5967 raft_consensus.cc:1081] T 5ba313ac104a4bcb8d71554d2bfd4619 P f4d47c6e49044a3aae46a7a4f36667ec [term 1 LEADER]: Signalling peer 231782af7534437eb72ab3e404903d0f to start an election
I20260709 13:11:33.040352  5765 tablet_service.cc:2044] Received Run Leader Election RPC: tablet_id: "5ba313ac104a4bcb8d71554d2bfd4619"
dest_uuid: "231782af7534437eb72ab3e404903d0f"
 from {username='slave'} at 127.0.0.1:45480
I20260709 13:11:33.040922  5765 raft_consensus.cc:493] T 5ba313ac104a4bcb8d71554d2bfd4619 P 231782af7534437eb72ab3e404903d0f [term 1 FOLLOWER]: Starting forced leader election (received explicit request)
I20260709 13:11:33.041234  5765 raft_consensus.cc:3060] T 5ba313ac104a4bcb8d71554d2bfd4619 P 231782af7534437eb72ab3e404903d0f [term 1 FOLLOWER]: Advancing to term 2
I20260709 13:11:33.046111  5765 raft_consensus.cc:515] T 5ba313ac104a4bcb8d71554d2bfd4619 P 231782af7534437eb72ab3e404903d0f [term 2 FOLLOWER]: Starting forced leader election with config: opid_index: -1 OBSOLETE_local: false peers { permanent_uuid: "231782af7534437eb72ab3e404903d0f" member_type: VOTER last_known_addr { host: "127.5.128.1" port: 35143 } } peers { permanent_uuid: "40279350c0bf416d9aef80322dc56889" member_type: VOTER last_known_addr { host: "127.5.128.2" port: 46241 } } peers { permanent_uuid: "f4d47c6e49044a3aae46a7a4f36667ec" member_type: VOTER last_known_addr { host: "127.5.128.3" port: 43957 } }
I20260709 13:11:33.048681  5841 tablet_service.cc:1917] Received RequestConsensusVote() RPC: tablet_id: "5ba313ac104a4bcb8d71554d2bfd4619" candidate_uuid: "231782af7534437eb72ab3e404903d0f" candidate_term: 2 candidate_status { last_received { term: 1 index: 1 } } ignore_live_leader: true dest_uuid: "40279350c0bf416d9aef80322dc56889"
I20260709 13:11:33.049430  5841 raft_consensus.cc:3060] T 5ba313ac104a4bcb8d71554d2bfd4619 P 40279350c0bf416d9aef80322dc56889 [term 1 FOLLOWER]: Advancing to term 2
I20260709 13:11:33.052261  5765 leader_election.cc:290] T 5ba313ac104a4bcb8d71554d2bfd4619 P 231782af7534437eb72ab3e404903d0f [CANDIDATE]: Term 2 election: Requested vote from peers 40279350c0bf416d9aef80322dc56889 (127.5.128.2:46241), f4d47c6e49044a3aae46a7a4f36667ec (127.5.128.3:43957)
I20260709 13:11:33.053712  5916 tablet_service.cc:1917] Received RequestConsensusVote() RPC: tablet_id: "5ba313ac104a4bcb8d71554d2bfd4619" candidate_uuid: "231782af7534437eb72ab3e404903d0f" candidate_term: 2 candidate_status { last_received { term: 1 index: 1 } } ignore_live_leader: true dest_uuid: "f4d47c6e49044a3aae46a7a4f36667ec"
I20260709 13:11:33.054291  5916 raft_consensus.cc:3055] T 5ba313ac104a4bcb8d71554d2bfd4619 P f4d47c6e49044a3aae46a7a4f36667ec [term 1 LEADER]: Stepping down as leader of term 1
I20260709 13:11:33.054630  5916 raft_consensus.cc:740] T 5ba313ac104a4bcb8d71554d2bfd4619 P f4d47c6e49044a3aae46a7a4f36667ec [term 1 LEADER]: Becoming Follower/Learner. State: Replica: f4d47c6e49044a3aae46a7a4f36667ec, State: Running, Role: LEADER
I20260709 13:11:33.055557  5916 consensus_queue.cc:260] T 5ba313ac104a4bcb8d71554d2bfd4619 P f4d47c6e49044a3aae46a7a4f36667ec [NON_LEADER]: Queue going to NON_LEADER mode. State: All replicated index: 0, Majority replicated index: 1, Committed index: 1, Last appended: 1.1, Last appended by leader: 1, Current term: 1, Majority size: -1, State: 0, Mode: NON_LEADER, active raft config: opid_index: -1 OBSOLETE_local: false peers { permanent_uuid: "231782af7534437eb72ab3e404903d0f" member_type: VOTER last_known_addr { host: "127.5.128.1" port: 35143 } } peers { permanent_uuid: "40279350c0bf416d9aef80322dc56889" member_type: VOTER last_known_addr { host: "127.5.128.2" port: 46241 } } peers { permanent_uuid: "f4d47c6e49044a3aae46a7a4f36667ec" member_type: VOTER last_known_addr { host: "127.5.128.3" port: 43957 } }
I20260709 13:11:33.056718  5916 raft_consensus.cc:3060] T 5ba313ac104a4bcb8d71554d2bfd4619 P f4d47c6e49044a3aae46a7a4f36667ec [term 1 FOLLOWER]: Advancing to term 2
I20260709 13:11:33.057265  5841 raft_consensus.cc:2468] T 5ba313ac104a4bcb8d71554d2bfd4619 P 40279350c0bf416d9aef80322dc56889 [term 2 FOLLOWER]: Leader election vote request: Granting yes vote for candidate 231782af7534437eb72ab3e404903d0f in term 2.
I20260709 13:11:33.058629  5731 leader_election.cc:304] T 5ba313ac104a4bcb8d71554d2bfd4619 P 231782af7534437eb72ab3e404903d0f [CANDIDATE]: Term 2 election: Election decided. Result: candidate won. Election summary: received 2 responses out of 3 voters: 2 yes votes; 0 no votes. yes voters: 231782af7534437eb72ab3e404903d0f, 40279350c0bf416d9aef80322dc56889; no voters: 
I20260709 13:11:33.059420  6040 raft_consensus.cc:2804] T 5ba313ac104a4bcb8d71554d2bfd4619 P 231782af7534437eb72ab3e404903d0f [term 2 FOLLOWER]: Leader election won for term 2
I20260709 13:11:33.059922  6040 raft_consensus.cc:697] T 5ba313ac104a4bcb8d71554d2bfd4619 P 231782af7534437eb72ab3e404903d0f [term 2 LEADER]: Becoming Leader. State: Replica: 231782af7534437eb72ab3e404903d0f, State: Running, Role: LEADER
I20260709 13:11:33.060773  6040 consensus_queue.cc:237] T 5ba313ac104a4bcb8d71554d2bfd4619 P 231782af7534437eb72ab3e404903d0f [LEADER]: Queue going to LEADER mode. State: All replicated index: 0, Majority replicated index: 1, Committed index: 1, Last appended: 1.1, Last appended by leader: 1, Current term: 2, Majority size: 2, State: 0, Mode: LEADER, active raft config: opid_index: -1 OBSOLETE_local: false peers { permanent_uuid: "231782af7534437eb72ab3e404903d0f" member_type: VOTER last_known_addr { host: "127.5.128.1" port: 35143 } } peers { permanent_uuid: "40279350c0bf416d9aef80322dc56889" member_type: VOTER last_known_addr { host: "127.5.128.2" port: 46241 } } peers { permanent_uuid: "f4d47c6e49044a3aae46a7a4f36667ec" member_type: VOTER last_known_addr { host: "127.5.128.3" port: 43957 } }
I20260709 13:11:33.062527  5965 consensus_queue.cc:1048] T 13f37d94bcb04ba79781b1b431ee2307 P 40279350c0bf416d9aef80322dc56889 [LEADER]: Connected to new peer: Peer: permanent_uuid: "231782af7534437eb72ab3e404903d0f" member_type: VOTER last_known_addr { host: "127.5.128.1" port: 35143 }, Status: LMP_MISMATCH, Last received: 0.0, Next index: 1, Last known committed idx: 0, Time since last communication: 0.000s
I20260709 13:11:33.066654  5916 raft_consensus.cc:2468] T 5ba313ac104a4bcb8d71554d2bfd4619 P f4d47c6e49044a3aae46a7a4f36667ec [term 2 FOLLOWER]: Leader election vote request: Granting yes vote for candidate 231782af7534437eb72ab3e404903d0f in term 2.
I20260709 13:11:33.069521  5662 catalog_manager.cc:5697] T 5ba313ac104a4bcb8d71554d2bfd4619 P 231782af7534437eb72ab3e404903d0f reported cstate change: term changed from 1 to 2, leader changed from f4d47c6e49044a3aae46a7a4f36667ec (127.5.128.3) to 231782af7534437eb72ab3e404903d0f (127.5.128.1). New cstate: current_term: 2 leader_uuid: "231782af7534437eb72ab3e404903d0f" committed_config { opid_index: -1 OBSOLETE_local: false peers { permanent_uuid: "231782af7534437eb72ab3e404903d0f" member_type: VOTER last_known_addr { host: "127.5.128.1" port: 35143 } health_report { overall_health: HEALTHY } } peers { permanent_uuid: "40279350c0bf416d9aef80322dc56889" member_type: VOTER last_known_addr { host: "127.5.128.2" port: 46241 } health_report { overall_health: UNKNOWN } } peers { permanent_uuid: "f4d47c6e49044a3aae46a7a4f36667ec" member_type: VOTER last_known_addr { host: "127.5.128.3" port: 43957 } health_report { overall_health: UNKNOWN } } }
I20260709 13:11:33.080144  5992 consensus_queue.cc:1048] T 13f37d94bcb04ba79781b1b431ee2307 P 40279350c0bf416d9aef80322dc56889 [LEADER]: Connected to new peer: Peer: permanent_uuid: "f4d47c6e49044a3aae46a7a4f36667ec" member_type: VOTER last_known_addr { host: "127.5.128.3" port: 43957 }, Status: LMP_MISMATCH, Last received: 0.0, Next index: 1, Last known committed idx: 0, Time since last communication: 0.000s
I20260709 13:11:33.088100  5992 raft_consensus.cc:993] T 13f37d94bcb04ba79781b1b431ee2307 P 40279350c0bf416d9aef80322dc56889: : Instructing follower f4d47c6e49044a3aae46a7a4f36667ec to start an election
I20260709 13:11:33.088608  5992 raft_consensus.cc:1081] T 13f37d94bcb04ba79781b1b431ee2307 P 40279350c0bf416d9aef80322dc56889 [term 1 LEADER]: Signalling peer f4d47c6e49044a3aae46a7a4f36667ec to start an election
I20260709 13:11:33.090152  5916 tablet_service.cc:2044] Received Run Leader Election RPC: tablet_id: "13f37d94bcb04ba79781b1b431ee2307"
dest_uuid: "f4d47c6e49044a3aae46a7a4f36667ec"
 from {username='slave'} at 127.0.0.1:56938
I20260709 13:11:33.090641  5916 raft_consensus.cc:493] T 13f37d94bcb04ba79781b1b431ee2307 P f4d47c6e49044a3aae46a7a4f36667ec [term 1 FOLLOWER]: Starting forced leader election (received explicit request)
I20260709 13:11:33.090976  5916 raft_consensus.cc:3060] T 13f37d94bcb04ba79781b1b431ee2307 P f4d47c6e49044a3aae46a7a4f36667ec [term 1 FOLLOWER]: Advancing to term 2
I20260709 13:11:33.095641  5916 raft_consensus.cc:515] T 13f37d94bcb04ba79781b1b431ee2307 P f4d47c6e49044a3aae46a7a4f36667ec [term 2 FOLLOWER]: Starting forced leader election with config: opid_index: -1 OBSOLETE_local: false peers { permanent_uuid: "231782af7534437eb72ab3e404903d0f" member_type: VOTER last_known_addr { host: "127.5.128.1" port: 35143 } } peers { permanent_uuid: "40279350c0bf416d9aef80322dc56889" member_type: VOTER last_known_addr { host: "127.5.128.2" port: 46241 } } peers { permanent_uuid: "f4d47c6e49044a3aae46a7a4f36667ec" member_type: VOTER last_known_addr { host: "127.5.128.3" port: 43957 } }
I20260709 13:11:33.097441  5916 leader_election.cc:290] T 13f37d94bcb04ba79781b1b431ee2307 P f4d47c6e49044a3aae46a7a4f36667ec [CANDIDATE]: Term 2 election: Requested vote from peers 231782af7534437eb72ab3e404903d0f (127.5.128.1:35143), 40279350c0bf416d9aef80322dc56889 (127.5.128.2:46241)
I20260709 13:11:33.098728  5765 tablet_service.cc:1917] Received RequestConsensusVote() RPC: tablet_id: "13f37d94bcb04ba79781b1b431ee2307" candidate_uuid: "f4d47c6e49044a3aae46a7a4f36667ec" candidate_term: 2 candidate_status { last_received { term: 1 index: 1 } } ignore_live_leader: true dest_uuid: "231782af7534437eb72ab3e404903d0f"
I20260709 13:11:33.099192  5765 raft_consensus.cc:3060] T 13f37d94bcb04ba79781b1b431ee2307 P 231782af7534437eb72ab3e404903d0f [term 1 FOLLOWER]: Advancing to term 2
I20260709 13:11:33.098978  5841 tablet_service.cc:1917] Received RequestConsensusVote() RPC: tablet_id: "13f37d94bcb04ba79781b1b431ee2307" candidate_uuid: "f4d47c6e49044a3aae46a7a4f36667ec" candidate_term: 2 candidate_status { last_received { term: 1 index: 1 } } ignore_live_leader: true dest_uuid: "40279350c0bf416d9aef80322dc56889"
I20260709 13:11:33.099639  5841 raft_consensus.cc:3055] T 13f37d94bcb04ba79781b1b431ee2307 P 40279350c0bf416d9aef80322dc56889 [term 1 LEADER]: Stepping down as leader of term 1
I20260709 13:11:33.099987  5841 raft_consensus.cc:740] T 13f37d94bcb04ba79781b1b431ee2307 P 40279350c0bf416d9aef80322dc56889 [term 1 LEADER]: Becoming Follower/Learner. State: Replica: 40279350c0bf416d9aef80322dc56889, State: Running, Role: LEADER
I20260709 13:11:33.100800  5841 consensus_queue.cc:260] T 13f37d94bcb04ba79781b1b431ee2307 P 40279350c0bf416d9aef80322dc56889 [NON_LEADER]: Queue going to NON_LEADER mode. State: All replicated index: 0, Majority replicated index: 1, Committed index: 1, Last appended: 1.1, Last appended by leader: 1, Current term: 1, Majority size: -1, State: 0, Mode: NON_LEADER, active raft config: opid_index: -1 OBSOLETE_local: false peers { permanent_uuid: "231782af7534437eb72ab3e404903d0f" member_type: VOTER last_known_addr { host: "127.5.128.1" port: 35143 } } peers { permanent_uuid: "40279350c0bf416d9aef80322dc56889" member_type: VOTER last_known_addr { host: "127.5.128.2" port: 46241 } } peers { permanent_uuid: "f4d47c6e49044a3aae46a7a4f36667ec" member_type: VOTER last_known_addr { host: "127.5.128.3" port: 43957 } }
I20260709 13:11:33.102142  5841 raft_consensus.cc:3060] T 13f37d94bcb04ba79781b1b431ee2307 P 40279350c0bf416d9aef80322dc56889 [term 1 FOLLOWER]: Advancing to term 2
I20260709 13:11:33.107061  5765 raft_consensus.cc:2468] T 13f37d94bcb04ba79781b1b431ee2307 P 231782af7534437eb72ab3e404903d0f [term 2 FOLLOWER]: Leader election vote request: Granting yes vote for candidate f4d47c6e49044a3aae46a7a4f36667ec in term 2.
I20260709 13:11:33.108335  5881 leader_election.cc:304] T 13f37d94bcb04ba79781b1b431ee2307 P f4d47c6e49044a3aae46a7a4f36667ec [CANDIDATE]: Term 2 election: Election decided. Result: candidate won. Election summary: received 2 responses out of 3 voters: 2 yes votes; 0 no votes. yes voters: 231782af7534437eb72ab3e404903d0f, f4d47c6e49044a3aae46a7a4f36667ec; no voters: 
I20260709 13:11:33.109190  5841 raft_consensus.cc:2468] T 13f37d94bcb04ba79781b1b431ee2307 P 40279350c0bf416d9aef80322dc56889 [term 2 FOLLOWER]: Leader election vote request: Granting yes vote for candidate f4d47c6e49044a3aae46a7a4f36667ec in term 2.
I20260709 13:11:33.109278  5967 raft_consensus.cc:2804] T 13f37d94bcb04ba79781b1b431ee2307 P f4d47c6e49044a3aae46a7a4f36667ec [term 2 FOLLOWER]: Leader election won for term 2
I20260709 13:11:33.109915  5967 raft_consensus.cc:697] T 13f37d94bcb04ba79781b1b431ee2307 P f4d47c6e49044a3aae46a7a4f36667ec [term 2 LEADER]: Becoming Leader. State: Replica: f4d47c6e49044a3aae46a7a4f36667ec, State: Running, Role: LEADER
I20260709 13:11:33.110726  5967 consensus_queue.cc:237] T 13f37d94bcb04ba79781b1b431ee2307 P f4d47c6e49044a3aae46a7a4f36667ec [LEADER]: Queue going to LEADER mode. State: All replicated index: 0, Majority replicated index: 1, Committed index: 1, Last appended: 1.1, Last appended by leader: 1, Current term: 2, Majority size: 2, State: 0, Mode: LEADER, active raft config: opid_index: -1 OBSOLETE_local: false peers { permanent_uuid: "231782af7534437eb72ab3e404903d0f" member_type: VOTER last_known_addr { host: "127.5.128.1" port: 35143 } } peers { permanent_uuid: "40279350c0bf416d9aef80322dc56889" member_type: VOTER last_known_addr { host: "127.5.128.2" port: 46241 } } peers { permanent_uuid: "f4d47c6e49044a3aae46a7a4f36667ec" member_type: VOTER last_known_addr { host: "127.5.128.3" port: 43957 } }
