I20260709 13:11:36.650122  4705 leader_election.cc:304] T f7b486a6544b4b508c8309ef1b571461 P a28bce9603484fdcbc0680b75ab8e3b1 [CANDIDATE]: Term 1 election: Election decided. Result: candidate won. Election summary: received 3 responses out of 3 voters: 2 yes votes; 1 no votes. yes voters: 143117568c8a4d3ba15b83d45fc641b7, a28bce9603484fdcbc0680b75ab8e3b1; no voters: 2fb3ea6167234885b583d8a66e85df87
I20260709 13:11:36.650586  4590 tablet_service.cc:1917] Received RequestConsensusVote() RPC: tablet_id: "1caa415782af4598984e814bbfe7a131" candidate_uuid: "143117568c8a4d3ba15b83d45fc641b7" candidate_term: 1 candidate_status { last_received { term: 0 index: 0 } } ignore_live_leader: false dest_uuid: "2fb3ea6167234885b583d8a66e85df87"
I20260709 13:11:36.651137  4590 raft_consensus.cc:3060] T 1caa415782af4598984e814bbfe7a131 P 2fb3ea6167234885b583d8a66e85df87 [term 0 FOLLOWER]: Advancing to term 1
I20260709 13:11:36.651410  4785 raft_consensus.cc:2804] T f7b486a6544b4b508c8309ef1b571461 P a28bce9603484fdcbc0680b75ab8e3b1 [term 1 FOLLOWER]: Leader election won for term 1
I20260709 13:11:36.651365  4739 tablet_service.cc:1917] Received RequestConsensusVote() RPC: tablet_id: "1caa415782af4598984e814bbfe7a131" candidate_uuid: "143117568c8a4d3ba15b83d45fc641b7" candidate_term: 1 candidate_status { last_received { term: 0 index: 0 } } ignore_live_leader: false dest_uuid: "a28bce9603484fdcbc0680b75ab8e3b1"
W20260709 13:11:36.652802  4631 leader_election.cc:343] T 1caa415782af4598984e814bbfe7a131 P 143117568c8a4d3ba15b83d45fc641b7 [CANDIDATE]: Term 1 election: Tablet error from VoteRequest() call to peer a28bce9603484fdcbc0680b75ab8e3b1 (127.3.221.131:40741): Illegal state: must be running to vote when last-logged opid is not known
I20260709 13:11:36.655836  4787 leader_election.cc:290] T 1caa415782af4598984e814bbfe7a131 P 143117568c8a4d3ba15b83d45fc641b7 [CANDIDATE]: Term 1 election: Requested vote from peers 2fb3ea6167234885b583d8a66e85df87 (127.3.221.129:45193), a28bce9603484fdcbc0680b75ab8e3b1 (127.3.221.131:40741)
I20260709 13:11:36.658118  4590 raft_consensus.cc:2468] T 1caa415782af4598984e814bbfe7a131 P 2fb3ea6167234885b583d8a66e85df87 [term 1 FOLLOWER]: Leader election vote request: Granting yes vote for candidate 143117568c8a4d3ba15b83d45fc641b7 in term 1.
I20260709 13:11:36.658856  4780 tablet_bootstrap.cc:492] T 8b96058398be43f384b6933be4e9f4b4 P 143117568c8a4d3ba15b83d45fc641b7: No bootstrap required, opened a new log
I20260709 13:11:36.659109  4665 tablet_service.cc:1917] Received RequestConsensusVote() RPC: tablet_id: "50480a5df00d480795125c36ff8da87f" candidate_uuid: "2fb3ea6167234885b583d8a66e85df87" candidate_term: 1 candidate_status { last_received { term: 0 index: 0 } } ignore_live_leader: false dest_uuid: "143117568c8a4d3ba15b83d45fc641b7" is_pre_election: true
I20260709 13:11:36.659372  4780 ts_tablet_manager.cc:1403] T 8b96058398be43f384b6933be4e9f4b4 P 143117568c8a4d3ba15b83d45fc641b7: Time spent bootstrapping tablet: real 0.031s	user 0.010s	sys 0.002s
I20260709 13:11:36.659313  4630 leader_election.cc:304] T 1caa415782af4598984e814bbfe7a131 P 143117568c8a4d3ba15b83d45fc641b7 [CANDIDATE]: Term 1 election: Election decided. Result: candidate won. Election summary: received 3 responses out of 3 voters: 2 yes votes; 1 no votes. yes voters: 143117568c8a4d3ba15b83d45fc641b7, 2fb3ea6167234885b583d8a66e85df87; no voters: a28bce9603484fdcbc0680b75ab8e3b1
W20260709 13:11:36.660594  4556 leader_election.cc:343] T 50480a5df00d480795125c36ff8da87f P 2fb3ea6167234885b583d8a66e85df87 [CANDIDATE]: Term 1 pre-election: Tablet error from VoteRequest() call to peer 143117568c8a4d3ba15b83d45fc641b7 (127.3.221.130:43681): Illegal state: must be running to vote when last-logged opid is not known
I20260709 13:11:36.661988  4787 raft_consensus.cc:2804] T 1caa415782af4598984e814bbfe7a131 P 143117568c8a4d3ba15b83d45fc641b7 [term 1 FOLLOWER]: Leader election won for term 1
I20260709 13:11:36.662125  4739 tablet_service.cc:1917] Received RequestConsensusVote() RPC: tablet_id: "50480a5df00d480795125c36ff8da87f" candidate_uuid: "2fb3ea6167234885b583d8a66e85df87" candidate_term: 1 candidate_status { last_received { term: 0 index: 0 } } ignore_live_leader: false dest_uuid: "a28bce9603484fdcbc0680b75ab8e3b1" is_pre_election: true
W20260709 13:11:36.663546  4556 leader_election.cc:343] T 50480a5df00d480795125c36ff8da87f P 2fb3ea6167234885b583d8a66e85df87 [CANDIDATE]: Term 1 pre-election: Tablet error from VoteRequest() call to peer a28bce9603484fdcbc0680b75ab8e3b1 (127.3.221.131:40741): Illegal state: must be running to vote when last-logged opid is not known
I20260709 13:11:36.662290  4780 raft_consensus.cc:359] T 8b96058398be43f384b6933be4e9f4b4 P 143117568c8a4d3ba15b83d45fc641b7 [term 0 FOLLOWER]: Replica starting. Triggering 0 pending ops. Active config: opid_index: -1 OBSOLETE_local: false peers { permanent_uuid: "2fb3ea6167234885b583d8a66e85df87" member_type: VOTER last_known_addr { host: "127.3.221.129" port: 45193 } } peers { permanent_uuid: "143117568c8a4d3ba15b83d45fc641b7" member_type: VOTER last_known_addr { host: "127.3.221.130" port: 43681 } } peers { permanent_uuid: "a28bce9603484fdcbc0680b75ab8e3b1" member_type: VOTER last_known_addr { host: "127.3.221.131" port: 40741 } }
I20260709 13:11:36.664108  4780 raft_consensus.cc:385] T 8b96058398be43f384b6933be4e9f4b4 P 143117568c8a4d3ba15b83d45fc641b7 [term 0 FOLLOWER]: Consensus starting up: Expiring failure detector timer to make a prompt election more likely
I20260709 13:11:36.663949  4556 leader_election.cc:304] T 50480a5df00d480795125c36ff8da87f P 2fb3ea6167234885b583d8a66e85df87 [CANDIDATE]: Term 1 pre-election: Election decided. Result: candidate lost. Election summary: received 3 responses out of 3 voters: 1 yes votes; 2 no votes. yes voters: 2fb3ea6167234885b583d8a66e85df87; no voters: 143117568c8a4d3ba15b83d45fc641b7, a28bce9603484fdcbc0680b75ab8e3b1
I20260709 13:11:36.664745  4786 raft_consensus.cc:2749] T 50480a5df00d480795125c36ff8da87f P 2fb3ea6167234885b583d8a66e85df87 [term 0 FOLLOWER]: Leader pre-election lost for term 1. Reason: could not achieve majority
I20260709 13:11:36.664994  4779 tablet_bootstrap.cc:492] T 50480a5df00d480795125c36ff8da87f P a28bce9603484fdcbc0680b75ab8e3b1: No bootstrap required, opened a new log
I20260709 13:11:36.665439  4779 ts_tablet_manager.cc:1403] T 50480a5df00d480795125c36ff8da87f P a28bce9603484fdcbc0680b75ab8e3b1: Time spent bootstrapping tablet: real 0.040s	user 0.008s	sys 0.010s
I20260709 13:11:36.665573  4780 raft_consensus.cc:740] T 8b96058398be43f384b6933be4e9f4b4 P 143117568c8a4d3ba15b83d45fc641b7 [term 0 FOLLOWER]: Becoming Follower/Learner. State: Replica: 143117568c8a4d3ba15b83d45fc641b7, State: Initialized, Role: FOLLOWER
I20260709 13:11:36.666263  4782 tablet_bootstrap.cc:492] T dc686c2853ea4516bb2ef40fe48c1238 P 2fb3ea6167234885b583d8a66e85df87: No bootstrap required, opened a new log
I20260709 13:11:36.666252  4780 consensus_queue.cc:260] T 8b96058398be43f384b6933be4e9f4b4 P 143117568c8a4d3ba15b83d45fc641b7 [NON_LEADER]: Queue going to NON_LEADER mode. State: All replicated index: 0, Majority replicated index: 0, Committed index: 0, Last appended: 0.0, Last appended by leader: 0, Current term: 0, Majority size: -1, State: 0, Mode: NON_LEADER, active raft config: opid_index: -1 OBSOLETE_local: false peers { permanent_uuid: "2fb3ea6167234885b583d8a66e85df87" member_type: VOTER last_known_addr { host: "127.3.221.129" port: 45193 } } peers { permanent_uuid: "143117568c8a4d3ba15b83d45fc641b7" member_type: VOTER last_known_addr { host: "127.3.221.130" port: 43681 } } peers { permanent_uuid: "a28bce9603484fdcbc0680b75ab8e3b1" member_type: VOTER last_known_addr { host: "127.3.221.131" port: 40741 } }
I20260709 13:11:36.666841  4782 ts_tablet_manager.cc:1403] T dc686c2853ea4516bb2ef40fe48c1238 P 2fb3ea6167234885b583d8a66e85df87: Time spent bootstrapping tablet: real 0.049s	user 0.013s	sys 0.011s
I20260709 13:11:36.670049  4782 raft_consensus.cc:359] T dc686c2853ea4516bb2ef40fe48c1238 P 2fb3ea6167234885b583d8a66e85df87 [term 0 FOLLOWER]: Replica starting. Triggering 0 pending ops. Active config: opid_index: -1 OBSOLETE_local: false peers { permanent_uuid: "2fb3ea6167234885b583d8a66e85df87" member_type: VOTER last_known_addr { host: "127.3.221.129" port: 45193 } } peers { permanent_uuid: "143117568c8a4d3ba15b83d45fc641b7" member_type: VOTER last_known_addr { host: "127.3.221.130" port: 43681 } } peers { permanent_uuid: "a28bce9603484fdcbc0680b75ab8e3b1" member_type: VOTER last_known_addr { host: "127.3.221.131" port: 40741 } }
I20260709 13:11:36.670842  4782 raft_consensus.cc:385] T dc686c2853ea4516bb2ef40fe48c1238 P 2fb3ea6167234885b583d8a66e85df87 [term 0 FOLLOWER]: Consensus starting up: Expiring failure detector timer to make a prompt election more likely
I20260709 13:11:36.671060  4785 raft_consensus.cc:697] T f7b486a6544b4b508c8309ef1b571461 P a28bce9603484fdcbc0680b75ab8e3b1 [term 1 LEADER]: Becoming Leader. State: Replica: a28bce9603484fdcbc0680b75ab8e3b1, State: Running, Role: LEADER
I20260709 13:11:36.671226  4782 raft_consensus.cc:740] T dc686c2853ea4516bb2ef40fe48c1238 P 2fb3ea6167234885b583d8a66e85df87 [term 0 FOLLOWER]: Becoming Follower/Learner. State: Replica: 2fb3ea6167234885b583d8a66e85df87, State: Initialized, Role: FOLLOWER
I20260709 13:11:36.672092  4782 consensus_queue.cc:260] T dc686c2853ea4516bb2ef40fe48c1238 P 2fb3ea6167234885b583d8a66e85df87 [NON_LEADER]: Queue going to NON_LEADER mode. State: All replicated index: 0, Majority replicated index: 0, Committed index: 0, Last appended: 0.0, Last appended by leader: 0, Current term: 0, Majority size: -1, State: 0, Mode: NON_LEADER, active raft config: opid_index: -1 OBSOLETE_local: false peers { permanent_uuid: "2fb3ea6167234885b583d8a66e85df87" member_type: VOTER last_known_addr { host: "127.3.221.129" port: 45193 } } peers { permanent_uuid: "143117568c8a4d3ba15b83d45fc641b7" member_type: VOTER last_known_addr { host: "127.3.221.130" port: 43681 } } peers { permanent_uuid: "a28bce9603484fdcbc0680b75ab8e3b1" member_type: VOTER last_known_addr { host: "127.3.221.131" port: 40741 } }
I20260709 13:11:36.672101  4785 consensus_queue.cc:237] T f7b486a6544b4b508c8309ef1b571461 P a28bce9603484fdcbc0680b75ab8e3b1 [LEADER]: Queue going to LEADER mode. State: All replicated index: 0, Majority replicated index: 0, Committed index: 0, Last appended: 0.0, Last appended by leader: 0, Current term: 1, Majority size: 2, State: 0, Mode: LEADER, active raft config: opid_index: -1 OBSOLETE_local: false peers { permanent_uuid: "2fb3ea6167234885b583d8a66e85df87" member_type: VOTER last_known_addr { host: "127.3.221.129" port: 45193 } } peers { permanent_uuid: "143117568c8a4d3ba15b83d45fc641b7" member_type: VOTER last_known_addr { host: "127.3.221.130" port: 43681 } } peers { permanent_uuid: "a28bce9603484fdcbc0680b75ab8e3b1" member_type: VOTER last_known_addr { host: "127.3.221.131" port: 40741 } }
I20260709 13:11:36.674718  4782 ts_tablet_manager.cc:1434] T dc686c2853ea4516bb2ef40fe48c1238 P 2fb3ea6167234885b583d8a66e85df87: Time spent starting tablet: real 0.007s	user 0.006s	sys 0.000s
I20260709 13:11:36.675612  4782 tablet_bootstrap.cc:492] T 8977b61ddaf64a63949811a2832b5a02 P 2fb3ea6167234885b583d8a66e85df87: Bootstrap starting.
I20260709 13:11:36.677242  4787 raft_consensus.cc:697] T 1caa415782af4598984e814bbfe7a131 P 143117568c8a4d3ba15b83d45fc641b7 [term 1 LEADER]: Becoming Leader. State: Replica: 143117568c8a4d3ba15b83d45fc641b7, State: Running, Role: LEADER
I20260709 13:11:36.668380  4779 raft_consensus.cc:359] T 50480a5df00d480795125c36ff8da87f P a28bce9603484fdcbc0680b75ab8e3b1 [term 0 FOLLOWER]: Replica starting. Triggering 0 pending ops. Active config: opid_index: -1 OBSOLETE_local: false peers { permanent_uuid: "2fb3ea6167234885b583d8a66e85df87" member_type: VOTER last_known_addr { host: "127.3.221.129" port: 45193 } } peers { permanent_uuid: "143117568c8a4d3ba15b83d45fc641b7" member_type: VOTER last_known_addr { host: "127.3.221.130" port: 43681 } } peers { permanent_uuid: "a28bce9603484fdcbc0680b75ab8e3b1" member_type: VOTER last_known_addr { host: "127.3.221.131" port: 40741 } }
I20260709 13:11:36.678117  4787 consensus_queue.cc:237] T 1caa415782af4598984e814bbfe7a131 P 143117568c8a4d3ba15b83d45fc641b7 [LEADER]: Queue going to LEADER mode. State: All replicated index: 0, Majority replicated index: 0, Committed index: 0, Last appended: 0.0, Last appended by leader: 0, Current term: 1, Majority size: 2, State: 0, Mode: LEADER, active raft config: opid_index: -1 OBSOLETE_local: false peers { permanent_uuid: "2fb3ea6167234885b583d8a66e85df87" member_type: VOTER last_known_addr { host: "127.3.221.129" port: 45193 } } peers { permanent_uuid: "143117568c8a4d3ba15b83d45fc641b7" member_type: VOTER last_known_addr { host: "127.3.221.130" port: 43681 } } peers { permanent_uuid: "a28bce9603484fdcbc0680b75ab8e3b1" member_type: VOTER last_known_addr { host: "127.3.221.131" port: 40741 } }
I20260709 13:11:36.678884  4779 raft_consensus.cc:385] T 50480a5df00d480795125c36ff8da87f P a28bce9603484fdcbc0680b75ab8e3b1 [term 0 FOLLOWER]: Consensus starting up: Expiring failure detector timer to make a prompt election more likely
I20260709 13:11:36.679196  4779 raft_consensus.cc:740] T 50480a5df00d480795125c36ff8da87f P a28bce9603484fdcbc0680b75ab8e3b1 [term 0 FOLLOWER]: Becoming Follower/Learner. State: Replica: a28bce9603484fdcbc0680b75ab8e3b1, State: Initialized, Role: FOLLOWER
I20260709 13:11:36.682456  4782 tablet_bootstrap.cc:654] T 8977b61ddaf64a63949811a2832b5a02 P 2fb3ea6167234885b583d8a66e85df87: Neither blocks nor log segments found. Creating new log.
I20260709 13:11:36.687480  4779 consensus_queue.cc:260] T 50480a5df00d480795125c36ff8da87f P a28bce9603484fdcbc0680b75ab8e3b1 [NON_LEADER]: Queue going to NON_LEADER mode. State: All replicated index: 0, Majority replicated index: 0, Committed index: 0, Last appended: 0.0, Last appended by leader: 0, Current term: 0, Majority size: -1, State: 0, Mode: NON_LEADER, active raft config: opid_index: -1 OBSOLETE_local: false peers { permanent_uuid: "2fb3ea6167234885b583d8a66e85df87" member_type: VOTER last_known_addr { host: "127.3.221.129" port: 45193 } } peers { permanent_uuid: "143117568c8a4d3ba15b83d45fc641b7" member_type: VOTER last_known_addr { host: "127.3.221.130" port: 43681 } } peers { permanent_uuid: "a28bce9603484fdcbc0680b75ab8e3b1" member_type: VOTER last_known_addr { host: "127.3.221.131" port: 40741 } }
I20260709 13:11:36.687739  4488 catalog_manager.cc:5697] T f7b486a6544b4b508c8309ef1b571461 P a28bce9603484fdcbc0680b75ab8e3b1 reported cstate change: term changed from 0 to 1, leader changed from <none> to a28bce9603484fdcbc0680b75ab8e3b1 (127.3.221.131). New cstate: current_term: 1 leader_uuid: "a28bce9603484fdcbc0680b75ab8e3b1" committed_config { opid_index: -1 OBSOLETE_local: false peers { permanent_uuid: "2fb3ea6167234885b583d8a66e85df87" member_type: VOTER last_known_addr { host: "127.3.221.129" port: 45193 } health_report { overall_health: UNKNOWN } } peers { permanent_uuid: "143117568c8a4d3ba15b83d45fc641b7" member_type: VOTER last_known_addr { host: "127.3.221.130" port: 43681 } health_report { overall_health: UNKNOWN } } peers { permanent_uuid: "a28bce9603484fdcbc0680b75ab8e3b1" member_type: VOTER last_known_addr { host: "127.3.221.131" port: 40741 } health_report { overall_health: HEALTHY } } }
I20260709 13:11:36.690166  4780 ts_tablet_manager.cc:1434] T 8b96058398be43f384b6933be4e9f4b4 P 143117568c8a4d3ba15b83d45fc641b7: Time spent starting tablet: real 0.030s	user 0.006s	sys 0.011s
I20260709 13:11:36.690689  4779 ts_tablet_manager.cc:1434] T 50480a5df00d480795125c36ff8da87f P a28bce9603484fdcbc0680b75ab8e3b1: Time spent starting tablet: real 0.025s	user 0.007s	sys 0.000s
I20260709 13:11:36.691113  4780 tablet_bootstrap.cc:492] T dc686c2853ea4516bb2ef40fe48c1238 P 143117568c8a4d3ba15b83d45fc641b7: Bootstrap starting.
I20260709 13:11:36.691622  4779 tablet_bootstrap.cc:492] T 8b96058398be43f384b6933be4e9f4b4 P a28bce9603484fdcbc0680b75ab8e3b1: Bootstrap starting.
I20260709 13:11:36.694756  4486 catalog_manager.cc:5697] T 1caa415782af4598984e814bbfe7a131 P 143117568c8a4d3ba15b83d45fc641b7 reported cstate change: term changed from 0 to 1, leader changed from <none> to 143117568c8a4d3ba15b83d45fc641b7 (127.3.221.130). New cstate: current_term: 1 leader_uuid: "143117568c8a4d3ba15b83d45fc641b7" committed_config { opid_index: -1 OBSOLETE_local: false peers { permanent_uuid: "2fb3ea6167234885b583d8a66e85df87" member_type: VOTER last_known_addr { host: "127.3.221.129" port: 45193 } health_report { overall_health: UNKNOWN } } peers { permanent_uuid: "143117568c8a4d3ba15b83d45fc641b7" member_type: VOTER last_known_addr { host: "127.3.221.130" port: 43681 } health_report { overall_health: HEALTHY } } peers { permanent_uuid: "a28bce9603484fdcbc0680b75ab8e3b1" member_type: VOTER last_known_addr { host: "127.3.221.131" port: 40741 } health_report { overall_health: UNKNOWN } } }
I20260709 13:11:36.696985  4780 tablet_bootstrap.cc:654] T dc686c2853ea4516bb2ef40fe48c1238 P 143117568c8a4d3ba15b83d45fc641b7: Neither blocks nor log segments found. Creating new log.
I20260709 13:11:36.697834  4779 tablet_bootstrap.cc:654] T 8b96058398be43f384b6933be4e9f4b4 P a28bce9603484fdcbc0680b75ab8e3b1: Neither blocks nor log segments found. Creating new log.
I20260709 13:11:36.713136  4779 tablet_bootstrap.cc:492] T 8b96058398be43f384b6933be4e9f4b4 P a28bce9603484fdcbc0680b75ab8e3b1: No bootstrap required, opened a new log
I20260709 13:11:36.713335  4780 tablet_bootstrap.cc:492] T dc686c2853ea4516bb2ef40fe48c1238 P 143117568c8a4d3ba15b83d45fc641b7: No bootstrap required, opened a new log
I20260709 13:11:36.713668  4779 ts_tablet_manager.cc:1403] T 8b96058398be43f384b6933be4e9f4b4 P a28bce9603484fdcbc0680b75ab8e3b1: Time spent bootstrapping tablet: real 0.022s	user 0.014s	sys 0.008s
I20260709 13:11:36.713976  4780 ts_tablet_manager.cc:1403] T dc686c2853ea4516bb2ef40fe48c1238 P 143117568c8a4d3ba15b83d45fc641b7: Time spent bootstrapping tablet: real 0.023s	user 0.009s	sys 0.008s
I20260709 13:11:36.714905  4782 tablet_bootstrap.cc:492] T 8977b61ddaf64a63949811a2832b5a02 P 2fb3ea6167234885b583d8a66e85df87: No bootstrap required, opened a new log
I20260709 13:11:36.715624  4782 ts_tablet_manager.cc:1403] T 8977b61ddaf64a63949811a2832b5a02 P 2fb3ea6167234885b583d8a66e85df87: Time spent bootstrapping tablet: real 0.040s	user 0.012s	sys 0.007s
I20260709 13:11:36.716185  4785 raft_consensus.cc:493] T 50480a5df00d480795125c36ff8da87f P a28bce9603484fdcbc0680b75ab8e3b1 [term 0 FOLLOWER]: Starting pre-election (no leader contacted us within the election timeout)
I20260709 13:11:36.716694  4785 raft_consensus.cc:515] T 50480a5df00d480795125c36ff8da87f P a28bce9603484fdcbc0680b75ab8e3b1 [term 0 FOLLOWER]: Starting pre-election with config: opid_index: -1 OBSOLETE_local: false peers { permanent_uuid: "2fb3ea6167234885b583d8a66e85df87" member_type: VOTER last_known_addr { host: "127.3.221.129" port: 45193 } } peers { permanent_uuid: "143117568c8a4d3ba15b83d45fc641b7" member_type: VOTER last_known_addr { host: "127.3.221.130" port: 43681 } } peers { permanent_uuid: "a28bce9603484fdcbc0680b75ab8e3b1" member_type: VOTER last_known_addr { host: "127.3.221.131" port: 40741 } }
I20260709 13:11:36.716639  4779 raft_consensus.cc:359] T 8b96058398be43f384b6933be4e9f4b4 P a28bce9603484fdcbc0680b75ab8e3b1 [term 0 FOLLOWER]: Replica starting. Triggering 0 pending ops. Active config: opid_index: -1 OBSOLETE_local: false peers { permanent_uuid: "2fb3ea6167234885b583d8a66e85df87" member_type: VOTER last_known_addr { host: "127.3.221.129" port: 45193 } } peers { permanent_uuid: "143117568c8a4d3ba15b83d45fc641b7" member_type: VOTER last_known_addr { host: "127.3.221.130" port: 43681 } } peers { permanent_uuid: "a28bce9603484fdcbc0680b75ab8e3b1" member_type: VOTER last_known_addr { host: "127.3.221.131" port: 40741 } }
I20260709 13:11:36.717501  4779 raft_consensus.cc:385] T 8b96058398be43f384b6933be4e9f4b4 P a28bce9603484fdcbc0680b75ab8e3b1 [term 0 FOLLOWER]: Consensus starting up: Expiring failure detector timer to make a prompt election more likely
I20260709 13:11:36.717792  4779 raft_consensus.cc:740] T 8b96058398be43f384b6933be4e9f4b4 P a28bce9603484fdcbc0680b75ab8e3b1 [term 0 FOLLOWER]: Becoming Follower/Learner. State: Replica: a28bce9603484fdcbc0680b75ab8e3b1, State: Initialized, Role: FOLLOWER
I20260709 13:11:36.718771  4785 leader_election.cc:290] T 50480a5df00d480795125c36ff8da87f P a28bce9603484fdcbc0680b75ab8e3b1 [CANDIDATE]: Term 1 pre-election: Requested pre-vote from peers 2fb3ea6167234885b583d8a66e85df87 (127.3.221.129:45193), 143117568c8a4d3ba15b83d45fc641b7 (127.3.221.130:43681)
I20260709 13:11:36.718477  4779 consensus_queue.cc:260] T 8b96058398be43f384b6933be4e9f4b4 P a28bce9603484fdcbc0680b75ab8e3b1 [NON_LEADER]: Queue going to NON_LEADER mode. State: All replicated index: 0, Majority replicated index: 0, Committed index: 0, Last appended: 0.0, Last appended by leader: 0, Current term: 0, Majority size: -1, State: 0, Mode: NON_LEADER, active raft config: opid_index: -1 OBSOLETE_local: false peers { permanent_uuid: "2fb3ea6167234885b583d8a66e85df87" member_type: VOTER last_known_addr { host: "127.3.221.129" port: 45193 } } peers { permanent_uuid: "143117568c8a4d3ba15b83d45fc641b7" member_type: VOTER last_known_addr { host: "127.3.221.130" port: 43681 } } peers { permanent_uuid: "a28bce9603484fdcbc0680b75ab8e3b1" member_type: VOTER last_known_addr { host: "127.3.221.131" port: 40741 } }
I20260709 13:11:36.720291  4590 tablet_service.cc:1917] Received RequestConsensusVote() RPC: tablet_id: "50480a5df00d480795125c36ff8da87f" candidate_uuid: "a28bce9603484fdcbc0680b75ab8e3b1" candidate_term: 1 candidate_status { last_received { term: 0 index: 0 } } ignore_live_leader: false dest_uuid: "2fb3ea6167234885b583d8a66e85df87" is_pre_election: true
I20260709 13:11:36.719998  4782 raft_consensus.cc:359] T 8977b61ddaf64a63949811a2832b5a02 P 2fb3ea6167234885b583d8a66e85df87 [term 0 FOLLOWER]: Replica starting. Triggering 0 pending ops. Active config: opid_index: -1 OBSOLETE_local: false peers { permanent_uuid: "2fb3ea6167234885b583d8a66e85df87" member_type: VOTER last_known_addr { host: "127.3.221.129" port: 45193 } } peers { permanent_uuid: "143117568c8a4d3ba15b83d45fc641b7" member_type: VOTER last_known_addr { host: "127.3.221.130" port: 43681 } } peers { permanent_uuid: "a28bce9603484fdcbc0680b75ab8e3b1" member_type: VOTER last_known_addr { host: "127.3.221.131" port: 40741 } }
I20260709 13:11:36.720948  4590 raft_consensus.cc:2468] T 50480a5df00d480795125c36ff8da87f P 2fb3ea6167234885b583d8a66e85df87 [term 0 FOLLOWER]: Leader pre-election vote request: Granting yes vote for candidate a28bce9603484fdcbc0680b75ab8e3b1 in term 0.
I20260709 13:11:36.721347  4782 raft_consensus.cc:385] T 8977b61ddaf64a63949811a2832b5a02 P 2fb3ea6167234885b583d8a66e85df87 [term 0 FOLLOWER]: Consensus starting up: Expiring failure detector timer to make a prompt election more likely
I20260709 13:11:36.722004  4782 raft_consensus.cc:740] T 8977b61ddaf64a63949811a2832b5a02 P 2fb3ea6167234885b583d8a66e85df87 [term 0 FOLLOWER]: Becoming Follower/Learner. State: Replica: 2fb3ea6167234885b583d8a66e85df87, State: Initialized, Role: FOLLOWER
I20260709 13:11:36.722201  4704 leader_election.cc:304] T 50480a5df00d480795125c36ff8da87f P a28bce9603484fdcbc0680b75ab8e3b1 [CANDIDATE]: Term 1 pre-election: Election decided. Result: candidate won. Election summary: received 2 responses out of 3 voters: 2 yes votes; 0 no votes. yes voters: 2fb3ea6167234885b583d8a66e85df87, a28bce9603484fdcbc0680b75ab8e3b1; no voters: 
I20260709 13:11:36.722522  4779 ts_tablet_manager.cc:1434] T 8b96058398be43f384b6933be4e9f4b4 P a28bce9603484fdcbc0680b75ab8e3b1: Time spent starting tablet: real 0.008s	user 0.007s	sys 0.000s
I20260709 13:11:36.723063  4806 raft_consensus.cc:493] T 1ad809f1dc4d483dbff2cafab94df5ee P a28bce9603484fdcbc0680b75ab8e3b1 [term 0 FOLLOWER]: Starting pre-election (no leader contacted us within the election timeout)
I20260709 13:11:36.723387  4779 tablet_bootstrap.cc:492] T dc686c2853ea4516bb2ef40fe48c1238 P a28bce9603484fdcbc0680b75ab8e3b1: Bootstrap starting.
I20260709 13:11:36.723189  4782 consensus_queue.cc:260] T 8977b61ddaf64a63949811a2832b5a02 P 2fb3ea6167234885b583d8a66e85df87 [NON_LEADER]: Queue going to NON_LEADER mode. State: All replicated index: 0, Majority replicated index: 0, Committed index: 0, Last appended: 0.0, Last appended by leader: 0, Current term: 0, Majority size: -1, State: 0, Mode: NON_LEADER, active raft config: opid_index: -1 OBSOLETE_local: false peers { permanent_uuid: "2fb3ea6167234885b583d8a66e85df87" member_type: VOTER last_known_addr { host: "127.3.221.129" port: 45193 } } peers { permanent_uuid: "143117568c8a4d3ba15b83d45fc641b7" member_type: VOTER last_known_addr { host: "127.3.221.130" port: 43681 } } peers { permanent_uuid: "a28bce9603484fdcbc0680b75ab8e3b1" member_type: VOTER last_known_addr { host: "127.3.221.131" port: 40741 } }
I20260709 13:11:36.723511  4806 raft_consensus.cc:515] T 1ad809f1dc4d483dbff2cafab94df5ee P a28bce9603484fdcbc0680b75ab8e3b1 [term 0 FOLLOWER]: Starting pre-election with config: opid_index: -1 OBSOLETE_local: false peers { permanent_uuid: "2fb3ea6167234885b583d8a66e85df87" member_type: VOTER last_known_addr { host: "127.3.221.129" port: 45193 } } peers { permanent_uuid: "143117568c8a4d3ba15b83d45fc641b7" member_type: VOTER last_known_addr { host: "127.3.221.130" port: 43681 } } peers { permanent_uuid: "a28bce9603484fdcbc0680b75ab8e3b1" member_type: VOTER last_known_addr { host: "127.3.221.131" port: 40741 } }
I20260709 13:11:36.725484  4806 leader_election.cc:290] T 1ad809f1dc4d483dbff2cafab94df5ee P a28bce9603484fdcbc0680b75ab8e3b1 [CANDIDATE]: Term 1 pre-election: Requested pre-vote from peers 2fb3ea6167234885b583d8a66e85df87 (127.3.221.129:45193), 143117568c8a4d3ba15b83d45fc641b7 (127.3.221.130:43681)
I20260709 13:11:36.725951  4806 raft_consensus.cc:2804] T 50480a5df00d480795125c36ff8da87f P a28bce9603484fdcbc0680b75ab8e3b1 [term 0 FOLLOWER]: Leader pre-election won for term 1
I20260709 13:11:36.726261  4806 raft_consensus.cc:493] T 50480a5df00d480795125c36ff8da87f P a28bce9603484fdcbc0680b75ab8e3b1 [term 0 FOLLOWER]: Starting leader election (no leader contacted us within the election timeout)
I20260709 13:11:36.726576  4806 raft_consensus.cc:3060] T 50480a5df00d480795125c36ff8da87f P a28bce9603484fdcbc0680b75ab8e3b1 [term 0 FOLLOWER]: Advancing to term 1
I20260709 13:11:36.728695  4786 raft_consensus.cc:493] T 29b681d2c40d4876a900afb63df0450c P 2fb3ea6167234885b583d8a66e85df87 [term 0 FOLLOWER]: Starting pre-election (no leader contacted us within the election timeout)
I20260709 13:11:36.728811  4665 tablet_service.cc:1917] Received RequestConsensusVote() RPC: tablet_id: "50480a5df00d480795125c36ff8da87f" candidate_uuid: "a28bce9603484fdcbc0680b75ab8e3b1" candidate_term: 1 candidate_status { last_received { term: 0 index: 0 } } ignore_live_leader: false dest_uuid: "143117568c8a4d3ba15b83d45fc641b7" is_pre_election: true
I20260709 13:11:36.729143  4786 raft_consensus.cc:515] T 29b681d2c40d4876a900afb63df0450c P 2fb3ea6167234885b583d8a66e85df87 [term 0 FOLLOWER]: Starting pre-election with config: opid_index: -1 OBSOLETE_local: false peers { permanent_uuid: "143117568c8a4d3ba15b83d45fc641b7" member_type: VOTER last_known_addr { host: "127.3.221.130" port: 43681 } } peers { permanent_uuid: "a28bce9603484fdcbc0680b75ab8e3b1" member_type: VOTER last_known_addr { host: "127.3.221.131" port: 40741 } } peers { permanent_uuid: "2fb3ea6167234885b583d8a66e85df87" member_type: VOTER last_known_addr { host: "127.3.221.129" port: 45193 } }
I20260709 13:11:36.729635  4779 tablet_bootstrap.cc:654] T dc686c2853ea4516bb2ef40fe48c1238 P a28bce9603484fdcbc0680b75ab8e3b1: Neither blocks nor log segments found. Creating new log.
I20260709 13:11:36.730466  4664 tablet_service.cc:1917] Received RequestConsensusVote() RPC: tablet_id: "1ad809f1dc4d483dbff2cafab94df5ee" candidate_uuid: "a28bce9603484fdcbc0680b75ab8e3b1" candidate_term: 1 candidate_status { last_received { term: 0 index: 0 } } ignore_live_leader: false dest_uuid: "143117568c8a4d3ba15b83d45fc641b7" is_pre_election: true
I20260709 13:11:36.730732  4590 tablet_service.cc:1917] Received RequestConsensusVote() RPC: tablet_id: "1ad809f1dc4d483dbff2cafab94df5ee" candidate_uuid: "a28bce9603484fdcbc0680b75ab8e3b1" candidate_term: 1 candidate_status { last_received { term: 0 index: 0 } } ignore_live_leader: false dest_uuid: "2fb3ea6167234885b583d8a66e85df87" is_pre_election: true
I20260709 13:11:36.731106  4664 raft_consensus.cc:2468] T 1ad809f1dc4d483dbff2cafab94df5ee P 143117568c8a4d3ba15b83d45fc641b7 [term 0 FOLLOWER]: Leader pre-election vote request: Granting yes vote for candidate a28bce9603484fdcbc0680b75ab8e3b1 in term 0.
W20260709 13:11:36.731976  4704 leader_election.cc:343] T 1ad809f1dc4d483dbff2cafab94df5ee P a28bce9603484fdcbc0680b75ab8e3b1 [CANDIDATE]: Term 1 pre-election: Tablet error from VoteRequest() call to peer 2fb3ea6167234885b583d8a66e85df87 (127.3.221.129:45193): Illegal state: must be running to vote when last-logged opid is not known
I20260709 13:11:36.732897  4705 leader_election.cc:304] T 1ad809f1dc4d483dbff2cafab94df5ee P a28bce9603484fdcbc0680b75ab8e3b1 [CANDIDATE]: Term 1 pre-election: Election decided. Result: candidate won. Election summary: received 3 responses out of 3 voters: 2 yes votes; 1 no votes. yes voters: 143117568c8a4d3ba15b83d45fc641b7, a28bce9603484fdcbc0680b75ab8e3b1; no voters: 2fb3ea6167234885b583d8a66e85df87
I20260709 13:11:36.733712  4782 ts_tablet_manager.cc:1434] T 8977b61ddaf64a63949811a2832b5a02 P 2fb3ea6167234885b583d8a66e85df87: Time spent starting tablet: real 0.018s	user 0.004s	sys 0.003s
W20260709 13:11:36.733949  4705 leader_election.cc:343] T 50480a5df00d480795125c36ff8da87f P a28bce9603484fdcbc0680b75ab8e3b1 [CANDIDATE]: Term 1 pre-election: Tablet error from VoteRequest() call to peer 143117568c8a4d3ba15b83d45fc641b7 (127.3.221.130:43681): Illegal state: must be running to vote when last-logged opid is not known
I20260709 13:11:36.739157  4806 raft_consensus.cc:515] T 50480a5df00d480795125c36ff8da87f P a28bce9603484fdcbc0680b75ab8e3b1 [term 1 FOLLOWER]: Starting leader election with config: opid_index: -1 OBSOLETE_local: false peers { permanent_uuid: "2fb3ea6167234885b583d8a66e85df87" member_type: VOTER last_known_addr { host: "127.3.221.129" port: 45193 } } peers { permanent_uuid: "143117568c8a4d3ba15b83d45fc641b7" member_type: VOTER last_known_addr { host: "127.3.221.130" port: 43681 } } peers { permanent_uuid: "a28bce9603484fdcbc0680b75ab8e3b1" member_type: VOTER last_known_addr { host: "127.3.221.131" port: 40741 } }
I20260709 13:11:36.739522  4787 raft_consensus.cc:493] T 17f3ea9c71f34a4996af1a87dbc5490a P 143117568c8a4d3ba15b83d45fc641b7 [term 0 FOLLOWER]: Starting pre-election (no leader contacted us within the election timeout)
I20260709 13:11:36.740028  4787 raft_consensus.cc:515] T 17f3ea9c71f34a4996af1a87dbc5490a P 143117568c8a4d3ba15b83d45fc641b7 [term 0 FOLLOWER]: Starting pre-election with config: opid_index: -1 OBSOLETE_local: false peers { permanent_uuid: "2fb3ea6167234885b583d8a66e85df87" member_type: VOTER last_known_addr { host: "127.3.221.129" port: 45193 } } peers { permanent_uuid: "143117568c8a4d3ba15b83d45fc641b7" member_type: VOTER last_known_addr { host: "127.3.221.130" port: 43681 } } peers { permanent_uuid: "a28bce9603484fdcbc0680b75ab8e3b1" member_type: VOTER last_known_addr { host: "127.3.221.131" port: 40741 } }
I20260709 13:11:36.741201  4785 raft_consensus.cc:2804] T 1ad809f1dc4d483dbff2cafab94df5ee P a28bce9603484fdcbc0680b75ab8e3b1 [term 0 FOLLOWER]: Leader pre-election won for term 1
I20260709 13:11:36.741312  4782 tablet_bootstrap.cc:492] T 3acbae9fc9eb46779ee67dddf0ab8343 P 2fb3ea6167234885b583d8a66e85df87: Bootstrap starting.
I20260709 13:11:36.741587  4785 raft_consensus.cc:493] T 1ad809f1dc4d483dbff2cafab94df5ee P a28bce9603484fdcbc0680b75ab8e3b1 [term 0 FOLLOWER]: Starting leader election (no leader contacted us within the election timeout)
I20260709 13:11:36.741971  4787 leader_election.cc:290] T 17f3ea9c71f34a4996af1a87dbc5490a P 143117568c8a4d3ba15b83d45fc641b7 [CANDIDATE]: Term 1 pre-election: Requested pre-vote from peers 2fb3ea6167234885b583d8a66e85df87 (127.3.221.129:45193), a28bce9603484fdcbc0680b75ab8e3b1 (127.3.221.131:40741)
I20260709 13:11:36.742009  4590 tablet_service.cc:1917] Received RequestConsensusVote() RPC: tablet_id: "50480a5df00d480795125c36ff8da87f" candidate_uuid: "a28bce9603484fdcbc0680b75ab8e3b1" candidate_term: 1 candidate_status { last_received { term: 0 index: 0 } } ignore_live_leader: false dest_uuid: "2fb3ea6167234885b583d8a66e85df87"
I20260709 13:11:36.742875  4590 raft_consensus.cc:3060] T 50480a5df00d480795125c36ff8da87f P 2fb3ea6167234885b583d8a66e85df87 [term 0 FOLLOWER]: Advancing to term 1
I20260709 13:11:36.743424  4739 tablet_service.cc:1917] Received RequestConsensusVote() RPC: tablet_id: "17f3ea9c71f34a4996af1a87dbc5490a" candidate_uuid: "143117568c8a4d3ba15b83d45fc641b7" candidate_term: 1 candidate_status { last_received { term: 0 index: 0 } } ignore_live_leader: false dest_uuid: "a28bce9603484fdcbc0680b75ab8e3b1" is_pre_election: true
I20260709 13:11:36.744859  4589 tablet_service.cc:1917] Received RequestConsensusVote() RPC: tablet_id: "17f3ea9c71f34a4996af1a87dbc5490a" candidate_uuid: "143117568c8a4d3ba15b83d45fc641b7" candidate_term: 1 candidate_status { last_received { term: 0 index: 0 } } ignore_live_leader: false dest_uuid: "2fb3ea6167234885b583d8a66e85df87" is_pre_election: true
I20260709 13:11:36.741967  4785 raft_consensus.cc:3060] T 1ad809f1dc4d483dbff2cafab94df5ee P a28bce9603484fdcbc0680b75ab8e3b1 [term 0 FOLLOWER]: Advancing to term 1
I20260709 13:11:36.745924  4665 tablet_service.cc:1917] Received RequestConsensusVote() RPC: tablet_id: "29b681d2c40d4876a900afb63df0450c" candidate_uuid: "2fb3ea6167234885b583d8a66e85df87" candidate_term: 1 candidate_status { last_received { term: 0 index: 0 } } ignore_live_leader: false dest_uuid: "143117568c8a4d3ba15b83d45fc641b7" is_pre_election: true
W20260709 13:11:36.747195  4631 leader_election.cc:343] T 17f3ea9c71f34a4996af1a87dbc5490a P 143117568c8a4d3ba15b83d45fc641b7 [CANDIDATE]: Term 1 pre-election: Tablet error from VoteRequest() call to peer a28bce9603484fdcbc0680b75ab8e3b1 (127.3.221.131:40741): Illegal state: must be running to vote when last-logged opid is not known
I20260709 13:11:36.748306  4782 tablet_bootstrap.cc:654] T 3acbae9fc9eb46779ee67dddf0ab8343 P 2fb3ea6167234885b583d8a66e85df87: Neither blocks nor log segments found. Creating new log.
I20260709 13:11:36.748211  4739 tablet_service.cc:1917] Received RequestConsensusVote() RPC: tablet_id: "29b681d2c40d4876a900afb63df0450c" candidate_uuid: "2fb3ea6167234885b583d8a66e85df87" candidate_term: 1 candidate_status { last_received { term: 0 index: 0 } } ignore_live_leader: false dest_uuid: "a28bce9603484fdcbc0680b75ab8e3b1" is_pre_election: true
I20260709 13:11:36.748929  4739 raft_consensus.cc:2468] T 29b681d2c40d4876a900afb63df0450c P a28bce9603484fdcbc0680b75ab8e3b1 [term 0 FOLLOWER]: Leader pre-election vote request: Granting yes vote for candidate 2fb3ea6167234885b583d8a66e85df87 in term 0.
W20260709 13:11:36.749079  4556 leader_election.cc:343] T 29b681d2c40d4876a900afb63df0450c P 2fb3ea6167234885b583d8a66e85df87 [CANDIDATE]: Term 1 pre-election: Tablet error from VoteRequest() call to peer 143117568c8a4d3ba15b83d45fc641b7 (127.3.221.130:43681): Illegal state: must be running to vote when last-logged opid is not known
W20260709 13:11:36.749752  4630 leader_election.cc:343] T 17f3ea9c71f34a4996af1a87dbc5490a P 143117568c8a4d3ba15b83d45fc641b7 [CANDIDATE]: Term 1 pre-election: Tablet error from VoteRequest() call to peer 2fb3ea6167234885b583d8a66e85df87 (127.3.221.129:45193): Illegal state: must be running to vote when last-logged opid is not known
I20260709 13:11:36.750051  4556 leader_election.cc:304] T 29b681d2c40d4876a900afb63df0450c P 2fb3ea6167234885b583d8a66e85df87 [CANDIDATE]: Term 1 pre-election: Election decided. Result: candidate won. Election summary: received 3 responses out of 3 voters: 2 yes votes; 1 no votes. yes voters: 2fb3ea6167234885b583d8a66e85df87, a28bce9603484fdcbc0680b75ab8e3b1; no voters: 143117568c8a4d3ba15b83d45fc641b7
I20260709 13:11:36.750193  4630 leader_election.cc:304] T 17f3ea9c71f34a4996af1a87dbc5490a P 143117568c8a4d3ba15b83d45fc641b7 [CANDIDATE]: Term 1 pre-election: Election decided. Result: candidate lost. Election summary: received 3 responses out of 3 voters: 1 yes votes; 2 no votes. yes voters: 143117568c8a4d3ba15b83d45fc641b7; no voters: 2fb3ea6167234885b583d8a66e85df87, a28bce9603484fdcbc0680b75ab8e3b1
I20260709 13:11:36.743350  4786 leader_election.cc:290] T 29b681d2c40d4876a900afb63df0450c P 2fb3ea6167234885b583d8a66e85df87 [CANDIDATE]: Term 1 pre-election: Requested pre-vote from peers 143117568c8a4d3ba15b83d45fc641b7 (127.3.221.130:43681), a28bce9603484fdcbc0680b75ab8e3b1 (127.3.221.131:40741)
I20260709 13:11:36.751170  4787 raft_consensus.cc:2749] T 17f3ea9c71f34a4996af1a87dbc5490a P 143117568c8a4d3ba15b83d45fc641b7 [term 0 FOLLOWER]: Leader pre-election lost for term 1. Reason: could not achieve majority
I20260709 13:11:36.751237  4786 raft_consensus.cc:2804] T 29b681d2c40d4876a900afb63df0450c P 2fb3ea6167234885b583d8a66e85df87 [term 0 FOLLOWER]: Leader pre-election won for term 1
I20260709 13:11:36.751643  4786 raft_consensus.cc:493] T 29b681d2c40d4876a900afb63df0450c P 2fb3ea6167234885b583d8a66e85df87 [term 0 FOLLOWER]: Starting leader election (no leader contacted us within the election timeout)
I20260709 13:11:36.751976  4786 raft_consensus.cc:3060] T 29b681d2c40d4876a900afb63df0450c P 2fb3ea6167234885b583d8a66e85df87 [term 0 FOLLOWER]: Advancing to term 1
I20260709 13:11:36.757931  4590 raft_consensus.cc:2468] T 50480a5df00d480795125c36ff8da87f P 2fb3ea6167234885b583d8a66e85df87 [term 1 FOLLOWER]: Leader election vote request: Granting yes vote for candidate a28bce9603484fdcbc0680b75ab8e3b1 in term 1.
I20260709 13:11:36.759135  4704 leader_election.cc:304] T 50480a5df00d480795125c36ff8da87f P a28bce9603484fdcbc0680b75ab8e3b1 [CANDIDATE]: Term 1 election: Election decided. Result: candidate won. Election summary: received 2 responses out of 3 voters: 2 yes votes; 0 no votes. yes voters: 2fb3ea6167234885b583d8a66e85df87, a28bce9603484fdcbc0680b75ab8e3b1; no voters: 
I20260709 13:11:36.760061  4780 raft_consensus.cc:359] T dc686c2853ea4516bb2ef40fe48c1238 P 143117568c8a4d3ba15b83d45fc641b7 [term 0 FOLLOWER]: Replica starting. Triggering 0 pending ops. Active config: opid_index: -1 OBSOLETE_local: false peers { permanent_uuid: "2fb3ea6167234885b583d8a66e85df87" member_type: VOTER last_known_addr { host: "127.3.221.129" port: 45193 } } peers { permanent_uuid: "143117568c8a4d3ba15b83d45fc641b7" member_type: VOTER last_known_addr { host: "127.3.221.130" port: 43681 } } peers { permanent_uuid: "a28bce9603484fdcbc0680b75ab8e3b1" member_type: VOTER last_known_addr { host: "127.3.221.131" port: 40741 } }
I20260709 13:11:36.760845  4780 raft_consensus.cc:385] T dc686c2853ea4516bb2ef40fe48c1238 P 143117568c8a4d3ba15b83d45fc641b7 [term 0 FOLLOWER]: Consensus starting up: Expiring failure detector timer to make a prompt election more likely
I20260709 13:11:36.761327  4806 leader_election.cc:290] T 50480a5df00d480795125c36ff8da87f P a28bce9603484fdcbc0680b75ab8e3b1 [CANDIDATE]: Term 1 election: Requested vote from peers 2fb3ea6167234885b583d8a66e85df87 (127.3.221.129:45193), 143117568c8a4d3ba15b83d45fc641b7 (127.3.221.130:43681)
I20260709 13:11:36.761824  4806 raft_consensus.cc:2804] T 50480a5df00d480795125c36ff8da87f P a28bce9603484fdcbc0680b75ab8e3b1 [term 1 FOLLOWER]: Leader election won for term 1
I20260709 13:11:36.762228  4806 raft_consensus.cc:697] T 50480a5df00d480795125c36ff8da87f P a28bce9603484fdcbc0680b75ab8e3b1 [term 1 LEADER]: Becoming Leader. State: Replica: a28bce9603484fdcbc0680b75ab8e3b1, State: Running, Role: LEADER
I20260709 13:11:36.762383  4665 tablet_service.cc:1917] Received RequestConsensusVote() RPC: tablet_id: "50480a5df00d480795125c36ff8da87f" candidate_uuid: "a28bce9603484fdcbc0680b75ab8e3b1" candidate_term: 1 candidate_status { last_received { term: 0 index: 0 } } ignore_live_leader: false dest_uuid: "143117568c8a4d3ba15b83d45fc641b7"
I20260709 13:11:36.762820  4782 tablet_bootstrap.cc:492] T 3acbae9fc9eb46779ee67dddf0ab8343 P 2fb3ea6167234885b583d8a66e85df87: No bootstrap required, opened a new log
I20260709 13:11:36.763381  4782 ts_tablet_manager.cc:1403] T 3acbae9fc9eb46779ee67dddf0ab8343 P 2fb3ea6167234885b583d8a66e85df87: Time spent bootstrapping tablet: real 0.022s	user 0.014s	sys 0.003s
W20260709 13:11:36.763756  4705 leader_election.cc:343] T 50480a5df00d480795125c36ff8da87f P a28bce9603484fdcbc0680b75ab8e3b1 [CANDIDATE]: Term 1 election: Tablet error from VoteRequest() call to peer 143117568c8a4d3ba15b83d45fc641b7 (127.3.221.130:43681): Illegal state: must be running to vote when last-logged opid is not known
I20260709 13:11:36.766340  4782 raft_consensus.cc:359] T 3acbae9fc9eb46779ee67dddf0ab8343 P 2fb3ea6167234885b583d8a66e85df87 [term 0 FOLLOWER]: Replica starting. Triggering 0 pending ops. Active config: opid_index: -1 OBSOLETE_local: false peers { permanent_uuid: "2fb3ea6167234885b583d8a66e85df87" member_type: VOTER last_known_addr { host: "127.3.221.129" port: 45193 } } peers { permanent_uuid: "143117568c8a4d3ba15b83d45fc641b7" member_type: VOTER last_known_addr { host: "127.3.221.130" port: 43681 } } peers { permanent_uuid: "a28bce9603484fdcbc0680b75ab8e3b1" member_type: VOTER last_known_addr { host: "127.3.221.131" port: 40741 } }
I20260709 13:11:36.766630  4785 raft_consensus.cc:515] T 1ad809f1dc4d483dbff2cafab94df5ee P a28bce9603484fdcbc0680b75ab8e3b1 [term 1 FOLLOWER]: Starting leader election with config: opid_index: -1 OBSOLETE_local: false peers { permanent_uuid: "2fb3ea6167234885b583d8a66e85df87" member_type: VOTER last_known_addr { host: "127.3.221.129" port: 45193 } } peers { permanent_uuid: "143117568c8a4d3ba15b83d45fc641b7" member_type: VOTER last_known_addr { host: "127.3.221.130" port: 43681 } } peers { permanent_uuid: "a28bce9603484fdcbc0680b75ab8e3b1" member_type: VOTER last_known_addr { host: "127.3.221.131" port: 40741 } }
I20260709 13:11:36.767244  4782 raft_consensus.cc:385] T 3acbae9fc9eb46779ee67dddf0ab8343 P 2fb3ea6167234885b583d8a66e85df87 [term 0 FOLLOWER]: Consensus starting up: Expiring failure detector timer to make a prompt election more likely
I20260709 13:11:36.767720  4782 raft_consensus.cc:740] T 3acbae9fc9eb46779ee67dddf0ab8343 P 2fb3ea6167234885b583d8a66e85df87 [term 0 FOLLOWER]: Becoming Follower/Learner. State: Replica: 2fb3ea6167234885b583d8a66e85df87, State: Initialized, Role: FOLLOWER
I20260709 13:11:36.768631  4782 consensus_queue.cc:260] T 3acbae9fc9eb46779ee67dddf0ab8343 P 2fb3ea6167234885b583d8a66e85df87 [NON_LEADER]: Queue going to NON_LEADER mode. State: All replicated index: 0, Majority replicated index: 0, Committed index: 0, Last appended: 0.0, Last appended by leader: 0, Current term: 0, Majority size: -1, State: 0, Mode: NON_LEADER, active raft config: opid_index: -1 OBSOLETE_local: false peers { permanent_uuid: "2fb3ea6167234885b583d8a66e85df87" member_type: VOTER last_known_addr { host: "127.3.221.129" port: 45193 } } peers { permanent_uuid: "143117568c8a4d3ba15b83d45fc641b7" member_type: VOTER last_known_addr { host: "127.3.221.130" port: 43681 } } peers { permanent_uuid: "a28bce9603484fdcbc0680b75ab8e3b1" member_type: VOTER last_known_addr { host: "127.3.221.131" port: 40741 } }
I20260709 13:11:36.762992  4806 consensus_queue.cc:237] T 50480a5df00d480795125c36ff8da87f P a28bce9603484fdcbc0680b75ab8e3b1 [LEADER]: Queue going to LEADER mode. State: All replicated index: 0, Majority replicated index: 0, Committed index: 0, Last appended: 0.0, Last appended by leader: 0, Current term: 1, Majority size: 2, State: 0, Mode: LEADER, active raft config: opid_index: -1 OBSOLETE_local: false peers { permanent_uuid: "2fb3ea6167234885b583d8a66e85df87" member_type: VOTER last_known_addr { host: "127.3.221.129" port: 45193 } } peers { permanent_uuid: "143117568c8a4d3ba15b83d45fc641b7" member_type: VOTER last_known_addr { host: "127.3.221.130" port: 43681 } } peers { permanent_uuid: "a28bce9603484fdcbc0680b75ab8e3b1" member_type: VOTER last_known_addr { host: "127.3.221.131" port: 40741 } }
I20260709 13:11:36.770891  4782 ts_tablet_manager.cc:1434] T 3acbae9fc9eb46779ee67dddf0ab8343 P 2fb3ea6167234885b583d8a66e85df87: Time spent starting tablet: real 0.007s	user 0.005s	sys 0.000s
I20260709 13:11:36.769344  4786 raft_consensus.cc:515] T 29b681d2c40d4876a900afb63df0450c P 2fb3ea6167234885b583d8a66e85df87 [term 1 FOLLOWER]: Starting leader election with config: opid_index: -1 OBSOLETE_local: false peers { permanent_uuid: "143117568c8a4d3ba15b83d45fc641b7" member_type: VOTER last_known_addr { host: "127.3.221.130" port: 43681 } } peers { permanent_uuid: "a28bce9603484fdcbc0680b75ab8e3b1" member_type: VOTER last_known_addr { host: "127.3.221.131" port: 40741 } } peers { permanent_uuid: "2fb3ea6167234885b583d8a66e85df87" member_type: VOTER last_known_addr { host: "127.3.221.129" port: 45193 } }
I20260709 13:11:36.772471  4779 tablet_bootstrap.cc:492] T dc686c2853ea4516bb2ef40fe48c1238 P a28bce9603484fdcbc0680b75ab8e3b1: No bootstrap required, opened a new log
I20260709 13:11:36.761108  4780 raft_consensus.cc:740] T dc686c2853ea4516bb2ef40fe48c1238 P 143117568c8a4d3ba15b83d45fc641b7 [term 0 FOLLOWER]: Becoming Follower/Learner. State: Replica: 143117568c8a4d3ba15b83d45fc641b7, State: Initialized, Role: FOLLOWER
I20260709 13:11:36.772930  4779 ts_tablet_manager.cc:1403] T dc686c2853ea4516bb2ef40fe48c1238 P a28bce9603484fdcbc0680b75ab8e3b1: Time spent bootstrapping tablet: real 0.050s	user 0.022s	sys 0.023s
I20260709 13:11:36.773964  4780 consensus_queue.cc:260] T dc686c2853ea4516bb2ef40fe48c1238 P 143117568c8a4d3ba15b83d45fc641b7 [NON_LEADER]: Queue going to NON_LEADER mode. State: All replicated index: 0, Majority replicated index: 0, Committed index: 0, Last appended: 0.0, Last appended by leader: 0, Current term: 0, Majority size: -1, State: 0, Mode: NON_LEADER, active raft config: opid_index: -1 OBSOLETE_local: false peers { permanent_uuid: "2fb3ea6167234885b583d8a66e85df87" member_type: VOTER last_known_addr { host: "127.3.221.129" port: 45193 } } peers { permanent_uuid: "143117568c8a4d3ba15b83d45fc641b7" member_type: VOTER last_known_addr { host: "127.3.221.130" port: 43681 } } peers { permanent_uuid: "a28bce9603484fdcbc0680b75ab8e3b1" member_type: VOTER last_known_addr { host: "127.3.221.131" port: 40741 } }
I20260709 13:11:36.775488  4779 raft_consensus.cc:359] T dc686c2853ea4516bb2ef40fe48c1238 P a28bce9603484fdcbc0680b75ab8e3b1 [term 0 FOLLOWER]: Replica starting. Triggering 0 pending ops. Active config: opid_index: -1 OBSOLETE_local: false peers { permanent_uuid: "2fb3ea6167234885b583d8a66e85df87" member_type: VOTER last_known_addr { host: "127.3.221.129" port: 45193 } } peers { permanent_uuid: "143117568c8a4d3ba15b83d45fc641b7" member_type: VOTER last_known_addr { host: "127.3.221.130" port: 43681 } } peers { permanent_uuid: "a28bce9603484fdcbc0680b75ab8e3b1" member_type: VOTER last_known_addr { host: "127.3.221.131" port: 40741 } }
I20260709 13:11:36.776146  4779 raft_consensus.cc:385] T dc686c2853ea4516bb2ef40fe48c1238 P a28bce9603484fdcbc0680b75ab8e3b1 [term 0 FOLLOWER]: Consensus starting up: Expiring failure detector timer to make a prompt election more likely
I20260709 13:11:36.776481  4779 raft_consensus.cc:740] T dc686c2853ea4516bb2ef40fe48c1238 P a28bce9603484fdcbc0680b75ab8e3b1 [term 0 FOLLOWER]: Becoming Follower/Learner. State: Replica: a28bce9603484fdcbc0680b75ab8e3b1, State: Initialized, Role: FOLLOWER
I20260709 13:11:36.777277  4779 consensus_queue.cc:260] T dc686c2853ea4516bb2ef40fe48c1238 P a28bce9603484fdcbc0680b75ab8e3b1 [NON_LEADER]: Queue going to NON_LEADER mode. State: All replicated index: 0, Majority replicated index: 0, Committed index: 0, Last appended: 0.0, Last appended by leader: 0, Current term: 0, Majority size: -1, State: 0, Mode: NON_LEADER, active raft config: opid_index: -1 OBSOLETE_local: false peers { permanent_uuid: "2fb3ea6167234885b583d8a66e85df87" member_type: VOTER last_known_addr { host: "127.3.221.129" port: 45193 } } peers { permanent_uuid: "143117568c8a4d3ba15b83d45fc641b7" member_type: VOTER last_known_addr { host: "127.3.221.130" port: 43681 } } peers { permanent_uuid: "a28bce9603484fdcbc0680b75ab8e3b1" member_type: VOTER last_known_addr { host: "127.3.221.131" port: 40741 } }
I20260709 13:11:36.778157  4782 tablet_bootstrap.cc:492] T 1ad809f1dc4d483dbff2cafab94df5ee P 2fb3ea6167234885b583d8a66e85df87: Bootstrap starting.
I20260709 13:11:36.778858  4665 tablet_service.cc:1917] Received RequestConsensusVote() RPC: tablet_id: "1ad809f1dc4d483dbff2cafab94df5ee" candidate_uuid: "a28bce9603484fdcbc0680b75ab8e3b1" candidate_term: 1 candidate_status { last_received { term: 0 index: 0 } } ignore_live_leader: false dest_uuid: "143117568c8a4d3ba15b83d45fc641b7"
I20260709 13:11:36.779417  4665 raft_consensus.cc:3060] T 1ad809f1dc4d483dbff2cafab94df5ee P 143117568c8a4d3ba15b83d45fc641b7 [term 0 FOLLOWER]: Advancing to term 1
I20260709 13:11:36.785975  4665 raft_consensus.cc:2468] T 1ad809f1dc4d483dbff2cafab94df5ee P 143117568c8a4d3ba15b83d45fc641b7 [term 1 FOLLOWER]: Leader election vote request: Granting yes vote for candidate a28bce9603484fdcbc0680b75ab8e3b1 in term 1.
I20260709 13:11:36.786505  4779 ts_tablet_manager.cc:1434] T dc686c2853ea4516bb2ef40fe48c1238 P a28bce9603484fdcbc0680b75ab8e3b1: Time spent starting tablet: real 0.013s	user 0.005s	sys 0.007s
